[INFO] fetching crate simple_azure_monitor_data_collector 0.1.1...
[INFO] documenting simple_azure_monitor_data_collector-0.1.1 against beta-2023-04-20 for beta-1.70-rustdoc-1
[INFO] extracting crate simple_azure_monitor_data_collector 0.1.1 into /workspace/builds/worker-5-tc2/source
[INFO] validating manifest of crates.io crate simple_azure_monitor_data_collector 0.1.1 on toolchain beta-2023-04-20
[INFO] running `Command { std: CARGO_HOME="/workspace/cargo-home" RUSTUP_HOME="/workspace/rustup-home" "/workspace/cargo-home/bin/cargo" "+beta-2023-04-20" "metadata" "--manifest-path" "Cargo.toml" "--no-deps", kill_on_drop: false }`
[INFO] started tweaking crates.io crate simple_azure_monitor_data_collector 0.1.1
[INFO] finished tweaking crates.io crate simple_azure_monitor_data_collector 0.1.1
[INFO] tweaked toml for crates.io crate simple_azure_monitor_data_collector 0.1.1 written to /workspace/builds/worker-5-tc2/source/Cargo.toml
[INFO] crate crates.io crate simple_azure_monitor_data_collector 0.1.1 already has a lockfile, it will not be regenerated
[INFO] running `Command { std: CARGO_HOME="/workspace/cargo-home" RUSTUP_HOME="/workspace/rustup-home" "/workspace/cargo-home/bin/cargo" "+beta-2023-04-20" "fetch" "--manifest-path" "Cargo.toml", kill_on_drop: false }`
[INFO] [stderr]     Updating crates.io index
[INFO] [stderr]  Downloading crates ...
[INFO] [stderr]   Downloaded wasm-bindgen-macro v0.2.54
[INFO] [stderr]   Downloaded tokio v0.2.0-alpha.6
[INFO] [stderr]   Downloaded hyper-tls v0.4.0-alpha.4
[INFO] [stderr]   Downloaded tokio-timer v0.3.0-alpha.6
[INFO] [stderr]   Downloaded security-framework v0.3.3
[INFO] [stderr]   Downloaded h2 v0.2.0-alpha.3
[INFO] [stderr]   Downloaded js-sys v0.3.31
[INFO] [stderr]   Downloaded http-body v0.2.0-alpha.3
[INFO] [stderr]   Downloaded wasm-bindgen-webidl v0.2.54
[INFO] [stderr]   Downloaded tokio-fs v0.2.0-alpha.6
[INFO] [stderr]   Downloaded crossbeam-epoch v0.8.0
[INFO] [stderr]   Downloaded crossbeam-utils v0.7.0
[INFO] [stderr]   Downloaded pin-project v0.4.5
[INFO] [stderr]   Downloaded tokio-net v0.2.0-alpha.6
[INFO] [stderr]   Downloaded tokio-executor v0.2.0-alpha.6
[INFO] [stderr]   Downloaded wasm-bindgen v0.2.54
[INFO] [stderr]   Downloaded hyper v0.13.0-alpha.4
[INFO] [stderr]   Downloaded web-sys v0.3.31
[INFO] [stderr]   Downloaded reqwest v0.10.0-alpha.1
[INFO] [stderr]   Downloaded futures-util-preview v0.3.0-alpha.19
[INFO] [stderr]   Downloaded tokio-sync v0.2.0-alpha.6
[INFO] [stderr]   Downloaded futures-channel-preview v0.3.0-alpha.19
[INFO] [stderr]   Downloaded futures-sink-preview v0.3.0-alpha.19
[INFO] [stderr]   Downloaded tokio-macros v0.2.0-alpha.6
[INFO] [stderr]   Downloaded pin-project-internal v0.4.5
[INFO] [stderr]   Downloaded futures-core-preview v0.3.0-alpha.19
[INFO] [stderr]   Downloaded tower-make v0.3.0-alpha.2a
[INFO] [stderr]   Downloaded tower-service v0.3.0-alpha.2
[INFO] [stderr]   Downloaded tokio-tls v0.3.0-alpha.6
[INFO] [stderr]   Downloaded anyhow v1.0.19
[INFO] [stderr]   Downloaded wasm-bindgen-shared v0.2.54
[INFO] [stderr]   Downloaded tokio-codec v0.2.0-alpha.6
[INFO] [stderr]   Downloaded crossbeam-deque v0.7.2
[INFO] [stderr]   Downloaded tokio-io v0.2.0-alpha.6
[INFO] [stderr]   Downloaded wasm-bindgen-macro-support v0.2.54
[INFO] [stderr]   Downloaded wasm-bindgen-backend v0.2.54
[INFO] running `Command { std: "docker" "create" "-v" "/var/lib/crater-agent-workspace/builds/worker-5-tc2/target:/opt/rustwide/target:rw,Z" "-v" "/var/lib/crater-agent-workspace/builds/worker-5-tc2/source:/opt/rustwide/workdir:ro,Z" "-v" "/var/lib/crater-agent-workspace/cargo-home:/opt/rustwide/cargo-home:ro,Z" "-v" "/var/lib/crater-agent-workspace/rustup-home:/opt/rustwide/rustup-home:ro,Z" "-e" "SOURCE_DIR=/opt/rustwide/workdir" "-e" "CARGO_TARGET_DIR=/opt/rustwide/target" "-e" "CARGO_HOME=/opt/rustwide/cargo-home" "-e" "RUSTUP_HOME=/opt/rustwide/rustup-home" "-w" "/opt/rustwide/workdir" "-m" "1610612736" "--user" "0:0" "--network" "none" "ghcr.io/rust-lang/crates-build-env/linux@sha256:5ff2268d62e97bff2cde7d5815dd6ed5b47097566f13b8d0ca110b04b60e07ed" "/opt/rustwide/cargo-home/bin/cargo" "+beta-2023-04-20" "metadata" "--no-deps" "--format-version=1", kill_on_drop: false }`
[INFO] [stdout] 9eb6c8a537fbf255c3177cef4f0bec9f490c116f72e01c70d809fa3b7f747588
[INFO] running `Command { std: "docker" "start" "-a" "9eb6c8a537fbf255c3177cef4f0bec9f490c116f72e01c70d809fa3b7f747588", kill_on_drop: false }`
[INFO] running `Command { std: "docker" "inspect" "9eb6c8a537fbf255c3177cef4f0bec9f490c116f72e01c70d809fa3b7f747588", kill_on_drop: false }`
[INFO] running `Command { std: "docker" "rm" "-f" "9eb6c8a537fbf255c3177cef4f0bec9f490c116f72e01c70d809fa3b7f747588", kill_on_drop: false }`
[INFO] [stdout] 9eb6c8a537fbf255c3177cef4f0bec9f490c116f72e01c70d809fa3b7f747588
[INFO] running `Command { std: "docker" "create" "-v" "/var/lib/crater-agent-workspace/builds/worker-5-tc2/target:/opt/rustwide/target:rw,Z" "-v" "/var/lib/crater-agent-workspace/builds/worker-5-tc2/source:/opt/rustwide/workdir:ro,Z" "-v" "/var/lib/crater-agent-workspace/cargo-home:/opt/rustwide/cargo-home:ro,Z" "-v" "/var/lib/crater-agent-workspace/rustup-home:/opt/rustwide/rustup-home:ro,Z" "-e" "SOURCE_DIR=/opt/rustwide/workdir" "-e" "CARGO_TARGET_DIR=/opt/rustwide/target" "-e" "CARGO_INCREMENTAL=0" "-e" "RUST_BACKTRACE=full" "-e" "RUSTFLAGS=--cap-lints=warn" "-e" "RUSTDOCFLAGS=--cap-lints=warn" "-e" "CARGO_HOME=/opt/rustwide/cargo-home" "-e" "RUSTUP_HOME=/opt/rustwide/rustup-home" "-w" "/opt/rustwide/workdir" "-m" "1610612736" "--user" "0:0" "--network" "none" "ghcr.io/rust-lang/crates-build-env/linux@sha256:5ff2268d62e97bff2cde7d5815dd6ed5b47097566f13b8d0ca110b04b60e07ed" "/opt/rustwide/cargo-home/bin/cargo" "+beta-2023-04-20" "doc" "--frozen" "--no-deps" "--document-private-items" "--message-format=json", kill_on_drop: false }`
[INFO] [stdout] d1204da0b54825328947266dcb1345630daac03770442dfd81d0ce4a588e5469
[INFO] running `Command { std: "docker" "start" "-a" "d1204da0b54825328947266dcb1345630daac03770442dfd81d0ce4a588e5469", kill_on_drop: false }`
[INFO] [stderr]    Compiling autocfg v0.1.7
[INFO] [stderr]    Compiling libc v0.2.65
[INFO] [stderr]    Compiling proc-macro2 v1.0.6
[INFO] [stderr]    Compiling unicode-xid v0.2.0
[INFO] [stderr]    Compiling syn v1.0.8
[INFO] [stderr]    Compiling semver-parser v0.7.0
[INFO] [stderr]    Compiling byteorder v1.3.2
[INFO] [stderr]    Compiling log v0.4.8
[INFO] [stderr]     Checking lazy_static v1.4.0
[INFO] [stderr]    Compiling semver v0.9.0
[INFO] [stderr]     Checking futures-core-preview v0.3.0-alpha.19
[INFO] [stderr]    Compiling maybe-uninit v2.0.0
[INFO] [stderr]    Compiling rustc_version v0.2.3
[INFO] [stderr]    Compiling memchr v2.2.1
[INFO] [stderr]     Checking slab v0.4.2
[INFO] [stderr]    Compiling crossbeam-utils v0.7.0
[INFO] [stderr]     Checking fnv v1.0.6
[INFO] [stderr]     Checking scopeguard v1.0.0
[INFO] [stderr]    Compiling memoffset v0.5.3
[INFO] [stderr]     Checking futures-sink-preview v0.3.0-alpha.19
[INFO] [stderr]     Checking futures-channel-preview v0.3.0-alpha.19
[INFO] [stderr]    Compiling crossbeam-epoch v0.8.0
[INFO] [stderr]     Checking smallvec v0.6.13
[INFO] [stderr]     Checking iovec v0.1.4
[INFO] [stderr]    Compiling quote v1.0.2
[INFO] [stderr]     Checking bytes v0.4.12
[INFO] [stderr]     Checking pin-utils v0.1.0-alpha.4
[INFO] [stderr]     Checking rand_core v0.4.2
[INFO] [stderr]     Checking futures-util-preview v0.3.0-alpha.19
[INFO] [stderr]     Checking crossbeam-utils v0.6.6
[INFO] [stderr]    Compiling pkg-config v0.3.17
[INFO] [stderr]    Compiling cc v1.0.47
[INFO] [stderr]     Checking tracing-core v0.1.7
[INFO] [stderr]     Checking num_cpus v1.11.0
[INFO] [stderr]    Compiling parking_lot_core v0.6.2
[INFO] [stderr]     Checking crossbeam-channel v0.3.9
[INFO] [stderr]     Checking crossbeam-queue v0.1.2
[INFO] [stderr]    Compiling typenum v1.11.2
[INFO] [stderr]     Checking itoa v0.4.4
[INFO] [stderr]     Checking crossbeam-deque v0.7.2
[INFO] [stderr]    Compiling unicase v2.5.1
[INFO] [stderr]     Checking rand_core v0.3.1
[INFO] [stderr]     Checking net2 v0.2.33
[INFO] [stderr]    Compiling parking_lot v0.9.0
[INFO] [stderr]    Compiling bitflags v1.2.1
[INFO] [stderr]     Checking mio v0.6.19
[INFO] [stderr]     Checking lock_api v0.3.1
[INFO] [stderr]    Compiling openssl-sys v0.9.52
[INFO] [stderr]    Compiling indexmap v1.3.0
[INFO] [stderr]     Checking tokio-sync v0.2.0-alpha.6
[INFO] [stderr]    Compiling openssl v0.10.25
[INFO] [stderr]     Checking foreign-types-shared v0.1.1
[INFO] [stderr]     Checking foreign-types v0.3.2
[INFO] [stderr]     Checking generic-array v0.12.3
[INFO] [stderr]     Checking mio-uds v0.6.7
[INFO] [stderr]     Checking http v0.1.19
[INFO] [stderr]    Compiling rand_pcg v0.1.2
[INFO] [stderr]    Compiling rand_chacha v0.1.1
[INFO] [stderr]     Checking matches v0.1.8
[INFO] [stderr]    Compiling httparse v1.3.4
[INFO] [stderr]    Compiling native-tls v0.2.3
[INFO] [stderr]    Compiling serde v1.0.102
[INFO] [stderr] The following warnings were emitted during compilation:
[INFO] [stderr] 
[INFO] [stderr] warning: build/expando.c:4:24: error: pasting "RUST_VERSION_OPENSSL_" and "(" does not give a valid preprocessing token
[INFO] [stderr] warning:     4 | #define VERSION2(n, v) RUST_VERSION_##n##_##v
[INFO] [stderr] warning:       |                        ^~~~~~~~~~~~~
[INFO] [stderr] warning: build/expando.c:5:23: note: in expansion of macro 'VERSION2'
[INFO] [stderr] warning:     5 | #define VERSION(n, v) VERSION2(n, v)
[INFO] [stderr] warning:       |                       ^~~~~~~~
[INFO] [stderr] warning: build/expando.c:10:1: note: in expansion of macro 'VERSION'
[INFO] [stderr] warning:    10 | VERSION(OPENSSL, OPENSSL_VERSION_NUMBER)
[INFO] [stderr] warning:       | ^~~~~~~
[INFO] [stderr] 
[INFO] [stderr] error: failed to run custom build command for `openssl-sys v0.9.52`
[INFO] [stderr] note: To improve backtraces for build dependencies, set the CARGO_PROFILE_DEV_BUILD_OVERRIDE_DEBUG=true environment variable to enable debug information generation.
[INFO] [stderr] 
[INFO] [stderr] Caused by:
[INFO] [stderr]   process didn't exit successfully: `/opt/rustwide/target/debug/build/openssl-sys-cc3d6f2f76e8e803/build-script-main` (exit status: 101)
[INFO] [stderr]   --- stdout
[INFO] [stderr]   cargo:rustc-cfg=const_fn
[INFO] [stderr]   cargo:rerun-if-env-changed=X86_64_UNKNOWN_LINUX_GNU_OPENSSL_LIB_DIR
[INFO] [stderr]   X86_64_UNKNOWN_LINUX_GNU_OPENSSL_LIB_DIR unset
[INFO] [stderr]   cargo:rerun-if-env-changed=OPENSSL_LIB_DIR
[INFO] [stderr]   OPENSSL_LIB_DIR unset
[INFO] [stderr]   cargo:rerun-if-env-changed=X86_64_UNKNOWN_LINUX_GNU_OPENSSL_INCLUDE_DIR
[INFO] [stderr]   X86_64_UNKNOWN_LINUX_GNU_OPENSSL_INCLUDE_DIR unset
[INFO] [stderr]   cargo:rerun-if-env-changed=OPENSSL_INCLUDE_DIR
[INFO] [stderr]   OPENSSL_INCLUDE_DIR unset
[INFO] [stderr]   cargo:rerun-if-env-changed=X86_64_UNKNOWN_LINUX_GNU_OPENSSL_DIR
[INFO] [stderr]   X86_64_UNKNOWN_LINUX_GNU_OPENSSL_DIR unset
[INFO] [stderr]   cargo:rerun-if-env-changed=OPENSSL_DIR
[INFO] [stderr]   OPENSSL_DIR unset
[INFO] [stderr]   cargo:rustc-link-lib=ssl
[INFO] [stderr]   cargo:rustc-link-lib=crypto
[INFO] [stderr]   OPT_LEVEL = Some("0")
[INFO] [stderr]   TARGET = Some("x86_64-unknown-linux-gnu")
[INFO] [stderr]   HOST = Some("x86_64-unknown-linux-gnu")
[INFO] [stderr]   CC_x86_64-unknown-linux-gnu = None
[INFO] [stderr]   CC_x86_64_unknown_linux_gnu = None
[INFO] [stderr]   HOST_CC = None
[INFO] [stderr]   CC = None
[INFO] [stderr]   CFLAGS_x86_64-unknown-linux-gnu = None
[INFO] [stderr]   CFLAGS_x86_64_unknown_linux_gnu = None
[INFO] [stderr]   HOST_CFLAGS = None
[INFO] [stderr]   CFLAGS = None
[INFO] [stderr]   CRATE_CC_NO_DEFAULTS = None
[INFO] [stderr]   DEBUG = Some("true")
[INFO] [stderr]   CARGO_CFG_TARGET_FEATURE = Some("fxsr,sse,sse2")
[INFO] [stderr]   running: "cc" "-O0" "-ffunction-sections" "-fdata-sections" "-fPIC" "-g" "-fno-omit-frame-pointer" "-m64" "-I" "/usr/include" "-Wall" "-Wextra" "-E" "build/expando.c"
[INFO] [stderr]   cargo:warning=build/expando.c:4:24: error: pasting "RUST_VERSION_OPENSSL_" and "(" does not give a valid preprocessing token
[INFO] [stderr]   cargo:warning=    4 | #define VERSION2(n, v) RUST_VERSION_##n##_##v
[INFO] [stderr]   cargo:warning=      |                        ^~~~~~~~~~~~~
[INFO] [stderr]   cargo:warning=build/expando.c:5:23: note: in expansion of macro 'VERSION2'
[INFO] [stderr]   cargo:warning=    5 | #define VERSION(n, v) VERSION2(n, v)
[INFO] [stderr]   cargo:warning=      |                       ^~~~~~~~
[INFO] [stderr]   cargo:warning=build/expando.c:10:1: note: in expansion of macro 'VERSION'
[INFO] [stderr]   cargo:warning=   10 | VERSION(OPENSSL, OPENSSL_VERSION_NUMBER)
[INFO] [stderr]   cargo:warning=      | ^~~~~~~
[INFO] [stderr]   exit status: 1
[INFO] [stderr] 
[INFO] [stderr]   --- stderr
[INFO] [stderr]   thread 'main' panicked at '
[INFO] [stderr]   Header expansion error:
[INFO] [stderr]   Error { kind: ToolExecError, message: "Command \"cc\" \"-O0\" \"-ffunction-sections\" \"-fdata-sections\" \"-fPIC\" \"-g\" \"-fno-omit-frame-pointer\" \"-m64\" \"-I\" \"/usr/include\" \"-Wall\" \"-Wextra\" \"-E\" \"build/expando.c\" with args \"cc\" did not execute successfully (status code exit status: 1)." }
[INFO] [stderr] 
[INFO] [stderr]   Failed to find OpenSSL development headers.
[INFO] [stderr] 
[INFO] [stderr]   You can try fixing this setting the `OPENSSL_DIR` environment variable
[INFO] [stderr]   pointing to your OpenSSL installation or installing OpenSSL headers package
[INFO] [stderr]   specific to your distribution:
[INFO] [stderr] 
[INFO] [stderr]       # On Ubuntu
[INFO] [stderr]       sudo apt-get install libssl-dev
[INFO] [stderr]       # On Arch Linux
[INFO] [stderr]       sudo pacman -S openssl
[INFO] [stderr]       # On Fedora
[INFO] [stderr]       sudo dnf install openssl-devel
[INFO] [stderr] 
[INFO] [stderr]   See rust-openssl README for more information:
[INFO] [stderr] 
[INFO] [stderr]       https://github.com/sfackler/rust-openssl#linux
[INFO] [stderr]   ', /opt/rustwide/cargo-home/registry/src/index.crates.io-6f17d22bba15001f/openssl-sys-0.9.52/build/main.rs:126:13
[INFO] [stderr]   stack backtrace:
[INFO] [stderr]      0:     0x56084f889c2a - std::backtrace_rs::backtrace::libunwind::trace::h2f05d0192276a8f6
[INFO] [stderr]                                  at /rustc/1b7dd2252b99671ce5d1cb9664c5f8636329436d/library/std/src/../../backtrace/src/backtrace/libunwind.rs:93:5
[INFO] [stderr]      1:     0x56084f889c2a - std::backtrace_rs::backtrace::trace_unsynchronized::hedc23dff7a1af150
[INFO] [stderr]                                  at /rustc/1b7dd2252b99671ce5d1cb9664c5f8636329436d/library/std/src/../../backtrace/src/backtrace/mod.rs:66:5
[INFO] [stderr]      2:     0x56084f889c2a - std::sys_common::backtrace::_print_fmt::h17541ef7592f3ce2
[INFO] [stderr]                                  at /rustc/1b7dd2252b99671ce5d1cb9664c5f8636329436d/library/std/src/sys_common/backtrace.rs:65:5
[INFO] [stderr]      3:     0x56084f889c2a - <std::sys_common::backtrace::_print::DisplayBacktrace as core::fmt::Display>::fmt::h20f75df5ab0c0792
[INFO] [stderr]                                  at /rustc/1b7dd2252b99671ce5d1cb9664c5f8636329436d/library/std/src/sys_common/backtrace.rs:44:22
[INFO] [stderr]      4:     0x56084f8aa3bf - core::fmt::write::h78109e6f466b3af6
[INFO] [stderr]                                  at /rustc/1b7dd2252b99671ce5d1cb9664c5f8636329436d/library/core/src/fmt/mod.rs:1254:17
[INFO] [stderr]      5:     0x56084f886e45 - std::io::Write::write_fmt::hc59e1b02dd273c8a
[INFO] [stderr]                                  at /rustc/1b7dd2252b99671ce5d1cb9664c5f8636329436d/library/std/src/io/mod.rs:1698:15
[INFO] [stderr]      6:     0x56084f8899f5 - std::sys_common::backtrace::_print::h8dac57a9f8fbf9a5
[INFO] [stderr]                                  at /rustc/1b7dd2252b99671ce5d1cb9664c5f8636329436d/library/std/src/sys_common/backtrace.rs:47:5
[INFO] [stderr]      7:     0x56084f8899f5 - std::sys_common::backtrace::print::hf9ecbf41d1aa712f
[INFO] [stderr]                                  at /rustc/1b7dd2252b99671ce5d1cb9664c5f8636329436d/library/std/src/sys_common/backtrace.rs:34:9
[INFO] [stderr]      8:     0x56084f88b2be - std::panicking::default_hook::{{closure}}::h04c07acfc84ca028
[INFO] [stderr]                                  at /rustc/1b7dd2252b99671ce5d1cb9664c5f8636329436d/library/std/src/panicking.rs:269:22
[INFO] [stderr]      9:     0x56084f88b065 - std::panicking::default_hook::h01f6bb23e1eceb2c
[INFO] [stderr]                                  at /rustc/1b7dd2252b99671ce5d1cb9664c5f8636329436d/library/std/src/panicking.rs:288:9
[INFO] [stderr]     10:     0x56084f88b81e - std::panicking::rust_panic_with_hook::h2bb3722bbaf2f6df
[INFO] [stderr]                                  at /rustc/1b7dd2252b99671ce5d1cb9664c5f8636329436d/library/std/src/panicking.rs:691:13
[INFO] [stderr]     11:     0x56084f88b719 - std::panicking::begin_panic_handler::{{closure}}::h91bc7f36a4be011b
[INFO] [stderr]                                  at /rustc/1b7dd2252b99671ce5d1cb9664c5f8636329436d/library/std/src/panicking.rs:582:13
[INFO] [stderr]     12:     0x56084f88a096 - std::sys_common::backtrace::__rust_end_short_backtrace::h8b3d3717114f9e59
[INFO] [stderr]                                  at /rustc/1b7dd2252b99671ce5d1cb9664c5f8636329436d/library/std/src/sys_common/backtrace.rs:150:18
[INFO] [stderr]     13:     0x56084f88b472 - rust_begin_unwind
[INFO] [stderr]                                  at /rustc/1b7dd2252b99671ce5d1cb9664c5f8636329436d/library/std/src/panicking.rs:578:5
[INFO] [stderr]     14:     0x56084f7fb7f3 - core::panicking::panic_fmt::hfd368e3fbdabea26
[INFO] [stderr]                                  at /rustc/1b7dd2252b99671ce5d1cb9664c5f8636329436d/library/core/src/panicking.rs:67:14
[INFO] [stderr]     15:     0x56084f7fea08 - build_script_main::validate_headers::h6d03d4ddc23f1aa9
[INFO] [stderr]     16:     0x56084f807b66 - build_script_main::find::try_pkg_config::h2892e76f2d430822
[INFO] [stderr]     17:     0x56084f806936 - build_script_main::find::find_openssl_dir::ha17e08dd29caa5ab
[INFO] [stderr]     18:     0x56084f806782 - build_script_main::find::get_openssl::{{closure}}::h873ba8549e85e14b
[INFO] [stderr]     19:     0x56084f805bda - core::option::Option<T>::unwrap_or_else::h1d67e3acd630e80a
[INFO] [stderr]     20:     0x56084f806480 - build_script_main::find::get_openssl::h886985a61872270b
[INFO] [stderr]     21:     0x56084f7fd805 - build_script_main::main::h4b7a59eb83c3d36b
[INFO] [stderr]     22:     0x56084f8080f3 - core::ops::function::FnOnce::call_once::h76a5e798f035eebb
[INFO] [stderr]     23:     0x56084f800956 - std::sys_common::backtrace::__rust_begin_short_backtrace::h05dcb8c8030b9b9f
[INFO] [stderr]     24:     0x56084f804829 - std::rt::lang_start::{{closure}}::h50fbbda9963eb7bd
[INFO] [stderr]     25:     0x56084f883a9e - core::ops::function::impls::<impl core::ops::function::FnOnce<A> for &F>::call_once::h2eb19b8ce4148df4
[INFO] [stderr]                                  at /rustc/1b7dd2252b99671ce5d1cb9664c5f8636329436d/library/core/src/ops/function.rs:287:13
[INFO] [stderr]     26:     0x56084f883a9e - std::panicking::try::do_call::h2e900feff5d504c5
[INFO] [stderr]                                  at /rustc/1b7dd2252b99671ce5d1cb9664c5f8636329436d/library/std/src/panicking.rs:485:40
[INFO] [stderr]     27:     0x56084f883a9e - std::panicking::try::h8854836cb85aa9f2
[INFO] [stderr]                                  at /rustc/1b7dd2252b99671ce5d1cb9664c5f8636329436d/library/std/src/panicking.rs:449:19
[INFO] [stderr]     28:     0x56084f883a9e - std::panic::catch_unwind::h706025dd4c48f64b
[INFO] [stderr]                                  at /rustc/1b7dd2252b99671ce5d1cb9664c5f8636329436d/library/std/src/panic.rs:140:14
[INFO] [stderr]     29:     0x56084f883a9e - std::rt::lang_start_internal::{{closure}}::h7be5b97f4a07a91a
[INFO] [stderr]                                  at /rustc/1b7dd2252b99671ce5d1cb9664c5f8636329436d/library/std/src/rt.rs:148:48
[INFO] [stderr]     30:     0x56084f883a9e - std::panicking::try::do_call::h59847e9d0a176965
[INFO] [stderr]                                  at /rustc/1b7dd2252b99671ce5d1cb9664c5f8636329436d/library/std/src/panicking.rs:485:40
[INFO] [stderr]     31:     0x56084f883a9e - std::panicking::try::h399a918ba8522823
[INFO] [stderr]                                  at /rustc/1b7dd2252b99671ce5d1cb9664c5f8636329436d/library/std/src/panicking.rs:449:19
[INFO] [stderr]     32:     0x56084f883a9e - std::panic::catch_unwind::hca7ca6c55b2a2e26
[INFO] [stderr]                                  at /rustc/1b7dd2252b99671ce5d1cb9664c5f8636329436d/library/std/src/panic.rs:140:14
[INFO] [stderr]     33:     0x56084f883a9e - std::rt::lang_start_internal::h2c807a81560459eb
[INFO] [stderr]                                  at /rustc/1b7dd2252b99671ce5d1cb9664c5f8636329436d/library/std/src/rt.rs:148:20
[INFO] [stderr]     34:     0x56084f804807 - std::rt::lang_start::h8ef0004458e92458
[INFO] [stderr]     35:     0x56084f8007a5 - main
[INFO] [stderr]     36:     0x7fde1ea71d90 - <unknown>
[INFO] [stderr]     37:     0x7fde1ea71e40 - __libc_start_main
[INFO] [stderr]     38:     0x56084f7fbe65 - _start
[INFO] [stderr]     39:                0x0 - <unknown>
[INFO] [stderr] warning: build failed, waiting for other jobs to finish...
[INFO] running `Command { std: "docker" "inspect" "d1204da0b54825328947266dcb1345630daac03770442dfd81d0ce4a588e5469", kill_on_drop: false }`
[INFO] running `Command { std: "docker" "rm" "-f" "d1204da0b54825328947266dcb1345630daac03770442dfd81d0ce4a588e5469", kill_on_drop: false }`
[INFO] [stdout] d1204da0b54825328947266dcb1345630daac03770442dfd81d0ce4a588e5469
