[INFO] fetching crate s3mon 0.4.0...
[INFO] documenting s3mon-0.4.0 against 1.69.0 for beta-1.70-rustdoc-1
[INFO] extracting crate s3mon 0.4.0 into /workspace/builds/worker-7-tc1/source
[INFO] validating manifest of crates.io crate s3mon 0.4.0 on toolchain 1.69.0
[INFO] running `Command { std: CARGO_HOME="/workspace/cargo-home" RUSTUP_HOME="/workspace/rustup-home" "/workspace/cargo-home/bin/cargo" "+1.69.0" "metadata" "--manifest-path" "Cargo.toml" "--no-deps", kill_on_drop: false }`
[INFO] started tweaking crates.io crate s3mon 0.4.0
[INFO] finished tweaking crates.io crate s3mon 0.4.0
[INFO] tweaked toml for crates.io crate s3mon 0.4.0 written to /workspace/builds/worker-7-tc1/source/Cargo.toml
[INFO] crate crates.io crate s3mon 0.4.0 already has a lockfile, it will not be regenerated
[INFO] running `Command { std: CARGO_HOME="/workspace/cargo-home" RUSTUP_HOME="/workspace/rustup-home" "/workspace/cargo-home/bin/cargo" "+1.69.0" "fetch" "--manifest-path" "Cargo.toml", kill_on_drop: false }`
[INFO] [stderr]  Downloading crates ...
[INFO] [stderr]   Downloaded rusoto_core v0.42.0
[INFO] [stderr]   Downloaded rusoto_s3 v0.42.0
[INFO] [stderr]   Downloaded mio v0.6.20
[INFO] [stderr]   Downloaded tokio-process v0.2.4
[INFO] [stderr]   Downloaded openssl-sys v0.9.52
[INFO] [stderr]   Downloaded indexmap v1.3.0
[INFO] [stderr]   Downloaded hex v0.4.0
[INFO] [stderr]   Downloaded arc-swap v0.4.4
[INFO] [stderr]   Downloaded blake2b_simd v0.5.9
[INFO] [stderr]   Downloaded num-traits v0.2.9
[INFO] [stderr]   Downloaded rusoto_mock v0.42.0
[INFO] [stderr]   Downloaded rusoto_credential v0.42.0
[INFO] [stderr]   Downloaded rusoto_signature v0.42.0
[INFO] [stderr]   Downloaded openssl v0.10.25
[INFO] [stderr]   Downloaded schannel v0.1.16
[INFO] [stderr]   Downloaded http v0.1.19
[INFO] [stderr]   Downloaded tokio-threadpool v0.1.16
[INFO] [stderr]   Downloaded signal-hook v0.1.11
[INFO] [stderr]   Downloaded tokio-udp v0.1.5
[INFO] [stderr]   Downloaded tokio-reactor v0.1.10
[INFO] [stderr]   Downloaded num_cpus v1.11.1
[INFO] [stderr]   Downloaded tokio-sync v0.1.7
[INFO] [stderr]   Downloaded signal-hook-registry v1.1.1
[INFO] running `Command { std: "docker" "create" "-v" "/var/lib/crater-agent-workspace/builds/worker-7-tc1/target:/opt/rustwide/target:rw,Z" "-v" "/var/lib/crater-agent-workspace/builds/worker-7-tc1/source:/opt/rustwide/workdir:ro,Z" "-v" "/var/lib/crater-agent-workspace/cargo-home:/opt/rustwide/cargo-home:ro,Z" "-v" "/var/lib/crater-agent-workspace/rustup-home:/opt/rustwide/rustup-home:ro,Z" "-e" "SOURCE_DIR=/opt/rustwide/workdir" "-e" "CARGO_TARGET_DIR=/opt/rustwide/target" "-e" "CARGO_HOME=/opt/rustwide/cargo-home" "-e" "RUSTUP_HOME=/opt/rustwide/rustup-home" "-w" "/opt/rustwide/workdir" "-m" "1610612736" "--user" "0:0" "--network" "none" "ghcr.io/rust-lang/crates-build-env/linux@sha256:5ff2268d62e97bff2cde7d5815dd6ed5b47097566f13b8d0ca110b04b60e07ed" "/opt/rustwide/cargo-home/bin/cargo" "+1.69.0" "metadata" "--no-deps" "--format-version=1", kill_on_drop: false }`
[INFO] [stdout] 9003a8be4e741a3721876edd9a036d0d0c34256215a307660a98b1059c8e9a7a
[INFO] running `Command { std: "docker" "start" "-a" "9003a8be4e741a3721876edd9a036d0d0c34256215a307660a98b1059c8e9a7a", kill_on_drop: false }`
[INFO] running `Command { std: "docker" "inspect" "9003a8be4e741a3721876edd9a036d0d0c34256215a307660a98b1059c8e9a7a", kill_on_drop: false }`
[INFO] running `Command { std: "docker" "rm" "-f" "9003a8be4e741a3721876edd9a036d0d0c34256215a307660a98b1059c8e9a7a", kill_on_drop: false }`
[INFO] [stdout] 9003a8be4e741a3721876edd9a036d0d0c34256215a307660a98b1059c8e9a7a
[INFO] running `Command { std: "docker" "create" "-v" "/var/lib/crater-agent-workspace/builds/worker-7-tc1/target:/opt/rustwide/target:rw,Z" "-v" "/var/lib/crater-agent-workspace/builds/worker-7-tc1/source:/opt/rustwide/workdir:ro,Z" "-v" "/var/lib/crater-agent-workspace/cargo-home:/opt/rustwide/cargo-home:ro,Z" "-v" "/var/lib/crater-agent-workspace/rustup-home:/opt/rustwide/rustup-home:ro,Z" "-e" "SOURCE_DIR=/opt/rustwide/workdir" "-e" "CARGO_TARGET_DIR=/opt/rustwide/target" "-e" "CARGO_INCREMENTAL=0" "-e" "RUST_BACKTRACE=full" "-e" "RUSTFLAGS=--cap-lints=warn" "-e" "RUSTDOCFLAGS=--cap-lints=warn" "-e" "CARGO_HOME=/opt/rustwide/cargo-home" "-e" "RUSTUP_HOME=/opt/rustwide/rustup-home" "-w" "/opt/rustwide/workdir" "-m" "1610612736" "--user" "0:0" "--network" "none" "ghcr.io/rust-lang/crates-build-env/linux@sha256:5ff2268d62e97bff2cde7d5815dd6ed5b47097566f13b8d0ca110b04b60e07ed" "/opt/rustwide/cargo-home/bin/cargo" "+1.69.0" "doc" "--frozen" "--no-deps" "--document-private-items" "--message-format=json", kill_on_drop: false }`
[INFO] [stdout] 71b78fae774a927b554259388f7d50dd38d0ab2201c43e5129d2249bdf5e6ef7
[INFO] running `Command { std: "docker" "start" "-a" "71b78fae774a927b554259388f7d50dd38d0ab2201c43e5129d2249bdf5e6ef7", kill_on_drop: false }`
[INFO] [stderr]    Compiling libc v0.2.65
[INFO] [stderr]     Checking cfg-if v0.1.9
[INFO] [stderr]    Compiling autocfg v0.1.7
[INFO] [stderr]    Compiling semver-parser v0.7.0
[INFO] [stderr]     Checking futures v0.1.29
[INFO] [stderr]    Compiling byteorder v1.3.2
[INFO] [stderr]    Compiling log v0.4.8
[INFO] [stderr]     Checking either v1.5.3
[INFO] [stderr]     Checking scopeguard v1.0.0
[INFO] [stderr]     Checking slab v0.4.2
[INFO] [stderr]    Compiling maybe-uninit v2.0.0
[INFO] [stderr]     Checking fnv v1.0.6
[INFO] [stderr]    Compiling proc-macro2 v1.0.6
[INFO] [stderr]    Compiling unicode-xid v0.2.0
[INFO] [stderr]    Compiling typenum v1.11.2
[INFO] [stderr]    Compiling syn v1.0.8
[INFO] [stderr]     Checking crossbeam-utils v0.6.6
[INFO] [stderr]    Compiling pkg-config v0.3.17
[INFO] [stderr]     Checking lock_api v0.3.1
[INFO] [stderr]     Checking itoa v0.4.4
[INFO] [stderr]    Compiling cc v1.0.47
[INFO] [stderr]    Compiling serde v1.0.102
[INFO] [stderr]    Compiling semver v0.9.0
[INFO] [stderr]    Compiling memchr v2.2.1
[INFO] [stderr]    Compiling crossbeam-utils v0.7.0
[INFO] [stderr]    Compiling crossbeam-epoch v0.8.0
[INFO] [stderr]     Checking crossbeam-queue v0.1.2
[INFO] [stderr]    Compiling indexmap v1.3.0
[INFO] [stderr]    Compiling num-traits v0.2.9
[INFO] [stderr]    Compiling rustc_version v0.2.3
[INFO] [stderr]     Checking smallvec v0.6.13
[INFO] [stderr]     Checking arc-swap v0.4.4
[INFO] [stderr]    Compiling bitflags v1.2.1
[INFO] [stderr]    Compiling httparse v1.3.4
[INFO] [stderr]    Compiling num-integer v0.1.41
[INFO] [stderr]    Compiling parking_lot_core v0.6.2
[INFO] [stderr]    Compiling parking_lot v0.9.0
[INFO] [stderr]    Compiling memoffset v0.5.3
[INFO] [stderr]    Compiling hyper v0.12.35
[INFO] [stderr]     Checking iovec v0.1.4
[INFO] [stderr]     Checking num_cpus v1.11.1
[INFO] [stderr]     Checking net2 v0.2.33
[INFO] [stderr]    Compiling quote v1.0.2
[INFO] [stderr]     Checking bytes v0.4.12
[INFO] [stderr]     Checking tokio-executor v0.1.8
[INFO] [stderr]     Checking tokio-sync v0.1.7
[INFO] [stderr]     Checking time v0.1.42
[INFO] [stderr]     Checking signal-hook-registry v1.1.1
[INFO] [stderr]    Compiling ryu v1.0.2
[INFO] [stderr]     Checking try-lock v0.2.2
[INFO] [stderr]     Checking generic-array v0.12.3
[INFO] [stderr]     Checking mio v0.6.20
[INFO] [stderr]    Compiling openssl-sys v0.9.52
[INFO] [stderr]     Checking tokio-current-thread v0.1.6
[INFO] [stderr]     Checking tokio-timer v0.2.11
[INFO] [stderr]     Checking signal-hook v0.1.11
[INFO] [stderr]     Checking want v0.2.0
[INFO] [stderr]     Checking tokio-io v0.1.12
[INFO] [stderr]     Checking http v0.1.19
[INFO] [stderr]     Checking string v0.2.1
[INFO] [stderr]     Checking tokio-buf v0.1.1
[INFO] [stderr]     Checking aho-corasick v0.7.6
[INFO] [stderr]     Checking futures-cpupool v0.1.8
[INFO] [stderr]     Checking crossbeam-deque v0.7.2
[INFO] [stderr]     Checking thread_local v0.3.6
[INFO] [stderr]     Checking byte-tools v0.3.1
[INFO] [stderr]    Compiling openssl v0.10.25
[INFO] [stderr]     Checking regex-syntax v0.6.12
[INFO] [stderr]     Checking block-padding v0.1.5
[INFO] [stderr]     Checking digest v0.8.1
[INFO] [stderr]     Checking subtle v1.0.0
[INFO] [stderr]     Checking tokio-threadpool v0.1.16
[INFO] [stderr]    Compiling native-tls v0.2.3
[INFO] [stderr]     Checking dirs v1.0.5
[INFO] [stderr]     Checking mio-uds v0.6.7
[INFO] [stderr]     Checking block-buffer v0.7.3
[INFO] [stderr]     Checking crypto-mac v0.7.0
[INFO] [stderr]     Checking openssl-probe v0.1.2
[INFO] [stderr]     Checking fake-simd v0.1.2
[INFO] [stderr]     Checking tokio-reactor v0.1.10
[INFO] [stderr]     Checking tokio-codec v0.1.1
[INFO] [stderr]     Checking shlex v0.1.1
[INFO] [stderr]     Checking opaque-debug v0.2.3
[INFO] [stderr]     Checking hmac v0.7.1
[INFO] [stderr]    Compiling rusoto_core v0.42.0
[INFO] [stderr]     Checking percent-encoding v2.1.0
[INFO] [stderr]     Checking hex v0.4.0
[INFO] [stderr]     Checking sha2 v0.8.0
[INFO] [stderr]     Checking base64 v0.11.0
[INFO] [stderr]     Checking md5 v0.7.0
[INFO] [stderr]     Checking xml-rs v0.8.0
[INFO] [stderr]     Checking atty v0.2.13
[INFO] [stderr] The following warnings were emitted during compilation:
[INFO] [stderr] 
[INFO] [stderr] warning: build/expando.c:4:24: error: pasting "RUST_VERSION_OPENSSL_" and "(" does not give a valid preprocessing token
[INFO] [stderr] warning:     4 | #define VERSION2(n, v) RUST_VERSION_##n##_##v
[INFO] [stderr] warning:       |                        ^~~~~~~~~~~~~
[INFO] [stderr] warning: build/expando.c:5:23: note: in expansion of macro 'VERSION2'
[INFO] [stderr] warning:     5 | #define VERSION(n, v) VERSION2(n, v)
[INFO] [stderr] warning:       |                       ^~~~~~~~
[INFO] [stderr] warning: build/expando.c:10:1: note: in expansion of macro 'VERSION'
[INFO] [stderr] warning:    10 | VERSION(OPENSSL, OPENSSL_VERSION_NUMBER)
[INFO] [stderr] warning:       | ^~~~~~~
[INFO] [stderr] 
[INFO] [stderr] error: failed to run custom build command for `openssl-sys v0.9.52`
[INFO] [stderr] note: To improve backtraces for build dependencies, set the CARGO_PROFILE_DEV_BUILD_OVERRIDE_DEBUG=true environment variable to enable debug information generation.
[INFO] [stderr] 
[INFO] [stderr] Caused by:
[INFO] [stderr]   process didn't exit successfully: `/opt/rustwide/target/debug/build/openssl-sys-55190b9fd8760bf8/build-script-main` (exit status: 101)
[INFO] [stderr]   --- stdout
[INFO] [stderr]   cargo:rustc-cfg=const_fn
[INFO] [stderr]   cargo:rerun-if-env-changed=X86_64_UNKNOWN_LINUX_GNU_OPENSSL_LIB_DIR
[INFO] [stderr]   X86_64_UNKNOWN_LINUX_GNU_OPENSSL_LIB_DIR unset
[INFO] [stderr]   cargo:rerun-if-env-changed=OPENSSL_LIB_DIR
[INFO] [stderr]   OPENSSL_LIB_DIR unset
[INFO] [stderr]   cargo:rerun-if-env-changed=X86_64_UNKNOWN_LINUX_GNU_OPENSSL_INCLUDE_DIR
[INFO] [stderr]   X86_64_UNKNOWN_LINUX_GNU_OPENSSL_INCLUDE_DIR unset
[INFO] [stderr]   cargo:rerun-if-env-changed=OPENSSL_INCLUDE_DIR
[INFO] [stderr]   OPENSSL_INCLUDE_DIR unset
[INFO] [stderr]   cargo:rerun-if-env-changed=X86_64_UNKNOWN_LINUX_GNU_OPENSSL_DIR
[INFO] [stderr]   X86_64_UNKNOWN_LINUX_GNU_OPENSSL_DIR unset
[INFO] [stderr]   cargo:rerun-if-env-changed=OPENSSL_DIR
[INFO] [stderr]   OPENSSL_DIR unset
[INFO] [stderr]   cargo:rustc-link-lib=ssl
[INFO] [stderr]   cargo:rustc-link-lib=crypto
[INFO] [stderr]   OPT_LEVEL = Some("0")
[INFO] [stderr]   TARGET = Some("x86_64-unknown-linux-gnu")
[INFO] [stderr]   HOST = Some("x86_64-unknown-linux-gnu")
[INFO] [stderr]   CC_x86_64-unknown-linux-gnu = None
[INFO] [stderr]   CC_x86_64_unknown_linux_gnu = None
[INFO] [stderr]   HOST_CC = None
[INFO] [stderr]   CC = None
[INFO] [stderr]   CFLAGS_x86_64-unknown-linux-gnu = None
[INFO] [stderr]   CFLAGS_x86_64_unknown_linux_gnu = None
[INFO] [stderr]   HOST_CFLAGS = None
[INFO] [stderr]   CFLAGS = None
[INFO] [stderr]   CRATE_CC_NO_DEFAULTS = None
[INFO] [stderr]   DEBUG = Some("true")
[INFO] [stderr]   CARGO_CFG_TARGET_FEATURE = Some("fxsr,sse,sse2")
[INFO] [stderr]   running: "cc" "-O0" "-ffunction-sections" "-fdata-sections" "-fPIC" "-g" "-fno-omit-frame-pointer" "-m64" "-I" "/usr/include" "-Wall" "-Wextra" "-E" "build/expando.c"
[INFO] [stderr]   cargo:warning=build/expando.c:4:24: error: pasting "RUST_VERSION_OPENSSL_" and "(" does not give a valid preprocessing token
[INFO] [stderr]   cargo:warning=    4 | #define VERSION2(n, v) RUST_VERSION_##n##_##v
[INFO] [stderr]   cargo:warning=      |                        ^~~~~~~~~~~~~
[INFO] [stderr]   cargo:warning=build/expando.c:5:23: note: in expansion of macro 'VERSION2'
[INFO] [stderr]   cargo:warning=    5 | #define VERSION(n, v) VERSION2(n, v)
[INFO] [stderr]   cargo:warning=      |                       ^~~~~~~~
[INFO] [stderr]   cargo:warning=build/expando.c:10:1: note: in expansion of macro 'VERSION'
[INFO] [stderr]   cargo:warning=   10 | VERSION(OPENSSL, OPENSSL_VERSION_NUMBER)
[INFO] [stderr]   cargo:warning=      | ^~~~~~~
[INFO] [stderr]   exit status: 1
[INFO] [stderr] 
[INFO] [stderr]   --- stderr
[INFO] [stderr]   thread 'main' panicked at '
[INFO] [stderr]   Header expansion error:
[INFO] [stderr]   Error { kind: ToolExecError, message: "Command \"cc\" \"-O0\" \"-ffunction-sections\" \"-fdata-sections\" \"-fPIC\" \"-g\" \"-fno-omit-frame-pointer\" \"-m64\" \"-I\" \"/usr/include\" \"-Wall\" \"-Wextra\" \"-E\" \"build/expando.c\" with args \"cc\" did not execute successfully (status code exit status: 1)." }
[INFO] [stderr] 
[INFO] [stderr]   Failed to find OpenSSL development headers.
[INFO] [stderr] 
[INFO] [stderr]   You can try fixing this setting the `OPENSSL_DIR` environment variable
[INFO] [stderr]   pointing to your OpenSSL installation or installing OpenSSL headers package
[INFO] [stderr]   specific to your distribution:
[INFO] [stderr] 
[INFO] [stderr]       # On Ubuntu
[INFO] [stderr]       sudo apt-get install libssl-dev
[INFO] [stderr]       # On Arch Linux
[INFO] [stderr]       sudo pacman -S openssl
[INFO] [stderr]       # On Fedora
[INFO] [stderr]       sudo dnf install openssl-devel
[INFO] [stderr] 
[INFO] [stderr]   See rust-openssl README for more information:
[INFO] [stderr] 
[INFO] [stderr]       https://github.com/sfackler/rust-openssl#linux
[INFO] [stderr]   ', /opt/rustwide/cargo-home/registry/src/github.com-1ecc6299db9ec823/openssl-sys-0.9.52/build/main.rs:126:13
[INFO] [stderr]   stack backtrace:
[INFO] [stderr]      0:     0x55a17c02efea - std::backtrace_rs::backtrace::libunwind::trace::ha9053a9a07ca49cb
[INFO] [stderr]                                  at /rustc/84c898d65adf2f39a5a98507f1fe0ce10a2b8dbc/library/std/src/../../backtrace/src/backtrace/libunwind.rs:93:5
[INFO] [stderr]      1:     0x55a17c02efea - std::backtrace_rs::backtrace::trace_unsynchronized::h9c2852a457ad564e
[INFO] [stderr]                                  at /rustc/84c898d65adf2f39a5a98507f1fe0ce10a2b8dbc/library/std/src/../../backtrace/src/backtrace/mod.rs:66:5
[INFO] [stderr]      2:     0x55a17c02efea - std::sys_common::backtrace::_print_fmt::h457936fbfaa0070f
[INFO] [stderr]                                  at /rustc/84c898d65adf2f39a5a98507f1fe0ce10a2b8dbc/library/std/src/sys_common/backtrace.rs:65:5
[INFO] [stderr]      3:     0x55a17c02efea - <std::sys_common::backtrace::_print::DisplayBacktrace as core::fmt::Display>::fmt::h5779d7bf7f70cb0c
[INFO] [stderr]                                  at /rustc/84c898d65adf2f39a5a98507f1fe0ce10a2b8dbc/library/std/src/sys_common/backtrace.rs:44:22
[INFO] [stderr]      4:     0x55a17c04f13e - core::fmt::write::h5a4baaff1bcd3eb5
[INFO] [stderr]                                  at /rustc/84c898d65adf2f39a5a98507f1fe0ce10a2b8dbc/library/core/src/fmt/mod.rs:1232:17
[INFO] [stderr]      5:     0x55a17c02c4d5 - std::io::Write::write_fmt::h4bc1f301cb9e9cce
[INFO] [stderr]                                  at /rustc/84c898d65adf2f39a5a98507f1fe0ce10a2b8dbc/library/std/src/io/mod.rs:1684:15
[INFO] [stderr]      6:     0x55a17c02edb5 - std::sys_common::backtrace::_print::h5fcdc36060f177e8
[INFO] [stderr]                                  at /rustc/84c898d65adf2f39a5a98507f1fe0ce10a2b8dbc/library/std/src/sys_common/backtrace.rs:47:5
[INFO] [stderr]      7:     0x55a17c02edb5 - std::sys_common::backtrace::print::h54ca9458b876c8bf
[INFO] [stderr]                                  at /rustc/84c898d65adf2f39a5a98507f1fe0ce10a2b8dbc/library/std/src/sys_common/backtrace.rs:34:9
[INFO] [stderr]      8:     0x55a17c03078f - std::panicking::default_hook::{{closure}}::hbe471161c7664ed6
[INFO] [stderr]                                  at /rustc/84c898d65adf2f39a5a98507f1fe0ce10a2b8dbc/library/std/src/panicking.rs:271:22
[INFO] [stderr]      9:     0x55a17c0304cb - std::panicking::default_hook::ha3500da57aa4ac4f
[INFO] [stderr]                                  at /rustc/84c898d65adf2f39a5a98507f1fe0ce10a2b8dbc/library/std/src/panicking.rs:290:9
[INFO] [stderr]     10:     0x55a17c030d38 - std::panicking::rust_panic_with_hook::h50c09d000dc561d2
[INFO] [stderr]                                  at /rustc/84c898d65adf2f39a5a98507f1fe0ce10a2b8dbc/library/std/src/panicking.rs:692:13
[INFO] [stderr]     11:     0x55a17c030c39 - std::panicking::begin_panic_handler::{{closure}}::h9e2b2176e00e0d9c
[INFO] [stderr]                                  at /rustc/84c898d65adf2f39a5a98507f1fe0ce10a2b8dbc/library/std/src/panicking.rs:583:13
[INFO] [stderr]     12:     0x55a17c02f456 - std::sys_common::backtrace::__rust_end_short_backtrace::h5739b8e512c09d02
[INFO] [stderr]                                  at /rustc/84c898d65adf2f39a5a98507f1fe0ce10a2b8dbc/library/std/src/sys_common/backtrace.rs:150:18
[INFO] [stderr]     13:     0x55a17c030942 - rust_begin_unwind
[INFO] [stderr]                                  at /rustc/84c898d65adf2f39a5a98507f1fe0ce10a2b8dbc/library/std/src/panicking.rs:579:5
[INFO] [stderr]     14:     0x55a17bf9b7c3 - core::panicking::panic_fmt::hf33a1475b4dc5c3e
[INFO] [stderr]                                  at /rustc/84c898d65adf2f39a5a98507f1fe0ce10a2b8dbc/library/core/src/panicking.rs:64:14
[INFO] [stderr]     15:     0x55a17bfa2ae8 - build_script_main::validate_headers::h124740022b330f29
[INFO] [stderr]     16:     0x55a17bfa7e86 - build_script_main::find::try_pkg_config::hed26f82e6c5c1010
[INFO] [stderr]     17:     0x55a17bfa6c26 - build_script_main::find::find_openssl_dir::hee4641ddcaee8f76
[INFO] [stderr]     18:     0x55a17bfa6a72 - build_script_main::find::get_openssl::{{closure}}::h22db9e0f73ccb791
[INFO] [stderr]     19:     0x55a17bfa54ca - core::option::Option<T>::unwrap_or_else::h181d8bf29d252692
[INFO] [stderr]     20:     0x55a17bfa6770 - build_script_main::find::get_openssl::h1df9be38a207c8bc
[INFO] [stderr]     21:     0x55a17bfa1945 - build_script_main::main::had843779a0d1cea8
[INFO] [stderr]     22:     0x55a17bfa87f3 - core::ops::function::FnOnce::call_once::h99339207269b60c1
[INFO] [stderr]     23:     0x55a17bf9ef99 - std::sys_common::backtrace::__rust_begin_short_backtrace::h3181529ce6ad93ab
[INFO] [stderr]     24:     0x55a17bfa52b9 - std::rt::lang_start::{{closure}}::h62f1b38b4f879d34
[INFO] [stderr]     25:     0x55a17c028dfc - core::ops::function::impls::<impl core::ops::function::FnOnce<A> for &F>::call_once::hd6efcd3bec896f2c
[INFO] [stderr]                                  at /rustc/84c898d65adf2f39a5a98507f1fe0ce10a2b8dbc/library/core/src/ops/function.rs:287:13
[INFO] [stderr]     26:     0x55a17c028dfc - std::panicking::try::do_call::hce04e543bb1f4cbb
[INFO] [stderr]                                  at /rustc/84c898d65adf2f39a5a98507f1fe0ce10a2b8dbc/library/std/src/panicking.rs:487:40
[INFO] [stderr]     27:     0x55a17c028dfc - std::panicking::try::h3342dd4e1f680968
[INFO] [stderr]                                  at /rustc/84c898d65adf2f39a5a98507f1fe0ce10a2b8dbc/library/std/src/panicking.rs:451:19
[INFO] [stderr]     28:     0x55a17c028dfc - std::panic::catch_unwind::h148ce1e59ac0cee7
[INFO] [stderr]                                  at /rustc/84c898d65adf2f39a5a98507f1fe0ce10a2b8dbc/library/std/src/panic.rs:140:14
[INFO] [stderr]     29:     0x55a17c028dfc - std::rt::lang_start_internal::{{closure}}::h25f9dda2057a67fe
[INFO] [stderr]                                  at /rustc/84c898d65adf2f39a5a98507f1fe0ce10a2b8dbc/library/std/src/rt.rs:148:48
[INFO] [stderr]     30:     0x55a17c028dfc - std::panicking::try::do_call::h7caaaeaf9401650b
[INFO] [stderr]                                  at /rustc/84c898d65adf2f39a5a98507f1fe0ce10a2b8dbc/library/std/src/panicking.rs:487:40
[INFO] [stderr]     31:     0x55a17c028dfc - std::panicking::try::he7d15285746cbbc2
[INFO] [stderr]                                  at /rustc/84c898d65adf2f39a5a98507f1fe0ce10a2b8dbc/library/std/src/panicking.rs:451:19
[INFO] [stderr]     32:     0x55a17c028dfc - std::panic::catch_unwind::h89fb4f50c0301fe0
[INFO] [stderr]                                  at /rustc/84c898d65adf2f39a5a98507f1fe0ce10a2b8dbc/library/std/src/panic.rs:140:14
[INFO] [stderr]     33:     0x55a17c028dfc - std::rt::lang_start_internal::h078acd489417d3c1
[INFO] [stderr]                                  at /rustc/84c898d65adf2f39a5a98507f1fe0ce10a2b8dbc/library/std/src/rt.rs:148:20
[INFO] [stderr]     34:     0x55a17bfa5297 - std::rt::lang_start::hb15ab5308893b4d4
[INFO] [stderr]     35:     0x55a17bfa4905 - main
[INFO] [stderr]     36:     0x7f03b4371d90 - <unknown>
[INFO] [stderr]     37:     0x7f03b4371e40 - __libc_start_main
[INFO] [stderr]     38:     0x55a17bf9bd45 - _start
[INFO] [stderr]     39:                0x0 - <unknown>
[INFO] [stderr] warning: build failed, waiting for other jobs to finish...
[INFO] running `Command { std: "docker" "inspect" "71b78fae774a927b554259388f7d50dd38d0ab2201c43e5129d2249bdf5e6ef7", kill_on_drop: false }`
[INFO] running `Command { std: "docker" "rm" "-f" "71b78fae774a927b554259388f7d50dd38d0ab2201c43e5129d2249bdf5e6ef7", kill_on_drop: false }`
[INFO] [stdout] 71b78fae774a927b554259388f7d50dd38d0ab2201c43e5129d2249bdf5e6ef7
