[INFO] fetching crate rustfmt-nightly 1.4.20...
[INFO] documenting rustfmt-nightly-1.4.20 against 1.69.0 for beta-1.70-rustdoc-1
[INFO] extracting crate rustfmt-nightly 1.4.20 into /workspace/builds/worker-7-tc1/source
[INFO] validating manifest of crates.io crate rustfmt-nightly 1.4.20 on toolchain 1.69.0
[INFO] running `Command { std: CARGO_HOME="/workspace/cargo-home" RUSTUP_HOME="/workspace/rustup-home" "/workspace/cargo-home/bin/cargo" "+1.69.0" "metadata" "--manifest-path" "Cargo.toml" "--no-deps", kill_on_drop: false }`
[INFO] started tweaking crates.io crate rustfmt-nightly 1.4.20
[INFO] finished tweaking crates.io crate rustfmt-nightly 1.4.20
[INFO] tweaked toml for crates.io crate rustfmt-nightly 1.4.20 written to /workspace/builds/worker-7-tc1/source/Cargo.toml
[INFO] crate crates.io crate rustfmt-nightly 1.4.20 already has a lockfile, it will not be regenerated
[INFO] running `Command { std: CARGO_HOME="/workspace/cargo-home" RUSTUP_HOME="/workspace/rustup-home" "/workspace/cargo-home/bin/cargo" "+1.69.0" "fetch" "--manifest-path" "Cargo.toml", kill_on_drop: false }`
[INFO] [stderr]  Downloading crates ...
[INFO] [stderr]   Downloaded toml v0.5.3
[INFO] [stderr]   Downloaded cc v1.0.46
[INFO] [stderr]   Downloaded serde_derive v1.0.101
[INFO] [stderr]   Downloaded thiserror v1.0.6
[INFO] [stderr]   Downloaded serde_json v1.0.41
[INFO] [stderr]   Downloaded rustfmt-config_proc_macro v0.2.0
[INFO] [stderr]   Downloaded backtrace-sys v0.1.32
[INFO] [stderr]   Downloaded rustc-rayon-core v0.3.0
[INFO] [stderr]   Downloaded num_cpus v1.10.1
[INFO] [stderr]   Downloaded rustc-rayon v0.3.0
[INFO] [stderr]   Downloaded jobserver v0.1.17
[INFO] [stderr]   Downloaded crossbeam-utils v0.7.0
[INFO] [stderr]   Downloaded md-5 v0.8.0
[INFO] [stderr]   Downloaded cargo_metadata v0.8.2
[INFO] [stderr]   Downloaded anyhow v1.0.25
[INFO] [stderr]   Downloaded annotate-snippets v0.6.1
[INFO] [stderr]   Downloaded rustc-ap-rustc_attr v671.0.0
[INFO] [stderr]   Downloaded psm v0.1.8
[INFO] [stderr]   Downloaded synstructure v0.12.1
[INFO] [stderr]   Downloaded parking_lot_core v0.6.2
[INFO] [stderr]   Downloaded atty v0.2.13
[INFO] [stderr]   Downloaded rustc-ap-rustc_arena v671.0.0
[INFO] [stderr]   Downloaded stacker v0.1.9
[INFO] [stderr]   Downloaded rustc-ap-rustc_fs_util v671.0.0
[INFO] [stderr]   Downloaded indexmap v1.3.0
[INFO] [stderr]   Downloaded itoa v0.4.4
[INFO] [stderr]   Downloaded rustc-ap-rustc_span v671.0.0
[INFO] [stderr]   Downloaded rust-argon2 v0.5.1
[INFO] [stderr]   Downloaded wincolor v1.0.2
[INFO] [stderr]   Downloaded quick-error v1.2.2
[INFO] [stderr]   Downloaded walkdir v2.2.9
[INFO] [stderr]   Downloaded ignore v0.4.11
[INFO] [stderr]   Downloaded packed_simd v0.3.3
[INFO] [stderr]   Downloaded crossbeam-queue v0.1.2
[INFO] [stderr]   Downloaded bstr v0.2.8
[INFO] [stderr]   Downloaded crossbeam-channel v0.4.0
[INFO] [stderr]   Downloaded rustc-ap-rustc_lexer v671.0.0
[INFO] [stderr]   Downloaded bytecount v0.6.0
[INFO] [stderr]   Downloaded itertools v0.8.0
[INFO] [stderr]   Downloaded rustc-ap-rustc_ast_passes v671.0.0
[INFO] [stderr]   Downloaded thiserror-impl v1.0.6
[INFO] [stderr]   Downloaded rustc-ap-rustc_target v671.0.0
[INFO] [stderr]   Downloaded rustc-ap-rustc_session v671.0.0
[INFO] [stderr]   Downloaded rustc-ap-rustc_data_structures v671.0.0
[INFO] [stderr]   Downloaded arrayref v0.3.5
[INFO] [stderr]   Downloaded same-file v1.0.5
[INFO] [stderr]   Downloaded blake2b_simd v0.5.8
[INFO] [stderr]   Downloaded rustc-ap-rustc_ast v671.0.0
[INFO] [stderr]   Downloaded crossbeam-epoch v0.7.2
[INFO] [stderr]   Downloaded quote v1.0.6
[INFO] [stderr]   Downloaded globset v0.4.4
[INFO] [stderr]   Downloaded structopt-derive v0.4.4
[INFO] [stderr]   Downloaded scopeguard v1.0.0
[INFO] [stderr]   Downloaded structopt v0.3.11
[INFO] [stderr]   Downloaded serde v1.0.101
[INFO] [stderr]   Downloaded rustc-workspace-hack v1.0.0
[INFO] [stderr]   Downloaded crossbeam-utils v0.6.5
[INFO] [stderr]   Downloaded winapi-util v0.1.2
[INFO] [stderr]   Downloaded crossbeam-deque v0.7.1
[INFO] [stderr]   Downloaded termcolor v1.0.5
[INFO] [stderr]   Downloaded smallvec v0.6.10
[INFO] [stderr]   Downloaded memoffset v0.5.1
[INFO] [stderr]   Downloaded proc-macro2 v1.0.6
[INFO] [stderr]   Downloaded unicode-segmentation v1.3.0
[INFO] [stderr]   Downloaded unicode-width v0.1.6
[INFO] [stderr]   Downloaded parking_lot_core v0.7.2
[INFO] [stderr]   Downloaded backtrace v0.3.40
[INFO] [stderr]   Downloaded failure v0.1.6
[INFO] [stderr]   Downloaded constant_time_eq v0.1.4
[INFO] [stderr]   Downloaded redox_users v0.3.1
[INFO] [stderr]   Downloaded diff v0.1.11
[INFO] [stderr]   Downloaded rustc-ap-rustc_expand v671.0.0
[INFO] [stderr]   Downloaded rustc-ap-rustc_ast_pretty v671.0.0
[INFO] [stderr]   Downloaded rustc-ap-rustc_parse v671.0.0
[INFO] [stderr]   Downloaded rustc-ap-rustc_errors v671.0.0
[INFO] [stderr]   Downloaded rustc-ap-rustc_feature v671.0.0
[INFO] [stderr]   Downloaded wasi v0.7.0
[INFO] [stderr]   Downloaded getrandom v0.1.12
[INFO] [stderr]   Downloaded rustc-ap-rustc_graphviz v671.0.0
[INFO] [stderr]   Downloaded measureme v0.7.1
[INFO] [stderr]   Downloaded rustc-ap-rustc_macros v671.0.0
[INFO] [stderr]   Downloaded rustc-ap-rustc_index v671.0.0
[INFO] [stderr]   Downloaded rustc-ap-rustc_serialize v671.0.0
[INFO] running `Command { std: "docker" "create" "-v" "/var/lib/crater-agent-workspace/builds/worker-7-tc1/target:/opt/rustwide/target:rw,Z" "-v" "/var/lib/crater-agent-workspace/builds/worker-7-tc1/source:/opt/rustwide/workdir:ro,Z" "-v" "/var/lib/crater-agent-workspace/cargo-home:/opt/rustwide/cargo-home:ro,Z" "-v" "/var/lib/crater-agent-workspace/rustup-home:/opt/rustwide/rustup-home:ro,Z" "-e" "SOURCE_DIR=/opt/rustwide/workdir" "-e" "CARGO_TARGET_DIR=/opt/rustwide/target" "-e" "CARGO_HOME=/opt/rustwide/cargo-home" "-e" "RUSTUP_HOME=/opt/rustwide/rustup-home" "-w" "/opt/rustwide/workdir" "-m" "1610612736" "--user" "0:0" "--network" "none" "ghcr.io/rust-lang/crates-build-env/linux@sha256:5ff2268d62e97bff2cde7d5815dd6ed5b47097566f13b8d0ca110b04b60e07ed" "/opt/rustwide/cargo-home/bin/cargo" "+1.69.0" "metadata" "--no-deps" "--format-version=1", kill_on_drop: false }`
[INFO] [stdout] 96d24bf793c2e4f9d66ce9b3a680991698d84007a136dc50ddee02c3ecaf1264
[INFO] running `Command { std: "docker" "start" "-a" "96d24bf793c2e4f9d66ce9b3a680991698d84007a136dc50ddee02c3ecaf1264", kill_on_drop: false }`
[INFO] running `Command { std: "docker" "inspect" "96d24bf793c2e4f9d66ce9b3a680991698d84007a136dc50ddee02c3ecaf1264", kill_on_drop: false }`
[INFO] running `Command { std: "docker" "rm" "-f" "96d24bf793c2e4f9d66ce9b3a680991698d84007a136dc50ddee02c3ecaf1264", kill_on_drop: false }`
[INFO] [stdout] 96d24bf793c2e4f9d66ce9b3a680991698d84007a136dc50ddee02c3ecaf1264
[INFO] running `Command { std: "docker" "create" "-v" "/var/lib/crater-agent-workspace/builds/worker-7-tc1/target:/opt/rustwide/target:rw,Z" "-v" "/var/lib/crater-agent-workspace/builds/worker-7-tc1/source:/opt/rustwide/workdir:ro,Z" "-v" "/var/lib/crater-agent-workspace/cargo-home:/opt/rustwide/cargo-home:ro,Z" "-v" "/var/lib/crater-agent-workspace/rustup-home:/opt/rustwide/rustup-home:ro,Z" "-e" "SOURCE_DIR=/opt/rustwide/workdir" "-e" "CARGO_TARGET_DIR=/opt/rustwide/target" "-e" "CARGO_INCREMENTAL=0" "-e" "RUST_BACKTRACE=full" "-e" "RUSTFLAGS=--cap-lints=warn" "-e" "RUSTDOCFLAGS=--cap-lints=warn" "-e" "CARGO_HOME=/opt/rustwide/cargo-home" "-e" "RUSTUP_HOME=/opt/rustwide/rustup-home" "-w" "/opt/rustwide/workdir" "-m" "1610612736" "--user" "0:0" "--network" "none" "ghcr.io/rust-lang/crates-build-env/linux@sha256:5ff2268d62e97bff2cde7d5815dd6ed5b47097566f13b8d0ca110b04b60e07ed" "/opt/rustwide/cargo-home/bin/cargo" "+1.69.0" "doc" "--frozen" "--no-deps" "--document-private-items" "--message-format=json", kill_on_drop: false }`
[INFO] [stdout] 0a80b477c0998f17788e16ee06424233ef5ffcafc76826a38de0b0e30b413079
[INFO] running `Command { std: "docker" "start" "-a" "0a80b477c0998f17788e16ee06424233ef5ffcafc76826a38de0b0e30b413079", kill_on_drop: false }`
[INFO] [stderr]     Blocking waiting for file lock on package cache
[INFO] [stderr]    Compiling proc-macro2 v1.0.6
[INFO] [stderr]    Compiling syn v1.0.5
[INFO] [stderr]    Compiling serde v1.0.101
[INFO] [stderr]    Compiling libc v0.2.66
[INFO] [stderr]    Compiling autocfg v0.1.7
[INFO] [stderr]     Checking scopeguard v1.0.0
[INFO] [stderr]    Compiling log v0.4.8
[INFO] [stderr]     Checking smallvec v1.2.0
[INFO] [stderr]    Compiling cc v1.0.46
[INFO] [stderr]    Compiling arrayvec v0.4.12
[INFO] [stderr]    Compiling byteorder v1.3.2
[INFO] [stderr]     Checking crossbeam-utils v0.6.5
[INFO] [stderr]     Checking smallvec v0.6.10
[INFO] [stderr]    Compiling rustc-rayon-core v0.3.0
[INFO] [stderr]     Checking unicode-width v0.1.6
[INFO] [stderr]     Checking byte-tools v0.3.1
[INFO] [stdout] error[E0557]: feature has been removed
[INFO] [stdout]   --> /opt/rustwide/cargo-home/registry/src/github.com-1ecc6299db9ec823/smallvec-1.2.0/lib.rs:29:40
[INFO] [stdout]    |
[INFO] [stdout] 29 | #![cfg_attr(feature = "union", feature(untagged_unions))]
[INFO] [stdout]    |                                        ^^^^^^^^^^^^^^^ feature has been removed
[INFO] [stdout]    |
[INFO] [stdout]    = note: unions with `Copy` and `ManuallyDrop` fields are stable; there is no intent to stabilize more
[INFO] [stdout] 
[INFO] [stdout] 
[INFO] [stderr]     Checking lock_api v0.3.4
[INFO] [stdout] error[E0554]: `#![feature]` may not be used on the stable release channel
[INFO] [stdout]   --> /opt/rustwide/cargo-home/registry/src/github.com-1ecc6299db9ec823/smallvec-1.2.0/lib.rs:29:32
[INFO] [stdout]    |
[INFO] [stdout] 29 | #![cfg_attr(feature = "union", feature(untagged_unions))]
[INFO] [stdout]    |                                ^^^^^^^^^^^^^^^^^^^^^^^^
[INFO] [stdout] 
[INFO] [stdout] 
[INFO] [stdout] error[E0554]: `#![feature]` may not be used on the stable release channel
[INFO] [stdout]   --> /opt/rustwide/cargo-home/registry/src/github.com-1ecc6299db9ec823/smallvec-1.2.0/lib.rs:31:37
[INFO] [stdout]    |
[INFO] [stdout] 31 | #![cfg_attr(feature = "may_dangle", feature(dropck_eyepatch))]
[INFO] [stdout]    |                                     ^^^^^^^^^^^^^^^^^^^^^^^^
[INFO] [stdout] 
[INFO] [stdout] 
[INFO] [stderr]     Checking either v1.5.3
[INFO] [stdout] error[E0740]: unions cannot contain fields that may need dropping
[INFO] [stdout]    --> /opt/rustwide/cargo-home/registry/src/github.com-1ecc6299db9ec823/smallvec-1.2.0/lib.rs:256:5
[INFO] [stdout]     |
[INFO] [stdout] 256 |     inline: MaybeUninit<A>,
[INFO] [stdout]     |     ^^^^^^^^^^^^^^^^^^^^^^
[INFO] [stdout]     |
[INFO] [stdout]     = note: a type is guaranteed not to need dropping when it implements `Copy`, or when it is the special `ManuallyDrop<_>` type
[INFO] [stdout] help: when the type does not implement `Copy`, wrap it inside a `ManuallyDrop<_>` and ensure it is manually dropped
[INFO] [stdout]     |
[INFO] [stdout] 256 |     inline: std::mem::ManuallyDrop<MaybeUninit<A>>,
[INFO] [stdout]     |             +++++++++++++++++++++++              +
[INFO] [stdout] 
[INFO] [stdout] 
[INFO] [stdout] error: aborting due to 4 previous errors
[INFO] [stdout] 
[INFO] [stdout] 
[INFO] [stdout] Some errors have detailed explanations: E0554, E0557, E0740.
[INFO] [stdout] 
[INFO] [stdout] For more information about an error, try `rustc --explain E0554`.
[INFO] [stdout] 
[INFO] [stderr] error: could not compile `smallvec` due to 5 previous errors
[INFO] [stderr] warning: build failed, waiting for other jobs to finish...
[INFO] [stdout] error[E0557]: feature has been removed
[INFO] [stdout]   --> /opt/rustwide/cargo-home/registry/src/github.com-1ecc6299db9ec823/lock_api-0.3.4/src/lib.rs:91:42
[INFO] [stdout]    |
[INFO] [stdout] 91 | #![cfg_attr(feature = "nightly", feature(const_fn))]
[INFO] [stdout]    |                                          ^^^^^^^^ feature has been removed
[INFO] [stdout]    |
[INFO] [stdout]    = note: split into finer-grained feature gates
[INFO] [stdout] 
[INFO] [stdout] 
[INFO] [stdout] error: aborting due to previous error
[INFO] [stdout] 
[INFO] [stdout] 
[INFO] [stdout] For more information about this error, try `rustc --explain E0557`.
[INFO] [stdout] 
[INFO] [stderr] error: could not compile `lock_api` due to 2 previous errors
[INFO] running `Command { std: "docker" "inspect" "0a80b477c0998f17788e16ee06424233ef5ffcafc76826a38de0b0e30b413079", kill_on_drop: false }`
[INFO] running `Command { std: "docker" "rm" "-f" "0a80b477c0998f17788e16ee06424233ef5ffcafc76826a38de0b0e30b413079", kill_on_drop: false }`
[INFO] [stdout] 0a80b477c0998f17788e16ee06424233ef5ffcafc76826a38de0b0e30b413079
