[INFO] fetching crate rrdb 0.0.1...
[INFO] documenting rrdb-0.0.1 against 1.69.0 for beta-1.70-rustdoc-1
[INFO] extracting crate rrdb 0.0.1 into /workspace/builds/worker-7-tc1/source
[INFO] validating manifest of crates.io crate rrdb 0.0.1 on toolchain 1.69.0
[INFO] running `Command { std: CARGO_HOME="/workspace/cargo-home" RUSTUP_HOME="/workspace/rustup-home" "/workspace/cargo-home/bin/cargo" "+1.69.0" "metadata" "--manifest-path" "Cargo.toml" "--no-deps", kill_on_drop: false }`
[INFO] started tweaking crates.io crate rrdb 0.0.1
[INFO] finished tweaking crates.io crate rrdb 0.0.1
[INFO] tweaked toml for crates.io crate rrdb 0.0.1 written to /workspace/builds/worker-7-tc1/source/Cargo.toml
[INFO] crate crates.io crate rrdb 0.0.1 already has a lockfile, it will not be regenerated
[INFO] running `Command { std: CARGO_HOME="/workspace/cargo-home" RUSTUP_HOME="/workspace/rustup-home" "/workspace/cargo-home/bin/cargo" "+1.69.0" "fetch" "--manifest-path" "Cargo.toml", kill_on_drop: false }`
[INFO] [stderr]     Blocking waiting for file lock on package cache
[INFO] [stderr]  Downloading crates ...
[INFO] [stderr]   Downloaded whoami v1.2.1
[INFO] [stderr]   Downloaded path-dedot v3.0.17
[INFO] [stderr]   Downloaded derive_builder_macro v0.10.2
[INFO] [stderr]   Downloaded path-absolutize v3.0.13
[INFO] [stderr]   Downloaded derive_builder v0.10.2
[INFO] [stderr]   Downloaded derive_builder_core v0.10.2
[INFO] [stderr]   Downloaded clap_derive v3.1.2
[INFO] [stderr]   Downloaded serde_bytes v0.11.7
[INFO] [stderr]   Downloaded bson v2.4.0
[INFO] [stderr]   Downloaded clap v3.1.3
[INFO] running `Command { std: "docker" "create" "-v" "/var/lib/crater-agent-workspace/builds/worker-7-tc1/target:/opt/rustwide/target:rw,Z" "-v" "/var/lib/crater-agent-workspace/builds/worker-7-tc1/source:/opt/rustwide/workdir:ro,Z" "-v" "/var/lib/crater-agent-workspace/cargo-home:/opt/rustwide/cargo-home:ro,Z" "-v" "/var/lib/crater-agent-workspace/rustup-home:/opt/rustwide/rustup-home:ro,Z" "-e" "SOURCE_DIR=/opt/rustwide/workdir" "-e" "CARGO_TARGET_DIR=/opt/rustwide/target" "-e" "CARGO_HOME=/opt/rustwide/cargo-home" "-e" "RUSTUP_HOME=/opt/rustwide/rustup-home" "-w" "/opt/rustwide/workdir" "-m" "1610612736" "--user" "0:0" "--network" "none" "ghcr.io/rust-lang/crates-build-env/linux@sha256:5ff2268d62e97bff2cde7d5815dd6ed5b47097566f13b8d0ca110b04b60e07ed" "/opt/rustwide/cargo-home/bin/cargo" "+1.69.0" "metadata" "--no-deps" "--format-version=1", kill_on_drop: false }`
[INFO] [stdout] 2d299ecaf44d619f982906baac64f17e335d57f39e7166899fbb1fe3a52237f5
[INFO] running `Command { std: "docker" "start" "-a" "2d299ecaf44d619f982906baac64f17e335d57f39e7166899fbb1fe3a52237f5", kill_on_drop: false }`
[INFO] running `Command { std: "docker" "inspect" "2d299ecaf44d619f982906baac64f17e335d57f39e7166899fbb1fe3a52237f5", kill_on_drop: false }`
[INFO] running `Command { std: "docker" "rm" "-f" "2d299ecaf44d619f982906baac64f17e335d57f39e7166899fbb1fe3a52237f5", kill_on_drop: false }`
[INFO] [stdout] 2d299ecaf44d619f982906baac64f17e335d57f39e7166899fbb1fe3a52237f5
[INFO] running `Command { std: "docker" "create" "-v" "/var/lib/crater-agent-workspace/builds/worker-7-tc1/target:/opt/rustwide/target:rw,Z" "-v" "/var/lib/crater-agent-workspace/builds/worker-7-tc1/source:/opt/rustwide/workdir:ro,Z" "-v" "/var/lib/crater-agent-workspace/cargo-home:/opt/rustwide/cargo-home:ro,Z" "-v" "/var/lib/crater-agent-workspace/rustup-home:/opt/rustwide/rustup-home:ro,Z" "-e" "SOURCE_DIR=/opt/rustwide/workdir" "-e" "CARGO_TARGET_DIR=/opt/rustwide/target" "-e" "CARGO_INCREMENTAL=0" "-e" "RUST_BACKTRACE=full" "-e" "RUSTFLAGS=--cap-lints=warn" "-e" "RUSTDOCFLAGS=--cap-lints=warn" "-e" "CARGO_HOME=/opt/rustwide/cargo-home" "-e" "RUSTUP_HOME=/opt/rustwide/rustup-home" "-w" "/opt/rustwide/workdir" "-m" "1610612736" "--user" "0:0" "--network" "none" "ghcr.io/rust-lang/crates-build-env/linux@sha256:5ff2268d62e97bff2cde7d5815dd6ed5b47097566f13b8d0ca110b04b60e07ed" "/opt/rustwide/cargo-home/bin/cargo" "+1.69.0" "doc" "--frozen" "--no-deps" "--document-private-items" "--message-format=json", kill_on_drop: false }`
[INFO] [stdout] 6ca5a7dc21cc9b66435e5f3e2337710864e71694ef82b7e204c12b0aeddc249d
[INFO] running `Command { std: "docker" "start" "-a" "6ca5a7dc21cc9b66435e5f3e2337710864e71694ef82b7e204c12b0aeddc249d", kill_on_drop: false }`
[INFO] [stderr]    Compiling proc-macro2 v1.0.43
[INFO] [stderr]    Compiling unicode-ident v1.0.3
[INFO] [stderr]    Compiling syn v1.0.99
[INFO] [stderr]    Compiling libc v0.2.132
[INFO] [stderr]    Compiling autocfg v1.1.0
[INFO] [stderr]     Checking cfg-if v1.0.0
[INFO] [stderr]    Compiling version_check v0.9.4
[INFO] [stderr]    Compiling memchr v2.4.1
[INFO] [stderr]     Checking once_cell v1.13.1
[INFO] [stderr]    Compiling serde_derive v1.0.136
[INFO] [stderr]    Compiling futures-core v0.3.24
[INFO] [stderr]    Compiling serde v1.0.136
[INFO] [stderr]    Compiling fnv v1.0.7
[INFO] [stderr]    Compiling ident_case v1.0.1
[INFO] [stderr]    Compiling strsim v0.10.0
[INFO] [stderr]     Checking pin-project-lite v0.2.8
[INFO] [stderr]    Compiling futures-channel v0.3.24
[INFO] [stderr]    Compiling log v0.4.14
[INFO] [stderr]     Checking futures-sink v0.3.24
[INFO] [stderr]    Compiling futures-task v0.3.24
[INFO] [stderr]    Compiling parking_lot_core v0.9.1
[INFO] [stderr]     Checking lazy_static v1.4.0
[INFO] [stderr]     Checking scopeguard v1.1.0
[INFO] [stderr]    Compiling futures-util v0.3.24
[INFO] [stderr]     Checking hashbrown v0.11.2
[INFO] [stderr]    Compiling proc-macro-error-attr v1.0.4
[INFO] [stderr]    Compiling proc-macro-error v1.0.4
[INFO] [stderr]     Checking smallvec v1.8.0
[INFO] [stderr]    Compiling ahash v0.7.6
[INFO] [stderr]    Compiling slab v0.4.7
[INFO] [stderr]    Compiling indexmap v1.8.0
[INFO] [stderr]    Compiling num-traits v0.2.15
[INFO] [stderr]    Compiling tokio v1.21.1
[INFO] [stderr]    Compiling num-integer v0.1.45
[INFO] [stderr]     Checking lock_api v0.4.6
[INFO] [stderr]    Compiling serde_json v1.0.85
[INFO] [stderr]     Checking itoa v1.0.3
[INFO] [stderr]     Checking unicode-width v0.1.9
[INFO] [stderr]     Checking futures-io v0.3.24
[INFO] [stderr]     Checking bitflags v1.3.2
[INFO] [stderr]     Checking pin-utils v0.1.0
[INFO] [stderr]     Checking ppv-lite86 v0.2.16
[INFO] [stderr]    Compiling unicode-segmentation v1.9.0
[INFO] [stderr]     Checking textwrap v0.11.0
[INFO] [stderr]     Checking tracing-core v0.1.29
[INFO] [stderr]     Checking vec_map v0.8.2
[INFO] [stderr]    Compiling thiserror v1.0.35
[INFO] [stderr]     Checking num_threads v0.1.6
[INFO] [stderr]     Checking bytes v1.2.1
[INFO] [stderr]     Checking ansi_term v0.12.1
[INFO] [stderr]    Compiling async-trait v0.1.57
[INFO] [stderr]     Checking ryu v1.0.11
[INFO] [stderr]    Compiling quote v1.0.15
[INFO] [stderr]     Checking getrandom v0.2.7
[INFO] [stderr]     Checking atty v0.2.14
[INFO] [stderr]    Compiling heck v0.3.3
[INFO] [stderr]     Checking socket2 v0.4.4
[INFO] [stderr]     Checking num_cpus v1.13.1
[INFO] [stderr]     Checking signal-hook-registry v1.4.0
[INFO] [stderr]     Checking mio v0.8.4
[INFO] [stderr]    Compiling heck v0.4.0
[INFO] [stderr]     Checking rand_core v0.6.4
[INFO] [stderr]    Compiling time-macros v0.2.4
[INFO] [stderr]     Checking strsim v0.8.0
[INFO] [stderr]     Checking parking_lot v0.12.0
[INFO] [stderr]     Checking tracing v0.1.35
[INFO] [stderr]     Checking time v0.1.44
[INFO] [stderr]     Checking os_str_bytes v6.0.0
[INFO] [stderr]     Checking path-dedot v3.0.17
[INFO] [stderr]     Checking iana-time-zone v0.1.48
[INFO] [stderr]     Checking clap v2.34.0
[INFO] [stderr]     Checking base64 v0.13.0
[INFO] [stderr]     Checking rand_chacha v0.3.1
[INFO] [stderr]     Checking hex v0.4.3
[INFO] [stderr]     Checking textwrap v0.14.2
[INFO] [stderr]     Checking termcolor v1.1.2
[INFO] [stderr]     Checking path-absolutize v3.0.13
[INFO] [stderr]     Checking colored v2.0.0
[INFO] [stderr]     Checking whoami v1.2.1
[INFO] [stderr]     Checking rand v0.8.5
[INFO] [stderr]     Checking dyn-clone v1.0.5
[INFO] [stderr]     Checking chrono v0.4.22
[INFO] [stderr]     Checking time v0.3.14
[INFO] [stderr]    Compiling darling_core v0.12.4
[INFO] [stderr]    Compiling futures-macro v0.3.24
[INFO] [stderr]    Compiling tokio-macros v1.7.0
[INFO] [stderr]    Compiling thiserror-impl v1.0.35
[INFO] [stderr]    Compiling clap_derive v3.1.2
[INFO] [stderr]    Compiling structopt-derive v0.4.18
[INFO] [stderr]    Compiling darling_macro v0.12.4
[INFO] [stderr]     Checking structopt v0.3.26
[INFO] [stderr]     Checking clap v3.1.3
[INFO] [stderr]    Compiling darling v0.12.4
[INFO] [stderr]    Compiling derive_builder_core v0.10.2
[INFO] [stderr]    Compiling derive_builder_macro v0.10.2
[INFO] [stderr]     Checking derive_builder v0.10.2
[INFO] [stderr]     Checking futures-executor v0.3.24
[INFO] [stderr]     Checking futures v0.3.24
[INFO] [stderr]     Checking tokio-util v0.7.4
[INFO] [stderr]     Checking uuid v1.1.2
[INFO] [stderr]     Checking serde_bytes v0.11.7
[INFO] [stderr]     Checking toml v0.5.9
[INFO] [stderr]     Checking bson v2.4.0
[INFO] [stderr]  Documenting rrdb v0.0.1 (/opt/rustwide/workdir)
[INFO] [stdout] error[E0432]: unresolved import `super::get_profile_path`
[INFO] [stdout]   --> src/lib/utils/env.rs:20:13
[INFO] [stdout]    |
[INFO] [stdout] 20 |         use super::get_profile_path;
[INFO] [stdout]    |             ^^^^^^^^^^^^^^^^^^^^^^^ no `get_profile_path` in `lib::utils`
[INFO] [stdout] 
[INFO] [stdout] 
[INFO] [stdout] error[E0432]: unresolved import `super::get_profile_path`
[INFO] [stdout]   --> src/lib/utils/env.rs:50:13
[INFO] [stdout]    |
[INFO] [stdout] 50 |         use super::get_profile_path;
[INFO] [stdout]    |             ^^^^^^^^^^^^^^^^^^^^^^^ no `get_profile_path` in `lib::utils`
[INFO] [stdout] 
[INFO] [stdout] 
[INFO] [stdout] error[E0432]: unresolved import `super::get_profile_path`
[INFO] [stdout]   --> src/lib/utils/env.rs:20:13
[INFO] [stdout]    |
[INFO] [stdout] 20 |         use super::get_profile_path;
[INFO] [stdout]    |             ^^^^^^^^^^^^^^^^^^^^^^^ no `get_profile_path` in `lib::utils`
[INFO] [stdout] 
[INFO] [stdout] 
[INFO] [stdout] error[E0432]: unresolved import `super::get_profile_path`
[INFO] [stdout]   --> src/lib/utils/env.rs:50:13
[INFO] [stdout]    |
[INFO] [stdout] 50 |         use super::get_profile_path;
[INFO] [stdout]    |             ^^^^^^^^^^^^^^^^^^^^^^^ no `get_profile_path` in `lib::utils`
[INFO] [stdout] 
[INFO] [stdout] 
[INFO] [stdout] warning: found module declaration for lib.rs
[INFO] [stdout]  --> src/test.rs:5:1
[INFO] [stdout]   |
[INFO] [stdout] 5 | pub mod lib;
[INFO] [stdout]   | ^^^^^^^^^^^^
[INFO] [stdout]   |
[INFO] [stdout]   = note: lib.rs is the root of this crate's library target
[INFO] [stdout]   = help: to refer to it from other targets, use the library's name as the path
[INFO] [stdout]   = note: `#[warn(special_module_name)]` on by default
[INFO] [stdout] 
[INFO] [stdout] 
[INFO] [stdout] warning: found module declaration for lib.rs
[INFO] [stdout]  --> src/main.rs:2:1
[INFO] [stdout]   |
[INFO] [stdout] 2 | pub mod lib;
[INFO] [stdout]   | ^^^^^^^^^^^^
[INFO] [stdout]   |
[INFO] [stdout]   = note: lib.rs is the root of this crate's library target
[INFO] [stdout]   = help: to refer to it from other targets, use the library's name as the path
[INFO] [stdout]   = note: `#[warn(special_module_name)]` on by default
[INFO] [stdout] 
[INFO] [stdout] 
[INFO] [stdout] error: aborting due to 2 previous errors; 1 warning emitted
[INFO] [stdout] 
[INFO] [stdout] 
[INFO] [stdout] For more information about this error, try `rustc --explain E0432`.
[INFO] [stdout] 
[INFO] [stdout] error: aborting due to 2 previous errors; 1 warning emitted
[INFO] [stdout] 
[INFO] [stdout] 
[INFO] [stdout] For more information about this error, try `rustc --explain E0432`.
[INFO] [stdout] 
[INFO] [stderr] error: could not document `rrdb`
[INFO] [stderr] 
[INFO] [stderr] Caused by:
[INFO] [stderr]   process didn't exit successfully: `rustdoc --edition=2018 --crate-type bin --crate-name test src/test.rs -o /opt/rustwide/target/doc --cfg 'feature="atty"' --cfg 'feature="cli"' --cfg 'feature="default"' --cfg 'feature="rrdb"' --cfg 'feature="structopt"' --error-format=json --json=diagnostic-rendered-ansi,artifacts,future-incompat --document-private-items '-Arustdoc::private-intra-doc-links' -C metadata=d3894fabea7be55d -L dependency=/opt/rustwide/target/debug/deps --extern async_trait=/opt/rustwide/target/debug/deps/libasync_trait-f76cc7b9fb19fa31.so --extern atty=/opt/rustwide/target/debug/deps/libatty-bbc6cded445dd02e.rmeta --extern bson=/opt/rustwide/target/debug/deps/libbson-dafb87b25b1c998b.rmeta --extern bytes=/opt/rustwide/target/debug/deps/libbytes-ca71357118da0750.rmeta --extern chrono=/opt/rustwide/target/debug/deps/libchrono-f1e7c79e4075e9a1.rmeta --extern clap=/opt/rustwide/target/debug/deps/libclap-c6af5c644bf2ec1a.rmeta --extern colored=/opt/rustwide/target/debug/deps/libcolored-89236ef686029c43.rmeta --extern derive_builder=/opt/rustwide/target/debug/deps/libderive_builder-7ee2b79ae48bda55.rmeta --extern dyn_clone=/opt/rustwide/target/debug/deps/libdyn_clone-ebdc60e63daab311.rmeta --extern futures=/opt/rustwide/target/debug/deps/libfutures-8b3ac3dda7c34932.rmeta --extern path_absolutize=/opt/rustwide/target/debug/deps/libpath_absolutize-723db85679aa1c3f.rmeta --extern serde=/opt/rustwide/target/debug/deps/libserde-dbd28ff47198482c.rmeta --extern structopt=/opt/rustwide/target/debug/deps/libstructopt-75c950fbd5d3fe4b.rmeta --extern thiserror=/opt/rustwide/target/debug/deps/libthiserror-ebb8cacef977c727.rmeta --extern tokio=/opt/rustwide/target/debug/deps/libtokio-866a4e495476f244.rmeta --extern tokio_util=/opt/rustwide/target/debug/deps/libtokio_util-33c01ccdaea52097.rmeta --extern toml=/opt/rustwide/target/debug/deps/libtoml-f1ad99970cb6af6c.rmeta --extern uuid=/opt/rustwide/target/debug/deps/libuuid-acaff843c667e6fa.rmeta --extern whoami=/opt/rustwide/target/debug/deps/libwhoami-3c612babf1a1e4b7.rmeta --cap-lints=warn --crate-version 0.0.1` (exit status: 1)
[INFO] [stderr] warning: build failed, waiting for other jobs to finish...
[INFO] [stderr] error: could not document `rrdb`
[INFO] [stderr] 
[INFO] [stderr] Caused by:
[INFO] [stderr]   process didn't exit successfully: `rustdoc --edition=2018 --crate-type bin --crate-name rrdb src/main.rs -o /opt/rustwide/target/doc --cfg 'feature="atty"' --cfg 'feature="cli"' --cfg 'feature="default"' --cfg 'feature="rrdb"' --cfg 'feature="structopt"' --error-format=json --json=diagnostic-rendered-ansi,artifacts,future-incompat --document-private-items '-Arustdoc::private-intra-doc-links' -C metadata=030dcf45b7470f89 -L dependency=/opt/rustwide/target/debug/deps --extern async_trait=/opt/rustwide/target/debug/deps/libasync_trait-f76cc7b9fb19fa31.so --extern atty=/opt/rustwide/target/debug/deps/libatty-bbc6cded445dd02e.rmeta --extern bson=/opt/rustwide/target/debug/deps/libbson-dafb87b25b1c998b.rmeta --extern bytes=/opt/rustwide/target/debug/deps/libbytes-ca71357118da0750.rmeta --extern chrono=/opt/rustwide/target/debug/deps/libchrono-f1e7c79e4075e9a1.rmeta --extern clap=/opt/rustwide/target/debug/deps/libclap-c6af5c644bf2ec1a.rmeta --extern colored=/opt/rustwide/target/debug/deps/libcolored-89236ef686029c43.rmeta --extern derive_builder=/opt/rustwide/target/debug/deps/libderive_builder-7ee2b79ae48bda55.rmeta --extern dyn_clone=/opt/rustwide/target/debug/deps/libdyn_clone-ebdc60e63daab311.rmeta --extern futures=/opt/rustwide/target/debug/deps/libfutures-8b3ac3dda7c34932.rmeta --extern path_absolutize=/opt/rustwide/target/debug/deps/libpath_absolutize-723db85679aa1c3f.rmeta --extern serde=/opt/rustwide/target/debug/deps/libserde-dbd28ff47198482c.rmeta --extern structopt=/opt/rustwide/target/debug/deps/libstructopt-75c950fbd5d3fe4b.rmeta --extern thiserror=/opt/rustwide/target/debug/deps/libthiserror-ebb8cacef977c727.rmeta --extern tokio=/opt/rustwide/target/debug/deps/libtokio-866a4e495476f244.rmeta --extern tokio_util=/opt/rustwide/target/debug/deps/libtokio_util-33c01ccdaea52097.rmeta --extern toml=/opt/rustwide/target/debug/deps/libtoml-f1ad99970cb6af6c.rmeta --extern uuid=/opt/rustwide/target/debug/deps/libuuid-acaff843c667e6fa.rmeta --extern whoami=/opt/rustwide/target/debug/deps/libwhoami-3c612babf1a1e4b7.rmeta --cap-lints=warn --crate-version 0.0.1` (exit status: 1)
[INFO] running `Command { std: "docker" "inspect" "6ca5a7dc21cc9b66435e5f3e2337710864e71694ef82b7e204c12b0aeddc249d", kill_on_drop: false }`
[INFO] running `Command { std: "docker" "rm" "-f" "6ca5a7dc21cc9b66435e5f3e2337710864e71694ef82b7e204c12b0aeddc249d", kill_on_drop: false }`
[INFO] [stdout] 6ca5a7dc21cc9b66435e5f3e2337710864e71694ef82b7e204c12b0aeddc249d
