[INFO] fetching crate risc0-zkvm-prove 0.6.0...
[INFO] documenting risc0-zkvm-prove-0.6.0 against beta-2023-04-20 for beta-1.70-rustdoc-1
[INFO] extracting crate risc0-zkvm-prove 0.6.0 into /workspace/builds/worker-4-tc2/source
[INFO] validating manifest of crates.io crate risc0-zkvm-prove 0.6.0 on toolchain beta-2023-04-20
[INFO] running `Command { std: CARGO_HOME="/workspace/cargo-home" RUSTUP_HOME="/workspace/rustup-home" "/workspace/cargo-home/bin/cargo" "+beta-2023-04-20" "metadata" "--manifest-path" "Cargo.toml" "--no-deps", kill_on_drop: false }`
[INFO] started tweaking crates.io crate risc0-zkvm-prove 0.6.0
[INFO] finished tweaking crates.io crate risc0-zkvm-prove 0.6.0
[INFO] tweaked toml for crates.io crate risc0-zkvm-prove 0.6.0 written to /workspace/builds/worker-4-tc2/source/Cargo.toml
[INFO] crate crates.io crate risc0-zkvm-prove 0.6.0 already has a lockfile, it will not be regenerated
[INFO] running `Command { std: CARGO_HOME="/workspace/cargo-home" RUSTUP_HOME="/workspace/rustup-home" "/workspace/cargo-home/bin/cargo" "+beta-2023-04-20" "fetch" "--manifest-path" "Cargo.toml", kill_on_drop: false }`
[INFO] [stderr]     Blocking waiting for file lock on package cache
[INFO] [stderr]     Updating crates.io index
[INFO] [stderr]  Downloading crates ...
[INFO] [stderr]   Downloaded cxx v1.0.68
[INFO] [stderr]   Downloaded risc0-zkp-accel v0.6.0
[INFO] [stderr]   Downloaded risc0-core v0.6.0
[INFO] [stderr]   Downloaded risc0-zkp-prove v0.6.0
[INFO] [stderr]   Downloaded risc0-zkvm-platform v0.6.0
[INFO] [stderr]   Downloaded tokio-util v0.7.2
[INFO] [stderr]   Downloaded risc0-zkvm-circuit-gen v0.6.0
[INFO] [stderr]   Downloaded risc0-zkvm-serde v0.6.0
[INFO] [stderr]   Downloaded risc0-zkvm-verify v0.6.0
[INFO] [stderr]   Downloaded cxx-build v1.0.68
[INFO] [stderr]   Downloaded tbb v0.6.0
[INFO] [stderr]   Downloaded risc0-zkp-verify v0.6.0
[INFO] [stderr]   Downloaded risc0-zkp-core v0.6.0
[INFO] [stderr]   Downloaded risc0-zkvm-circuit v0.6.0
[INFO] [stderr]   Downloaded cxxbridge-flags v1.0.68
[INFO] [stderr]   Downloaded cxxbridge-macro v1.0.68
[INFO] running `Command { std: "docker" "create" "-v" "/var/lib/crater-agent-workspace/builds/worker-4-tc2/target:/opt/rustwide/target:rw,Z" "-v" "/var/lib/crater-agent-workspace/builds/worker-4-tc2/source:/opt/rustwide/workdir:ro,Z" "-v" "/var/lib/crater-agent-workspace/cargo-home:/opt/rustwide/cargo-home:ro,Z" "-v" "/var/lib/crater-agent-workspace/rustup-home:/opt/rustwide/rustup-home:ro,Z" "-e" "SOURCE_DIR=/opt/rustwide/workdir" "-e" "CARGO_TARGET_DIR=/opt/rustwide/target" "-e" "CARGO_HOME=/opt/rustwide/cargo-home" "-e" "RUSTUP_HOME=/opt/rustwide/rustup-home" "-w" "/opt/rustwide/workdir" "-m" "1610612736" "--user" "0:0" "--network" "none" "ghcr.io/rust-lang/crates-build-env/linux@sha256:5ff2268d62e97bff2cde7d5815dd6ed5b47097566f13b8d0ca110b04b60e07ed" "/opt/rustwide/cargo-home/bin/cargo" "+beta-2023-04-20" "metadata" "--no-deps" "--format-version=1", kill_on_drop: false }`
[INFO] [stdout] d35b9e30514dcc4583969444b73a9a4037ae20e1458964cf05aa574ba1554664
[INFO] running `Command { std: "docker" "start" "-a" "d35b9e30514dcc4583969444b73a9a4037ae20e1458964cf05aa574ba1554664", kill_on_drop: false }`
[INFO] running `Command { std: "docker" "inspect" "d35b9e30514dcc4583969444b73a9a4037ae20e1458964cf05aa574ba1554664", kill_on_drop: false }`
[INFO] running `Command { std: "docker" "rm" "-f" "d35b9e30514dcc4583969444b73a9a4037ae20e1458964cf05aa574ba1554664", kill_on_drop: false }`
[INFO] [stdout] d35b9e30514dcc4583969444b73a9a4037ae20e1458964cf05aa574ba1554664
[INFO] running `Command { std: "docker" "create" "-v" "/var/lib/crater-agent-workspace/builds/worker-4-tc2/target:/opt/rustwide/target:rw,Z" "-v" "/var/lib/crater-agent-workspace/builds/worker-4-tc2/source:/opt/rustwide/workdir:ro,Z" "-v" "/var/lib/crater-agent-workspace/cargo-home:/opt/rustwide/cargo-home:ro,Z" "-v" "/var/lib/crater-agent-workspace/rustup-home:/opt/rustwide/rustup-home:ro,Z" "-e" "SOURCE_DIR=/opt/rustwide/workdir" "-e" "CARGO_TARGET_DIR=/opt/rustwide/target" "-e" "CARGO_INCREMENTAL=0" "-e" "RUST_BACKTRACE=full" "-e" "RUSTFLAGS=--cap-lints=warn" "-e" "RUSTDOCFLAGS=--cap-lints=warn" "-e" "CARGO_HOME=/opt/rustwide/cargo-home" "-e" "RUSTUP_HOME=/opt/rustwide/rustup-home" "-w" "/opt/rustwide/workdir" "-m" "1610612736" "--user" "0:0" "--network" "none" "ghcr.io/rust-lang/crates-build-env/linux@sha256:5ff2268d62e97bff2cde7d5815dd6ed5b47097566f13b8d0ca110b04b60e07ed" "/opt/rustwide/cargo-home/bin/cargo" "+beta-2023-04-20" "doc" "--frozen" "--no-deps" "--document-private-items" "--message-format=json", kill_on_drop: false }`
[INFO] [stdout] 2006dda001925b867944fb708eb8e7887dfc6fbda44712f7429dadb3a113adb5
[INFO] running `Command { std: "docker" "start" "-a" "2006dda001925b867944fb708eb8e7887dfc6fbda44712f7429dadb3a113adb5", kill_on_drop: false }`
[INFO] [stderr]    Compiling libc v0.2.125
[INFO] [stderr]    Compiling proc-macro2 v1.0.38
[INFO] [stderr]    Compiling unicode-xid v0.2.3
[INFO] [stderr]    Compiling syn v1.0.94
[INFO] [stderr]    Compiling once_cell v1.10.0
[INFO] [stderr]    Compiling scratch v1.0.1
[INFO] [stderr]    Compiling termcolor v1.1.3
[INFO] [stderr]    Compiling unicode-width v0.1.9
[INFO] [stderr]    Compiling cxxbridge-flags v1.0.68
[INFO] [stderr]    Compiling log v0.4.17
[INFO] [stderr]    Compiling pin-project-lite v0.2.9
[INFO] [stderr]    Compiling pkg-config v0.3.25
[INFO] [stderr]    Compiling generic-array v0.14.5
[INFO] [stderr]    Compiling indexmap v1.8.1
[INFO] [stderr]    Compiling memchr v2.5.0
[INFO] [stderr]    Compiling futures-core v0.3.21
[INFO] [stderr]    Compiling bytes v1.1.0
[INFO] [stderr]    Compiling futures-task v0.3.21
[INFO] [stderr]    Compiling itoa v1.0.2
[INFO] [stderr]    Compiling tracing-core v0.1.26
[INFO] [stderr]    Compiling openssl v0.10.40
[INFO] [stderr]    Compiling codespan-reporting v0.11.1
[INFO] [stderr]    Compiling futures-util v0.3.21
[INFO] [stderr]    Compiling fnv v1.0.7
[INFO] [stderr]    Compiling foreign-types-shared v0.1.1
[INFO] [stderr]    Compiling typenum v1.15.0
[INFO] [stderr]    Compiling httparse v1.7.1
[INFO] [stderr]    Compiling http v0.2.7
[INFO] [stderr]    Compiling foreign-types v0.3.2
[INFO] [stderr]    Compiling matches v0.1.9
[INFO] [stderr]    Compiling futures-sink v0.3.21
[INFO] [stderr]    Compiling futures-channel v0.3.21
[INFO] [stderr]    Compiling tinyvec_macros v0.1.0
[INFO] [stderr]    Compiling slab v0.4.6
[INFO] [stderr]    Compiling futures-io v0.3.21
[INFO] [stderr]    Compiling pin-utils v0.1.0
[INFO] [stderr]    Compiling hashbrown v0.11.2
[INFO] [stderr]    Compiling tinyvec v1.6.0
[INFO] [stderr]    Compiling percent-encoding v2.1.0
[INFO] [stderr]    Compiling serde v1.0.137
[INFO] [stderr]    Compiling try-lock v0.2.3
[INFO] [stderr]    Compiling openssl-probe v0.1.5
[INFO] [stderr]    Compiling want v0.3.0
[INFO] [stderr]    Compiling form_urlencoded v1.0.1
[INFO] [stderr]    Compiling quote v1.0.18
[INFO] [stderr]    Compiling jobserver v0.1.24
[INFO] [stderr]    Compiling mio v0.8.3
[INFO] [stderr]    Compiling num_cpus v1.13.1
[INFO] [stderr]    Compiling socket2 v0.4.4
[INFO] [stderr]    Compiling encoding_rs v0.8.31
[INFO] [stderr]    Compiling unicode-bidi v0.3.8
[INFO] [stderr]    Compiling cc v1.0.73
[INFO] [stderr]    Compiling http-body v0.4.4
[INFO] [stderr]    Compiling crc32fast v1.3.2
[INFO] [stderr]    Compiling tower-service v0.3.1
[INFO] [stderr]    Compiling httpdate v1.0.2
[INFO] [stderr]    Compiling tokio v1.18.2
[INFO] [stderr]    Compiling ryu v1.0.10
[INFO] [stderr]    Compiling unicode-normalization v0.1.19
[INFO] [stderr]    Compiling adler v1.0.2
[INFO] [stderr]    Compiling miniz_oxide v0.5.1
[INFO] [stderr]     Checking block-buffer v0.10.2
[INFO] [stderr]     Checking crypto-common v0.1.3
[INFO] [stderr]    Compiling xattr v0.2.3
[INFO] [stderr]    Compiling filetime v0.2.16
[INFO] [stderr]    Compiling cpufeatures v0.2.2
[INFO] [stderr]    Compiling anyhow v1.0.57
[INFO] [stderr]    Compiling remove_dir_all v0.5.3
[INFO] [stderr]    Compiling mime v0.3.16
[INFO] [stderr]    Compiling digest v0.10.3
[INFO] [stderr]    Compiling ipnet v2.5.0
[INFO] [stderr]    Compiling base64 v0.13.0
[INFO] [stderr]    Compiling fastrand v1.7.0
[INFO] [stderr]    Compiling tar v0.4.38
[INFO] [stderr]    Compiling sha2 v0.10.2
[INFO] [stderr]     Checking rand_core v0.6.3
[INFO] [stderr]    Compiling idna v0.2.3
[INFO] [stderr]    Compiling tempfile v3.3.0
[INFO] [stderr]    Compiling flate2 v1.0.23
[INFO] [stderr]    Compiling glob v0.3.0
[INFO] [stderr]    Compiling link-cplusplus v1.0.6
[INFO] [stderr]    Compiling cxx v1.0.68
[INFO] [stderr]    Compiling openssl-sys v0.9.73
[INFO] [stderr]    Compiling base16ct v0.1.1
[INFO] [stderr]     Checking rand v0.8.5
[INFO] [stderr]    Compiling url v2.2.2
[INFO] [stderr]    Compiling proc-macro-error-attr v1.0.4
[INFO] [stderr]    Compiling proc-macro-error v1.0.4
[INFO] [stderr]    Compiling serde_derive v1.0.137
[INFO] [stderr]    Compiling risc0-zkvm-circuit-gen v0.6.0
[INFO] [stderr]     Checking os_str_bytes v6.0.1
[INFO] [stderr]    Compiling heck v0.4.0
[INFO] [stderr]     Checking clap_lex v0.2.0
[INFO] [stderr]    Compiling native-tls v0.2.10
[INFO] [stderr]     Checking textwrap v0.15.0
[INFO] [stderr]     Checking strsim v0.10.0
[INFO] [stderr]     Checking atty v0.2.14
[INFO] [stderr]    Compiling serde_urlencoded v0.7.1
[INFO] [stderr]    Compiling cxx-build v1.0.68
[INFO] [stderr]    Compiling tracing-attributes v0.1.21
[INFO] [stderr]    Compiling openssl-macros v0.1.0
[INFO] [stderr]    Compiling cxxbridge-macro v1.0.68
[INFO] [stderr]    Compiling bytemuck_derive v1.1.0
[INFO] [stderr]    Compiling clap_derive v3.1.18
[INFO] [stderr]     Checking bytemuck v1.9.1
[INFO] [stderr]    Compiling tracing v0.1.34
[INFO] [stderr]    Compiling tokio-util v0.7.2
[INFO] [stderr]    Compiling risc0-core v0.6.0
[INFO] [stderr]    Compiling risc0-zkp-core v0.6.0
[INFO] [stderr]    Compiling risc0-zkvm-platform v0.6.0
[INFO] [stderr]    Compiling risc0-zkp-verify v0.6.0
[INFO] [stderr]    Compiling risc0-zkvm-circuit v0.6.0
[INFO] [stderr]    Compiling risc0-zkp-accel v0.6.0
[INFO] [stderr]    Compiling risc0-zkp-prove v0.6.0
[INFO] [stderr]    Compiling risc0-zkvm-verify v0.6.0
[INFO] [stderr]    Compiling risc0-zkvm-prove v0.6.0 (/opt/rustwide/workdir)
[INFO] [stderr]     Checking clap v3.1.18
[INFO] [stderr]    Compiling h2 v0.3.13
[INFO] [stderr]    Compiling tokio-native-tls v0.3.0
[INFO] [stderr]    Compiling hyper v0.14.18
[INFO] [stderr] The following warnings were emitted during compilation:
[INFO] [stderr] 
[INFO] [stderr] warning: In file included from taps.cpp:15:
[INFO] [stderr] warning: /opt/rustwide/target/debug/build/risc0-zkp-verify-68729ef0e8157b76/out/cxxbridge/crate/risc0/zkp/verify/taps.h:38:18: error: 'size_t' does not name a type
[INFO] [stderr] warning:    38 | static constexpr size_t kNumRegisterGroups = 3;
[INFO] [stderr] warning:       |                  ^~~~~~
[INFO] [stderr] warning: /opt/rustwide/target/debug/build/risc0-zkp-verify-68729ef0e8157b76/out/cxxbridge/crate/risc0/zkp/verify/taps.h:21:1: note: 'size_t' is defined in header '<cstddef>'; did you forget to '#include <cstddef>'?
[INFO] [stderr] warning:    20 | #include <vector>
[INFO] [stderr] warning:   +++ |+#include <cstddef>
[INFO] [stderr] warning:    21 | 
[INFO] [stderr] warning: /opt/rustwide/target/debug/build/risc0-zkp-verify-68729ef0e8157b76/out/cxxbridge/crate/risc0/zkp/verify/taps.h:72:3: error: 'size_t' does not name a type
[INFO] [stderr] warning:    72 |   size_t offset() const { return data_->offset; }
[INFO] [stderr] warning:       |   ^~~~~~
[INFO] [stderr] warning: /opt/rustwide/target/debug/build/risc0-zkp-verify-68729ef0e8157b76/out/cxxbridge/crate/risc0/zkp/verify/taps.h:72:3: note: 'size_t' is defined in header '<cstddef>'; did you forget to '#include <cstddef>'?
[INFO] [stderr] warning: /opt/rustwide/target/debug/build/risc0-zkp-verify-68729ef0e8157b76/out/cxxbridge/crate/risc0/zkp/verify/taps.h:73:3: error: 'size_t' does not name a type
[INFO] [stderr] warning:    73 |   size_t back() const { return data_->back; }
[INFO] [stderr] warning:       |   ^~~~~~
[INFO] [stderr] warning: /opt/rustwide/target/debug/build/risc0-zkp-verify-68729ef0e8157b76/out/cxxbridge/crate/risc0/zkp/verify/taps.h:73:3: note: 'size_t' is defined in header '<cstddef>'; did you forget to '#include <cstddef>'?
[INFO] [stderr] warning: /opt/rustwide/target/debug/build/risc0-zkp-verify-68729ef0e8157b76/out/cxxbridge/crate/risc0/zkp/verify/taps.h:74:3: error: 'size_t' does not name a type
[INFO] [stderr] warning:    74 |   size_t comboID() const { return data_->combo; }
[INFO] [stderr] warning:       |   ^~~~~~
[INFO] [stderr] warning: /opt/rustwide/target/debug/build/risc0-zkp-verify-68729ef0e8157b76/out/cxxbridge/crate/risc0/zkp/verify/taps.h:74:3: note: 'size_t' is defined in header '<cstddef>'; did you forget to '#include <cstddef>'?
[INFO] [stderr] warning: /opt/rustwide/target/debug/build/risc0-zkp-verify-68729ef0e8157b76/out/cxxbridge/crate/risc0/zkp/verify/taps.h:102:3: error: 'size_t' does not name a type
[INFO] [stderr] warning:   102 |   size_t offset() const { return data_->offset; }
[INFO] [stderr] warning:       |   ^~~~~~
[INFO] [stderr] warning: /opt/rustwide/target/debug/build/risc0-zkp-verify-68729ef0e8157b76/out/cxxbridge/crate/risc0/zkp/verify/taps.h:102:3: note: 'size_t' is defined in header '<cstddef>'; did you forget to '#include <cstddef>'?
[INFO] [stderr] warning: /opt/rustwide/target/debug/build/risc0-zkp-verify-68729ef0e8157b76/out/cxxbridge/crate/risc0/zkp/verify/taps.h:103:3: error: 'size_t' does not name a type
[INFO] [stderr] warning:   103 |   size_t comboID() const { return data_->combo; }
[INFO] [stderr] warning:       |   ^~~~~~
[INFO] [stderr] warning: /opt/rustwide/target/debug/build/risc0-zkp-verify-68729ef0e8157b76/out/cxxbridge/crate/risc0/zkp/verify/taps.h:103:3: note: 'size_t' is defined in header '<cstddef>'; did you forget to '#include <cstddef>'?
[INFO] [stderr] warning: /opt/rustwide/target/debug/build/risc0-zkp-verify-68729ef0e8157b76/out/cxxbridge/crate/risc0/zkp/verify/taps.h:110:3: error: 'size_t' does not name a type
[INFO] [stderr] warning:   110 |   size_t operator[](size_t i) { return data_[i].back; }
[INFO] [stderr] warning:       |   ^~~~~~
[INFO] [stderr] warning: /opt/rustwide/target/debug/build/risc0-zkp-verify-68729ef0e8157b76/out/cxxbridge/crate/risc0/zkp/verify/taps.h:110:3: note: 'size_t' is defined in header '<cstddef>'; did you forget to '#include <cstddef>'?
[INFO] [stderr] warning: /opt/rustwide/target/debug/build/risc0-zkp-verify-68729ef0e8157b76/out/cxxbridge/crate/risc0/zkp/verify/taps.h:149:43: error: 'size_t' has not been declared
[INFO] [stderr] warning:   149 |   ComboRef(const detail::ComboData* data, size_t id) : data_(data), id_(id) {}
[INFO] [stderr] warning:       |                                           ^~~~~~
[INFO] [stderr] warning: /opt/rustwide/target/debug/build/risc0-zkp-verify-68729ef0e8157b76/out/cxxbridge/crate/risc0/zkp/verify/taps.h:150:3: error: 'size_t' does not name a type
[INFO] [stderr] warning:   150 |   size_t id() const { return id_; }
[INFO] [stderr] warning:       |   ^~~~~~
[INFO] [stderr] warning: /opt/rustwide/target/debug/build/risc0-zkp-verify-68729ef0e8157b76/out/cxxbridge/crate/risc0/zkp/verify/taps.h:150:3: note: 'size_t' is defined in header '<cstddef>'; did you forget to '#include <cstddef>'?
[INFO] [stderr] warning: /opt/rustwide/target/debug/build/risc0-zkp-verify-68729ef0e8157b76/out/cxxbridge/crate/risc0/zkp/verify/taps.h:151:3: error: 'size_t' does not name a type
[INFO] [stderr] warning:   151 |   size_t size() const { return data_->offsets[id_ + 1] - data_->offsets[id_]; }
[INFO] [stderr] warning:       |   ^~~~~~
[INFO] [stderr] warning: /opt/rustwide/target/debug/build/risc0-zkp-verify-68729ef0e8157b76/out/cxxbridge/crate/risc0/zkp/verify/taps.h:151:3: note: 'size_t' is defined in header '<cstddef>'; did you forget to '#include <cstddef>'?
[INFO] [stderr] warning: /opt/rustwide/target/debug/build/risc0-zkp-verify-68729ef0e8157b76/out/cxxbridge/crate/risc0/zkp/verify/taps.h:157:3: error: 'size_t' does not name a type
[INFO] [stderr] warning:   157 |   size_t id_;
[INFO] [stderr] warning:       |   ^~~~~~
[INFO] [stderr] warning: /opt/rustwide/target/debug/build/risc0-zkp-verify-68729ef0e8157b76/out/cxxbridge/crate/risc0/zkp/verify/taps.h:157:3: note: 'size_t' is defined in header '<cstddef>'; did you forget to '#include <cstddef>'?
[INFO] [stderr] warning: /opt/rustwide/target/debug/build/risc0-zkp-verify-68729ef0e8157b76/out/cxxbridge/crate/risc0/zkp/verify/taps.h: In constructor 'risc0::ComboRef::ComboRef(const risc0::detail::ComboData*, int)':
[INFO] [stderr] warning: /opt/rustwide/target/debug/build/risc0-zkp-verify-68729ef0e8157b76/out/cxxbridge/crate/risc0/zkp/verify/taps.h:149:69: error: class 'risc0::ComboRef' does not have any field named 'id_'
[INFO] [stderr] warning:   149 |   ComboRef(const detail::ComboData* data, size_t id) : data_(data), id_(id) {}
[INFO] [stderr] warning:       |                                                                     ^~~
[INFO] [stderr] warning: /opt/rustwide/target/debug/build/risc0-zkp-verify-68729ef0e8157b76/out/cxxbridge/crate/risc0/zkp/verify/taps.h: In member function 'const uint16_t* risc0::ComboRef::begin() const':
[INFO] [stderr] warning: /opt/rustwide/target/debug/build/risc0-zkp-verify-68729ef0e8157b76/out/cxxbridge/crate/risc0/zkp/verify/taps.h:152:71: error: 'id_' was not declared in this scope
[INFO] [stderr] warning:   152 |   const uint16_t* begin() const { return data_->taps + data_->offsets[id_]; }
[INFO] [stderr] warning:       |                                                                       ^~~
[INFO] [stderr] warning: /opt/rustwide/target/debug/build/risc0-zkp-verify-68729ef0e8157b76/out/cxxbridge/crate/risc0/zkp/verify/taps.h: In member function 'const uint16_t* risc0::ComboRef::end() const':
[INFO] [stderr] warning: /opt/rustwide/target/debug/build/risc0-zkp-verify-68729ef0e8157b76/out/cxxbridge/crate/risc0/zkp/verify/taps.h:153:69: error: 'id_' was not declared in this scope
[INFO] [stderr] warning:   153 |   const uint16_t* end() const { return data_->taps + data_->offsets[id_ + 1]; }
[INFO] [stderr] warning:       |                                                                     ^~~
[INFO] [stderr] warning: /opt/rustwide/target/debug/build/risc0-zkp-verify-68729ef0e8157b76/out/cxxbridge/crate/risc0/zkp/verify/taps.h: At global scope:
[INFO] [stderr] warning: /opt/rustwide/target/debug/build/risc0-zkp-verify-68729ef0e8157b76/out/cxxbridge/crate/risc0/zkp/verify/taps.h:162:48: error: 'size_t' has not been declared
[INFO] [stderr] warning:   162 |   ComboIterator(const detail::ComboData* data, size_t id) : data_(data), id_(id) {}
[INFO] [stderr] warning:       |                                                ^~~~~~
[INFO] [stderr] warning: /opt/rustwide/target/debug/build/risc0-zkp-verify-68729ef0e8157b76/out/cxxbridge/crate/risc0/zkp/verify/taps.h:171:3: error: 'size_t' does not name a type
[INFO] [stderr] warning:   171 |   size_t id_;
[INFO] [stderr] warning:       |   ^~~~~~
[INFO] [stderr] warning: /opt/rustwide/target/debug/build/risc0-zkp-verify-68729ef0e8157b76/out/cxxbridge/crate/risc0/zkp/verify/taps.h:171:3: note: 'size_t' is defined in header '<cstddef>'; did you forget to '#include <cstddef>'?
[INFO] [stderr] warning: /opt/rustwide/target/debug/build/risc0-zkp-verify-68729ef0e8157b76/out/cxxbridge/crate/risc0/zkp/verify/taps.h: In constructor 'risc0::ComboIterator::ComboIterator(const risc0::detail::ComboData*, int)':
[INFO] [stderr] warning: /opt/rustwide/target/debug/build/risc0-zkp-verify-68729ef0e8157b76/out/cxxbridge/crate/risc0/zkp/verify/taps.h:162:74: error: class 'risc0::ComboIterator' does not have any field named 'id_'
[INFO] [stderr] warning:   162 |   ComboIterator(const detail::ComboData* data, size_t id) : data_(data), id_(id) {}
[INFO] [stderr] warning:       |                                                                          ^~~
[INFO] [stderr] warning: /opt/rustwide/target/debug/build/risc0-zkp-verify-68729ef0e8157b76/out/cxxbridge/crate/risc0/zkp/verify/taps.h: In member function 'risc0::ComboRef risc0::ComboIterator::operator*() const':
[INFO] [stderr] warning: /opt/rustwide/target/debug/build/risc0-zkp-verify-68729ef0e8157b76/out/cxxbridge/crate/risc0/zkp/verify/taps.h:163:55: error: 'id_' was not declared in this scope
[INFO] [stderr] warning:   163 |   ComboRef operator*() const { return ComboRef(data_, id_); }
[INFO] [stderr] warning:       |                                                       ^~~
[INFO] [stderr] warning: /opt/rustwide/target/debug/build/risc0-zkp-verify-68729ef0e8157b76/out/cxxbridge/crate/risc0/zkp/verify/taps.h: In member function 'risc0::ComboIterator& risc0::ComboIterator::operator++()':
[INFO] [stderr] warning: /opt/rustwide/target/debug/build/risc0-zkp-verify-68729ef0e8157b76/out/cxxbridge/crate/risc0/zkp/verify/taps.h:165:5: error: 'id_' was not declared in this scope
[INFO] [stderr] warning:   165 |     id_++;
[INFO] [stderr] warning:       |     ^~~
[INFO] [stderr] warning: /opt/rustwide/target/debug/build/risc0-zkp-verify-68729ef0e8157b76/out/cxxbridge/crate/risc0/zkp/verify/taps.h: At global scope:
[INFO] [stderr] warning: /opt/rustwide/target/debug/build/risc0-zkp-verify-68729ef0e8157b76/out/cxxbridge/crate/risc0/zkp/verify/taps.h:178:3: error: 'size_t' does not name a type
[INFO] [stderr] warning:   178 |   size_t groupBegin[kNumRegisterGroups + 1];
[INFO] [stderr] warning:       |   ^~~~~~
[INFO] [stderr] warning: /opt/rustwide/target/debug/build/risc0-zkp-verify-68729ef0e8157b76/out/cxxbridge/crate/risc0/zkp/verify/taps.h:178:3: note: 'size_t' is defined in header '<cstddef>'; did you forget to '#include <cstddef>'?
[INFO] [stderr] warning: /opt/rustwide/target/debug/build/risc0-zkp-verify-68729ef0e8157b76/out/cxxbridge/crate/risc0/zkp/verify/taps.h:202:3: error: 'size_t' does not name a type
[INFO] [stderr] warning:   202 |   size_t tapsSize() { return data_->groupBegin[kNumRegisterGroups]; }
[INFO] [stderr] warning:       |   ^~~~~~
[INFO] [stderr] warning: /opt/rustwide/target/debug/build/risc0-zkp-verify-68729ef0e8157b76/out/cxxbridge/crate/risc0/zkp/verify/taps.h:202:3: note: 'size_t' is defined in header '<cstddef>'; did you forget to '#include <cstddef>'?
[INFO] [stderr] warning: /opt/rustwide/target/debug/build/risc0-zkp-verify-68729ef0e8157b76/out/cxxbridge/crate/risc0/zkp/verify/taps.h:226:3: error: 'size_t' does not name a type
[INFO] [stderr] warning:   226 |   size_t groupSize(RegisterGroup group) {
[INFO] [stderr] warning:       |   ^~~~~~
[INFO] [stderr] warning: /opt/rustwide/target/debug/build/risc0-zkp-verify-68729ef0e8157b76/out/cxxbridge/crate/risc0/zkp/verify/taps.h:226:3: note: 'size_t' is defined in header '<cstddef>'; did you forget to '#include <cstddef>'?
[INFO] [stderr] warning: /opt/rustwide/target/debug/build/risc0-zkp-verify-68729ef0e8157b76/out/cxxbridge/crate/risc0/zkp/verify/taps.h:232:3: error: 'size_t' does not name a type
[INFO] [stderr] warning:   232 |   size_t combosSize() const { return data_->combos.count; }
[INFO] [stderr] warning:       |   ^~~~~~
[INFO] [stderr] warning: /opt/rustwide/target/debug/build/risc0-zkp-verify-68729ef0e8157b76/out/cxxbridge/crate/risc0/zkp/verify/taps.h:232:3: note: 'size_t' is defined in header '<cstddef>'; did you forget to '#include <cstddef>'?
[INFO] [stderr] warning: /opt/rustwide/target/debug/build/risc0-zkp-verify-68729ef0e8157b76/out/cxxbridge/crate/risc0/zkp/verify/taps.h:239:21: error: 'size_t' has not been declared
[INFO] [stderr] warning:   239 |   ComboRef getCombo(size_t id) { return ComboRef(&data_->combos, id); }
[INFO] [stderr] warning:       |                     ^~~~~~
[INFO] [stderr] warning: /opt/rustwide/target/debug/build/risc0-zkp-verify-68729ef0e8157b76/out/cxxbridge/crate/risc0/zkp/verify/taps.h: In member function 'risc0::IteratorRange<risc0::TapIterator> risc0::TapSetRef::taps()':
[INFO] [stderr] warning: /opt/rustwide/target/debug/build/risc0-zkp-verify-68729ef0e8157b76/out/cxxbridge/crate/risc0/zkp/verify/taps.h:206:60: error: 'const struct risc0::detail::TapSetData' has no member named 'groupBegin'
[INFO] [stderr] warning:   206 |                                       data_->taps + data_->groupBegin[kNumRegisterGroups]);
[INFO] [stderr] warning:       |                                                            ^~~~~~~~~~
[INFO] [stderr] warning: /opt/rustwide/target/debug/build/risc0-zkp-verify-68729ef0e8157b76/out/cxxbridge/crate/risc0/zkp/verify/taps.h:206:71: error: 'kNumRegisterGroups' was not declared in this scope; did you mean 'RegisterGroup'?
[INFO] [stderr] warning:   206 |                                       data_->taps + data_->groupBegin[kNumRegisterGroups]);
[INFO] [stderr] warning:       |                                                                       ^~~~~~~~~~~~~~~~~~
[INFO] [stderr] warning:       |                                                                       RegisterGroup
[INFO] [stderr] warning: /opt/rustwide/target/debug/build/risc0-zkp-verify-68729ef0e8157b76/out/cxxbridge/crate/risc0/zkp/verify/taps.h: In member function 'risc0::IteratorRange<risc0::RegIterator> risc0::TapSetRef::regs()':
[INFO] [stderr] warning: /opt/rustwide/target/debug/build/risc0-zkp-verify-68729ef0e8157b76/out/cxxbridge/crate/risc0/zkp/verify/taps.h:211:60: error: 'const struct risc0::detail::TapSetData' has no member named 'groupBegin'
[INFO] [stderr] warning:   211 |                                       data_->taps + data_->groupBegin[kNumRegisterGroups]);
[INFO] [stderr] warning:       |                                                            ^~~~~~~~~~
[INFO] [stderr] warning: /opt/rustwide/target/debug/build/risc0-zkp-verify-68729ef0e8157b76/out/cxxbridge/crate/risc0/zkp/verify/taps.h:211:71: error: 'kNumRegisterGroups' was not declared in this scope; did you mean 'RegisterGroup'?
[INFO] [stderr] warning:   211 |                                       data_->taps + data_->groupBegin[kNumRegisterGroups]);
[INFO] [stderr] warning:       |                                                                       ^~~~~~~~~~~~~~~~~~
[INFO] [stderr] warning:       |                                                                       RegisterGroup
[INFO] [stderr] warning: /opt/rustwide/target/debug/build/risc0-zkp-verify-68729ef0e8157b76/out/cxxbridge/crate/risc0/zkp/verify/taps.h: In member function 'risc0::IteratorRange<risc0::TapIterator> risc0::TapSetRef::groupTaps(risc0::RegisterGroup)':
[INFO] [stderr] warning: /opt/rustwide/target/debug/build/risc0-zkp-verify-68729ef0e8157b76/out/cxxbridge/crate/risc0/zkp/verify/taps.h:215:5: error: 'size_t' was not declared in this scope; did you mean 'std::size_t'?
[INFO] [stderr] warning:   215 |     size_t groupID = static_cast<size_t>(group);
[INFO] [stderr] warning:       |     ^~~~~~
[INFO] [stderr] warning:       |     std::size_t
[INFO] [stderr] warning: In file included from /usr/include/c++/11/cstdint:38,
[INFO] [stderr] warning:                  from /opt/rustwide/target/debug/build/risc0-zkp-verify-68729ef0e8157b76/out/cxxbridge/crate/risc0/zkp/verify/taps.h:17,
[INFO] [stderr] warning:                  from taps.cpp:15:
[INFO] [stderr] warning: /usr/include/x86_64-linux-gnu/c++/11/bits/c++config.h:280:33: note: 'std::size_t' declared here
[INFO] [stderr] warning:   280 |   typedef __SIZE_TYPE__         size_t;
[INFO] [stderr] warning:       |                                 ^~~~~~
[INFO] [stderr] warning: In file included from taps.cpp:15:
[INFO] [stderr] warning: /opt/rustwide/target/debug/build/risc0-zkp-verify-68729ef0e8157b76/out/cxxbridge/crate/risc0/zkp/verify/taps.h:216:60: error: 'const struct risc0::detail::TapSetData' has no member named 'groupBegin'
[INFO] [stderr] warning:   216 |     return IteratorRange<TapIterator>(data_->taps + data_->groupBegin[groupID],
[INFO] [stderr] warning:       |                                                            ^~~~~~~~~~
[INFO] [stderr] warning: /opt/rustwide/target/debug/build/risc0-zkp-verify-68729ef0e8157b76/out/cxxbridge/crate/risc0/zkp/verify/taps.h:216:71: error: 'groupID' was not declared in this scope; did you mean 'group'?
[INFO] [stderr] warning:   216 |     return IteratorRange<TapIterator>(data_->taps + data_->groupBegin[groupID],
[INFO] [stderr] warning:       |                                                                       ^~~~~~~
[INFO] [stderr] warning:       |                                                                       group
[INFO] [stderr] warning: /opt/rustwide/target/debug/build/risc0-zkp-verify-68729ef0e8157b76/out/cxxbridge/crate/risc0/zkp/verify/taps.h:217:60: error: 'const struct risc0::detail::TapSetData' has no member named 'groupBegin'
[INFO] [stderr] warning:   217 |                                       data_->taps + data_->groupBegin[groupID + 1]);
[INFO] [stderr] warning:       |                                                            ^~~~~~~~~~
[INFO] [stderr] warning: /opt/rustwide/target/debug/build/risc0-zkp-verify-68729ef0e8157b76/out/cxxbridge/crate/risc0/zkp/verify/taps.h: In member function 'risc0::IteratorRange<risc0::RegIterator> risc0::TapSetRef::groupRegs(risc0::RegisterGroup)':
[INFO] [stderr] warning: /opt/rustwide/target/debug/build/risc0-zkp-verify-68729ef0e8157b76/out/cxxbridge/crate/risc0/zkp/verify/taps.h:221:5: error: 'size_t' was not declared in this scope; did you mean 'std::size_t'?
[INFO] [stderr] warning:   221 |     size_t groupID = static_cast<size_t>(group);
[INFO] [stderr] warning:       |     ^~~~~~
[INFO] [stderr] warning:       |     std::size_t
[INFO] [stderr] warning: In file included from /usr/include/c++/11/cstdint:38,
[INFO] [stderr] warning:                  from /opt/rustwide/target/debug/build/risc0-zkp-verify-68729ef0e8157b76/out/cxxbridge/crate/risc0/zkp/verify/taps.h:17,
[INFO] [stderr] warning:                  from taps.cpp:15:
[INFO] [stderr] warning: /usr/include/x86_64-linux-gnu/c++/11/bits/c++config.h:280:33: note: 'std::size_t' declared here
[INFO] [stderr] warning:   280 |   typedef __SIZE_TYPE__         size_t;
[INFO] [stderr] warning:       |                                 ^~~~~~
[INFO] [stderr] warning: In file included from taps.cpp:15:
[INFO] [stderr] warning: /opt/rustwide/target/debug/build/risc0-zkp-verify-68729ef0e8157b76/out/cxxbridge/crate/risc0/zkp/verify/taps.h:222:60: error: 'const struct risc0::detail::TapSetData' has no member named 'groupBegin'
[INFO] [stderr] warning:   222 |     return IteratorRange<RegIterator>(data_->taps + data_->groupBegin[groupID],
[INFO] [stderr] warning:       |                                                            ^~~~~~~~~~
[INFO] [stderr] warning: /opt/rustwide/target/debug/build/risc0-zkp-verify-68729ef0e8157b76/out/cxxbridge/crate/risc0/zkp/verify/taps.h:222:71: error: 'groupID' was not declared in this scope; did you mean 'group'?
[INFO] [stderr] warning:   222 |     return IteratorRange<RegIterator>(data_->taps + data_->groupBegin[groupID],
[INFO] [stderr] warning:       |                                                                       ^~~~~~~
[INFO] [stderr] warning:       |                                                                       group
[INFO] [stderr] warning: /opt/rustwide/target/debug/build/risc0-zkp-verify-68729ef0e8157b76/out/cxxbridge/crate/risc0/zkp/verify/taps.h:223:60: error: 'const struct risc0::detail::TapSetData' has no member named 'groupBegin'
[INFO] [stderr] warning:   223 |                                       data_->taps + data_->groupBegin[groupID + 1]);
[INFO] [stderr] warning:       |                                                            ^~~~~~~~~~
[INFO] [stderr] warning: /opt/rustwide/target/debug/build/risc0-zkp-verify-68729ef0e8157b76/out/cxxbridge/crate/risc0/zkp/verify/taps.h: At global scope:
[INFO] [stderr] warning: /opt/rustwide/target/debug/build/risc0-zkp-verify-68729ef0e8157b76/out/cxxbridge/crate/risc0/zkp/verify/taps.h:242:22: error: 'size_t' was not declared in this scope; did you mean 'std::size_t'?
[INFO] [stderr] warning:   242 | using Reg = std::set<size_t>;
[INFO] [stderr] warning:       |                      ^~~~~~
[INFO] [stderr] warning:       |                      std::size_t
[INFO] [stderr] warning: In file included from /usr/include/c++/11/cstdint:38,
[INFO] [stderr] warning:                  from /opt/rustwide/target/debug/build/risc0-zkp-verify-68729ef0e8157b76/out/cxxbridge/crate/risc0/zkp/verify/taps.h:17,
[INFO] [stderr] warning:                  from taps.cpp:15:
[INFO] [stderr] warning: /usr/include/x86_64-linux-gnu/c++/11/bits/c++config.h:280:33: note: 'std::size_t' declared here
[INFO] [stderr] warning:   280 |   typedef __SIZE_TYPE__         size_t;
[INFO] [stderr] warning:       |                                 ^~~~~~
[INFO] [stderr] warning: In file included from taps.cpp:15:
[INFO] [stderr] warning: /opt/rustwide/target/debug/build/risc0-zkp-verify-68729ef0e8157b76/out/cxxbridge/crate/risc0/zkp/verify/taps.h:242:28: error: template argument 1 is invalid
[INFO] [stderr] warning:   242 | using Reg = std::set<size_t>;
[INFO] [stderr] warning:       |                            ^
[INFO] [stderr] warning: /opt/rustwide/target/debug/build/risc0-zkp-verify-68729ef0e8157b76/out/cxxbridge/crate/risc0/zkp/verify/taps.h:242:28: error: template argument 2 is invalid
[INFO] [stderr] warning: /opt/rustwide/target/debug/build/risc0-zkp-verify-68729ef0e8157b76/out/cxxbridge/crate/risc0/zkp/verify/taps.h:242:28: error: template argument 3 is invalid
[INFO] [stderr] warning: /opt/rustwide/target/debug/build/risc0-zkp-verify-68729ef0e8157b76/out/cxxbridge/crate/risc0/zkp/verify/taps.h:243:24: error: 'size_t' was not declared in this scope; did you mean 'std::size_t'?
[INFO] [stderr] warning:   243 | using Group = std::map<size_t, Reg>;
[INFO] [stderr] warning:       |                        ^~~~~~
[INFO] [stderr] warning:       |                        std::size_t
[INFO] [stderr] warning: In file included from /usr/include/c++/11/cstdint:38,
[INFO] [stderr] warning:                  from /opt/rustwide/target/debug/build/risc0-zkp-verify-68729ef0e8157b76/out/cxxbridge/crate/risc0/zkp/verify/taps.h:17,
[INFO] [stderr] warning:                  from taps.cpp:15:
[INFO] [stderr] warning: /usr/include/x86_64-linux-gnu/c++/11/bits/c++config.h:280:33: note: 'std::size_t' declared here
[INFO] [stderr] warning:   280 |   typedef __SIZE_TYPE__         size_t;
[INFO] [stderr] warning:       |                                 ^~~~~~
[INFO] [stderr] warning: In file included from taps.cpp:15:
[INFO] [stderr] warning: /opt/rustwide/target/debug/build/risc0-zkp-verify-68729ef0e8157b76/out/cxxbridge/crate/risc0/zkp/verify/taps.h:243:32: error: 'Reg' was not declared in this scope
[INFO] [stderr] warning:   243 | using Group = std::map<size_t, Reg>;
[INFO] [stderr] warning:       |                                ^~~
[INFO] [stderr] warning: /opt/rustwide/target/debug/build/risc0-zkp-verify-68729ef0e8157b76/out/cxxbridge/crate/risc0/zkp/verify/taps.h:243:35: error: template argument 1 is invalid
[INFO] [stderr] warning:   243 | using Group = std::map<size_t, Reg>;
[INFO] [stderr] warning:       |                                   ^
[INFO] [stderr] warning: /opt/rustwide/target/debug/build/risc0-zkp-verify-68729ef0e8157b76/out/cxxbridge/crate/risc0/zkp/verify/taps.h:243:35: error: template argument 2 is invalid
[INFO] [stderr] warning: /opt/rustwide/target/debug/build/risc0-zkp-verify-68729ef0e8157b76/out/cxxbridge/crate/risc0/zkp/verify/taps.h:243:35: error: template argument 3 is invalid
[INFO] [stderr] warning: /opt/rustwide/target/debug/build/risc0-zkp-verify-68729ef0e8157b76/out/cxxbridge/crate/risc0/zkp/verify/taps.h:243:35: error: template argument 4 is invalid
[INFO] [stderr] warning: /opt/rustwide/target/debug/build/risc0-zkp-verify-68729ef0e8157b76/out/cxxbridge/crate/risc0/zkp/verify/taps.h:244:37: error: 'Group' was not declared in this scope
[INFO] [stderr] warning:   244 | using All = std::map<RegisterGroup, Group>;
[INFO] [stderr] warning:       |                                     ^~~~~
[INFO] [stderr] warning: /opt/rustwide/target/debug/build/risc0-zkp-verify-68729ef0e8157b76/out/cxxbridge/crate/risc0/zkp/verify/taps.h:244:42: error: template argument 2 is invalid
[INFO] [stderr] warning:   244 | using All = std::map<RegisterGroup, Group>;
[INFO] [stderr] warning:       |                                          ^
[INFO] [stderr] warning: /opt/rustwide/target/debug/build/risc0-zkp-verify-68729ef0e8157b76/out/cxxbridge/crate/risc0/zkp/verify/taps.h:244:42: error: template argument 4 is invalid
[INFO] [stderr] warning: /opt/rustwide/target/debug/build/risc0-zkp-verify-68729ef0e8157b76/out/cxxbridge/crate/risc0/zkp/verify/taps.h:254:16: error: 'All' does not name a type
[INFO] [stderr] warning:   254 |   TapSet(const All& all);
[INFO] [stderr] warning:       |                ^~~
[INFO] [stderr] warning: taps.cpp:25:22: error: 'All' does not name a type
[INFO] [stderr] warning:    25 | TapSet::TapSet(const All& all) {
[INFO] [stderr] warning:       |                      ^~~
[INFO] [stderr] warning: taps.cpp: In constructor 'risc0::TapSet::TapSet(const int&)':
[INFO] [stderr] warning: taps.cpp:26:15: error: 'Reg' was not declared in this scope
[INFO] [stderr] warning:    26 |   std::vector<Reg> combos;
[INFO] [stderr] warning:       |               ^~~
[INFO] [stderr] warning: taps.cpp:26:18: error: template argument 1 is invalid
[INFO] [stderr] warning:    26 |   std::vector<Reg> combos;
[INFO] [stderr] warning:       |                  ^
[INFO] [stderr] warning: taps.cpp:26:18: error: template argument 2 is invalid
[INFO] [stderr] warning: taps.cpp:27:23: error: template argument 3 is invalid
[INFO] [stderr] warning:    27 |   std::map<Reg, size_t> combosToID;
[INFO] [stderr] warning:       |                       ^
[INFO] [stderr] warning: taps.cpp:27:23: error: template argument 4 is invalid
[INFO] [stderr] warning: taps.cpp:30:10: error: request for member 'push_back' in 'combos', which is of non-class type 'int'
[INFO] [stderr] warning:    30 |   combos.push_back(self);
[INFO] [stderr] warning:       |          ^~~~~~~~~
[INFO] [stderr] warning: taps.cpp:31:14: error: request for member 'insert' in 'combosToID', which is of non-class type 'int'
[INFO] [stderr] warning:    31 |   combosToID.insert(std::make_pair(self, 0));
[INFO] [stderr] warning:       |              ^~~~~~
[INFO] [stderr] warning: taps.cpp:33:38: error: 'kNumRegisterGroups' was not declared in this scope; did you mean 'RegisterGroup'?
[INFO] [stderr] warning:    33 |   for (size_t groupID = 0; groupID < kNumRegisterGroups; groupID++) {
[INFO] [stderr] warning:       |                                      ^~~~~~~~~~~~~~~~~~
[INFO] [stderr] warning:       |                                      RegisterGroup
[INFO] [stderr] warning: In file included from taps.cpp:17:
[INFO] [stderr] warning: taps.cpp:36:17: error: request for member 'count' in 'all', which is of non-class type 'const int'
[INFO] [stderr] warning:    36 |     REQUIRE(all.count(group));
[INFO] [stderr] warning:       |                 ^~~~~
[INFO] [stderr] warning: /opt/rustwide/target/debug/build/risc0-core-90d034d212f5bc94/out/cxxbridge/crate/risc0/core/util.h:25:11: note: in definition of macro 'REQUIRE'
[INFO] [stderr] warning:    25 |     if (!(x)) {                                                                                    \
[INFO] [stderr] warning:       |           ^
[INFO] [stderr] warning: taps.cpp:38:11: error: 'struct risc0::detail::TapSetData' has no member named 'groupBegin'
[INFO] [stderr] warning:    38 |     data_.groupBegin[groupID] = taps_.size();
[INFO] [stderr] warning:       |           ^~~~~~~~~~
[INFO] [stderr] warning: taps.cpp:40:11: error: 'Group' does not name a type
[INFO] [stderr] warning:    40 |     const Group& regs = all.at(group);
[INFO] [stderr] warning:       |           ^~~~~
[INFO] [stderr] warning: taps.cpp:42:23: error: 'regs' was not declared in this scope
[INFO] [stderr] warning:    42 |     size_t regCount = regs.rbegin()->first + 1;
[INFO] [stderr] warning:       |                       ^~~~
[INFO] [stderr] warning: taps.cpp:47:10: error: expected ';' before 'combo'
[INFO] [stderr] warning:    47 |       Reg combo = regs.at(reg);
[INFO] [stderr] warning:       |          ^~~~~~
[INFO] [stderr] warning:       |          ;
[INFO] [stderr] warning: In file included from taps.cpp:17:
[INFO] [stderr] warning: taps.cpp:48:15: error: 'combo' was not declared in this scope; did you mean 'combos'?
[INFO] [stderr] warning:    48 |       REQUIRE(combo.size() > 0);
[INFO] [stderr] warning:       |               ^~~~~
[INFO] [stderr] warning: /opt/rustwide/target/debug/build/risc0-core-90d034d212f5bc94/out/cxxbridge/crate/risc0/core/util.h:25:11: note: in definition of macro 'REQUIRE'
[INFO] [stderr] warning:    25 |     if (!(x)) {                                                                                    \
[INFO] [stderr] warning:       |           ^
[INFO] [stderr] warning: taps.cpp:50:23: error: request for member 'count' in 'combosToID', which is of non-class type 'int'
[INFO] [stderr] warning:    50 |       if (!combosToID.count(combo)) {
[INFO] [stderr] warning:       |                       ^~~~~
[INFO] [stderr] warning: taps.cpp:50:29: error: 'combo' was not declared in this scope; did you mean 'combos'?
[INFO] [stderr] warning:    50 |       if (!combosToID.count(combo)) {
[INFO] [stderr] warning:       |                             ^~~~~
[INFO] [stderr] warning:       |                             combos
[INFO] [stderr] warning: taps.cpp:51:36: error: request for member 'size' in 'combos', which is of non-class type 'int'
[INFO] [stderr] warning:    51 |         combosToID[combo] = combos.size();
[INFO] [stderr] warning:       |                                    ^~~~
[INFO] [stderr] warning: taps.cpp:52:16: error: request for member 'push_back' in 'combos', which is of non-class type 'int'
[INFO] [stderr] warning:    52 |         combos.push_back(combo);
[INFO] [stderr] warning:       |                ^~~~~~~~~
[INFO] [stderr] warning: taps.cpp:55:35: error: 'combo' was not declared in this scope; did you mean 'combos'?
[INFO] [stderr] warning:    55 |       size_t comboID = combosToID[combo];
[INFO] [stderr] warning:       |                                   ^~~~~
[INFO] [stderr] warning:       |                                   combos
[INFO] [stderr] warning: taps.cpp:72:9: error: 'struct risc0::detail::TapSetData' has no member named 'groupBegin'
[INFO] [stderr] warning:    72 |   data_.groupBegin[kNumRegisterGroups] = taps_.size();
[INFO] [stderr] warning:       |         ^~~~~~~~~~
[INFO] [stderr] warning: taps.cpp:72:20: error: 'kNumRegisterGroups' was not declared in this scope; did you mean 'RegisterGroup'?
[INFO] [stderr] warning:    72 |   data_.groupBegin[kNumRegisterGroups] = taps_.size();
[INFO] [stderr] warning:       |                    ^~~~~~~~~~~~~~~~~~
[INFO] [stderr] warning:       |                    RegisterGroup
[INFO] [stderr] warning: taps.cpp:75:21: error: 'begin' was not declared in this scope; did you mean 'std::begin'?
[INFO] [stderr] warning:    75 |   for (auto combo : combos) {
[INFO] [stderr] warning:       |                     ^~~~~~
[INFO] [stderr] warning:       |                     std::begin
[INFO] [stderr] warning: In file included from /usr/include/c++/11/array:41,
[INFO] [stderr] warning:                  from /usr/include/c++/11/tuple:39,
[INFO] [stderr] warning:                  from /usr/include/c++/11/bits/stl_map.h:63,
[INFO] [stderr] warning:                  from /usr/include/c++/11/map:61,
[INFO] [stderr] warning:                  from /opt/rustwide/target/debug/build/risc0-zkp-verify-68729ef0e8157b76/out/cxxbridge/crate/risc0/zkp/verify/taps.h:18,
[INFO] [stderr] warning:                  from taps.cpp:15:
[INFO] [stderr] warning: /usr/include/c++/11/bits/range_access.h:108:37: note: 'std::begin' declared here
[INFO] [stderr] warning:   108 |   template<typename _Tp> const _Tp* begin(const valarray<_Tp>&) noexcept;
[INFO] [stderr] warning:       |                                     ^~~~~
[INFO] [stderr] warning: taps.cpp:75:21: error: 'end' was not declared in this scope; did you mean 'std::end'?
[INFO] [stderr] warning:    75 |   for (auto combo : combos) {
[INFO] [stderr] warning:       |                     ^~~~~~
[INFO] [stderr] warning:       |                     std::end
[INFO] [stderr] warning: In file included from /usr/include/c++/11/array:41,
[INFO] [stderr] warning:                  from /usr/include/c++/11/tuple:39,
[INFO] [stderr] warning:                  from /usr/include/c++/11/bits/stl_map.h:63,
[INFO] [stderr] warning:                  from /usr/include/c++/11/map:61,
[INFO] [stderr] warning:                  from /opt/rustwide/target/debug/build/risc0-zkp-verify-68729ef0e8157b76/out/cxxbridge/crate/risc0/zkp/verify/taps.h:18,
[INFO] [stderr] warning:                  from taps.cpp:15:
[INFO] [stderr] warning: /usr/include/c++/11/bits/range_access.h:110:37: note: 'std::end' declared here
[INFO] [stderr] warning:   110 |   template<typename _Tp> const _Tp* end(const valarray<_Tp>&) noexcept;
[INFO] [stderr] warning:       |                                     ^~~
[INFO] [stderr] warning: taps.cpp:85:31: error: request for member 'size' in 'combos', which is of non-class type 'int'
[INFO] [stderr] warning:    85 |   data_.combos.count = combos.size();
[INFO] [stderr] warning:       |                               ^~~~
[INFO] [stderr] 
[INFO] [stderr] error: failed to run custom build command for `risc0-zkp-verify v0.6.0`
[INFO] [stderr] note: To improve backtraces for build dependencies, set the CARGO_PROFILE_DEV_BUILD_OVERRIDE_DEBUG=true environment variable to enable debug information generation.
[INFO] [stderr] 
[INFO] [stderr] Caused by:
[INFO] [stderr]   process didn't exit successfully: `/opt/rustwide/target/debug/build/risc0-zkp-verify-4b8893a71422766d/build-script-build` (exit status: 1)
[INFO] [stderr]   --- stdout
[INFO] [stderr]   cargo:CXXBRIDGE_PREFIX=risc0/zkp/verify
[INFO] [stderr]   cargo:CXXBRIDGE_LINKS=risc0-zkp-verify
[INFO] [stderr]   cargo:CXXBRIDGE_DIR0=/opt/rustwide/target/debug/build/risc0-zkp-verify-68729ef0e8157b76/out/cxxbridge/include
[INFO] [stderr]   cargo:CXXBRIDGE_DIR1=/opt/rustwide/target/debug/build/risc0-zkp-verify-68729ef0e8157b76/out/cxxbridge/crate
[INFO] [stderr]   TARGET = Some("x86_64-unknown-linux-gnu")
[INFO] [stderr]   OPT_LEVEL = Some("0")
[INFO] [stderr]   HOST = Some("x86_64-unknown-linux-gnu")
[INFO] [stderr]   CXX_x86_64-unknown-linux-gnu = None
[INFO] [stderr]   CXX_x86_64_unknown_linux_gnu = None
[INFO] [stderr]   HOST_CXX = None
[INFO] [stderr]   CXX = None
[INFO] [stderr]   CXXFLAGS_x86_64-unknown-linux-gnu = None
[INFO] [stderr]   CXXFLAGS_x86_64_unknown_linux_gnu = None
[INFO] [stderr]   HOST_CXXFLAGS = None
[INFO] [stderr]   CXXFLAGS = None
[INFO] [stderr]   CRATE_CC_NO_DEFAULTS = None
[INFO] [stderr]   DEBUG = Some("true")
[INFO] [stderr]   CARGO_CFG_TARGET_FEATURE = Some("fxsr,sse,sse2")
[INFO] [stderr]   CXX_x86_64-unknown-linux-gnu = None
[INFO] [stderr]   CXX_x86_64_unknown_linux_gnu = None
[INFO] [stderr]   HOST_CXX = None
[INFO] [stderr]   CXX = None
[INFO] [stderr]   CXXFLAGS_x86_64-unknown-linux-gnu = None
[INFO] [stderr]   CXXFLAGS_x86_64_unknown_linux_gnu = None
[INFO] [stderr]   HOST_CXXFLAGS = None
[INFO] [stderr]   CXXFLAGS = None
[INFO] [stderr]   CRATE_CC_NO_DEFAULTS = None
[INFO] [stderr]   CARGO_CFG_TARGET_FEATURE = Some("fxsr,sse,sse2")
[INFO] [stderr]   CXX_x86_64-unknown-linux-gnu = None
[INFO] [stderr]   CXX_x86_64_unknown_linux_gnu = None
[INFO] [stderr]   HOST_CXX = None
[INFO] [stderr]   CXX = None
[INFO] [stderr]   CXXFLAGS_x86_64-unknown-linux-gnu = None
[INFO] [stderr]   CXXFLAGS_x86_64_unknown_linux_gnu = None
[INFO] [stderr]   HOST_CXXFLAGS = None
[INFO] [stderr]   CXXFLAGS = None
[INFO] [stderr]   CRATE_CC_NO_DEFAULTS = None
[INFO] [stderr]   CARGO_CFG_TARGET_FEATURE = Some("fxsr,sse,sse2")
[INFO] [stderr]   running: "c++" "-O0" "-ffunction-sections" "-fdata-sections" "-fPIC" "-g" "-fno-omit-frame-pointer" "-m64" "-I" "/opt/rustwide/target/debug/build/risc0-zkp-verify-68729ef0e8157b76/out/cxxbridge/include" "-I" "/opt/rustwide/target/debug/build/risc0-zkp-verify-68729ef0e8157b76/out/cxxbridge/crate" "-I" "/opt/rustwide/target/debug/build/risc0-zkp-core-b6d3299c49016bbb/out/cxxbridge/include" "-I" "/opt/rustwide/target/debug/build/risc0-zkp-core-b6d3299c49016bbb/out/cxxbridge/crate" "-I" "/opt/rustwide/target/debug/build/risc0-core-90d034d212f5bc94/out/cxxbridge/include" "-I" "/opt/rustwide/target/debug/build/risc0-core-90d034d212f5bc94/out/cxxbridge/crate" "-std=c++17" "-o" "/opt/rustwide/target/debug/build/risc0-zkp-verify-68729ef0e8157b76/out/cxxbridge/sources/risc0/zkp/verify/src/lib.rs.o" "-c" "/opt/rustwide/target/debug/build/risc0-zkp-verify-68729ef0e8157b76/out/cxxbridge/sources/risc0/zkp/verify/src/lib.rs.cc"
[INFO] [stderr]   running: "c++" "-O0" "-ffunction-sections" "-fdata-sections" "-fPIC" "-g" "-fno-omit-frame-pointer" "-m64" "-I" "/opt/rustwide/target/debug/build/risc0-zkp-verify-68729ef0e8157b76/out/cxxbridge/include" "-I" "/opt/rustwide/target/debug/build/risc0-zkp-verify-68729ef0e8157b76/out/cxxbridge/crate" "-I" "/opt/rustwide/target/debug/build/risc0-zkp-core-b6d3299c49016bbb/out/cxxbridge/include" "-I" "/opt/rustwide/target/debug/build/risc0-zkp-core-b6d3299c49016bbb/out/cxxbridge/crate" "-I" "/opt/rustwide/target/debug/build/risc0-core-90d034d212f5bc94/out/cxxbridge/include" "-I" "/opt/rustwide/target/debug/build/risc0-core-90d034d212f5bc94/out/cxxbridge/crate" "-std=c++17" "-o" "/opt/rustwide/target/debug/build/risc0-zkp-verify-68729ef0e8157b76/out/taps.o" "-c" "taps.cpp"
[INFO] [stderr]   running: "c++" "-O0" "-ffunction-sections" "-fdata-sections" "-fPIC" "-g" "-fno-omit-frame-pointer" "-m64" "-I" "/opt/rustwide/target/debug/build/risc0-zkp-verify-68729ef0e8157b76/out/cxxbridge/include" "-I" "/opt/rustwide/target/debug/build/risc0-zkp-verify-68729ef0e8157b76/out/cxxbridge/crate" "-I" "/opt/rustwide/target/debug/build/risc0-zkp-core-b6d3299c49016bbb/out/cxxbridge/include" "-I" "/opt/rustwide/target/debug/build/risc0-zkp-core-b6d3299c49016bbb/out/cxxbridge/crate" "-I" "/opt/rustwide/target/debug/build/risc0-core-90d034d212f5bc94/out/cxxbridge/include" "-I" "/opt/rustwide/target/debug/build/risc0-core-90d034d212f5bc94/out/cxxbridge/crate" "-std=c++17" "-o" "/opt/rustwide/target/debug/build/risc0-zkp-verify-68729ef0e8157b76/out/verify.o" "-c" "verify.cpp"
[INFO] [stderr]   running: "c++" "-O0" "-ffunction-sections" "-fdata-sections" "-fPIC" "-g" "-fno-omit-frame-pointer" "-m64" "-I" "/opt/rustwide/target/debug/build/risc0-zkp-verify-68729ef0e8157b76/out/cxxbridge/include" "-I" "/opt/rustwide/target/debug/build/risc0-zkp-verify-68729ef0e8157b76/out/cxxbridge/crate" "-I" "/opt/rustwide/target/debug/build/risc0-zkp-core-b6d3299c49016bbb/out/cxxbridge/include" "-I" "/opt/rustwide/target/debug/build/risc0-zkp-core-b6d3299c49016bbb/out/cxxbridge/crate" "-I" "/opt/rustwide/target/debug/build/risc0-core-90d034d212f5bc94/out/cxxbridge/include" "-I" "/opt/rustwide/target/debug/build/risc0-core-90d034d212f5bc94/out/cxxbridge/crate" "-std=c++17" "-o" "/opt/rustwide/target/debug/build/risc0-zkp-verify-68729ef0e8157b76/out/fri.o" "-c" "fri.cpp"
[INFO] [stderr]   running: "c++" "-O0" "-ffunction-sections" "-fdata-sections" "-fPIC" "-g" "-fno-omit-frame-pointer" "-m64" "-I" "/opt/rustwide/target/debug/build/risc0-zkp-verify-68729ef0e8157b76/out/cxxbridge/include" "-I" "/opt/rustwide/target/debug/build/risc0-zkp-verify-68729ef0e8157b76/out/cxxbridge/crate" "-I" "/opt/rustwide/target/debug/build/risc0-zkp-core-b6d3299c49016bbb/out/cxxbridge/include" "-I" "/opt/rustwide/target/debug/build/risc0-zkp-core-b6d3299c49016bbb/out/cxxbridge/crate" "-I" "/opt/rustwide/target/debug/build/risc0-core-90d034d212f5bc94/out/cxxbridge/include" "-I" "/opt/rustwide/target/debug/build/risc0-core-90d034d212f5bc94/out/cxxbridge/crate" "-std=c++17" "-o" "/opt/rustwide/target/debug/build/risc0-zkp-verify-68729ef0e8157b76/out/merkle.o" "-c" "merkle.cpp"
[INFO] [stderr]   exit status: 0
[INFO] [stderr]   cargo:warning=In file included from taps.cpp:15:
[INFO] [stderr]   cargo:warning=/opt/rustwide/target/debug/build/risc0-zkp-verify-68729ef0e8157b76/out/cxxbridge/crate/risc0/zkp/verify/taps.h:38:18: error: 'size_t' does not name a type
[INFO] [stderr]   cargo:warning=   38 | static constexpr size_t kNumRegisterGroups = 3;
[INFO] [stderr]   cargo:warning=      |                  ^~~~~~
[INFO] [stderr]   cargo:warning=/opt/rustwide/target/debug/build/risc0-zkp-verify-68729ef0e8157b76/out/cxxbridge/crate/risc0/zkp/verify/taps.h:21:1: note: 'size_t' is defined in header '<cstddef>'; did you forget to '#include <cstddef>'?
[INFO] [stderr]   cargo:warning=   20 | #include <vector>
[INFO] [stderr]   cargo:warning=  +++ |+#include <cstddef>
[INFO] [stderr]   cargo:warning=   21 | 
[INFO] [stderr]   cargo:warning=/opt/rustwide/target/debug/build/risc0-zkp-verify-68729ef0e8157b76/out/cxxbridge/crate/risc0/zkp/verify/taps.h:72:3: error: 'size_t' does not name a type
[INFO] [stderr]   cargo:warning=   72 |   size_t offset() const { return data_->offset; }
[INFO] [stderr]   cargo:warning=      |   ^~~~~~
[INFO] [stderr]   cargo:warning=/opt/rustwide/target/debug/build/risc0-zkp-verify-68729ef0e8157b76/out/cxxbridge/crate/risc0/zkp/verify/taps.h:72:3: note: 'size_t' is defined in header '<cstddef>'; did you forget to '#include <cstddef>'?
[INFO] [stderr]   cargo:warning=/opt/rustwide/target/debug/build/risc0-zkp-verify-68729ef0e8157b76/out/cxxbridge/crate/risc0/zkp/verify/taps.h:73:3: error: 'size_t' does not name a type
[INFO] [stderr]   cargo:warning=   73 |   size_t back() const { return data_->back; }
[INFO] [stderr]   cargo:warning=      |   ^~~~~~
[INFO] [stderr]   cargo:warning=/opt/rustwide/target/debug/build/risc0-zkp-verify-68729ef0e8157b76/out/cxxbridge/crate/risc0/zkp/verify/taps.h:73:3: note: 'size_t' is defined in header '<cstddef>'; did you forget to '#include <cstddef>'?
[INFO] [stderr]   cargo:warning=/opt/rustwide/target/debug/build/risc0-zkp-verify-68729ef0e8157b76/out/cxxbridge/crate/risc0/zkp/verify/taps.h:74:3: error: 'size_t' does not name a type
[INFO] [stderr]   cargo:warning=   74 |   size_t comboID() const { return data_->combo; }
[INFO] [stderr]   cargo:warning=      |   ^~~~~~
[INFO] [stderr]   cargo:warning=/opt/rustwide/target/debug/build/risc0-zkp-verify-68729ef0e8157b76/out/cxxbridge/crate/risc0/zkp/verify/taps.h:74:3: note: 'size_t' is defined in header '<cstddef>'; did you forget to '#include <cstddef>'?
[INFO] [stderr]   cargo:warning=/opt/rustwide/target/debug/build/risc0-zkp-verify-68729ef0e8157b76/out/cxxbridge/crate/risc0/zkp/verify/taps.h:102:3: error: 'size_t' does not name a type
[INFO] [stderr]   cargo:warning=  102 |   size_t offset() const { return data_->offset; }
[INFO] [stderr]   cargo:warning=      |   ^~~~~~
[INFO] [stderr]   cargo:warning=/opt/rustwide/target/debug/build/risc0-zkp-verify-68729ef0e8157b76/out/cxxbridge/crate/risc0/zkp/verify/taps.h:102:3: note: 'size_t' is defined in header '<cstddef>'; did you forget to '#include <cstddef>'?
[INFO] [stderr]   cargo:warning=/opt/rustwide/target/debug/build/risc0-zkp-verify-68729ef0e8157b76/out/cxxbridge/crate/risc0/zkp/verify/taps.h:103:3: error: 'size_t' does not name a type
[INFO] [stderr]   cargo:warning=  103 |   size_t comboID() const { return data_->combo; }
[INFO] [stderr]   cargo:warning=      |   ^~~~~~
[INFO] [stderr]   cargo:warning=/opt/rustwide/target/debug/build/risc0-zkp-verify-68729ef0e8157b76/out/cxxbridge/crate/risc0/zkp/verify/taps.h:103:3: note: 'size_t' is defined in header '<cstddef>'; did you forget to '#include <cstddef>'?
[INFO] [stderr]   cargo:warning=/opt/rustwide/target/debug/build/risc0-zkp-verify-68729ef0e8157b76/out/cxxbridge/crate/risc0/zkp/verify/taps.h:110:3: error: 'size_t' does not name a type
[INFO] [stderr]   cargo:warning=  110 |   size_t operator[](size_t i) { return data_[i].back; }
[INFO] [stderr]   cargo:warning=      |   ^~~~~~
[INFO] [stderr]   cargo:warning=/opt/rustwide/target/debug/build/risc0-zkp-verify-68729ef0e8157b76/out/cxxbridge/crate/risc0/zkp/verify/taps.h:110:3: note: 'size_t' is defined in header '<cstddef>'; did you forget to '#include <cstddef>'?
[INFO] [stderr]   cargo:warning=/opt/rustwide/target/debug/build/risc0-zkp-verify-68729ef0e8157b76/out/cxxbridge/crate/risc0/zkp/verify/taps.h:149:43: error: 'size_t' has not been declared
[INFO] [stderr]   cargo:warning=  149 |   ComboRef(const detail::ComboData* data, size_t id) : data_(data), id_(id) {}
[INFO] [stderr]   cargo:warning=      |                                           ^~~~~~
[INFO] [stderr]   cargo:warning=/opt/rustwide/target/debug/build/risc0-zkp-verify-68729ef0e8157b76/out/cxxbridge/crate/risc0/zkp/verify/taps.h:150:3: error: 'size_t' does not name a type
[INFO] [stderr]   cargo:warning=  150 |   size_t id() const { return id_; }
[INFO] [stderr]   cargo:warning=      |   ^~~~~~
[INFO] [stderr]   cargo:warning=/opt/rustwide/target/debug/build/risc0-zkp-verify-68729ef0e8157b76/out/cxxbridge/crate/risc0/zkp/verify/taps.h:150:3: note: 'size_t' is defined in header '<cstddef>'; did you forget to '#include <cstddef>'?
[INFO] [stderr]   cargo:warning=/opt/rustwide/target/debug/build/risc0-zkp-verify-68729ef0e8157b76/out/cxxbridge/crate/risc0/zkp/verify/taps.h:151:3: error: 'size_t' does not name a type
[INFO] [stderr]   cargo:warning=  151 |   size_t size() const { return data_->offsets[id_ + 1] - data_->offsets[id_]; }
[INFO] [stderr]   cargo:warning=      |   ^~~~~~
[INFO] [stderr]   cargo:warning=/opt/rustwide/target/debug/build/risc0-zkp-verify-68729ef0e8157b76/out/cxxbridge/crate/risc0/zkp/verify/taps.h:151:3: note: 'size_t' is defined in header '<cstddef>'; did you forget to '#include <cstddef>'?
[INFO] [stderr]   cargo:warning=/opt/rustwide/target/debug/build/risc0-zkp-verify-68729ef0e8157b76/out/cxxbridge/crate/risc0/zkp/verify/taps.h:157:3: error: 'size_t' does not name a type
[INFO] [stderr]   cargo:warning=  157 |   size_t id_;
[INFO] [stderr]   cargo:warning=      |   ^~~~~~
[INFO] [stderr]   cargo:warning=/opt/rustwide/target/debug/build/risc0-zkp-verify-68729ef0e8157b76/out/cxxbridge/crate/risc0/zkp/verify/taps.h:157:3: note: 'size_t' is defined in header '<cstddef>'; did you forget to '#include <cstddef>'?
[INFO] [stderr]   cargo:warning=/opt/rustwide/target/debug/build/risc0-zkp-verify-68729ef0e8157b76/out/cxxbridge/crate/risc0/zkp/verify/taps.h: In constructor 'risc0::ComboRef::ComboRef(const risc0::detail::ComboData*, int)':
[INFO] [stderr]   cargo:warning=/opt/rustwide/target/debug/build/risc0-zkp-verify-68729ef0e8157b76/out/cxxbridge/crate/risc0/zkp/verify/taps.h:149:69: error: class 'risc0::ComboRef' does not have any field named 'id_'
[INFO] [stderr]   cargo:warning=  149 |   ComboRef(const detail::ComboData* data, size_t id) : data_(data), id_(id) {}
[INFO] [stderr]   cargo:warning=      |                                                                     ^~~
[INFO] [stderr]   cargo:warning=/opt/rustwide/target/debug/build/risc0-zkp-verify-68729ef0e8157b76/out/cxxbridge/crate/risc0/zkp/verify/taps.h: In member function 'const uint16_t* risc0::ComboRef::begin() const':
[INFO] [stderr]   cargo:warning=/opt/rustwide/target/debug/build/risc0-zkp-verify-68729ef0e8157b76/out/cxxbridge/crate/risc0/zkp/verify/taps.h:152:71: error: 'id_' was not declared in this scope
[INFO] [stderr]   cargo:warning=  152 |   const uint16_t* begin() const { return data_->taps + data_->offsets[id_]; }
[INFO] [stderr]   cargo:warning=      |                                                                       ^~~
[INFO] [stderr]   cargo:warning=/opt/rustwide/target/debug/build/risc0-zkp-verify-68729ef0e8157b76/out/cxxbridge/crate/risc0/zkp/verify/taps.h: In member function 'const uint16_t* risc0::ComboRef::end() const':
[INFO] [stderr]   cargo:warning=/opt/rustwide/target/debug/build/risc0-zkp-verify-68729ef0e8157b76/out/cxxbridge/crate/risc0/zkp/verify/taps.h:153:69: error: 'id_' was not declared in this scope
[INFO] [stderr]   cargo:warning=  153 |   const uint16_t* end() const { return data_->taps + data_->offsets[id_ + 1]; }
[INFO] [stderr]   cargo:warning=      |                                                                     ^~~
[INFO] [stderr]   cargo:warning=/opt/rustwide/target/debug/build/risc0-zkp-verify-68729ef0e8157b76/out/cxxbridge/crate/risc0/zkp/verify/taps.h: At global scope:
[INFO] [stderr]   cargo:warning=/opt/rustwide/target/debug/build/risc0-zkp-verify-68729ef0e8157b76/out/cxxbridge/crate/risc0/zkp/verify/taps.h:162:48: error: 'size_t' has not been declared
[INFO] [stderr]   cargo:warning=  162 |   ComboIterator(const detail::ComboData* data, size_t id) : data_(data), id_(id) {}
[INFO] [stderr]   cargo:warning=      |                                                ^~~~~~
[INFO] [stderr]   cargo:warning=/opt/rustwide/target/debug/build/risc0-zkp-verify-68729ef0e8157b76/out/cxxbridge/crate/risc0/zkp/verify/taps.h:171:3: error: 'size_t' does not name a type
[INFO] [stderr]   cargo:warning=  171 |   size_t id_;
[INFO] [stderr]   cargo:warning=      |   ^~~~~~
[INFO] [stderr]   cargo:warning=/opt/rustwide/target/debug/build/risc0-zkp-verify-68729ef0e8157b76/out/cxxbridge/crate/risc0/zkp/verify/taps.h:171:3: note: 'size_t' is defined in header '<cstddef>'; did you forget to '#include <cstddef>'?
[INFO] [stderr]   cargo:warning=/opt/rustwide/target/debug/build/risc0-zkp-verify-68729ef0e8157b76/out/cxxbridge/crate/risc0/zkp/verify/taps.h: In constructor 'risc0::ComboIterator::ComboIterator(const risc0::detail::ComboData*, int)':
[INFO] [stderr]   cargo:warning=/opt/rustwide/target/debug/build/risc0-zkp-verify-68729ef0e8157b76/out/cxxbridge/crate/risc0/zkp/verify/taps.h:162:74: error: class 'risc0::ComboIterator' does not have any field named 'id_'
[INFO] [stderr]   cargo:warning=  162 |   ComboIterator(const detail::ComboData* data, size_t id) : data_(data), id_(id) {}
[INFO] [stderr]   cargo:warning=      |                                                                          ^~~
[INFO] [stderr]   cargo:warning=/opt/rustwide/target/debug/build/risc0-zkp-verify-68729ef0e8157b76/out/cxxbridge/crate/risc0/zkp/verify/taps.h: In member function 'risc0::ComboRef risc0::ComboIterator::operator*() const':
[INFO] [stderr]   cargo:warning=/opt/rustwide/target/debug/build/risc0-zkp-verify-68729ef0e8157b76/out/cxxbridge/crate/risc0/zkp/verify/taps.h:163:55: error: 'id_' was not declared in this scope
[INFO] [stderr]   cargo:warning=  163 |   ComboRef operator*() const { return ComboRef(data_, id_); }
[INFO] [stderr]   cargo:warning=      |                                                       ^~~
[INFO] [stderr]   cargo:warning=/opt/rustwide/target/debug/build/risc0-zkp-verify-68729ef0e8157b76/out/cxxbridge/crate/risc0/zkp/verify/taps.h: In member function 'risc0::ComboIterator& risc0::ComboIterator::operator++()':
[INFO] [stderr]   cargo:warning=/opt/rustwide/target/debug/build/risc0-zkp-verify-68729ef0e8157b76/out/cxxbridge/crate/risc0/zkp/verify/taps.h:165:5: error: 'id_' was not declared in this scope
[INFO] [stderr]   cargo:warning=  165 |     id_++;
[INFO] [stderr]   cargo:warning=      |     ^~~
[INFO] [stderr]   cargo:warning=/opt/rustwide/target/debug/build/risc0-zkp-verify-68729ef0e8157b76/out/cxxbridge/crate/risc0/zkp/verify/taps.h: At global scope:
[INFO] [stderr]   cargo:warning=/opt/rustwide/target/debug/build/risc0-zkp-verify-68729ef0e8157b76/out/cxxbridge/crate/risc0/zkp/verify/taps.h:178:3: error: 'size_t' does not name a type
[INFO] [stderr]   cargo:warning=  178 |   size_t groupBegin[kNumRegisterGroups + 1];
[INFO] [stderr]   cargo:warning=      |   ^~~~~~
[INFO] [stderr]   cargo:warning=/opt/rustwide/target/debug/build/risc0-zkp-verify-68729ef0e8157b76/out/cxxbridge/crate/risc0/zkp/verify/taps.h:178:3: note: 'size_t' is defined in header '<cstddef>'; did you forget to '#include <cstddef>'?
[INFO] [stderr]   cargo:warning=/opt/rustwide/target/debug/build/risc0-zkp-verify-68729ef0e8157b76/out/cxxbridge/crate/risc0/zkp/verify/taps.h:202:3: error: 'size_t' does not name a type
[INFO] [stderr]   cargo:warning=  202 |   size_t tapsSize() { return data_->groupBegin[kNumRegisterGroups]; }
[INFO] [stderr]   cargo:warning=      |   ^~~~~~
[INFO] [stderr]   cargo:warning=/opt/rustwide/target/debug/build/risc0-zkp-verify-68729ef0e8157b76/out/cxxbridge/crate/risc0/zkp/verify/taps.h:202:3: note: 'size_t' is defined in header '<cstddef>'; did you forget to '#include <cstddef>'?
[INFO] [stderr]   cargo:warning=/opt/rustwide/target/debug/build/risc0-zkp-verify-68729ef0e8157b76/out/cxxbridge/crate/risc0/zkp/verify/taps.h:226:3: error: 'size_t' does not name a type
[INFO] [stderr]   cargo:warning=  226 |   size_t groupSize(RegisterGroup group) {
[INFO] [stderr]   cargo:warning=      |   ^~~~~~
[INFO] [stderr]   cargo:warning=/opt/rustwide/target/debug/build/risc0-zkp-verify-68729ef0e8157b76/out/cxxbridge/crate/risc0/zkp/verify/taps.h:226:3: note: 'size_t' is defined in header '<cstddef>'; did you forget to '#include <cstddef>'?
[INFO] [stderr]   cargo:warning=/opt/rustwide/target/debug/build/risc0-zkp-verify-68729ef0e8157b76/out/cxxbridge/crate/risc0/zkp/verify/taps.h:232:3: error: 'size_t' does not name a type
[INFO] [stderr]   cargo:warning=  232 |   size_t combosSize() const { return data_->combos.count; }
[INFO] [stderr]   cargo:warning=      |   ^~~~~~
[INFO] [stderr]   cargo:warning=/opt/rustwide/target/debug/build/risc0-zkp-verify-68729ef0e8157b76/out/cxxbridge/crate/risc0/zkp/verify/taps.h:232:3: note: 'size_t' is defined in header '<cstddef>'; did you forget to '#include <cstddef>'?
[INFO] [stderr]   cargo:warning=/opt/rustwide/target/debug/build/risc0-zkp-verify-68729ef0e8157b76/out/cxxbridge/crate/risc0/zkp/verify/taps.h:239:21: error: 'size_t' has not been declared
[INFO] [stderr]   cargo:warning=  239 |   ComboRef getCombo(size_t id) { return ComboRef(&data_->combos, id); }
[INFO] [stderr]   cargo:warning=      |                     ^~~~~~
[INFO] [stderr]   cargo:warning=/opt/rustwide/target/debug/build/risc0-zkp-verify-68729ef0e8157b76/out/cxxbridge/crate/risc0/zkp/verify/taps.h: In member function 'risc0::IteratorRange<risc0::TapIterator> risc0::TapSetRef::taps()':
[INFO] [stderr]   cargo:warning=/opt/rustwide/target/debug/build/risc0-zkp-verify-68729ef0e8157b76/out/cxxbridge/crate/risc0/zkp/verify/taps.h:206:60: error: 'const struct risc0::detail::TapSetData' has no member named 'groupBegin'
[INFO] [stderr]   cargo:warning=  206 |                                       data_->taps + data_->groupBegin[kNumRegisterGroups]);
[INFO] [stderr]   cargo:warning=      |                                                            ^~~~~~~~~~
[INFO] [stderr]   cargo:warning=/opt/rustwide/target/debug/build/risc0-zkp-verify-68729ef0e8157b76/out/cxxbridge/crate/risc0/zkp/verify/taps.h:206:71: error: 'kNumRegisterGroups' was not declared in this scope; did you mean 'RegisterGroup'?
[INFO] [stderr]   cargo:warning=  206 |                                       data_->taps + data_->groupBegin[kNumRegisterGroups]);
[INFO] [stderr]   cargo:warning=      |                                                                       ^~~~~~~~~~~~~~~~~~
[INFO] [stderr]   cargo:warning=      |                                                                       RegisterGroup
[INFO] [stderr]   cargo:warning=/opt/rustwide/target/debug/build/risc0-zkp-verify-68729ef0e8157b76/out/cxxbridge/crate/risc0/zkp/verify/taps.h: In member function 'risc0::IteratorRange<risc0::RegIterator> risc0::TapSetRef::regs()':
[INFO] [stderr]   cargo:warning=/opt/rustwide/target/debug/build/risc0-zkp-verify-68729ef0e8157b76/out/cxxbridge/crate/risc0/zkp/verify/taps.h:211:60: error: 'const struct risc0::detail::TapSetData' has no member named 'groupBegin'
[INFO] [stderr]   cargo:warning=  211 |                                       data_->taps + data_->groupBegin[kNumRegisterGroups]);
[INFO] [stderr]   cargo:warning=      |                                                            ^~~~~~~~~~
[INFO] [stderr]   cargo:warning=/opt/rustwide/target/debug/build/risc0-zkp-verify-68729ef0e8157b76/out/cxxbridge/crate/risc0/zkp/verify/taps.h:211:71: error: 'kNumRegisterGroups' was not declared in this scope; did you mean 'RegisterGroup'?
[INFO] [stderr]   cargo:warning=  211 |                                       data_->taps + data_->groupBegin[kNumRegisterGroups]);
[INFO] [stderr]   cargo:warning=      |                                                                       ^~~~~~~~~~~~~~~~~~
[INFO] [stderr]   cargo:warning=      |                                                                       RegisterGroup
[INFO] [stderr]   cargo:warning=/opt/rustwide/target/debug/build/risc0-zkp-verify-68729ef0e8157b76/out/cxxbridge/crate/risc0/zkp/verify/taps.h: In member function 'risc0::IteratorRange<risc0::TapIterator> risc0::TapSetRef::groupTaps(risc0::RegisterGroup)':
[INFO] [stderr]   cargo:warning=/opt/rustwide/target/debug/build/risc0-zkp-verify-68729ef0e8157b76/out/cxxbridge/crate/risc0/zkp/verify/taps.h:215:5: error: 'size_t' was not declared in this scope; did you mean 'std::size_t'?
[INFO] [stderr]   cargo:warning=  215 |     size_t groupID = static_cast<size_t>(group);
[INFO] [stderr]   cargo:warning=      |     ^~~~~~
[INFO] [stderr]   cargo:warning=      |     std::size_t
[INFO] [stderr]   cargo:warning=In file included from /usr/include/c++/11/cstdint:38,
[INFO] [stderr]   cargo:warning=                 from /opt/rustwide/target/debug/build/risc0-zkp-verify-68729ef0e8157b76/out/cxxbridge/crate/risc0/zkp/verify/taps.h:17,
[INFO] [stderr]   cargo:warning=                 from taps.cpp:15:
[INFO] [stderr]   cargo:warning=/usr/include/x86_64-linux-gnu/c++/11/bits/c++config.h:280:33: note: 'std::size_t' declared here
[INFO] [stderr]   cargo:warning=  280 |   typedef __SIZE_TYPE__         size_t;
[INFO] [stderr]   cargo:warning=      |                                 ^~~~~~
[INFO] [stderr]   cargo:warning=In file included from taps.cpp:15:
[INFO] [stderr]   cargo:warning=/opt/rustwide/target/debug/build/risc0-zkp-verify-68729ef0e8157b76/out/cxxbridge/crate/risc0/zkp/verify/taps.h:216:60: error: 'const struct risc0::detail::TapSetData' has no member named 'groupBegin'
[INFO] [stderr]   cargo:warning=  216 |     return IteratorRange<TapIterator>(data_->taps + data_->groupBegin[groupID],
[INFO] [stderr]   cargo:warning=      |                                                            ^~~~~~~~~~
[INFO] [stderr]   cargo:warning=/opt/rustwide/target/debug/build/risc0-zkp-verify-68729ef0e8157b76/out/cxxbridge/crate/risc0/zkp/verify/taps.h:216:71: error: 'groupID' was not declared in this scope; did you mean 'group'?
[INFO] [stderr]   cargo:warning=  216 |     return IteratorRange<TapIterator>(data_->taps + data_->groupBegin[groupID],
[INFO] [stderr]   cargo:warning=      |                                                                       ^~~~~~~
[INFO] [stderr]   cargo:warning=      |                                                                       group
[INFO] [stderr]   cargo:warning=/opt/rustwide/target/debug/build/risc0-zkp-verify-68729ef0e8157b76/out/cxxbridge/crate/risc0/zkp/verify/taps.h:217:60: error: 'const struct risc0::detail::TapSetData' has no member named 'groupBegin'
[INFO] [stderr]   cargo:warning=  217 |                                       data_->taps + data_->groupBegin[groupID + 1]);
[INFO] [stderr]   cargo:warning=      |                                                            ^~~~~~~~~~
[INFO] [stderr]   cargo:warning=/opt/rustwide/target/debug/build/risc0-zkp-verify-68729ef0e8157b76/out/cxxbridge/crate/risc0/zkp/verify/taps.h: In member function 'risc0::IteratorRange<risc0::RegIterator> risc0::TapSetRef::groupRegs(risc0::RegisterGroup)':
[INFO] [stderr]   cargo:warning=/opt/rustwide/target/debug/build/risc0-zkp-verify-68729ef0e8157b76/out/cxxbridge/crate/risc0/zkp/verify/taps.h:221:5: error: 'size_t' was not declared in this scope; did you mean 'std::size_t'?
[INFO] [stderr]   cargo:warning=  221 |     size_t groupID = static_cast<size_t>(group);
[INFO] [stderr]   cargo:warning=      |     ^~~~~~
[INFO] [stderr]   cargo:warning=      |     std::size_t
[INFO] [stderr]   cargo:warning=In file included from /usr/include/c++/11/cstdint:38,
[INFO] [stderr]   cargo:warning=                 from /opt/rustwide/target/debug/build/risc0-zkp-verify-68729ef0e8157b76/out/cxxbridge/crate/risc0/zkp/verify/taps.h:17,
[INFO] [stderr]   cargo:warning=                 from taps.cpp:15:
[INFO] [stderr]   cargo:warning=/usr/include/x86_64-linux-gnu/c++/11/bits/c++config.h:280:33: note: 'std::size_t' declared here
[INFO] [stderr]   cargo:warning=  280 |   typedef __SIZE_TYPE__         size_t;
[INFO] [stderr]   cargo:warning=      |                                 ^~~~~~
[INFO] [stderr]   cargo:warning=In file included from taps.cpp:15:
[INFO] [stderr]   cargo:warning=/opt/rustwide/target/debug/build/risc0-zkp-verify-68729ef0e8157b76/out/cxxbridge/crate/risc0/zkp/verify/taps.h:222:60: error: 'const struct risc0::detail::TapSetData' has no member named 'groupBegin'
[INFO] [stderr]   cargo:warning=  222 |     return IteratorRange<RegIterator>(data_->taps + data_->groupBegin[groupID],
[INFO] [stderr]   cargo:warning=      |                                                            ^~~~~~~~~~
[INFO] [stderr]   cargo:warning=/opt/rustwide/target/debug/build/risc0-zkp-verify-68729ef0e8157b76/out/cxxbridge/crate/risc0/zkp/verify/taps.h:222:71: error: 'groupID' was not declared in this scope; did you mean 'group'?
[INFO] [stderr]   cargo:warning=  222 |     return IteratorRange<RegIterator>(data_->taps + data_->groupBegin[groupID],
[INFO] [stderr]   cargo:warning=      |                                                                       ^~~~~~~
[INFO] [stderr]   cargo:warning=      |                                                                       group
[INFO] [stderr]   cargo:warning=/opt/rustwide/target/debug/build/risc0-zkp-verify-68729ef0e8157b76/out/cxxbridge/crate/risc0/zkp/verify/taps.h:223:60: error: 'const struct risc0::detail::TapSetData' has no member named 'groupBegin'
[INFO] [stderr]   cargo:warning=  223 |                                       data_->taps + data_->groupBegin[groupID + 1]);
[INFO] [stderr]   cargo:warning=      |                                                            ^~~~~~~~~~
[INFO] [stderr]   cargo:warning=/opt/rustwide/target/debug/build/risc0-zkp-verify-68729ef0e8157b76/out/cxxbridge/crate/risc0/zkp/verify/taps.h: At global scope:
[INFO] [stderr]   cargo:warning=/opt/rustwide/target/debug/build/risc0-zkp-verify-68729ef0e8157b76/out/cxxbridge/crate/risc0/zkp/verify/taps.h:242:22: error: 'size_t' was not declared in this scope; did you mean 'std::size_t'?
[INFO] [stderr]   cargo:warning=  242 | using Reg = std::set<size_t>;
[INFO] [stderr]   cargo:warning=      |                      ^~~~~~
[INFO] [stderr]   cargo:warning=      |                      std::size_t
[INFO] [stderr]   cargo:warning=In file included from /usr/include/c++/11/cstdint:38,
[INFO] [stderr]   cargo:warning=                 from /opt/rustwide/target/debug/build/risc0-zkp-verify-68729ef0e8157b76/out/cxxbridge/crate/risc0/zkp/verify/taps.h:17,
[INFO] [stderr]   cargo:warning=                 from taps.cpp:15:
[INFO] [stderr]   cargo:warning=/usr/include/x86_64-linux-gnu/c++/11/bits/c++config.h:280:33: note: 'std::size_t' declared here
[INFO] [stderr]   cargo:warning=  280 |   typedef __SIZE_TYPE__         size_t;
[INFO] [stderr]   cargo:warning=      |                                 ^~~~~~
[INFO] [stderr]   cargo:warning=In file included from taps.cpp:15:
[INFO] [stderr]   cargo:warning=/opt/rustwide/target/debug/build/risc0-zkp-verify-68729ef0e8157b76/out/cxxbridge/crate/risc0/zkp/verify/taps.h:242:28: error: template argument 1 is invalid
[INFO] [stderr]   cargo:warning=  242 | using Reg = std::set<size_t>;
[INFO] [stderr]   cargo:warning=      |                            ^
[INFO] [stderr]   cargo:warning=/opt/rustwide/target/debug/build/risc0-zkp-verify-68729ef0e8157b76/out/cxxbridge/crate/risc0/zkp/verify/taps.h:242:28: error: template argument 2 is invalid
[INFO] [stderr]   cargo:warning=/opt/rustwide/target/debug/build/risc0-zkp-verify-68729ef0e8157b76/out/cxxbridge/crate/risc0/zkp/verify/taps.h:242:28: error: template argument 3 is invalid
[INFO] [stderr]   cargo:warning=/opt/rustwide/target/debug/build/risc0-zkp-verify-68729ef0e8157b76/out/cxxbridge/crate/risc0/zkp/verify/taps.h:243:24: error: 'size_t' was not declared in this scope; did you mean 'std::size_t'?
[INFO] [stderr]   cargo:warning=  243 | using Group = std::map<size_t, Reg>;
[INFO] [stderr]   cargo:warning=      |                        ^~~~~~
[INFO] [stderr]   cargo:warning=      |                        std::size_t
[INFO] [stderr]   cargo:warning=In file included from /usr/include/c++/11/cstdint:38,
[INFO] [stderr]   cargo:warning=                 from /opt/rustwide/target/debug/build/risc0-zkp-verify-68729ef0e8157b76/out/cxxbridge/crate/risc0/zkp/verify/taps.h:17,
[INFO] [stderr]   cargo:warning=                 from taps.cpp:15:
[INFO] [stderr]   cargo:warning=/usr/include/x86_64-linux-gnu/c++/11/bits/c++config.h:280:33: note: 'std::size_t' declared here
[INFO] [stderr]   cargo:warning=  280 |   typedef __SIZE_TYPE__         size_t;
[INFO] [stderr]   cargo:warning=      |                                 ^~~~~~
[INFO] [stderr]   cargo:warning=In file included from taps.cpp:15:
[INFO] [stderr]   cargo:warning=/opt/rustwide/target/debug/build/risc0-zkp-verify-68729ef0e8157b76/out/cxxbridge/crate/risc0/zkp/verify/taps.h:243:32: error: 'Reg' was not declared in this scope
[INFO] [stderr]   cargo:warning=  243 | using Group = std::map<size_t, Reg>;
[INFO] [stderr]   cargo:warning=      |                                ^~~
[INFO] [stderr]   cargo:warning=/opt/rustwide/target/debug/build/risc0-zkp-verify-68729ef0e8157b76/out/cxxbridge/crate/risc0/zkp/verify/taps.h:243:35: error: template argument 1 is invalid
[INFO] [stderr]   cargo:warning=  243 | using Group = std::map<size_t, Reg>;
[INFO] [stderr]   cargo:warning=      |                                   ^
[INFO] [stderr]   cargo:warning=/opt/rustwide/target/debug/build/risc0-zkp-verify-68729ef0e8157b76/out/cxxbridge/crate/risc0/zkp/verify/taps.h:243:35: error: template argument 2 is invalid
[INFO] [stderr]   cargo:warning=/opt/rustwide/target/debug/build/risc0-zkp-verify-68729ef0e8157b76/out/cxxbridge/crate/risc0/zkp/verify/taps.h:243:35: error: template argument 3 is invalid
[INFO] [stderr]   cargo:warning=/opt/rustwide/target/debug/build/risc0-zkp-verify-68729ef0e8157b76/out/cxxbridge/crate/risc0/zkp/verify/taps.h:243:35: error: template argument 4 is invalid
[INFO] [stderr]   cargo:warning=/opt/rustwide/target/debug/build/risc0-zkp-verify-68729ef0e8157b76/out/cxxbridge/crate/risc0/zkp/verify/taps.h:244:37: error: 'Group' was not declared in this scope
[INFO] [stderr]   cargo:warning=  244 | using All = std::map<RegisterGroup, Group>;
[INFO] [stderr]   cargo:warning=      |                                     ^~~~~
[INFO] [stderr]   cargo:warning=/opt/rustwide/target/debug/build/risc0-zkp-verify-68729ef0e8157b76/out/cxxbridge/crate/risc0/zkp/verify/taps.h:244:42: error: template argument 2 is invalid
[INFO] [stderr]   cargo:warning=  244 | using All = std::map<RegisterGroup, Group>;
[INFO] [stderr]   cargo:warning=      |                                          ^
[INFO] [stderr]   cargo:warning=/opt/rustwide/target/debug/build/risc0-zkp-verify-68729ef0e8157b76/out/cxxbridge/crate/risc0/zkp/verify/taps.h:244:42: error: template argument 4 is invalid
[INFO] [stderr]   cargo:warning=/opt/rustwide/target/debug/build/risc0-zkp-verify-68729ef0e8157b76/out/cxxbridge/crate/risc0/zkp/verify/taps.h:254:16: error: 'All' does not name a type
[INFO] [stderr]   cargo:warning=  254 |   TapSet(const All& all);
[INFO] [stderr]   cargo:warning=      |                ^~~
[INFO] [stderr]   cargo:warning=taps.cpp:25:22: error: 'All' does not name a type
[INFO] [stderr]   cargo:warning=   25 | TapSet::TapSet(const All& all) {
[INFO] [stderr]   cargo:warning=      |                      ^~~
[INFO] [stderr]   cargo:warning=taps.cpp: In constructor 'risc0::TapSet::TapSet(const int&)':
[INFO] [stderr]   cargo:warning=taps.cpp:26:15: error: 'Reg' was not declared in this scope
[INFO] [stderr]   cargo:warning=   26 |   std::vector<Reg> combos;
[INFO] [stderr]   cargo:warning=      |               ^~~
[INFO] [stderr]   cargo:warning=taps.cpp:26:18: error: template argument 1 is invalid
[INFO] [stderr]   cargo:warning=   26 |   std::vector<Reg> combos;
[INFO] [stderr]   cargo:warning=      |                  ^
[INFO] [stderr]   cargo:warning=taps.cpp:26:18: error: template argument 2 is invalid
[INFO] [stderr]   cargo:warning=taps.cpp:27:23: error: template argument 3 is invalid
[INFO] [stderr]   cargo:warning=   27 |   std::map<Reg, size_t> combosToID;
[INFO] [stderr]   cargo:warning=      |                       ^
[INFO] [stderr]   cargo:warning=taps.cpp:27:23: error: template argument 4 is invalid
[INFO] [stderr]   cargo:warning=taps.cpp:30:10: error: request for member 'push_back' in 'combos', which is of non-class type 'int'
[INFO] [stderr]   cargo:warning=   30 |   combos.push_back(self);
[INFO] [stderr]   cargo:warning=      |          ^~~~~~~~~
[INFO] [stderr]   cargo:warning=taps.cpp:31:14: error: request for member 'insert' in 'combosToID', which is of non-class type 'int'
[INFO] [stderr]   cargo:warning=   31 |   combosToID.insert(std::make_pair(self, 0));
[INFO] [stderr]   cargo:warning=      |              ^~~~~~
[INFO] [stderr]   cargo:warning=taps.cpp:33:38: error: 'kNumRegisterGroups' was not declared in this scope; did you mean 'RegisterGroup'?
[INFO] [stderr]   cargo:warning=   33 |   for (size_t groupID = 0; groupID < kNumRegisterGroups; groupID++) {
[INFO] [stderr]   cargo:warning=      |                                      ^~~~~~~~~~~~~~~~~~
[INFO] [stderr]   cargo:warning=      |                                      RegisterGroup
[INFO] [stderr]   cargo:warning=In file included from taps.cpp:17:
[INFO] [stderr]   cargo:warning=taps.cpp:36:17: error: request for member 'count' in 'all', which is of non-class type 'const int'
[INFO] [stderr]   cargo:warning=   36 |     REQUIRE(all.count(group));
[INFO] [stderr]   cargo:warning=      |                 ^~~~~
[INFO] [stderr]   cargo:warning=/opt/rustwide/target/debug/build/risc0-core-90d034d212f5bc94/out/cxxbridge/crate/risc0/core/util.h:25:11: note: in definition of macro 'REQUIRE'
[INFO] [stderr]   cargo:warning=   25 |     if (!(x)) {                                                                                    \
[INFO] [stderr]   cargo:warning=      |           ^
[INFO] [stderr]   cargo:warning=taps.cpp:38:11: error: 'struct risc0::detail::TapSetData' has no member named 'groupBegin'
[INFO] [stderr]   cargo:warning=   38 |     data_.groupBegin[groupID] = taps_.size();
[INFO] [stderr]   cargo:warning=      |           ^~~~~~~~~~
[INFO] [stderr]   cargo:warning=taps.cpp:40:11: error: 'Group' does not name a type
[INFO] [stderr]   cargo:warning=   40 |     const Group& regs = all.at(group);
[INFO] [stderr]   cargo:warning=      |           ^~~~~
[INFO] [stderr]   cargo:warning=taps.cpp:42:23: error: 'regs' was not declared in this scope
[INFO] [stderr]   cargo:warning=   42 |     size_t regCount = regs.rbegin()->first + 1;
[INFO] [stderr]   cargo:warning=      |                       ^~~~
[INFO] [stderr]   cargo:warning=taps.cpp:47:10: error: expected ';' before 'combo'
[INFO] [stderr]   cargo:warning=   47 |       Reg combo = regs.at(reg);
[INFO] [stderr]   cargo:warning=      |          ^~~~~~
[INFO] [stderr]   cargo:warning=      |          ;
[INFO] [stderr]   cargo:warning=In file included from taps.cpp:17:
[INFO] [stderr]   cargo:warning=taps.cpp:48:15: error: 'combo' was not declared in this scope; did you mean 'combos'?
[INFO] [stderr]   cargo:warning=   48 |       REQUIRE(combo.size() > 0);
[INFO] [stderr]   cargo:warning=      |               ^~~~~
[INFO] [stderr]   cargo:warning=/opt/rustwide/target/debug/build/risc0-core-90d034d212f5bc94/out/cxxbridge/crate/risc0/core/util.h:25:11: note: in definition of macro 'REQUIRE'
[INFO] [stderr]   cargo:warning=   25 |     if (!(x)) {                                                                                    \
[INFO] [stderr]   cargo:warning=      |           ^
[INFO] [stderr]   cargo:warning=taps.cpp:50:23: error: request for member 'count' in 'combosToID', which is of non-class type 'int'
[INFO] [stderr]   cargo:warning=   50 |       if (!combosToID.count(combo)) {
[INFO] [stderr]   cargo:warning=      |                       ^~~~~
[INFO] [stderr]   cargo:warning=taps.cpp:50:29: error: 'combo' was not declared in this scope; did you mean 'combos'?
[INFO] [stderr]   cargo:warning=   50 |       if (!combosToID.count(combo)) {
[INFO] [stderr]   cargo:warning=      |                             ^~~~~
[INFO] [stderr]   cargo:warning=      |                             combos
[INFO] [stderr]   cargo:warning=taps.cpp:51:36: error: request for member 'size' in 'combos', which is of non-class type 'int'
[INFO] [stderr]   cargo:warning=   51 |         combosToID[combo] = combos.size();
[INFO] [stderr]   cargo:warning=      |                                    ^~~~
[INFO] [stderr]   cargo:warning=taps.cpp:52:16: error: request for member 'push_back' in 'combos', which is of non-class type 'int'
[INFO] [stderr]   cargo:warning=   52 |         combos.push_back(combo);
[INFO] [stderr]   cargo:warning=      |                ^~~~~~~~~
[INFO] [stderr]   cargo:warning=taps.cpp:55:35: error: 'combo' was not declared in this scope; did you mean 'combos'?
[INFO] [stderr]   cargo:warning=   55 |       size_t comboID = combosToID[combo];
[INFO] [stderr]   cargo:warning=      |                                   ^~~~~
[INFO] [stderr]   cargo:warning=      |                                   combos
[INFO] [stderr]   cargo:warning=taps.cpp:72:9: error: 'struct risc0::detail::TapSetData' has no member named 'groupBegin'
[INFO] [stderr]   cargo:warning=   72 |   data_.groupBegin[kNumRegisterGroups] = taps_.size();
[INFO] [stderr]   cargo:warning=      |         ^~~~~~~~~~
[INFO] [stderr]   cargo:warning=taps.cpp:72:20: error: 'kNumRegisterGroups' was not declared in this scope; did you mean 'RegisterGroup'?
[INFO] [stderr]   cargo:warning=   72 |   data_.groupBegin[kNumRegisterGroups] = taps_.size();
[INFO] [stderr]   cargo:warning=      |                    ^~~~~~~~~~~~~~~~~~
[INFO] [stderr]   cargo:warning=      |                    RegisterGroup
[INFO] [stderr]   cargo:warning=taps.cpp:75:21: error: 'begin' was not declared in this scope; did you mean 'std::begin'?
[INFO] [stderr]   cargo:warning=   75 |   for (auto combo : combos) {
[INFO] [stderr]   cargo:warning=      |                     ^~~~~~
[INFO] [stderr]   cargo:warning=      |                     std::begin
[INFO] [stderr]   cargo:warning=In file included from /usr/include/c++/11/array:41,
[INFO] [stderr]   cargo:warning=                 from /usr/include/c++/11/tuple:39,
[INFO] [stderr]   cargo:warning=                 from /usr/include/c++/11/bits/stl_map.h:63,
[INFO] [stderr]   cargo:warning=                 from /usr/include/c++/11/map:61,
[INFO] [stderr]   cargo:warning=                 from /opt/rustwide/target/debug/build/risc0-zkp-verify-68729ef0e8157b76/out/cxxbridge/crate/risc0/zkp/verify/taps.h:18,
[INFO] [stderr]   cargo:warning=                 from taps.cpp:15:
[INFO] [stderr]   cargo:warning=/usr/include/c++/11/bits/range_access.h:108:37: note: 'std::begin' declared here
[INFO] [stderr]   cargo:warning=  108 |   template<typename _Tp> const _Tp* begin(const valarray<_Tp>&) noexcept;
[INFO] [stderr]   cargo:warning=      |                                     ^~~~~
[INFO] [stderr]   cargo:warning=taps.cpp:75:21: error: 'end' was not declared in this scope; did you mean 'std::end'?
[INFO] [stderr]   cargo:warning=   75 |   for (auto combo : combos) {
[INFO] [stderr]   cargo:warning=      |                     ^~~~~~
[INFO] [stderr]   cargo:warning=      |                     std::end
[INFO] [stderr]   cargo:warning=In file included from /usr/include/c++/11/array:41,
[INFO] [stderr]   cargo:warning=                 from /usr/include/c++/11/tuple:39,
[INFO] [stderr]   cargo:warning=                 from /usr/include/c++/11/bits/stl_map.h:63,
[INFO] [stderr]   cargo:warning=                 from /usr/include/c++/11/map:61,
[INFO] [stderr]   cargo:warning=                 from /opt/rustwide/target/debug/build/risc0-zkp-verify-68729ef0e8157b76/out/cxxbridge/crate/risc0/zkp/verify/taps.h:18,
[INFO] [stderr]   cargo:warning=                 from taps.cpp:15:
[INFO] [stderr]   cargo:warning=/usr/include/c++/11/bits/range_access.h:110:37: note: 'std::end' declared here
[INFO] [stderr]   cargo:warning=  110 |   template<typename _Tp> const _Tp* end(const valarray<_Tp>&) noexcept;
[INFO] [stderr]   cargo:warning=      |                                     ^~~
[INFO] [stderr]   cargo:warning=taps.cpp:85:31: error: request for member 'size' in 'combos', which is of non-class type 'int'
[INFO] [stderr]   cargo:warning=   85 |   data_.combos.count = combos.size();
[INFO] [stderr]   cargo:warning=      |                               ^~~~
[INFO] [stderr]   exit status: 1
[INFO] [stderr]   exit status: 0
[INFO] [stderr]   exit status: 0
[INFO] [stderr]   exit status: 0
[INFO] [stderr] 
[INFO] [stderr]   --- stderr
[INFO] [stderr] 
[INFO] [stderr]   CXX include path:
[INFO] [stderr]     /opt/rustwide/target/debug/build/risc0-zkp-verify-68729ef0e8157b76/out/cxxbridge/include
[INFO] [stderr]     /opt/rustwide/target/debug/build/risc0-zkp-verify-68729ef0e8157b76/out/cxxbridge/crate
[INFO] [stderr]     /opt/rustwide/target/debug/build/risc0-zkp-core-b6d3299c49016bbb/out/cxxbridge/include (private)
[INFO] [stderr]     /opt/rustwide/target/debug/build/risc0-zkp-core-b6d3299c49016bbb/out/cxxbridge/crate (private)
[INFO] [stderr]     /opt/rustwide/target/debug/build/risc0-core-90d034d212f5bc94/out/cxxbridge/include (private)
[INFO] [stderr]     /opt/rustwide/target/debug/build/risc0-core-90d034d212f5bc94/out/cxxbridge/crate (private)
[INFO] [stderr] 
[INFO] [stderr] 
[INFO] [stderr]   error occurred: Command "c++" "-O0" "-ffunction-sections" "-fdata-sections" "-fPIC" "-g" "-fno-omit-frame-pointer" "-m64" "-I" "/opt/rustwide/target/debug/build/risc0-zkp-verify-68729ef0e8157b76/out/cxxbridge/include" "-I" "/opt/rustwide/target/debug/build/risc0-zkp-verify-68729ef0e8157b76/out/cxxbridge/crate" "-I" "/opt/rustwide/target/debug/build/risc0-zkp-core-b6d3299c49016bbb/out/cxxbridge/include" "-I" "/opt/rustwide/target/debug/build/risc0-zkp-core-b6d3299c49016bbb/out/cxxbridge/crate" "-I" "/opt/rustwide/target/debug/build/risc0-core-90d034d212f5bc94/out/cxxbridge/include" "-I" "/opt/rustwide/target/debug/build/risc0-core-90d034d212f5bc94/out/cxxbridge/crate" "-std=c++17" "-o" "/opt/rustwide/target/debug/build/risc0-zkp-verify-68729ef0e8157b76/out/taps.o" "-c" "taps.cpp" with args "c++" did not execute successfully (status code exit status: 1).
[INFO] [stderr] 
[INFO] [stderr] 
[INFO] [stderr] warning: build failed, waiting for other jobs to finish...
[INFO] running `Command { std: "docker" "inspect" "2006dda001925b867944fb708eb8e7887dfc6fbda44712f7429dadb3a113adb5", kill_on_drop: false }`
[INFO] running `Command { std: "docker" "rm" "-f" "2006dda001925b867944fb708eb8e7887dfc6fbda44712f7429dadb3a113adb5", kill_on_drop: false }`
[INFO] [stdout] 2006dda001925b867944fb708eb8e7887dfc6fbda44712f7429dadb3a113adb5
