[INFO] fetching crate rickview 0.0.12...
[INFO] documenting rickview-0.0.12 against beta-2023-04-20 for beta-1.70-rustdoc-1
[INFO] extracting crate rickview 0.0.12 into /workspace/builds/worker-1-tc2/source
[INFO] validating manifest of crates.io crate rickview 0.0.12 on toolchain beta-2023-04-20
[INFO] running `Command { std: CARGO_HOME="/workspace/cargo-home" RUSTUP_HOME="/workspace/rustup-home" "/workspace/cargo-home/bin/cargo" "+beta-2023-04-20" "metadata" "--manifest-path" "Cargo.toml" "--no-deps", kill_on_drop: false }`
[INFO] removed /workspace/builds/worker-1-tc2/source/rust-toolchain.toml
[INFO] started tweaking crates.io crate rickview 0.0.12
[INFO] finished tweaking crates.io crate rickview 0.0.12
[INFO] tweaked toml for crates.io crate rickview 0.0.12 written to /workspace/builds/worker-1-tc2/source/Cargo.toml
[INFO] crate crates.io crate rickview 0.0.12 already has a lockfile, it will not be regenerated
[INFO] running `Command { std: CARGO_HOME="/workspace/cargo-home" RUSTUP_HOME="/workspace/rustup-home" "/workspace/cargo-home/bin/cargo" "+beta-2023-04-20" "fetch" "--manifest-path" "Cargo.toml", kill_on_drop: false }`
[INFO] [stderr]     Updating crates.io index
[INFO] [stderr]  Downloading crates ...
[INFO] [stderr]   Downloaded sophia_rio v0.8.0-alpha.0
[INFO] [stderr]   Downloaded resiter v0.4.0
[INFO] [stderr]   Downloaded pct-str v1.2.0
[INFO] [stderr]   Downloaded utf8-decode v1.0.1
[INFO] [stderr]   Downloaded peg v0.5.7
[INFO] [stderr]   Downloaded sophia_inmem v0.8.0-alpha.0
[INFO] [stderr]   Downloaded libm v0.1.4
[INFO] [stderr]   Downloaded rustix v0.37.12
[INFO] [stderr]   Downloaded quick-xml v0.28.2
[INFO] [stderr]   Downloaded iref v2.2.3
[INFO] [stderr]   Downloaded cookie v0.16.2
[INFO] [stderr]   Downloaded const-fnv1a-hash v1.1.0
[INFO] [stderr]   Downloaded oxiri v0.2.2
[INFO] [stderr]   Downloaded actix-server v2.2.0
[INFO] [stderr]   Downloaded actix-web-codegen v4.2.0
[INFO] [stderr]   Downloaded rio_api v0.8.3
[INFO] [stderr]   Downloaded sucds v0.6.0
[INFO] [stderr]   Downloaded hdt v0.0.13
[INFO] [stderr]   Downloaded linux-raw-sys v0.3.2
[INFO] [stderr]   Downloaded actix-web v4.3.1
[INFO] [stderr]   Downloaded rio_turtle v0.8.3
[INFO] [stderr]   Downloaded rio_xml v0.8.3
[INFO] [stderr]   Downloaded mownstr v0.2.1
[INFO] [stderr]   Downloaded sophia v0.8.0-alpha.0
[INFO] [stderr]   Downloaded zstd-safe v6.0.5+zstd.1.5.4
[INFO] [stderr]   Downloaded langtag v0.3.2
[INFO] [stderr]   Downloaded sophia_xml v0.8.0-alpha.0
[INFO] [stderr]   Downloaded deepsize v0.2.0
[INFO] [stderr]   Downloaded packed_simd_2 v0.3.8
[INFO] [stderr]   Downloaded rsdict v0.0.6
[INFO] [stderr]   Downloaded ntriple v0.1.1
[INFO] [stderr]   Downloaded multimap v0.9.0
[INFO] [stderr]   Downloaded hmac-sha256 v1.1.6
[INFO] [stderr]   Downloaded sophia_c14n v0.8.0-alpha.0
[INFO] [stderr]   Downloaded sophia_isomorphism v0.8.0-alpha.0
[INFO] [stderr]   Downloaded sophia_turtle v0.8.0-alpha.0
[INFO] [stderr]   Downloaded oxilangtag v0.1.3
[INFO] [stderr]   Downloaded sophia_api v0.8.0-alpha.0
[INFO] [stderr]   Downloaded sophia_iri v0.8.0-alpha.0
[INFO] running `Command { std: "docker" "create" "-v" "/var/lib/crater-agent-workspace/builds/worker-1-tc2/target:/opt/rustwide/target:rw,Z" "-v" "/var/lib/crater-agent-workspace/builds/worker-1-tc2/source:/opt/rustwide/workdir:ro,Z" "-v" "/var/lib/crater-agent-workspace/cargo-home:/opt/rustwide/cargo-home:ro,Z" "-v" "/var/lib/crater-agent-workspace/rustup-home:/opt/rustwide/rustup-home:ro,Z" "-e" "SOURCE_DIR=/opt/rustwide/workdir" "-e" "CARGO_TARGET_DIR=/opt/rustwide/target" "-e" "CARGO_HOME=/opt/rustwide/cargo-home" "-e" "RUSTUP_HOME=/opt/rustwide/rustup-home" "-w" "/opt/rustwide/workdir" "-m" "1610612736" "--user" "0:0" "--network" "none" "ghcr.io/rust-lang/crates-build-env/linux@sha256:5ff2268d62e97bff2cde7d5815dd6ed5b47097566f13b8d0ca110b04b60e07ed" "/opt/rustwide/cargo-home/bin/cargo" "+beta-2023-04-20" "metadata" "--no-deps" "--format-version=1", kill_on_drop: false }`
[INFO] [stdout] de866e8fc8dc482f1331a60e04bdd03def1097872882a10fd803344e1819ef3f
[INFO] running `Command { std: "docker" "start" "-a" "de866e8fc8dc482f1331a60e04bdd03def1097872882a10fd803344e1819ef3f", kill_on_drop: false }`
[INFO] running `Command { std: "docker" "inspect" "de866e8fc8dc482f1331a60e04bdd03def1097872882a10fd803344e1819ef3f", kill_on_drop: false }`
[INFO] running `Command { std: "docker" "rm" "-f" "de866e8fc8dc482f1331a60e04bdd03def1097872882a10fd803344e1819ef3f", kill_on_drop: false }`
[INFO] [stdout] de866e8fc8dc482f1331a60e04bdd03def1097872882a10fd803344e1819ef3f
[INFO] running `Command { std: "docker" "create" "-v" "/var/lib/crater-agent-workspace/builds/worker-1-tc2/target:/opt/rustwide/target:rw,Z" "-v" "/var/lib/crater-agent-workspace/builds/worker-1-tc2/source:/opt/rustwide/workdir:ro,Z" "-v" "/var/lib/crater-agent-workspace/cargo-home:/opt/rustwide/cargo-home:ro,Z" "-v" "/var/lib/crater-agent-workspace/rustup-home:/opt/rustwide/rustup-home:ro,Z" "-e" "SOURCE_DIR=/opt/rustwide/workdir" "-e" "CARGO_TARGET_DIR=/opt/rustwide/target" "-e" "CARGO_INCREMENTAL=0" "-e" "RUST_BACKTRACE=full" "-e" "RUSTFLAGS=--cap-lints=warn" "-e" "RUSTDOCFLAGS=--cap-lints=warn" "-e" "CARGO_HOME=/opt/rustwide/cargo-home" "-e" "RUSTUP_HOME=/opt/rustwide/rustup-home" "-w" "/opt/rustwide/workdir" "-m" "1610612736" "--user" "0:0" "--network" "none" "ghcr.io/rust-lang/crates-build-env/linux@sha256:5ff2268d62e97bff2cde7d5815dd6ed5b47097566f13b8d0ca110b04b60e07ed" "/opt/rustwide/cargo-home/bin/cargo" "+beta-2023-04-20" "doc" "--frozen" "--no-deps" "--document-private-items" "--message-format=json", kill_on_drop: false }`
[INFO] [stdout] 140c12c9ed8b4e2f083f64118e2d2f6335ad475183c50cc9362d9ae23cea9a01
[INFO] running `Command { std: "docker" "start" "-a" "140c12c9ed8b4e2f083f64118e2d2f6335ad475183c50cc9362d9ae23cea9a01", kill_on_drop: false }`
[INFO] [stderr]     Checking once_cell v1.17.1
[INFO] [stderr]    Compiling jobserver v0.1.26
[INFO] [stderr]     Checking oxiri v0.2.2
[INFO] [stderr]    Compiling syn v2.0.15
[INFO] [stderr]    Compiling serde_derive v1.0.160
[INFO] [stderr]    Compiling serde v1.0.160
[INFO] [stderr]    Compiling tokio v1.27.0
[INFO] [stderr]     Checking mownstr v0.2.1
[INFO] [stderr]     Checking resiter v0.4.0
[INFO] [stderr]     Checking tracing-core v0.1.30
[INFO] [stderr]    Compiling futures-task v0.3.28
[INFO] [stderr]    Compiling cc v1.0.79
[INFO] [stderr]     Checking getrandom v0.2.9
[INFO] [stderr]     Checking rio_api v0.8.3
[INFO] [stderr]    Compiling futures-util v0.3.28
[INFO] [stderr]     Checking tracing v0.1.37
[INFO] [stderr]     Checking oxilangtag v0.1.3
[INFO] [stderr]    Compiling syn v1.0.109
[INFO] [stderr]     Checking local-waker v0.1.3
[INFO] [stderr]    Compiling zstd-safe v6.0.5+zstd.1.5.4
[INFO] [stderr]    Compiling quote v0.3.15
[INFO] [stderr]     Checking alloc-no-stdlib v2.0.4
[INFO] [stderr]    Compiling libm v0.1.4
[INFO] [stderr]    Compiling peg v0.5.7
[INFO] [stderr]     Checking alloc-stdlib v0.2.2
[INFO] [stderr]     Checking rand_core v0.6.4
[INFO] [stderr]     Checking quick-xml v0.28.2
[INFO] [stderr]    Compiling ahash v0.8.3
[INFO] [stderr]    Compiling ring v0.16.20
[INFO] [stderr]    Compiling zstd-sys v2.0.8+zstd.1.5.5
[INFO] [stderr]    Compiling rustix v0.37.12
[INFO] [stderr]    Compiling packed_simd_2 v0.3.8
[INFO] [stderr]    Compiling serde_json v1.0.96
[INFO] [stderr]    Compiling http v0.2.9
[INFO] [stderr]    Compiling time-macros v0.2.8
[INFO] [stderr]     Checking rand_chacha v0.3.1
[INFO] [stderr]    Compiling ntriple v0.1.1
[INFO] [stderr]     Checking rio_xml v0.8.3
[INFO] [stderr]     Checking actix-service v2.0.2
[INFO] [stderr]     Checking tokio-util v0.7.7
[INFO] [stderr]     Checking actix-rt v2.8.0
[INFO] [stderr]     Checking brotli-decompressor v2.3.4
[INFO] [stderr]     Checking rio_turtle v0.8.3
[INFO] [stderr]     Checking actix-utils v3.0.1
[INFO] [stderr]    Compiling bytestring v1.3.0
[INFO] [stderr]     Checking webpki v0.22.0
[INFO] [stderr]    Compiling cookie v0.16.2
[INFO] [stderr]    Compiling rsdict v0.0.6
[INFO] [stderr]     Checking utf8-decode v1.0.1
[INFO] [stderr]     Checking linux-raw-sys v0.3.2
[INFO] [stderr]    Compiling convert_case v0.4.0
[INFO] [stderr]    Compiling async-trait v0.1.68
[INFO] [stderr]     Checking hmac-sha256 v1.1.6
[INFO] [stderr]    Compiling rustls v0.20.8
[INFO] [stderr]     Checking pct-str v1.2.0
[INFO] [stderr]     Checking time v0.3.20
[INFO] [stderr]     Checking brotli v3.3.4
[INFO] [stderr]     Checking sct v0.7.0
[INFO] [stderr]     Checking actix-codec v0.5.0
[INFO] [stderr]    Compiling thiserror-impl v1.0.40
[INFO] [stderr]     Checking h2 v0.3.18
[INFO] [stdout] error[E0554]: `#![feature]` may not be used on the beta release channel
[INFO] [stdout]    --> /opt/rustwide/cargo-home/registry/src/index.crates.io-6f17d22bba15001f/packed_simd_2-0.3.8/src/lib.rs:214:1
[INFO] [stdout]     |
[INFO] [stdout] 214 | / #![feature(
[INFO] [stdout] 215 | |     adt_const_params,
[INFO] [stdout] 216 | |     repr_simd,
[INFO] [stdout] 217 | |     rustc_attrs,
[INFO] [stdout] ...   |
[INFO] [stdout] 224 | |     custom_inner_attributes,
[INFO] [stdout] 225 | | )]
[INFO] [stdout]     | |__^
[INFO] [stdout] 
[INFO] [stdout] 
[INFO] [stderr]    Compiling actix-router v0.5.1
[INFO] [stderr]     Checking rand v0.8.5
[INFO] [stderr]    Compiling derive_more v0.99.17
[INFO] [stdout] error[E0554]: `#![feature]` may not be used on the beta release channel
[INFO] [stdout]    --> /opt/rustwide/cargo-home/registry/src/index.crates.io-6f17d22bba15001f/packed_simd_2-0.3.8/src/lib.rs:219:5
[INFO] [stdout]     |
[INFO] [stdout] 219 |     stdsimd,
[INFO] [stdout]     |     ^^^^^^^
[INFO] [stdout] 
[INFO] [stdout] 
[INFO] [stdout] error[E0554]: `#![feature]` may not be used on the beta release channel
[INFO] [stdout]    --> /opt/rustwide/cargo-home/registry/src/index.crates.io-6f17d22bba15001f/packed_simd_2-0.3.8/src/lib.rs:222:5
[INFO] [stdout]     |
[INFO] [stdout] 222 |     core_intrinsics,
[INFO] [stdout]     |     ^^^^^^^^^^^^^^^
[INFO] [stdout] 
[INFO] [stdout] 
[INFO] [stderr]     Checking thiserror v1.0.40
[INFO] [stderr]     Checking sophia_iri v0.8.0-alpha.0
[INFO] [stderr]     Checking sophia_api v0.8.0-alpha.0
[INFO] [stderr]     Checking local-channel v0.1.3
[INFO] [stderr]     Checking language-tags v0.3.2
[INFO] [stderr]     Checking actix-server v2.2.0
[INFO] [stderr]    Compiling actix-web-codegen v4.2.0
[INFO] [stderr]     Checking sucds v0.6.0
[INFO] [stderr]     Checking sophia_rio v0.8.0-alpha.0
[INFO] [stderr]     Checking sophia_turtle v0.8.0-alpha.0
[INFO] [stderr]     Checking sophia_xml v0.8.0-alpha.0
[INFO] [stderr]     Checking sophia_c14n v0.8.0-alpha.0
[INFO] [stderr]     Checking sophia_inmem v0.8.0-alpha.0
[INFO] [stderr]     Checking sophia_isomorphism v0.8.0-alpha.0
[INFO] [stderr]    Compiling actix-macros v0.2.3
[INFO] [stderr]     Checking sophia v0.8.0-alpha.0
[INFO] [stderr]     Checking is-terminal v0.4.7
[INFO] [stderr]     Checking ahash v0.7.6
[INFO] [stderr]     Checking iref v2.2.3
[INFO] [stderr]     Checking webpki-roots v0.22.6
[INFO] [stderr]     Checking bytesize v1.2.0
[INFO] [stderr]     Checking pathdiff v0.2.1
[INFO] [stderr]     Checking langtag v0.3.2
[INFO] [stderr]     Checking env_logger v0.10.0
[INFO] [stderr]     Checking deepsize v0.2.0
[INFO] [stderr]     Checking const-fnv1a-hash v1.1.0
[INFO] [stderr]     Checking ureq v2.6.2
[INFO] [stdout] error: aborting due to 3 previous errors
[INFO] [stdout] 
[INFO] [stdout] 
[INFO] [stdout] For more information about this error, try `rustc --explain E0554`.
[INFO] [stdout] 
[INFO] [stderr] error: could not compile `packed_simd_2` (lib) due to 4 previous errors
[INFO] [stderr] warning: build failed, waiting for other jobs to finish...
[INFO] running `Command { std: "docker" "inspect" "140c12c9ed8b4e2f083f64118e2d2f6335ad475183c50cc9362d9ae23cea9a01", kill_on_drop: false }`
[INFO] running `Command { std: "docker" "rm" "-f" "140c12c9ed8b4e2f083f64118e2d2f6335ad475183c50cc9362d9ae23cea9a01", kill_on_drop: false }`
[INFO] [stdout] 140c12c9ed8b4e2f083f64118e2d2f6335ad475183c50cc9362d9ae23cea9a01
