[INFO] fetching crate redox_intelflash 0.1.3...
[INFO] documenting redox_intelflash-0.1.3 against beta-2023-04-20 for beta-1.70-rustdoc-1
[INFO] extracting crate redox_intelflash 0.1.3 into /workspace/builds/worker-3-tc2/source
[INFO] validating manifest of crates.io crate redox_intelflash 0.1.3 on toolchain beta-2023-04-20
[INFO] running `Command { std: CARGO_HOME="/workspace/cargo-home" RUSTUP_HOME="/workspace/rustup-home" "/workspace/cargo-home/bin/cargo" "+beta-2023-04-20" "metadata" "--manifest-path" "Cargo.toml" "--no-deps", kill_on_drop: false }`
[INFO] started tweaking crates.io crate redox_intelflash 0.1.3
[INFO] finished tweaking crates.io crate redox_intelflash 0.1.3
[INFO] tweaked toml for crates.io crate redox_intelflash 0.1.3 written to /workspace/builds/worker-3-tc2/source/Cargo.toml
[INFO] crate crates.io crate redox_intelflash 0.1.3 already has a lockfile, it will not be regenerated
[INFO] running `Command { std: CARGO_HOME="/workspace/cargo-home" RUSTUP_HOME="/workspace/rustup-home" "/workspace/cargo-home/bin/cargo" "+beta-2023-04-20" "fetch" "--manifest-path" "Cargo.toml", kill_on_drop: false }`
[INFO] [stderr]     Updating crates.io index
[INFO] [stderr]  Downloading crates ...
[INFO] [stderr]   Downloaded redox_uefi v0.1.0
[INFO] running `Command { std: "docker" "create" "-v" "/var/lib/crater-agent-workspace/builds/worker-3-tc2/target:/opt/rustwide/target:rw,Z" "-v" "/var/lib/crater-agent-workspace/builds/worker-3-tc2/source:/opt/rustwide/workdir:ro,Z" "-v" "/var/lib/crater-agent-workspace/cargo-home:/opt/rustwide/cargo-home:ro,Z" "-v" "/var/lib/crater-agent-workspace/rustup-home:/opt/rustwide/rustup-home:ro,Z" "-e" "SOURCE_DIR=/opt/rustwide/workdir" "-e" "CARGO_TARGET_DIR=/opt/rustwide/target" "-e" "CARGO_HOME=/opt/rustwide/cargo-home" "-e" "RUSTUP_HOME=/opt/rustwide/rustup-home" "-w" "/opt/rustwide/workdir" "-m" "1610612736" "--user" "0:0" "--network" "none" "ghcr.io/rust-lang/crates-build-env/linux@sha256:5ff2268d62e97bff2cde7d5815dd6ed5b47097566f13b8d0ca110b04b60e07ed" "/opt/rustwide/cargo-home/bin/cargo" "+beta-2023-04-20" "metadata" "--no-deps" "--format-version=1", kill_on_drop: false }`
[INFO] [stdout] 25dc232fd3fe4747f31123f15f032842604024df4c67a9dc7cba35ffe3132435
[INFO] running `Command { std: "docker" "start" "-a" "25dc232fd3fe4747f31123f15f032842604024df4c67a9dc7cba35ffe3132435", kill_on_drop: false }`
[INFO] running `Command { std: "docker" "inspect" "25dc232fd3fe4747f31123f15f032842604024df4c67a9dc7cba35ffe3132435", kill_on_drop: false }`
[INFO] running `Command { std: "docker" "rm" "-f" "25dc232fd3fe4747f31123f15f032842604024df4c67a9dc7cba35ffe3132435", kill_on_drop: false }`
[INFO] [stdout] 25dc232fd3fe4747f31123f15f032842604024df4c67a9dc7cba35ffe3132435
[INFO] running `Command { std: "docker" "create" "-v" "/var/lib/crater-agent-workspace/builds/worker-3-tc2/target:/opt/rustwide/target:rw,Z" "-v" "/var/lib/crater-agent-workspace/builds/worker-3-tc2/source:/opt/rustwide/workdir:ro,Z" "-v" "/var/lib/crater-agent-workspace/cargo-home:/opt/rustwide/cargo-home:ro,Z" "-v" "/var/lib/crater-agent-workspace/rustup-home:/opt/rustwide/rustup-home:ro,Z" "-e" "SOURCE_DIR=/opt/rustwide/workdir" "-e" "CARGO_TARGET_DIR=/opt/rustwide/target" "-e" "CARGO_INCREMENTAL=0" "-e" "RUST_BACKTRACE=full" "-e" "RUSTFLAGS=--cap-lints=warn" "-e" "RUSTDOCFLAGS=--cap-lints=warn" "-e" "CARGO_HOME=/opt/rustwide/cargo-home" "-e" "RUSTUP_HOME=/opt/rustwide/rustup-home" "-w" "/opt/rustwide/workdir" "-m" "1610612736" "--user" "0:0" "--network" "none" "ghcr.io/rust-lang/crates-build-env/linux@sha256:5ff2268d62e97bff2cde7d5815dd6ed5b47097566f13b8d0ca110b04b60e07ed" "/opt/rustwide/cargo-home/bin/cargo" "+beta-2023-04-20" "doc" "--frozen" "--no-deps" "--document-private-items" "--message-format=json", kill_on_drop: false }`
[INFO] [stdout] 59f442f06e76ba39475ff9d9ecd067aabf526cef55ef910a6a171d2bd29636ed
[INFO] running `Command { std: "docker" "start" "-a" "59f442f06e76ba39475ff9d9ecd067aabf526cef55ef910a6a171d2bd29636ed", kill_on_drop: false }`
[INFO] [stderr]     Checking plain v0.2.3
[INFO] [stderr]     Checking redox_uefi v0.1.0
[INFO] [stdout] error[E0437]: type `Ok` is not a member of trait `Try`
[INFO] [stdout]    --> /opt/rustwide/cargo-home/registry/src/index.crates.io-6f17d22bba15001f/redox_uefi-0.1.0/src/status.rs:106:5
[INFO] [stdout]     |
[INFO] [stdout] 106 |     type Ok = usize;
[INFO] [stdout]     |     ^^^^^^^^^^^^^^^^ not a member of trait `Try`
[INFO] [stdout] 
[INFO] [stdout] 
[INFO] [stdout] error[E0437]: type `Error` is not a member of trait `Try`
[INFO] [stdout]    --> /opt/rustwide/cargo-home/registry/src/index.crates.io-6f17d22bba15001f/redox_uefi-0.1.0/src/status.rs:107:5
[INFO] [stdout]     |
[INFO] [stdout] 107 |     type Error = Error;
[INFO] [stdout]     |     ^^^^^^^^^^^^^^^^^^^ not a member of trait `Try`
[INFO] [stdout] 
[INFO] [stdout] 
[INFO] [stdout] error[E0407]: method `into_result` is not a member of trait `Try`
[INFO] [stdout]    --> /opt/rustwide/cargo-home/registry/src/index.crates.io-6f17d22bba15001f/redox_uefi-0.1.0/src/status.rs:109:5
[INFO] [stdout]     |
[INFO] [stdout] 109 | /     fn into_result(self) -> Result<Self::Ok> {
[INFO] [stdout] 110 | |         if self.0 & ERROR_BIT == 0 {
[INFO] [stdout] 111 | |             Ok(self.0)
[INFO] [stdout] 112 | |         } else {
[INFO] [stdout] 113 | |             Err(Error::from(self.0 & !(ERROR_BIT)))
[INFO] [stdout] 114 | |         }
[INFO] [stdout] 115 | |     }
[INFO] [stdout]     | |_____^ not a member of trait `Try`
[INFO] [stdout] 
[INFO] [stdout] 
[INFO] [stdout] error[E0407]: method `from_error` is not a member of trait `Try`
[INFO] [stdout]    --> /opt/rustwide/cargo-home/registry/src/index.crates.io-6f17d22bba15001f/redox_uefi-0.1.0/src/status.rs:117:5
[INFO] [stdout]     |
[INFO] [stdout] 117 | /     fn from_error(v: Self::Error) -> Self {
[INFO] [stdout] 118 | |         Status(v as usize | ERROR_BIT)
[INFO] [stdout] 119 | |     }
[INFO] [stdout]     | |_____^ not a member of trait `Try`
[INFO] [stdout] 
[INFO] [stdout] 
[INFO] [stdout] error[E0407]: method `from_ok` is not a member of trait `Try`
[INFO] [stdout]    --> /opt/rustwide/cargo-home/registry/src/index.crates.io-6f17d22bba15001f/redox_uefi-0.1.0/src/status.rs:121:5
[INFO] [stdout]     |
[INFO] [stdout] 121 | /     fn from_ok(v: Self::Ok) -> Self {
[INFO] [stdout] 122 | |         Status(v & !(ERROR_BIT))
[INFO] [stdout] 123 | |     }
[INFO] [stdout]     | |_____^ not a member of trait `Try`
[INFO] [stdout] 
[INFO] [stdout] 
[INFO] [stdout] error[E0658]: use of unstable library feature 'try_trait_v2'
[INFO] [stdout]  --> /opt/rustwide/cargo-home/registry/src/index.crates.io-6f17d22bba15001f/redox_uefi-0.1.0/src/status.rs:1:5
[INFO] [stdout]   |
[INFO] [stdout] 1 | use core::ops::Try;
[INFO] [stdout]   |     ^^^^^^^^^^^^^^
[INFO] [stdout]   |
[INFO] [stdout]   = note: see issue #84277 <https://github.com/rust-lang/rust/issues/84277> for more information
[INFO] [stdout] 
[INFO] [stdout] 
[INFO] [stdout] error[E0658]: use of unstable library feature 'try_trait_v2'
[INFO] [stdout]    --> /opt/rustwide/cargo-home/registry/src/index.crates.io-6f17d22bba15001f/redox_uefi-0.1.0/src/status.rs:105:6
[INFO] [stdout]     |
[INFO] [stdout] 105 | impl Try for Status {
[INFO] [stdout]     |      ^^^
[INFO] [stdout]     |
[INFO] [stdout]     = note: see issue #84277 <https://github.com/rust-lang/rust/issues/84277> for more information
[INFO] [stdout] 
[INFO] [stdout] 
[INFO] [stdout] error[E0554]: `#![feature]` may not be used on the beta release channel
[INFO] [stdout]  --> /opt/rustwide/cargo-home/registry/src/index.crates.io-6f17d22bba15001f/redox_uefi-0.1.0/src/lib.rs:4:12
[INFO] [stdout]   |
[INFO] [stdout] 4 | #![feature(try_trait)]
[INFO] [stdout]   |            ^^^^^^^^^
[INFO] [stdout] 
[INFO] [stdout] 
[INFO] [stdout] error[E0635]: unknown feature `try_trait`
[INFO] [stdout]  --> /opt/rustwide/cargo-home/registry/src/index.crates.io-6f17d22bba15001f/redox_uefi-0.1.0/src/lib.rs:4:12
[INFO] [stdout]   |
[INFO] [stdout] 4 | #![feature(try_trait)]
[INFO] [stdout]   |            ^^^^^^^^^
[INFO] [stdout] 
[INFO] [stdout] 
[INFO] [stdout] error[E0220]: associated type `Ok` not found for `Self`
[INFO] [stdout]    --> /opt/rustwide/cargo-home/registry/src/index.crates.io-6f17d22bba15001f/redox_uefi-0.1.0/src/status.rs:109:42
[INFO] [stdout]     |
[INFO] [stdout] 109 |     fn into_result(self) -> Result<Self::Ok> {
[INFO] [stdout]     |                                          ^^ associated type `Ok` not found
[INFO] [stdout] 
[INFO] [stdout] 
[INFO] [stdout] error[E0220]: associated type `Error` not found for `Self`
[INFO] [stdout]    --> /opt/rustwide/cargo-home/registry/src/index.crates.io-6f17d22bba15001f/redox_uefi-0.1.0/src/status.rs:117:28
[INFO] [stdout]     |
[INFO] [stdout] 117 |     fn from_error(v: Self::Error) -> Self {
[INFO] [stdout]     |                            ^^^^^ associated type `Error` not found
[INFO] [stdout] 
[INFO] [stdout] 
[INFO] [stdout] error[E0220]: associated type `Ok` not found for `Self`
[INFO] [stdout]    --> /opt/rustwide/cargo-home/registry/src/index.crates.io-6f17d22bba15001f/redox_uefi-0.1.0/src/status.rs:121:25
[INFO] [stdout]     |
[INFO] [stdout] 121 |     fn from_ok(v: Self::Ok) -> Self {
[INFO] [stdout]     |                         ^^ associated type `Ok` not found
[INFO] [stdout] 
[INFO] [stdout] 
[INFO] [stdout] error: aborting due to 12 previous errors
[INFO] [stdout] 
[INFO] [stdout] 
[INFO] [stdout] Some errors have detailed explanations: E0220, E0407, E0437, E0554, E0635, E0658.
[INFO] [stdout] 
[INFO] [stdout] For more information about an error, try `rustc --explain E0220`.
[INFO] [stdout] 
[INFO] [stderr] error: could not compile `redox_uefi` (lib) due to 13 previous errors
[INFO] running `Command { std: "docker" "inspect" "59f442f06e76ba39475ff9d9ecd067aabf526cef55ef910a6a171d2bd29636ed", kill_on_drop: false }`
[INFO] running `Command { std: "docker" "rm" "-f" "59f442f06e76ba39475ff9d9ecd067aabf526cef55ef910a6a171d2bd29636ed", kill_on_drop: false }`
[INFO] [stdout] 59f442f06e76ba39475ff9d9ecd067aabf526cef55ef910a6a171d2bd29636ed
