[INFO] fetching crate qukit 0.0.0-pre5...
[INFO] documenting qukit-0.0.0-pre5 against beta-2023-04-20 for beta-1.70-rustdoc-1
[INFO] extracting crate qukit 0.0.0-pre5 into /workspace/builds/worker-5-tc2/source
[INFO] validating manifest of crates.io crate qukit 0.0.0-pre5 on toolchain beta-2023-04-20
[INFO] running `Command { std: CARGO_HOME="/workspace/cargo-home" RUSTUP_HOME="/workspace/rustup-home" "/workspace/cargo-home/bin/cargo" "+beta-2023-04-20" "metadata" "--manifest-path" "Cargo.toml" "--no-deps", kill_on_drop: false }`
[INFO] started tweaking crates.io crate qukit 0.0.0-pre5
[INFO] finished tweaking crates.io crate qukit 0.0.0-pre5
[INFO] tweaked toml for crates.io crate qukit 0.0.0-pre5 written to /workspace/builds/worker-5-tc2/source/Cargo.toml
[INFO] crate crates.io crate qukit 0.0.0-pre5 already has a lockfile, it will not be regenerated
[INFO] running `Command { std: CARGO_HOME="/workspace/cargo-home" RUSTUP_HOME="/workspace/rustup-home" "/workspace/cargo-home/bin/cargo" "+beta-2023-04-20" "fetch" "--manifest-path" "Cargo.toml", kill_on_drop: false }`
[INFO] [stderr]     Updating crates.io index
[INFO] [stderr]  Downloading crates ...
[INFO] [stderr]   Downloaded memory_units v0.4.0
[INFO] [stderr]   Downloaded serde-wasm-bindgen v0.4.3
[INFO] [stderr]   Downloaded libm v0.2.2
[INFO] [stderr]   Downloaded generic-array v0.3.2
[INFO] [stderr]   Downloaded bit-array v0.4.4
[INFO] [stderr]   Downloaded const-trig v0.0.1
[INFO] [stderr]   Downloaded tsify-macros v0.3.0
[INFO] [stderr]   Downloaded tsify v0.3.1
[INFO] [stderr]   Downloaded spmc v0.3.0
[INFO] [stderr]   Downloaded wasm-bindgen-rayon v1.0.3
[INFO] [stderr]   Downloaded wee_alloc v0.4.5
[INFO] running `Command { std: "docker" "create" "-v" "/var/lib/crater-agent-workspace/builds/worker-5-tc2/target:/opt/rustwide/target:rw,Z" "-v" "/var/lib/crater-agent-workspace/builds/worker-5-tc2/source:/opt/rustwide/workdir:ro,Z" "-v" "/var/lib/crater-agent-workspace/cargo-home:/opt/rustwide/cargo-home:ro,Z" "-v" "/var/lib/crater-agent-workspace/rustup-home:/opt/rustwide/rustup-home:ro,Z" "-e" "SOURCE_DIR=/opt/rustwide/workdir" "-e" "CARGO_TARGET_DIR=/opt/rustwide/target" "-e" "CARGO_HOME=/opt/rustwide/cargo-home" "-e" "RUSTUP_HOME=/opt/rustwide/rustup-home" "-w" "/opt/rustwide/workdir" "-m" "1610612736" "--user" "0:0" "--network" "none" "ghcr.io/rust-lang/crates-build-env/linux@sha256:97d61d7686bf65f8ecb15491ab51835e82dc9176a96a831f143a431b191fc501" "/opt/rustwide/cargo-home/bin/cargo" "+beta-2023-04-20" "metadata" "--no-deps" "--format-version=1", kill_on_drop: false }`
[INFO] [stdout] b779ee7d2327d4e12b290c9ea586904954e028469909374f00fef67297557799
[INFO] running `Command { std: "docker" "start" "-a" "b779ee7d2327d4e12b290c9ea586904954e028469909374f00fef67297557799", kill_on_drop: false }`
[INFO] running `Command { std: "docker" "inspect" "b779ee7d2327d4e12b290c9ea586904954e028469909374f00fef67297557799", kill_on_drop: false }`
[INFO] running `Command { std: "docker" "rm" "-f" "b779ee7d2327d4e12b290c9ea586904954e028469909374f00fef67297557799", kill_on_drop: false }`
[INFO] [stdout] b779ee7d2327d4e12b290c9ea586904954e028469909374f00fef67297557799
[INFO] running `Command { std: "docker" "create" "-v" "/var/lib/crater-agent-workspace/builds/worker-5-tc2/target:/opt/rustwide/target:rw,Z" "-v" "/var/lib/crater-agent-workspace/builds/worker-5-tc2/source:/opt/rustwide/workdir:ro,Z" "-v" "/var/lib/crater-agent-workspace/cargo-home:/opt/rustwide/cargo-home:ro,Z" "-v" "/var/lib/crater-agent-workspace/rustup-home:/opt/rustwide/rustup-home:ro,Z" "-e" "SOURCE_DIR=/opt/rustwide/workdir" "-e" "CARGO_TARGET_DIR=/opt/rustwide/target" "-e" "CARGO_INCREMENTAL=0" "-e" "RUST_BACKTRACE=full" "-e" "RUSTFLAGS=--cap-lints=warn" "-e" "RUSTDOCFLAGS=--cap-lints=warn" "-e" "CARGO_HOME=/opt/rustwide/cargo-home" "-e" "RUSTUP_HOME=/opt/rustwide/rustup-home" "-w" "/opt/rustwide/workdir" "-m" "1610612736" "--user" "0:0" "--network" "none" "ghcr.io/rust-lang/crates-build-env/linux@sha256:97d61d7686bf65f8ecb15491ab51835e82dc9176a96a831f143a431b191fc501" "/opt/rustwide/cargo-home/bin/cargo" "+beta-2023-04-20" "doc" "--frozen" "--no-deps" "--document-private-items" "--message-format=json", kill_on_drop: false }`
[INFO] [stdout] 0e806ab97c54576fb8eae7d65b84d3fe6ee53701232e4c2e542d388f2a1d6414
[INFO] running `Command { std: "docker" "start" "-a" "0e806ab97c54576fb8eae7d65b84d3fe6ee53701232e4c2e542d388f2a1d6414", kill_on_drop: false }`
[INFO] [stderr]    Compiling libc v0.2.126
[INFO] [stderr]     Checking nodrop v0.1.14
[INFO] [stderr]    Compiling libm v0.2.2
[INFO] [stderr]     Checking ppv-lite86 v0.2.16
[INFO] [stderr]    Compiling lock_api v0.4.7
[INFO] [stderr]     Checking bit-vec v0.4.4
[INFO] [stderr]     Checking tinyvec_macros v0.1.0
[INFO] [stderr]    Compiling paste v1.0.7
[INFO] [stderr]     Checking tinyvec v1.6.0
[INFO] [stderr]     Checking generic-array v0.3.2
[INFO] [stderr]     Checking const-trig v0.0.1
[INFO] [stdout] error[E0554]: `#![feature]` may not be used on the beta release channel
[INFO] [stdout]   --> /opt/rustwide/cargo-home/registry/src/index.crates.io-6f17d22bba15001f/const-trig-0.0.1/src/lib.rs:62:1
[INFO] [stdout]    |
[INFO] [stdout] 62 | #![feature(const_trait_impl)]
[INFO] [stdout]    | ^^^^^^^^^^^^^^^^^^^^^^^^^^^^^
[INFO] [stdout] 
[INFO] [stdout] 
[INFO] [stdout] error[E0554]: `#![feature]` may not be used on the beta release channel
[INFO] [stdout]   --> /opt/rustwide/cargo-home/registry/src/index.crates.io-6f17d22bba15001f/const-trig-0.0.1/src/lib.rs:63:1
[INFO] [stdout]    |
[INFO] [stdout] 63 | #![feature(const_fn_trait_bound)]
[INFO] [stdout]    | ^^^^^^^^^^^^^^^^^^^^^^^^^^^^^^^^^ help: remove the attribute
[INFO] [stdout]    |
[INFO] [stdout]    = help: the feature `const_fn_trait_bound` has been stable since `1.61.0` and no longer requires an attribute to enable
[INFO] [stdout] 
[INFO] [stdout] 
[INFO] [stdout] error[E0554]: `#![feature]` may not be used on the beta release channel
[INFO] [stdout]   --> /opt/rustwide/cargo-home/registry/src/index.crates.io-6f17d22bba15001f/const-trig-0.0.1/src/lib.rs:64:1
[INFO] [stdout]    |
[INFO] [stdout] 64 | #![feature(const_mut_refs)]
[INFO] [stdout]    | ^^^^^^^^^^^^^^^^^^^^^^^^^^^
[INFO] [stdout] 
[INFO] [stdout] 
[INFO] [stdout] error[E0554]: `#![feature]` may not be used on the beta release channel
[INFO] [stdout]   --> /opt/rustwide/cargo-home/registry/src/index.crates.io-6f17d22bba15001f/const-trig-0.0.1/src/lib.rs:65:1
[INFO] [stdout]    |
[INFO] [stdout] 65 | #![feature(auto_traits)]
[INFO] [stdout]    | ^^^^^^^^^^^^^^^^^^^^^^^^
[INFO] [stdout] 
[INFO] [stdout] 
[INFO] [stdout] error[E0554]: `#![feature]` may not be used on the beta release channel
[INFO] [stdout]   --> /opt/rustwide/cargo-home/registry/src/index.crates.io-6f17d22bba15001f/const-trig-0.0.1/src/lib.rs:66:1
[INFO] [stdout]    |
[INFO] [stdout] 66 | #![feature(negative_impls)]
[INFO] [stdout]    | ^^^^^^^^^^^^^^^^^^^^^^^^^^^
[INFO] [stdout] 
[INFO] [stdout] 
[INFO] [stdout] error: const `impl` for trait `ToDegrees` which is not marked with `#[const_trait]`
[INFO] [stdout]   --> /opt/rustwide/cargo-home/registry/src/index.crates.io-6f17d22bba15001f/const-trig-0.0.1/src/rads_degs.rs:46:40
[INFO] [stdout]    |
[INFO] [stdout] 40 |         pub trait $trait {
[INFO] [stdout]    |         - help: mark `ToDegrees` as const: `#[const_trait]`
[INFO] [stdout] ...
[INFO] [stdout] 46 |         impl <T: Copy + $is_not> const $trait for T {
[INFO] [stdout]    |                                        ^
[INFO] [stdout] ...
[INFO] [stdout] 56 | declare!(@base Degrees degrees ToDegrees IsNotDegrees);
[INFO] [stdout]    | ------------------------------------------------------ in this macro invocation
[INFO] [stdout]    |
[INFO] [stdout]    = note: marking a trait with `#[const_trait]` ensures all default method bodies are `const`
[INFO] [stdout]    = note: adding a non-const method body in the future would be a breaking change
[INFO] [stdout]    = note: this error originates in the macro `declare` (in Nightly builds, run with -Z macro-backtrace for more info)
[INFO] [stdout] 
[INFO] [stdout] 
[INFO] [stdout] error: const `impl` for trait `ToRadians` which is not marked with `#[const_trait]`
[INFO] [stdout]   --> /opt/rustwide/cargo-home/registry/src/index.crates.io-6f17d22bba15001f/const-trig-0.0.1/src/rads_degs.rs:46:40
[INFO] [stdout]    |
[INFO] [stdout] 40 |         pub trait $trait {
[INFO] [stdout]    |         - help: mark `ToRadians` as const: `#[const_trait]`
[INFO] [stdout] ...
[INFO] [stdout] 46 |         impl <T: Copy + $is_not> const $trait for T {
[INFO] [stdout]    |                                        ^
[INFO] [stdout] ...
[INFO] [stdout] 57 | declare!(@base Radians radians ToRadians IsNotRadians);
[INFO] [stdout]    | ------------------------------------------------------ in this macro invocation
[INFO] [stdout]    |
[INFO] [stdout]    = note: marking a trait with `#[const_trait]` ensures all default method bodies are `const`
[INFO] [stdout]    = note: adding a non-const method body in the future would be a breaking change
[INFO] [stdout]    = note: this error originates in the macro `declare` (in Nightly builds, run with -Z macro-backtrace for more info)
[INFO] [stdout] 
[INFO] [stdout] 
[INFO] [stdout] error: const `impl` for trait `ToRadians` which is not marked with `#[const_trait]`
[INFO] [stdout]   --> /opt/rustwide/cargo-home/registry/src/index.crates.io-6f17d22bba15001f/const-trig-0.0.1/src/rads_degs.rs:10:76
[INFO] [stdout]    |
[INFO] [stdout] 10 |         impl <T: Copy + ~const From <f32> + ~const Mul <Output = T>> const $trait for $big <T> {
[INFO] [stdout]    |                                                                            ^
[INFO] [stdout] ...
[INFO] [stdout] 40 |         pub trait $trait {
[INFO] [stdout]    |         - help: mark `ToRadians` as const: `#[const_trait]`
[INFO] [stdout] ...
[INFO] [stdout] 58 | declare!(@cross ToRadians radians IsNotDegrees Degrees Radians PI / 180.0);
[INFO] [stdout]    | -------------------------------------------------------------------------- in this macro invocation
[INFO] [stdout]    |
[INFO] [stdout]    = note: marking a trait with `#[const_trait]` ensures all default method bodies are `const`
[INFO] [stdout]    = note: adding a non-const method body in the future would be a breaking change
[INFO] [stdout]    = note: this error originates in the macro `declare` (in Nightly builds, run with -Z macro-backtrace for more info)
[INFO] [stdout] 
[INFO] [stdout] 
[INFO] [stdout] error: const `impl` for trait `ToDegrees` which is not marked with `#[const_trait]`
[INFO] [stdout]   --> /opt/rustwide/cargo-home/registry/src/index.crates.io-6f17d22bba15001f/const-trig-0.0.1/src/rads_degs.rs:10:76
[INFO] [stdout]    |
[INFO] [stdout] 10 |         impl <T: Copy + ~const From <f32> + ~const Mul <Output = T>> const $trait for $big <T> {
[INFO] [stdout]    |                                                                            ^
[INFO] [stdout] ...
[INFO] [stdout] 40 |         pub trait $trait {
[INFO] [stdout]    |         - help: mark `ToDegrees` as const: `#[const_trait]`
[INFO] [stdout] ...
[INFO] [stdout] 59 | declare!(@cross ToDegrees degrees IsNotRadians Radians Degrees 180.0 / PI);
[INFO] [stdout]    | -------------------------------------------------------------------------- in this macro invocation
[INFO] [stdout]    |
[INFO] [stdout]    = note: marking a trait with `#[const_trait]` ensures all default method bodies are `const`
[INFO] [stdout]    = note: adding a non-const method body in the future would be a breaking change
[INFO] [stdout]    = note: this error originates in the macro `declare` (in Nightly builds, run with -Z macro-backtrace for more info)
[INFO] [stdout] 
[INFO] [stdout] 
[INFO] [stdout] error: aborting due to 9 previous errors
[INFO] [stdout] 
[INFO] [stdout] 
[INFO] [stdout] For more information about this error, try `rustc --explain E0554`.
[INFO] [stdout] 
[INFO] [stderr] error: could not compile `const-trig` (lib) due to 10 previous errors
[INFO] [stderr] warning: build failed, waiting for other jobs to finish...
[INFO] running `Command { std: "docker" "inspect" "0e806ab97c54576fb8eae7d65b84d3fe6ee53701232e4c2e542d388f2a1d6414", kill_on_drop: false }`
[INFO] running `Command { std: "docker" "rm" "-f" "0e806ab97c54576fb8eae7d65b84d3fe6ee53701232e4c2e542d388f2a1d6414", kill_on_drop: false }`
[INFO] [stdout] 0e806ab97c54576fb8eae7d65b84d3fe6ee53701232e4c2e542d388f2a1d6414
