[INFO] fetching crate pyroscope-cli 0.2.0...
[INFO] documenting pyroscope-cli-0.2.0 against 1.69.0 for beta-1.70-rustdoc-1
[INFO] extracting crate pyroscope-cli 0.2.0 into /workspace/builds/worker-4-tc1/source
[INFO] validating manifest of crates.io crate pyroscope-cli 0.2.0 on toolchain 1.69.0
[INFO] running `Command { std: CARGO_HOME="/workspace/cargo-home" RUSTUP_HOME="/workspace/rustup-home" "/workspace/cargo-home/bin/cargo" "+1.69.0" "metadata" "--manifest-path" "Cargo.toml" "--no-deps", kill_on_drop: false }`
[INFO] started tweaking crates.io crate pyroscope-cli 0.2.0
[INFO] finished tweaking crates.io crate pyroscope-cli 0.2.0
[INFO] tweaked toml for crates.io crate pyroscope-cli 0.2.0 written to /workspace/builds/worker-4-tc1/source/Cargo.toml
[INFO] crate crates.io crate pyroscope-cli 0.2.0 already has a lockfile, it will not be regenerated
[INFO] running `Command { std: CARGO_HOME="/workspace/cargo-home" RUSTUP_HOME="/workspace/rustup-home" "/workspace/cargo-home/bin/cargo" "+1.69.0" "fetch" "--manifest-path" "Cargo.toml", kill_on_drop: false }`
[INFO] [stderr]  Downloading crates ...
[INFO] [stderr]   Downloaded dashmap v5.2.0
[INFO] [stderr]   Downloaded ctrlc v3.2.2
[INFO] [stderr]   Downloaded num-format v0.4.0
[INFO] [stderr]   Downloaded arc-swap v1.5.0
[INFO] [stderr]   Downloaded debugid v0.7.3
[INFO] [stderr]   Downloaded findshlibs v0.10.2
[INFO] [stderr]   Downloaded human-panic v1.0.3
[INFO] [stderr]   Downloaded inferno v0.10.12
[INFO] [stderr]   Downloaded memmap2 v0.5.3
[INFO] [stderr]   Downloaded clap_complete v3.1.2
[INFO] [stderr]   Downloaded os_type v2.4.0
[INFO] [stderr]   Downloaded object v0.28.3
[INFO] [stderr]   Downloaded str_stack v0.1.0
[INFO] [stderr]   Downloaded prost v0.10.1
[INFO] [stderr]   Downloaded proc-maps v0.2.0
[INFO] [stderr]   Downloaded libm v0.2.2
[INFO] [stderr]   Downloaded names v0.13.0
[INFO] [stderr]   Downloaded pyroscope_pyspy v0.2.0
[INFO] [stderr]   Downloaded bytemuck v1.9.1
[INFO] [stderr]   Downloaded py-spy v0.3.11
[INFO] [stderr]   Downloaded symbolic-common v8.7.0
[INFO] [stderr]   Downloaded pyroscope_pprofrs v0.2.0
[INFO] [stderr]   Downloaded better-panic v0.3.0
[INFO] [stderr]   Downloaded nix v0.24.1
[INFO] [stderr]   Downloaded rbspy-ruby-structs v0.12.1
[INFO] [stderr]   Downloaded remoteprocess v0.4.8
[INFO] [stderr]   Downloaded rbspy v0.12.1
[INFO] [stderr]   Downloaded pyroscope v0.5.1
[INFO] [stderr]   Downloaded inferno v0.11.2
[INFO] [stderr]   Downloaded pyroscope_rbspy v0.2.0
[INFO] [stderr]   Downloaded symbolic-demangle v8.7.0
[INFO] [stderr]   Downloaded pprof v0.8.0
[INFO] [stderr]   Downloaded elf v0.0.10
[INFO] [stderr]   Downloaded rgb v0.8.32
[INFO] [stderr]   Downloaded clang-sys v1.3.1
[INFO] [stderr]   Downloaded libproc v0.10.0
[INFO] [stderr]   Downloaded mach_o_sys v0.1.1
[INFO] [stderr]   Downloaded read-process-memory v0.1.4
[INFO] [stderr]   Downloaded slog-stdlog v4.1.1
[INFO] [stderr]   Downloaded shared_child v0.3.5
[INFO] [stderr]   Downloaded tokio v1.18.0
[INFO] running `Command { std: "docker" "create" "-v" "/var/lib/crater-agent-workspace/builds/worker-4-tc1/target:/opt/rustwide/target:rw,Z" "-v" "/var/lib/crater-agent-workspace/builds/worker-4-tc1/source:/opt/rustwide/workdir:ro,Z" "-v" "/var/lib/crater-agent-workspace/cargo-home:/opt/rustwide/cargo-home:ro,Z" "-v" "/var/lib/crater-agent-workspace/rustup-home:/opt/rustwide/rustup-home:ro,Z" "-e" "SOURCE_DIR=/opt/rustwide/workdir" "-e" "CARGO_TARGET_DIR=/opt/rustwide/target" "-e" "CARGO_HOME=/opt/rustwide/cargo-home" "-e" "RUSTUP_HOME=/opt/rustwide/rustup-home" "-w" "/opt/rustwide/workdir" "-m" "1610612736" "--user" "0:0" "--network" "none" "ghcr.io/rust-lang/crates-build-env/linux@sha256:5ff2268d62e97bff2cde7d5815dd6ed5b47097566f13b8d0ca110b04b60e07ed" "/opt/rustwide/cargo-home/bin/cargo" "+1.69.0" "metadata" "--no-deps" "--format-version=1", kill_on_drop: false }`
[INFO] [stdout] d954e2f65f9a47ee43531d193970347eaa8e35c1bd83f5c43d258ab4a10cdd16
[INFO] running `Command { std: "docker" "start" "-a" "d954e2f65f9a47ee43531d193970347eaa8e35c1bd83f5c43d258ab4a10cdd16", kill_on_drop: false }`
[INFO] running `Command { std: "docker" "inspect" "d954e2f65f9a47ee43531d193970347eaa8e35c1bd83f5c43d258ab4a10cdd16", kill_on_drop: false }`
[INFO] running `Command { std: "docker" "rm" "-f" "d954e2f65f9a47ee43531d193970347eaa8e35c1bd83f5c43d258ab4a10cdd16", kill_on_drop: false }`
[INFO] [stdout] d954e2f65f9a47ee43531d193970347eaa8e35c1bd83f5c43d258ab4a10cdd16
[INFO] running `Command { std: "docker" "create" "-v" "/var/lib/crater-agent-workspace/builds/worker-4-tc1/target:/opt/rustwide/target:rw,Z" "-v" "/var/lib/crater-agent-workspace/builds/worker-4-tc1/source:/opt/rustwide/workdir:ro,Z" "-v" "/var/lib/crater-agent-workspace/cargo-home:/opt/rustwide/cargo-home:ro,Z" "-v" "/var/lib/crater-agent-workspace/rustup-home:/opt/rustwide/rustup-home:ro,Z" "-e" "SOURCE_DIR=/opt/rustwide/workdir" "-e" "CARGO_TARGET_DIR=/opt/rustwide/target" "-e" "CARGO_INCREMENTAL=0" "-e" "RUST_BACKTRACE=full" "-e" "RUSTFLAGS=--cap-lints=warn" "-e" "RUSTDOCFLAGS=--cap-lints=warn" "-e" "CARGO_HOME=/opt/rustwide/cargo-home" "-e" "RUSTUP_HOME=/opt/rustwide/rustup-home" "-w" "/opt/rustwide/workdir" "-m" "1610612736" "--user" "0:0" "--network" "none" "ghcr.io/rust-lang/crates-build-env/linux@sha256:5ff2268d62e97bff2cde7d5815dd6ed5b47097566f13b8d0ca110b04b60e07ed" "/opt/rustwide/cargo-home/bin/cargo" "+1.69.0" "doc" "--frozen" "--no-deps" "--document-private-items" "--message-format=json", kill_on_drop: false }`
[INFO] [stdout] 31b81d8c67fb77ec06f3dc7aac3da059264ae4a41fa0b99265f70bcbad937b7b
[INFO] running `Command { std: "docker" "start" "-a" "31b81d8c67fb77ec06f3dc7aac3da059264ae4a41fa0b99265f70bcbad937b7b", kill_on_drop: false }`
[INFO] [stderr]    Compiling libc v0.2.124
[INFO] [stderr]     Checking cfg-if v1.0.0
[INFO] [stderr]    Compiling proc-macro2 v1.0.37
[INFO] [stderr]    Compiling syn v1.0.91
[INFO] [stderr]     Checking once_cell v1.10.0
[INFO] [stderr]    Compiling log v0.4.16
[INFO] [stderr]     Checking memchr v2.4.1
[INFO] [stderr]     Checking lazy_static v1.4.0
[INFO] [stderr]    Compiling cc v1.0.73
[INFO] [stderr]     Checking bitflags v1.3.2
[INFO] [stderr]    Compiling ahash v0.7.6
[INFO] [stderr]     Checking itoa v1.0.1
[INFO] [stderr]     Checking smallvec v1.8.0
[INFO] [stderr]     Checking regex-syntax v0.6.25
[INFO] [stderr]     Checking aho-corasick v0.7.18
[INFO] [stderr]    Compiling indexmap v1.8.1
[INFO] [stderr]     Checking adler v1.0.2
[INFO] [stderr]    Compiling cpp_demangle v0.3.5
[INFO] [stderr]     Checking stable_deref_trait v1.2.0
[INFO] [stderr]     Checking miniz_oxide v0.5.1
[INFO] [stderr]    Compiling quote v1.0.18
[INFO] [stderr]     Checking crc32fast v1.3.2
[INFO] [stderr]     Checking bytes v1.1.0
[INFO] [stderr]    Compiling serde_derive v1.0.136
[INFO] [stderr]     Checking pin-project-lite v0.2.9
[INFO] [stderr]    Compiling serde v1.0.136
[INFO] [stderr]     Checking rustc-demangle v0.1.21
[INFO] [stderr]     Checking getrandom v0.2.6
[INFO] [stderr]     Checking num_cpus v1.13.1
[INFO] [stderr]     Checking atty v0.2.14
[INFO] [stderr]     Checking flate2 v1.0.23
[INFO] [stderr]    Compiling pkg-config v0.3.25
[INFO] [stderr]     Checking fallible-iterator v0.2.0
[INFO] [stderr]     Checking termcolor v1.1.3
[INFO] [stderr]     Checking hashbrown v0.11.2
[INFO] [stderr]    Compiling libm v0.2.2
[INFO] [stderr]     Checking object v0.27.1
[INFO] [stderr]     Checking gimli v0.26.1
[INFO] [stderr]     Checking regex v1.5.5
[INFO] [stderr]    Compiling futures-core v0.3.21
[INFO] [stderr]    Compiling openssl-sys v0.9.72
[INFO] [stderr]    Compiling lock_api v0.4.7
[INFO] [stderr]    Compiling num-traits v0.2.14
[INFO] [stderr]     Checking ryu v1.0.9
[INFO] [stderr]    Compiling parking_lot_core v0.9.2
[INFO] [stderr]    Compiling proc-macro-error-attr v1.0.4
[INFO] [stderr]     Checking socket2 v0.4.4
[INFO] [stderr]     Checking mio v0.8.2
[INFO] [stderr]     Checking scopeguard v1.1.0
[INFO] [stderr]    Compiling futures-task v0.3.21
[INFO] [stderr]     Checking tokio v1.18.0
[INFO] [stderr]    Compiling backtrace v0.3.65
[INFO] [stderr]     Checking tracing-core v0.1.26
[INFO] [stderr]    Compiling memoffset v0.6.5
[INFO] [stderr]    Compiling heck v0.4.0
[INFO] [stderr]     Checking os_str_bytes v6.0.0
[INFO] [stderr]    Compiling crossbeam-utils v0.8.8
[INFO] [stderr]    Compiling futures-util v0.3.21
[INFO] [stderr]     Checking foreign-types-shared v0.1.1
[INFO] [stderr]     Checking fnv v1.0.7
[INFO] [stderr]     Checking clap_lex v0.1.1
[INFO] [stderr]     Checking foreign-types v0.3.2
[INFO] [stderr]     Checking http v0.2.6
[INFO] [stderr]    Compiling openssl v0.10.38
[INFO] [stderr]     Checking parking_lot v0.12.0
[INFO] [stderr]     Checking object v0.28.3
[INFO] [stderr]     Checking slab v0.4.6
[INFO] [stderr]     Checking addr2line v0.17.0
[INFO] [stderr]     Checking tinyvec_macros v0.1.0
[INFO] [stderr]    Compiling arrayvec v0.4.12
[INFO] [stderr]    Compiling proc-macro-error v1.0.4
[INFO] [stderr]     Checking pin-utils v0.1.0
[INFO] [stderr]     Checking matches v0.1.9
[INFO] [stderr]    Compiling httparse v1.7.1
[INFO] [stderr]     Checking textwrap v0.15.0
[INFO] [stderr]     Checking futures-sink v0.3.21
[INFO] [stderr]    Compiling native-tls v0.2.10
[INFO] [stderr]    Compiling futures-channel v0.3.21
[INFO] [stderr]     Checking futures-io v0.3.21
[INFO] [stderr]     Checking strsim v0.10.0
[INFO] [stderr]     Checking tinyvec v1.6.0
[INFO] [stderr]     Checking rand_core v0.6.3
[INFO] [stderr]     Checking percent-encoding v2.1.0
[INFO] [stderr]     Checking try-lock v0.2.3
[INFO] [stderr]     Checking ppv-lite86 v0.2.16
[INFO] [stderr]     Checking nodrop v0.1.14
[INFO] [stderr]     Checking openssl-probe v0.1.5
[INFO] [stderr]     Checking remove_dir_all v0.5.3
[INFO] [stderr]     Checking unicode-normalization v0.1.19
[INFO] [stderr]     Checking want v0.3.0
[INFO] [stderr]     Checking rand_chacha v0.3.1
[INFO] [stderr]     Checking form_urlencoded v1.0.1
[INFO] [stderr]     Checking crossbeam-channel v0.5.4
[INFO] [stderr]     Checking http-body v0.4.4
[INFO] [stderr]     Checking nix v0.23.1
[INFO] [stderr]    Compiling num-integer v0.1.44
[INFO] [stderr]     Checking unicode-bidi v0.3.8
[INFO] [stderr]     Checking itoa v0.4.8
[INFO] [stderr]     Checking bytemuck v1.9.1
[INFO] [stderr]     Checking tower-service v0.3.1
[INFO] [stderr]    Compiling anyhow v1.0.57
[INFO] [stderr]     Checking humantime v2.1.0
[INFO] [stderr]     Checking unicode-width v0.1.9
[INFO] [stderr]     Checking httpdate v1.0.2
[INFO] [stderr]    Compiling proc-maps v0.2.0
[INFO] [stderr]     Checking tokio-native-tls v0.3.0
[INFO] [stderr]     Checking rgb v0.8.32
[INFO] [stderr]     Checking num-format v0.4.0
[INFO] [stderr]    Compiling tracing-attributes v0.1.21
[INFO] [stderr]    Compiling clap_derive v3.1.7
[INFO] [stderr]    Compiling scroll_derive v0.10.5
[INFO] [stderr]    Compiling thiserror-impl v1.0.30
[INFO] [stderr]     Checking env_logger v0.9.0
[INFO] [stderr]     Checking idna v0.2.3
[INFO] [stderr]     Checking rand v0.8.5
[INFO] [stderr]     Checking dashmap v5.2.0
[INFO] [stderr]     Checking scroll v0.10.2
[INFO] [stderr]     Checking uuid v0.8.2
[INFO] [stderr]     Checking term_size v0.3.2
[INFO] [stderr]     Checking quick-xml v0.22.0
[INFO] [stderr]     Checking plain v0.2.3
[INFO] [stderr]    Compiling slog v2.7.0
[INFO] [stderr]    Compiling remoteprocess v0.4.8
[INFO] [stderr]     Checking str_stack v0.1.0
[INFO] [stderr]     Checking goblin v0.4.3
[INFO] [stderr]     Checking url v2.2.2
[INFO] [stderr]     Checking encoding_rs v0.8.31
[INFO] [stderr]     Checking thiserror v1.0.30
[INFO] [stderr]     Checking tracing v0.1.34
[INFO] [stderr]     Checking tokio-util v0.7.1
[INFO] [stderr]     Checking time v0.1.44
[INFO] [stderr]     Checking terminal_size v0.1.17
[INFO] [stderr]     Checking nix v0.24.1
[INFO] [stderr]     Checking clap v3.1.12
[INFO] [stderr]     Checking read-process-memory v0.1.4
[INFO] [stderr]     Checking memmap v0.7.0
[INFO] [stderr]     Checking mime v0.3.16
[INFO] [stderr]     Checking fastrand v1.7.0
[INFO] [stderr]     Checking h2 v0.3.13
[INFO] [stderr]    Compiling either v1.6.1
[INFO] [stderr]     Checking base64 v0.13.0
[INFO] [stderr]     Checking ipnet v2.5.0
[INFO] [stderr]    Compiling itertools v0.10.3
[INFO] [stderr]     Checking tempfile v3.3.0
[INFO] [stderr]    Compiling failure_derive v0.1.8
[INFO] [stderr]     Checking chrono v0.4.19
[INFO] [stderr]     Checking ctrlc v3.2.2
[INFO] [stderr]     Checking console v0.15.0
[INFO] [stderr]     Checking debugid v0.7.3
[INFO] [stderr]    Compiling synstructure v0.12.6
[INFO] [stderr]     Checking memmap2 v0.5.3
[INFO] [stderr]    Compiling findshlibs v0.10.2
[INFO] [stderr]    Compiling lexical-core v0.7.6
[INFO] [stderr]    Compiling symbolic-demangle v8.7.0
[INFO] [stderr]     Checking symbolic-common v8.7.0
[INFO] [stderr]     Checking textwrap v0.11.0
[INFO] [stderr]     Checking rand v0.4.6
[INFO] [stderr]     Checking dirs-sys-next v0.1.2
[INFO] [stderr]     Checking dirs-sys v0.3.7
[INFO] [stderr]    Compiling prost-derive v0.10.1
[INFO] [stderr]    Compiling nom v5.1.2
[INFO] [stderr]     Checking static_assertions v1.1.0
[INFO] [stderr]     Checking quick-error v1.2.3
[INFO] [stderr]     Checking strsim v0.8.0
[INFO] [stderr]     Checking ansi_term v0.12.1
[INFO] [stderr]    Compiling pprof v0.8.0
[INFO] [stderr]     Checking vec_map v0.8.2
[INFO] [stderr]     Checking hyper v0.14.18
[INFO] [stderr]     Checking byteorder v0.5.3
[INFO] [stderr]    Compiling py-spy v0.3.11
[INFO] [stderr]     Checking arrayvec v0.5.2
[INFO] [stderr]     Checking number_prefix v0.4.0
[INFO] [stderr]     Checking clap v2.34.0
[INFO] [stderr]     Checking indicatif v0.16.2
[INFO] [stderr]     Checking elf v0.0.10
[INFO] [stderr]     Checking failure v0.1.8
[INFO] [stderr]     Checking tempdir v0.3.7
[INFO] [stderr]     Checking humantime v1.3.0
[INFO] [stderr]     Checking directories v4.0.1
[INFO] [stderr]     Checking dirs-next v2.0.0
[INFO] [stderr]     Checking inferno v0.11.2
[INFO] [stderr]     Checking inferno v0.10.12
[INFO] [stderr]     Checking rand_distr v0.4.3
[INFO] [stderr]     Checking num-traits v0.1.43
[INFO] [stderr]     Checking lru v0.7.5
[INFO] [stderr]     Checking termios v0.3.3
[INFO] [stderr]     Checking thread_local v1.1.4
[INFO] [stderr]    Compiling slog-async v2.7.0
[INFO] [stderr]     Checking num_threads v0.1.5
[INFO] [stderr]     Checking rbspy-ruby-structs v0.12.1
[INFO] [stderr]     Checking serde v0.8.23
[INFO] [stderr]     Checking arc-swap v1.5.0
[INFO] [stderr]     Checking prost v0.10.1
[INFO] [stderr]    Compiling time-macros v0.2.4
[INFO] [stderr]     Checking hyper-tls v0.5.0
[INFO] [stderr]     Checking linked-hash-map v0.5.4
[INFO] [stderr]    Compiling names v0.13.0
[INFO] [stderr]     Checking yaml-rust v0.4.5
[INFO] [stderr]     Checking slog-scope v4.4.0
[INFO] [stderr]     Checking env_logger v0.7.1
[INFO] [stderr]     Checking term v0.7.0
[INFO] [stderr]     Checking serde_json v1.0.79
[INFO] [stderr]     Checking serde_urlencoded v0.7.1
[INFO] [stderr]     Checking toml v0.5.9
[INFO] [stderr]     Checking os_type v2.4.0
[INFO] [stderr]     Checking reqwest v0.11.10
[INFO] [stderr]     Checking os_pipe v0.9.2
[INFO] [stderr]     Checking shared_child v0.3.5
[INFO] [stderr]     Checking serde-hjson v0.9.1
[INFO] [stderr]     Checking rust-ini v0.13.0
[INFO] [stderr]     Checking take_mut v0.2.2
[INFO] [stderr]     Checking human-panic v1.0.3
[INFO] [stderr]     Checking duct v0.13.5
[INFO] [stderr]     Checking time v0.3.9
[INFO] [stderr]     Checking pretty_env_logger v0.4.0
[INFO] [stderr]     Checking config v0.11.0
[INFO] [stderr]     Checking pyroscope v0.5.1
[INFO] [stderr]     Checking slog-stdlog v4.1.1
[INFO] [stderr]     Checking clap_complete v3.1.2
[INFO] [stderr]     Checking better-panic v0.3.0
[INFO] [stderr]     Checking color-backtrace v0.5.1
[INFO] [stderr]     Checking pyroscope_pprofrs v0.2.0
[INFO] [stderr]     Checking slog-term v2.9.0
[INFO] [stderr]     Checking pyroscope_pyspy v0.2.0
[INFO] [stdout] error[E0793]: reference to packed field is unaligned
[INFO] [stdout]     --> /opt/rustwide/cargo-home/registry/src/github.com-1ecc6299db9ec823/rbspy-ruby-structs-0.12.1/src/ruby_2_5_0.rs:2373:223
[INFO] [stdout]      |
[INFO] [stdout] 2373 | ... () , self . alias_count () , self . complemented_count () , self . body , self . original_id)
[INFO] [stdout]      |                                                                 ^^^^^^^^^^^
[INFO] [stdout]      |
[INFO] [stdout]      = note: fields of packed structs are not properly aligned, and creating a misaligned reference is undefined behavior (even if that reference is never dereferenced)
[INFO] [stdout]      = help: copy the field contents to a local variable, or replace the reference with a raw pointer and use `read_unaligned`/`write_unaligned` (loads and stores via `*p` must be properly aligned even when using raw pointers)
[INFO] [stdout]      = note: this error originates in the macro `$crate::format_args` which comes from the expansion of the macro `write` (in Nightly builds, run with -Z macro-backtrace for more info)
[INFO] [stdout] 
[INFO] [stdout] 
[INFO] [stdout] error[E0793]: reference to packed field is unaligned
[INFO] [stdout]     --> /opt/rustwide/cargo-home/registry/src/github.com-1ecc6299db9ec823/rbspy-ruby-structs-0.12.1/src/ruby_2_5_0.rs:2373:237
[INFO] [stdout]      |
[INFO] [stdout] 2373 | ...s_count () , self . complemented_count () , self . body , self . original_id)
[INFO] [stdout]      |                                                              ^^^^^^^^^^^^^^^^^^
[INFO] [stdout]      |
[INFO] [stdout]      = note: fields of packed structs are not properly aligned, and creating a misaligned reference is undefined behavior (even if that reference is never dereferenced)
[INFO] [stdout]      = help: copy the field contents to a local variable, or replace the reference with a raw pointer and use `read_unaligned`/`write_unaligned` (loads and stores via `*p` must be properly aligned even when using raw pointers)
[INFO] [stdout]      = note: this error originates in the macro `$crate::format_args` which comes from the expansion of the macro `write` (in Nightly builds, run with -Z macro-backtrace for more info)
[INFO] [stdout] 
[INFO] [stdout] 
[INFO] [stdout] error[E0793]: reference to packed field is unaligned
[INFO] [stdout]     --> /opt/rustwide/cargo-home/registry/src/github.com-1ecc6299db9ec823/rbspy-ruby-structs-0.12.1/src/ruby_2_5_1.rs:2373:223
[INFO] [stdout]      |
[INFO] [stdout] 2373 | ... () , self . alias_count () , self . complemented_count () , self . body , self . original_id)
[INFO] [stdout]      |                                                                 ^^^^^^^^^^^
[INFO] [stdout]      |
[INFO] [stdout]      = note: fields of packed structs are not properly aligned, and creating a misaligned reference is undefined behavior (even if that reference is never dereferenced)
[INFO] [stdout]      = help: copy the field contents to a local variable, or replace the reference with a raw pointer and use `read_unaligned`/`write_unaligned` (loads and stores via `*p` must be properly aligned even when using raw pointers)
[INFO] [stdout]      = note: this error originates in the macro `$crate::format_args` which comes from the expansion of the macro `write` (in Nightly builds, run with -Z macro-backtrace for more info)
[INFO] [stdout] 
[INFO] [stdout] 
[INFO] [stdout] error[E0793]: reference to packed field is unaligned
[INFO] [stdout]     --> /opt/rustwide/cargo-home/registry/src/github.com-1ecc6299db9ec823/rbspy-ruby-structs-0.12.1/src/ruby_2_5_1.rs:2373:237
[INFO] [stdout]      |
[INFO] [stdout] 2373 | ...s_count () , self . complemented_count () , self . body , self . original_id)
[INFO] [stdout]      |                                                              ^^^^^^^^^^^^^^^^^^
[INFO] [stdout]      |
[INFO] [stdout]      = note: fields of packed structs are not properly aligned, and creating a misaligned reference is undefined behavior (even if that reference is never dereferenced)
[INFO] [stdout]      = help: copy the field contents to a local variable, or replace the reference with a raw pointer and use `read_unaligned`/`write_unaligned` (loads and stores via `*p` must be properly aligned even when using raw pointers)
[INFO] [stdout]      = note: this error originates in the macro `$crate::format_args` which comes from the expansion of the macro `write` (in Nightly builds, run with -Z macro-backtrace for more info)
[INFO] [stdout] 
[INFO] [stdout] 
[INFO] [stdout] error[E0793]: reference to packed field is unaligned
[INFO] [stdout]     --> /opt/rustwide/cargo-home/registry/src/github.com-1ecc6299db9ec823/rbspy-ruby-structs-0.12.1/src/ruby_2_5_2.rs:2373:223
[INFO] [stdout]      |
[INFO] [stdout] 2373 | ... () , self . alias_count () , self . complemented_count () , self . body , self . original_id)
[INFO] [stdout]      |                                                                 ^^^^^^^^^^^
[INFO] [stdout]      |
[INFO] [stdout]      = note: fields of packed structs are not properly aligned, and creating a misaligned reference is undefined behavior (even if that reference is never dereferenced)
[INFO] [stdout]      = help: copy the field contents to a local variable, or replace the reference with a raw pointer and use `read_unaligned`/`write_unaligned` (loads and stores via `*p` must be properly aligned even when using raw pointers)
[INFO] [stdout]      = note: this error originates in the macro `$crate::format_args` which comes from the expansion of the macro `write` (in Nightly builds, run with -Z macro-backtrace for more info)
[INFO] [stdout] 
[INFO] [stdout] 
[INFO] [stdout] error[E0793]: reference to packed field is unaligned
[INFO] [stdout]     --> /opt/rustwide/cargo-home/registry/src/github.com-1ecc6299db9ec823/rbspy-ruby-structs-0.12.1/src/ruby_2_5_2.rs:2373:237
[INFO] [stdout]      |
[INFO] [stdout] 2373 | ...s_count () , self . complemented_count () , self . body , self . original_id)
[INFO] [stdout]      |                                                              ^^^^^^^^^^^^^^^^^^
[INFO] [stdout]      |
[INFO] [stdout]      = note: fields of packed structs are not properly aligned, and creating a misaligned reference is undefined behavior (even if that reference is never dereferenced)
[INFO] [stdout]      = help: copy the field contents to a local variable, or replace the reference with a raw pointer and use `read_unaligned`/`write_unaligned` (loads and stores via `*p` must be properly aligned even when using raw pointers)
[INFO] [stdout]      = note: this error originates in the macro `$crate::format_args` which comes from the expansion of the macro `write` (in Nightly builds, run with -Z macro-backtrace for more info)
[INFO] [stdout] 
[INFO] [stdout] 
[INFO] [stdout] error[E0793]: reference to packed field is unaligned
[INFO] [stdout]     --> /opt/rustwide/cargo-home/registry/src/github.com-1ecc6299db9ec823/rbspy-ruby-structs-0.12.1/src/ruby_2_5_3.rs:2373:223
[INFO] [stdout]      |
[INFO] [stdout] 2373 | ... () , self . alias_count () , self . complemented_count () , self . body , self . original_id)
[INFO] [stdout]      |                                                                 ^^^^^^^^^^^
[INFO] [stdout]      |
[INFO] [stdout]      = note: fields of packed structs are not properly aligned, and creating a misaligned reference is undefined behavior (even if that reference is never dereferenced)
[INFO] [stdout]      = help: copy the field contents to a local variable, or replace the reference with a raw pointer and use `read_unaligned`/`write_unaligned` (loads and stores via `*p` must be properly aligned even when using raw pointers)
[INFO] [stdout]      = note: this error originates in the macro `$crate::format_args` which comes from the expansion of the macro `write` (in Nightly builds, run with -Z macro-backtrace for more info)
[INFO] [stdout] 
[INFO] [stdout] 
[INFO] [stdout] error[E0793]: reference to packed field is unaligned
[INFO] [stdout]     --> /opt/rustwide/cargo-home/registry/src/github.com-1ecc6299db9ec823/rbspy-ruby-structs-0.12.1/src/ruby_2_5_3.rs:2373:237
[INFO] [stdout]      |
[INFO] [stdout] 2373 | ...s_count () , self . complemented_count () , self . body , self . original_id)
[INFO] [stdout]      |                                                              ^^^^^^^^^^^^^^^^^^
[INFO] [stdout]      |
[INFO] [stdout]      = note: fields of packed structs are not properly aligned, and creating a misaligned reference is undefined behavior (even if that reference is never dereferenced)
[INFO] [stdout]      = help: copy the field contents to a local variable, or replace the reference with a raw pointer and use `read_unaligned`/`write_unaligned` (loads and stores via `*p` must be properly aligned even when using raw pointers)
[INFO] [stdout]      = note: this error originates in the macro `$crate::format_args` which comes from the expansion of the macro `write` (in Nightly builds, run with -Z macro-backtrace for more info)
[INFO] [stdout] 
[INFO] [stdout] 
[INFO] [stdout] error[E0793]: reference to packed field is unaligned
[INFO] [stdout]     --> /opt/rustwide/cargo-home/registry/src/github.com-1ecc6299db9ec823/rbspy-ruby-structs-0.12.1/src/ruby_2_5_4.rs:2373:223
[INFO] [stdout]      |
[INFO] [stdout] 2373 | ... () , self . alias_count () , self . complemented_count () , self . body , self . original_id)
[INFO] [stdout]      |                                                                 ^^^^^^^^^^^
[INFO] [stdout]      |
[INFO] [stdout]      = note: fields of packed structs are not properly aligned, and creating a misaligned reference is undefined behavior (even if that reference is never dereferenced)
[INFO] [stdout]      = help: copy the field contents to a local variable, or replace the reference with a raw pointer and use `read_unaligned`/`write_unaligned` (loads and stores via `*p` must be properly aligned even when using raw pointers)
[INFO] [stdout]      = note: this error originates in the macro `$crate::format_args` which comes from the expansion of the macro `write` (in Nightly builds, run with -Z macro-backtrace for more info)
[INFO] [stdout] 
[INFO] [stdout] 
[INFO] [stdout] error[E0793]: reference to packed field is unaligned
[INFO] [stdout]     --> /opt/rustwide/cargo-home/registry/src/github.com-1ecc6299db9ec823/rbspy-ruby-structs-0.12.1/src/ruby_2_5_4.rs:2373:237
[INFO] [stdout]      |
[INFO] [stdout] 2373 | ...s_count () , self . complemented_count () , self . body , self . original_id)
[INFO] [stdout]      |                                                              ^^^^^^^^^^^^^^^^^^
[INFO] [stdout]      |
[INFO] [stdout]      = note: fields of packed structs are not properly aligned, and creating a misaligned reference is undefined behavior (even if that reference is never dereferenced)
[INFO] [stdout]      = help: copy the field contents to a local variable, or replace the reference with a raw pointer and use `read_unaligned`/`write_unaligned` (loads and stores via `*p` must be properly aligned even when using raw pointers)
[INFO] [stdout]      = note: this error originates in the macro `$crate::format_args` which comes from the expansion of the macro `write` (in Nightly builds, run with -Z macro-backtrace for more info)
[INFO] [stdout] 
[INFO] [stdout] 
[INFO] [stdout] error[E0793]: reference to packed field is unaligned
[INFO] [stdout]     --> /opt/rustwide/cargo-home/registry/src/github.com-1ecc6299db9ec823/rbspy-ruby-structs-0.12.1/src/ruby_2_5_5.rs:2373:223
[INFO] [stdout]      |
[INFO] [stdout] 2373 | ... () , self . alias_count () , self . complemented_count () , self . body , self . original_id)
[INFO] [stdout]      |                                                                 ^^^^^^^^^^^
[INFO] [stdout]      |
[INFO] [stdout]      = note: fields of packed structs are not properly aligned, and creating a misaligned reference is undefined behavior (even if that reference is never dereferenced)
[INFO] [stdout]      = help: copy the field contents to a local variable, or replace the reference with a raw pointer and use `read_unaligned`/`write_unaligned` (loads and stores via `*p` must be properly aligned even when using raw pointers)
[INFO] [stdout]      = note: this error originates in the macro `$crate::format_args` which comes from the expansion of the macro `write` (in Nightly builds, run with -Z macro-backtrace for more info)
[INFO] [stdout] 
[INFO] [stdout] 
[INFO] [stdout] error[E0793]: reference to packed field is unaligned
[INFO] [stdout]     --> /opt/rustwide/cargo-home/registry/src/github.com-1ecc6299db9ec823/rbspy-ruby-structs-0.12.1/src/ruby_2_5_5.rs:2373:237
[INFO] [stdout]      |
[INFO] [stdout] 2373 | ...s_count () , self . complemented_count () , self . body , self . original_id)
[INFO] [stdout]      |                                                              ^^^^^^^^^^^^^^^^^^
[INFO] [stdout]      |
[INFO] [stdout]      = note: fields of packed structs are not properly aligned, and creating a misaligned reference is undefined behavior (even if that reference is never dereferenced)
[INFO] [stdout]      = help: copy the field contents to a local variable, or replace the reference with a raw pointer and use `read_unaligned`/`write_unaligned` (loads and stores via `*p` must be properly aligned even when using raw pointers)
[INFO] [stdout]      = note: this error originates in the macro `$crate::format_args` which comes from the expansion of the macro `write` (in Nightly builds, run with -Z macro-backtrace for more info)
[INFO] [stdout] 
[INFO] [stdout] 
[INFO] [stdout] error[E0793]: reference to packed field is unaligned
[INFO] [stdout]     --> /opt/rustwide/cargo-home/registry/src/github.com-1ecc6299db9ec823/rbspy-ruby-structs-0.12.1/src/ruby_2_5_6.rs:2373:223
[INFO] [stdout]      |
[INFO] [stdout] 2373 | ... () , self . alias_count () , self . complemented_count () , self . body , self . original_id)
[INFO] [stdout]      |                                                                 ^^^^^^^^^^^
[INFO] [stdout]      |
[INFO] [stdout]      = note: fields of packed structs are not properly aligned, and creating a misaligned reference is undefined behavior (even if that reference is never dereferenced)
[INFO] [stdout]      = help: copy the field contents to a local variable, or replace the reference with a raw pointer and use `read_unaligned`/`write_unaligned` (loads and stores via `*p` must be properly aligned even when using raw pointers)
[INFO] [stdout]      = note: this error originates in the macro `$crate::format_args` which comes from the expansion of the macro `write` (in Nightly builds, run with -Z macro-backtrace for more info)
[INFO] [stdout] 
[INFO] [stdout] 
[INFO] [stdout] error[E0793]: reference to packed field is unaligned
[INFO] [stdout]     --> /opt/rustwide/cargo-home/registry/src/github.com-1ecc6299db9ec823/rbspy-ruby-structs-0.12.1/src/ruby_2_5_6.rs:2373:237
[INFO] [stdout]      |
[INFO] [stdout] 2373 | ...s_count () , self . complemented_count () , self . body , self . original_id)
[INFO] [stdout]      |                                                              ^^^^^^^^^^^^^^^^^^
[INFO] [stdout]      |
[INFO] [stdout]      = note: fields of packed structs are not properly aligned, and creating a misaligned reference is undefined behavior (even if that reference is never dereferenced)
[INFO] [stdout]      = help: copy the field contents to a local variable, or replace the reference with a raw pointer and use `read_unaligned`/`write_unaligned` (loads and stores via `*p` must be properly aligned even when using raw pointers)
[INFO] [stdout]      = note: this error originates in the macro `$crate::format_args` which comes from the expansion of the macro `write` (in Nightly builds, run with -Z macro-backtrace for more info)
[INFO] [stdout] 
[INFO] [stdout] 
[INFO] [stdout] error[E0793]: reference to packed field is unaligned
[INFO] [stdout]     --> /opt/rustwide/cargo-home/registry/src/github.com-1ecc6299db9ec823/rbspy-ruby-structs-0.12.1/src/ruby_2_5_7.rs:2373:223
[INFO] [stdout]      |
[INFO] [stdout] 2373 | ... () , self . alias_count () , self . complemented_count () , self . body , self . original_id)
[INFO] [stdout]      |                                                                 ^^^^^^^^^^^
[INFO] [stdout]      |
[INFO] [stdout]      = note: fields of packed structs are not properly aligned, and creating a misaligned reference is undefined behavior (even if that reference is never dereferenced)
[INFO] [stdout]      = help: copy the field contents to a local variable, or replace the reference with a raw pointer and use `read_unaligned`/`write_unaligned` (loads and stores via `*p` must be properly aligned even when using raw pointers)
[INFO] [stdout]      = note: this error originates in the macro `$crate::format_args` which comes from the expansion of the macro `write` (in Nightly builds, run with -Z macro-backtrace for more info)
[INFO] [stdout] 
[INFO] [stdout] 
[INFO] [stdout] error[E0793]: reference to packed field is unaligned
[INFO] [stdout]     --> /opt/rustwide/cargo-home/registry/src/github.com-1ecc6299db9ec823/rbspy-ruby-structs-0.12.1/src/ruby_2_5_7.rs:2373:237
[INFO] [stdout]      |
[INFO] [stdout] 2373 | ...s_count () , self . complemented_count () , self . body , self . original_id)
[INFO] [stdout]      |                                                              ^^^^^^^^^^^^^^^^^^
[INFO] [stdout]      |
[INFO] [stdout]      = note: fields of packed structs are not properly aligned, and creating a misaligned reference is undefined behavior (even if that reference is never dereferenced)
[INFO] [stdout]      = help: copy the field contents to a local variable, or replace the reference with a raw pointer and use `read_unaligned`/`write_unaligned` (loads and stores via `*p` must be properly aligned even when using raw pointers)
[INFO] [stdout]      = note: this error originates in the macro `$crate::format_args` which comes from the expansion of the macro `write` (in Nightly builds, run with -Z macro-backtrace for more info)
[INFO] [stdout] 
[INFO] [stdout] 
[INFO] [stdout] error[E0793]: reference to packed field is unaligned
[INFO] [stdout]     --> /opt/rustwide/cargo-home/registry/src/github.com-1ecc6299db9ec823/rbspy-ruby-structs-0.12.1/src/ruby_2_5_8.rs:2373:223
[INFO] [stdout]      |
[INFO] [stdout] 2373 | ... () , self . alias_count () , self . complemented_count () , self . body , self . original_id)
[INFO] [stdout]      |                                                                 ^^^^^^^^^^^
[INFO] [stdout]      |
[INFO] [stdout]      = note: fields of packed structs are not properly aligned, and creating a misaligned reference is undefined behavior (even if that reference is never dereferenced)
[INFO] [stdout]      = help: copy the field contents to a local variable, or replace the reference with a raw pointer and use `read_unaligned`/`write_unaligned` (loads and stores via `*p` must be properly aligned even when using raw pointers)
[INFO] [stdout]      = note: this error originates in the macro `$crate::format_args` which comes from the expansion of the macro `write` (in Nightly builds, run with -Z macro-backtrace for more info)
[INFO] [stdout] 
[INFO] [stdout] 
[INFO] [stdout] error[E0793]: reference to packed field is unaligned
[INFO] [stdout]     --> /opt/rustwide/cargo-home/registry/src/github.com-1ecc6299db9ec823/rbspy-ruby-structs-0.12.1/src/ruby_2_5_8.rs:2373:237
[INFO] [stdout]      |
[INFO] [stdout] 2373 | ...s_count () , self . complemented_count () , self . body , self . original_id)
[INFO] [stdout]      |                                                              ^^^^^^^^^^^^^^^^^^
[INFO] [stdout]      |
[INFO] [stdout]      = note: fields of packed structs are not properly aligned, and creating a misaligned reference is undefined behavior (even if that reference is never dereferenced)
[INFO] [stdout]      = help: copy the field contents to a local variable, or replace the reference with a raw pointer and use `read_unaligned`/`write_unaligned` (loads and stores via `*p` must be properly aligned even when using raw pointers)
[INFO] [stdout]      = note: this error originates in the macro `$crate::format_args` which comes from the expansion of the macro `write` (in Nightly builds, run with -Z macro-backtrace for more info)
[INFO] [stdout] 
[INFO] [stdout] 
[INFO] [stdout] error[E0793]: reference to packed field is unaligned
[INFO] [stdout]     --> /opt/rustwide/cargo-home/registry/src/github.com-1ecc6299db9ec823/rbspy-ruby-structs-0.12.1/src/ruby_2_5_9.rs:2373:223
[INFO] [stdout]      |
[INFO] [stdout] 2373 | ... () , self . alias_count () , self . complemented_count () , self . body , self . original_id)
[INFO] [stdout]      |                                                                 ^^^^^^^^^^^
[INFO] [stdout]      |
[INFO] [stdout]      = note: fields of packed structs are not properly aligned, and creating a misaligned reference is undefined behavior (even if that reference is never dereferenced)
[INFO] [stdout]      = help: copy the field contents to a local variable, or replace the reference with a raw pointer and use `read_unaligned`/`write_unaligned` (loads and stores via `*p` must be properly aligned even when using raw pointers)
[INFO] [stdout]      = note: this error originates in the macro `$crate::format_args` which comes from the expansion of the macro `write` (in Nightly builds, run with -Z macro-backtrace for more info)
[INFO] [stdout] 
[INFO] [stdout] 
[INFO] [stdout] error[E0793]: reference to packed field is unaligned
[INFO] [stdout]     --> /opt/rustwide/cargo-home/registry/src/github.com-1ecc6299db9ec823/rbspy-ruby-structs-0.12.1/src/ruby_2_5_9.rs:2373:237
[INFO] [stdout]      |
[INFO] [stdout] 2373 | ...s_count () , self . complemented_count () , self . body , self . original_id)
[INFO] [stdout]      |                                                              ^^^^^^^^^^^^^^^^^^
[INFO] [stdout]      |
[INFO] [stdout]      = note: fields of packed structs are not properly aligned, and creating a misaligned reference is undefined behavior (even if that reference is never dereferenced)
[INFO] [stdout]      = help: copy the field contents to a local variable, or replace the reference with a raw pointer and use `read_unaligned`/`write_unaligned` (loads and stores via `*p` must be properly aligned even when using raw pointers)
[INFO] [stdout]      = note: this error originates in the macro `$crate::format_args` which comes from the expansion of the macro `write` (in Nightly builds, run with -Z macro-backtrace for more info)
[INFO] [stdout] 
[INFO] [stdout] 
[INFO] [stdout] error[E0793]: reference to packed field is unaligned
[INFO] [stdout]     --> /opt/rustwide/cargo-home/registry/src/github.com-1ecc6299db9ec823/rbspy-ruby-structs-0.12.1/src/ruby_2_6_0.rs:2459:223
[INFO] [stdout]      |
[INFO] [stdout] 2459 | ... () , self . alias_count () , self . complemented_count () , self . body , self . original_id)
[INFO] [stdout]      |                                                                 ^^^^^^^^^^^
[INFO] [stdout]      |
[INFO] [stdout]      = note: fields of packed structs are not properly aligned, and creating a misaligned reference is undefined behavior (even if that reference is never dereferenced)
[INFO] [stdout]      = help: copy the field contents to a local variable, or replace the reference with a raw pointer and use `read_unaligned`/`write_unaligned` (loads and stores via `*p` must be properly aligned even when using raw pointers)
[INFO] [stdout]      = note: this error originates in the macro `$crate::format_args` which comes from the expansion of the macro `write` (in Nightly builds, run with -Z macro-backtrace for more info)
[INFO] [stdout] 
[INFO] [stdout] 
[INFO] [stdout] error[E0793]: reference to packed field is unaligned
[INFO] [stdout]     --> /opt/rustwide/cargo-home/registry/src/github.com-1ecc6299db9ec823/rbspy-ruby-structs-0.12.1/src/ruby_2_6_0.rs:2459:237
[INFO] [stdout]      |
[INFO] [stdout] 2459 | ...s_count () , self . complemented_count () , self . body , self . original_id)
[INFO] [stdout]      |                                                              ^^^^^^^^^^^^^^^^^^
[INFO] [stdout]      |
[INFO] [stdout]      = note: fields of packed structs are not properly aligned, and creating a misaligned reference is undefined behavior (even if that reference is never dereferenced)
[INFO] [stdout]      = help: copy the field contents to a local variable, or replace the reference with a raw pointer and use `read_unaligned`/`write_unaligned` (loads and stores via `*p` must be properly aligned even when using raw pointers)
[INFO] [stdout]      = note: this error originates in the macro `$crate::format_args` which comes from the expansion of the macro `write` (in Nightly builds, run with -Z macro-backtrace for more info)
[INFO] [stdout] 
[INFO] [stdout] 
[INFO] [stdout] error[E0507]: cannot move out of `self.entries` which is behind a shared reference
[INFO] [stdout]     --> /opt/rustwide/cargo-home/registry/src/github.com-1ecc6299db9ec823/rbspy-ruby-structs-0.12.1/src/ruby_2_6_0.rs:7586:5
[INFO] [stdout]      |
[INFO] [stdout] 7583 | #[derive(Debug)]
[INFO] [stdout]      |          ----- in this derive macro expansion
[INFO] [stdout] ...
[INFO] [stdout] 7586 |     pub entries: __IncompleteArrayField<iseq_catch_table_entry>,
[INFO] [stdout]      |     ^^^^^^^^^^^^^^^^^^^^^^^^^^^^^^^^^^^^^^^^^^^^^^^^^^^^^^^^^^^ move occurs because `self.entries` has type `ruby_2_6_0::__IncompleteArrayField<ruby_2_6_0::iseq_catch_table_entry>`, which does not implement the `Copy` trait
[INFO] [stdout]      |
[INFO] [stdout]      = note: this error originates in the derive macro `Debug` (in Nightly builds, run with -Z macro-backtrace for more info)
[INFO] [stdout] 
[INFO] [stdout] 
[INFO] [stdout] error[E0793]: reference to packed field is unaligned
[INFO] [stdout]     --> /opt/rustwide/cargo-home/registry/src/github.com-1ecc6299db9ec823/rbspy-ruby-structs-0.12.1/src/ruby_2_6_1.rs:2459:223
[INFO] [stdout]      |
[INFO] [stdout] 2459 | ... () , self . alias_count () , self . complemented_count () , self . body , self . original_id)
[INFO] [stdout]      |                                                                 ^^^^^^^^^^^
[INFO] [stdout]      |
[INFO] [stdout]      = note: fields of packed structs are not properly aligned, and creating a misaligned reference is undefined behavior (even if that reference is never dereferenced)
[INFO] [stdout]      = help: copy the field contents to a local variable, or replace the reference with a raw pointer and use `read_unaligned`/`write_unaligned` (loads and stores via `*p` must be properly aligned even when using raw pointers)
[INFO] [stdout]      = note: this error originates in the macro `$crate::format_args` which comes from the expansion of the macro `write` (in Nightly builds, run with -Z macro-backtrace for more info)
[INFO] [stdout] 
[INFO] [stdout] 
[INFO] [stdout] error[E0793]: reference to packed field is unaligned
[INFO] [stdout]     --> /opt/rustwide/cargo-home/registry/src/github.com-1ecc6299db9ec823/rbspy-ruby-structs-0.12.1/src/ruby_2_6_1.rs:2459:237
[INFO] [stdout]      |
[INFO] [stdout] 2459 | ...s_count () , self . complemented_count () , self . body , self . original_id)
[INFO] [stdout]      |                                                              ^^^^^^^^^^^^^^^^^^
[INFO] [stdout]      |
[INFO] [stdout]      = note: fields of packed structs are not properly aligned, and creating a misaligned reference is undefined behavior (even if that reference is never dereferenced)
[INFO] [stdout]      = help: copy the field contents to a local variable, or replace the reference with a raw pointer and use `read_unaligned`/`write_unaligned` (loads and stores via `*p` must be properly aligned even when using raw pointers)
[INFO] [stdout]      = note: this error originates in the macro `$crate::format_args` which comes from the expansion of the macro `write` (in Nightly builds, run with -Z macro-backtrace for more info)
[INFO] [stdout] 
[INFO] [stdout] 
[INFO] [stdout] error[E0507]: cannot move out of `self.entries` which is behind a shared reference
[INFO] [stdout]     --> /opt/rustwide/cargo-home/registry/src/github.com-1ecc6299db9ec823/rbspy-ruby-structs-0.12.1/src/ruby_2_6_1.rs:7586:5
[INFO] [stdout]      |
[INFO] [stdout] 7583 | #[derive(Debug)]
[INFO] [stdout]      |          ----- in this derive macro expansion
[INFO] [stdout] ...
[INFO] [stdout] 7586 |     pub entries: __IncompleteArrayField<iseq_catch_table_entry>,
[INFO] [stdout]      |     ^^^^^^^^^^^^^^^^^^^^^^^^^^^^^^^^^^^^^^^^^^^^^^^^^^^^^^^^^^^ move occurs because `self.entries` has type `ruby_2_6_1::__IncompleteArrayField<ruby_2_6_1::iseq_catch_table_entry>`, which does not implement the `Copy` trait
[INFO] [stdout]      |
[INFO] [stdout]      = note: this error originates in the derive macro `Debug` (in Nightly builds, run with -Z macro-backtrace for more info)
[INFO] [stdout] 
[INFO] [stdout] 
[INFO] [stdout] error[E0793]: reference to packed field is unaligned
[INFO] [stdout]     --> /opt/rustwide/cargo-home/registry/src/github.com-1ecc6299db9ec823/rbspy-ruby-structs-0.12.1/src/ruby_2_6_10.rs:2464:223
[INFO] [stdout]      |
[INFO] [stdout] 2464 | ... () , self . alias_count () , self . complemented_count () , self . body , self . original_id)
[INFO] [stdout]      |                                                                 ^^^^^^^^^^^
[INFO] [stdout]      |
[INFO] [stdout]      = note: fields of packed structs are not properly aligned, and creating a misaligned reference is undefined behavior (even if that reference is never dereferenced)
[INFO] [stdout]      = help: copy the field contents to a local variable, or replace the reference with a raw pointer and use `read_unaligned`/`write_unaligned` (loads and stores via `*p` must be properly aligned even when using raw pointers)
[INFO] [stdout]      = note: this error originates in the macro `$crate::format_args` which comes from the expansion of the macro `write` (in Nightly builds, run with -Z macro-backtrace for more info)
[INFO] [stdout] 
[INFO] [stdout] 
[INFO] [stdout] error[E0793]: reference to packed field is unaligned
[INFO] [stdout]     --> /opt/rustwide/cargo-home/registry/src/github.com-1ecc6299db9ec823/rbspy-ruby-structs-0.12.1/src/ruby_2_6_10.rs:2464:237
[INFO] [stdout]      |
[INFO] [stdout] 2464 | ...s_count () , self . complemented_count () , self . body , self . original_id)
[INFO] [stdout]      |                                                              ^^^^^^^^^^^^^^^^^^
[INFO] [stdout]      |
[INFO] [stdout]      = note: fields of packed structs are not properly aligned, and creating a misaligned reference is undefined behavior (even if that reference is never dereferenced)
[INFO] [stdout]      = help: copy the field contents to a local variable, or replace the reference with a raw pointer and use `read_unaligned`/`write_unaligned` (loads and stores via `*p` must be properly aligned even when using raw pointers)
[INFO] [stdout]      = note: this error originates in the macro `$crate::format_args` which comes from the expansion of the macro `write` (in Nightly builds, run with -Z macro-backtrace for more info)
[INFO] [stdout] 
[INFO] [stdout] 
[INFO] [stdout] error[E0507]: cannot move out of `self.entries` which is behind a shared reference
[INFO] [stdout]     --> /opt/rustwide/cargo-home/registry/src/github.com-1ecc6299db9ec823/rbspy-ruby-structs-0.12.1/src/ruby_2_6_10.rs:7586:5
[INFO] [stdout]      |
[INFO] [stdout] 7583 | #[derive(Debug)]
[INFO] [stdout]      |          ----- in this derive macro expansion
[INFO] [stdout] ...
[INFO] [stdout] 7586 |     pub entries: __IncompleteArrayField<iseq_catch_table_entry>,
[INFO] [stdout]      |     ^^^^^^^^^^^^^^^^^^^^^^^^^^^^^^^^^^^^^^^^^^^^^^^^^^^^^^^^^^^ move occurs because `self.entries` has type `ruby_2_6_10::__IncompleteArrayField<ruby_2_6_10::iseq_catch_table_entry>`, which does not implement the `Copy` trait
[INFO] [stdout]      |
[INFO] [stdout]      = note: this error originates in the derive macro `Debug` (in Nightly builds, run with -Z macro-backtrace for more info)
[INFO] [stdout] 
[INFO] [stdout] 
[INFO] [stdout] error[E0793]: reference to packed field is unaligned
[INFO] [stdout]     --> /opt/rustwide/cargo-home/registry/src/github.com-1ecc6299db9ec823/rbspy-ruby-structs-0.12.1/src/ruby_2_6_2.rs:2459:223
[INFO] [stdout]      |
[INFO] [stdout] 2459 | ... () , self . alias_count () , self . complemented_count () , self . body , self . original_id)
[INFO] [stdout]      |                                                                 ^^^^^^^^^^^
[INFO] [stdout]      |
[INFO] [stdout]      = note: fields of packed structs are not properly aligned, and creating a misaligned reference is undefined behavior (even if that reference is never dereferenced)
[INFO] [stdout]      = help: copy the field contents to a local variable, or replace the reference with a raw pointer and use `read_unaligned`/`write_unaligned` (loads and stores via `*p` must be properly aligned even when using raw pointers)
[INFO] [stdout]      = note: this error originates in the macro `$crate::format_args` which comes from the expansion of the macro `write` (in Nightly builds, run with -Z macro-backtrace for more info)
[INFO] [stdout] 
[INFO] [stdout] 
[INFO] [stdout] error[E0793]: reference to packed field is unaligned
[INFO] [stdout]     --> /opt/rustwide/cargo-home/registry/src/github.com-1ecc6299db9ec823/rbspy-ruby-structs-0.12.1/src/ruby_2_6_2.rs:2459:237
[INFO] [stdout]      |
[INFO] [stdout] 2459 | ...s_count () , self . complemented_count () , self . body , self . original_id)
[INFO] [stdout]      |                                                              ^^^^^^^^^^^^^^^^^^
[INFO] [stdout]      |
[INFO] [stdout]      = note: fields of packed structs are not properly aligned, and creating a misaligned reference is undefined behavior (even if that reference is never dereferenced)
[INFO] [stdout]      = help: copy the field contents to a local variable, or replace the reference with a raw pointer and use `read_unaligned`/`write_unaligned` (loads and stores via `*p` must be properly aligned even when using raw pointers)
[INFO] [stdout]      = note: this error originates in the macro `$crate::format_args` which comes from the expansion of the macro `write` (in Nightly builds, run with -Z macro-backtrace for more info)
[INFO] [stdout] 
[INFO] [stdout] 
[INFO] [stdout] error[E0507]: cannot move out of `self.entries` which is behind a shared reference
[INFO] [stdout]     --> /opt/rustwide/cargo-home/registry/src/github.com-1ecc6299db9ec823/rbspy-ruby-structs-0.12.1/src/ruby_2_6_2.rs:7586:5
[INFO] [stdout]      |
[INFO] [stdout] 7583 | #[derive(Debug)]
[INFO] [stdout]      |          ----- in this derive macro expansion
[INFO] [stdout] ...
[INFO] [stdout] 7586 |     pub entries: __IncompleteArrayField<iseq_catch_table_entry>,
[INFO] [stdout]      |     ^^^^^^^^^^^^^^^^^^^^^^^^^^^^^^^^^^^^^^^^^^^^^^^^^^^^^^^^^^^ move occurs because `self.entries` has type `ruby_2_6_2::__IncompleteArrayField<ruby_2_6_2::iseq_catch_table_entry>`, which does not implement the `Copy` trait
[INFO] [stdout]      |
[INFO] [stdout]      = note: this error originates in the derive macro `Debug` (in Nightly builds, run with -Z macro-backtrace for more info)
[INFO] [stdout] 
[INFO] [stdout] 
[INFO] [stdout] error[E0793]: reference to packed field is unaligned
[INFO] [stdout]     --> /opt/rustwide/cargo-home/registry/src/github.com-1ecc6299db9ec823/rbspy-ruby-structs-0.12.1/src/ruby_2_6_3.rs:2459:223
[INFO] [stdout]      |
[INFO] [stdout] 2459 | ... () , self . alias_count () , self . complemented_count () , self . body , self . original_id)
[INFO] [stdout]      |                                                                 ^^^^^^^^^^^
[INFO] [stdout]      |
[INFO] [stdout]      = note: fields of packed structs are not properly aligned, and creating a misaligned reference is undefined behavior (even if that reference is never dereferenced)
[INFO] [stdout]      = help: copy the field contents to a local variable, or replace the reference with a raw pointer and use `read_unaligned`/`write_unaligned` (loads and stores via `*p` must be properly aligned even when using raw pointers)
[INFO] [stdout]      = note: this error originates in the macro `$crate::format_args` which comes from the expansion of the macro `write` (in Nightly builds, run with -Z macro-backtrace for more info)
[INFO] [stdout] 
[INFO] [stdout] 
[INFO] [stdout] error[E0793]: reference to packed field is unaligned
[INFO] [stdout]     --> /opt/rustwide/cargo-home/registry/src/github.com-1ecc6299db9ec823/rbspy-ruby-structs-0.12.1/src/ruby_2_6_3.rs:2459:237
[INFO] [stdout]      |
[INFO] [stdout] 2459 | ...s_count () , self . complemented_count () , self . body , self . original_id)
[INFO] [stdout]      |                                                              ^^^^^^^^^^^^^^^^^^
[INFO] [stdout]      |
[INFO] [stdout]      = note: fields of packed structs are not properly aligned, and creating a misaligned reference is undefined behavior (even if that reference is never dereferenced)
[INFO] [stdout]      = help: copy the field contents to a local variable, or replace the reference with a raw pointer and use `read_unaligned`/`write_unaligned` (loads and stores via `*p` must be properly aligned even when using raw pointers)
[INFO] [stdout]      = note: this error originates in the macro `$crate::format_args` which comes from the expansion of the macro `write` (in Nightly builds, run with -Z macro-backtrace for more info)
[INFO] [stdout] 
[INFO] [stdout] 
[INFO] [stdout] error[E0507]: cannot move out of `self.entries` which is behind a shared reference
[INFO] [stdout]     --> /opt/rustwide/cargo-home/registry/src/github.com-1ecc6299db9ec823/rbspy-ruby-structs-0.12.1/src/ruby_2_6_3.rs:7586:5
[INFO] [stdout]      |
[INFO] [stdout] 7583 | #[derive(Debug)]
[INFO] [stdout]      |          ----- in this derive macro expansion
[INFO] [stdout] ...
[INFO] [stdout] 7586 |     pub entries: __IncompleteArrayField<iseq_catch_table_entry>,
[INFO] [stdout]      |     ^^^^^^^^^^^^^^^^^^^^^^^^^^^^^^^^^^^^^^^^^^^^^^^^^^^^^^^^^^^ move occurs because `self.entries` has type `ruby_2_6_3::__IncompleteArrayField<ruby_2_6_3::iseq_catch_table_entry>`, which does not implement the `Copy` trait
[INFO] [stdout]      |
[INFO] [stdout]      = note: this error originates in the derive macro `Debug` (in Nightly builds, run with -Z macro-backtrace for more info)
[INFO] [stdout] 
[INFO] [stdout] 
[INFO] [stdout] error[E0793]: reference to packed field is unaligned
[INFO] [stdout]     --> /opt/rustwide/cargo-home/registry/src/github.com-1ecc6299db9ec823/rbspy-ruby-structs-0.12.1/src/ruby_2_6_4.rs:2459:223
[INFO] [stdout]      |
[INFO] [stdout] 2459 | ... () , self . alias_count () , self . complemented_count () , self . body , self . original_id)
[INFO] [stdout]      |                                                                 ^^^^^^^^^^^
[INFO] [stdout]      |
[INFO] [stdout]      = note: fields of packed structs are not properly aligned, and creating a misaligned reference is undefined behavior (even if that reference is never dereferenced)
[INFO] [stdout]      = help: copy the field contents to a local variable, or replace the reference with a raw pointer and use `read_unaligned`/`write_unaligned` (loads and stores via `*p` must be properly aligned even when using raw pointers)
[INFO] [stdout]      = note: this error originates in the macro `$crate::format_args` which comes from the expansion of the macro `write` (in Nightly builds, run with -Z macro-backtrace for more info)
[INFO] [stdout] 
[INFO] [stdout] 
[INFO] [stdout] error[E0793]: reference to packed field is unaligned
[INFO] [stdout]     --> /opt/rustwide/cargo-home/registry/src/github.com-1ecc6299db9ec823/rbspy-ruby-structs-0.12.1/src/ruby_2_6_4.rs:2459:237
[INFO] [stdout]      |
[INFO] [stdout] 2459 | ...s_count () , self . complemented_count () , self . body , self . original_id)
[INFO] [stdout]      |                                                              ^^^^^^^^^^^^^^^^^^
[INFO] [stdout]      |
[INFO] [stdout]      = note: fields of packed structs are not properly aligned, and creating a misaligned reference is undefined behavior (even if that reference is never dereferenced)
[INFO] [stdout]      = help: copy the field contents to a local variable, or replace the reference with a raw pointer and use `read_unaligned`/`write_unaligned` (loads and stores via `*p` must be properly aligned even when using raw pointers)
[INFO] [stdout]      = note: this error originates in the macro `$crate::format_args` which comes from the expansion of the macro `write` (in Nightly builds, run with -Z macro-backtrace for more info)
[INFO] [stdout] 
[INFO] [stdout] 
[INFO] [stdout] error[E0507]: cannot move out of `self.entries` which is behind a shared reference
[INFO] [stdout]     --> /opt/rustwide/cargo-home/registry/src/github.com-1ecc6299db9ec823/rbspy-ruby-structs-0.12.1/src/ruby_2_6_4.rs:7586:5
[INFO] [stdout]      |
[INFO] [stdout] 7583 | #[derive(Debug)]
[INFO] [stdout]      |          ----- in this derive macro expansion
[INFO] [stdout] ...
[INFO] [stdout] 7586 |     pub entries: __IncompleteArrayField<iseq_catch_table_entry>,
[INFO] [stdout]      |     ^^^^^^^^^^^^^^^^^^^^^^^^^^^^^^^^^^^^^^^^^^^^^^^^^^^^^^^^^^^ move occurs because `self.entries` has type `ruby_2_6_4::__IncompleteArrayField<ruby_2_6_4::iseq_catch_table_entry>`, which does not implement the `Copy` trait
[INFO] [stdout]      |
[INFO] [stdout]      = note: this error originates in the derive macro `Debug` (in Nightly builds, run with -Z macro-backtrace for more info)
[INFO] [stdout] 
[INFO] [stdout] 
[INFO] [stdout] error[E0793]: reference to packed field is unaligned
[INFO] [stdout]     --> /opt/rustwide/cargo-home/registry/src/github.com-1ecc6299db9ec823/rbspy-ruby-structs-0.12.1/src/ruby_2_6_5.rs:2459:223
[INFO] [stdout]      |
[INFO] [stdout] 2459 | ... () , self . alias_count () , self . complemented_count () , self . body , self . original_id)
[INFO] [stdout]      |                                                                 ^^^^^^^^^^^
[INFO] [stdout]      |
[INFO] [stdout]      = note: fields of packed structs are not properly aligned, and creating a misaligned reference is undefined behavior (even if that reference is never dereferenced)
[INFO] [stdout]      = help: copy the field contents to a local variable, or replace the reference with a raw pointer and use `read_unaligned`/`write_unaligned` (loads and stores via `*p` must be properly aligned even when using raw pointers)
[INFO] [stdout]      = note: this error originates in the macro `$crate::format_args` which comes from the expansion of the macro `write` (in Nightly builds, run with -Z macro-backtrace for more info)
[INFO] [stdout] 
[INFO] [stdout] 
[INFO] [stdout] error[E0793]: reference to packed field is unaligned
[INFO] [stdout]     --> /opt/rustwide/cargo-home/registry/src/github.com-1ecc6299db9ec823/rbspy-ruby-structs-0.12.1/src/ruby_2_6_5.rs:2459:237
[INFO] [stdout]      |
[INFO] [stdout] 2459 | ...s_count () , self . complemented_count () , self . body , self . original_id)
[INFO] [stdout]      |                                                              ^^^^^^^^^^^^^^^^^^
[INFO] [stdout]      |
[INFO] [stdout]      = note: fields of packed structs are not properly aligned, and creating a misaligned reference is undefined behavior (even if that reference is never dereferenced)
[INFO] [stdout]      = help: copy the field contents to a local variable, or replace the reference with a raw pointer and use `read_unaligned`/`write_unaligned` (loads and stores via `*p` must be properly aligned even when using raw pointers)
[INFO] [stdout]      = note: this error originates in the macro `$crate::format_args` which comes from the expansion of the macro `write` (in Nightly builds, run with -Z macro-backtrace for more info)
[INFO] [stdout] 
[INFO] [stdout] 
[INFO] [stdout] error[E0507]: cannot move out of `self.entries` which is behind a shared reference
[INFO] [stdout]     --> /opt/rustwide/cargo-home/registry/src/github.com-1ecc6299db9ec823/rbspy-ruby-structs-0.12.1/src/ruby_2_6_5.rs:7586:5
[INFO] [stdout]      |
[INFO] [stdout] 7583 | #[derive(Debug)]
[INFO] [stdout]      |          ----- in this derive macro expansion
[INFO] [stdout] ...
[INFO] [stdout] 7586 |     pub entries: __IncompleteArrayField<iseq_catch_table_entry>,
[INFO] [stdout]      |     ^^^^^^^^^^^^^^^^^^^^^^^^^^^^^^^^^^^^^^^^^^^^^^^^^^^^^^^^^^^ move occurs because `self.entries` has type `ruby_2_6_5::__IncompleteArrayField<ruby_2_6_5::iseq_catch_table_entry>`, which does not implement the `Copy` trait
[INFO] [stdout]      |
[INFO] [stdout]      = note: this error originates in the derive macro `Debug` (in Nightly builds, run with -Z macro-backtrace for more info)
[INFO] [stdout] 
[INFO] [stdout] 
[INFO] [stdout] error[E0793]: reference to packed field is unaligned
[INFO] [stdout]     --> /opt/rustwide/cargo-home/registry/src/github.com-1ecc6299db9ec823/rbspy-ruby-structs-0.12.1/src/ruby_2_6_6.rs:2464:223
[INFO] [stdout]      |
[INFO] [stdout] 2464 | ... () , self . alias_count () , self . complemented_count () , self . body , self . original_id)
[INFO] [stdout]      |                                                                 ^^^^^^^^^^^
[INFO] [stdout]      |
[INFO] [stdout]      = note: fields of packed structs are not properly aligned, and creating a misaligned reference is undefined behavior (even if that reference is never dereferenced)
[INFO] [stdout]      = help: copy the field contents to a local variable, or replace the reference with a raw pointer and use `read_unaligned`/`write_unaligned` (loads and stores via `*p` must be properly aligned even when using raw pointers)
[INFO] [stdout]      = note: this error originates in the macro `$crate::format_args` which comes from the expansion of the macro `write` (in Nightly builds, run with -Z macro-backtrace for more info)
[INFO] [stdout] 
[INFO] [stdout] 
[INFO] [stdout] error[E0793]: reference to packed field is unaligned
[INFO] [stdout]     --> /opt/rustwide/cargo-home/registry/src/github.com-1ecc6299db9ec823/rbspy-ruby-structs-0.12.1/src/ruby_2_6_6.rs:2464:237
[INFO] [stdout]      |
[INFO] [stdout] 2464 | ...s_count () , self . complemented_count () , self . body , self . original_id)
[INFO] [stdout]      |                                                              ^^^^^^^^^^^^^^^^^^
[INFO] [stdout]      |
[INFO] [stdout]      = note: fields of packed structs are not properly aligned, and creating a misaligned reference is undefined behavior (even if that reference is never dereferenced)
[INFO] [stdout]      = help: copy the field contents to a local variable, or replace the reference with a raw pointer and use `read_unaligned`/`write_unaligned` (loads and stores via `*p` must be properly aligned even when using raw pointers)
[INFO] [stdout]      = note: this error originates in the macro `$crate::format_args` which comes from the expansion of the macro `write` (in Nightly builds, run with -Z macro-backtrace for more info)
[INFO] [stdout] 
[INFO] [stdout] 
[INFO] [stdout] error[E0507]: cannot move out of `self.entries` which is behind a shared reference
[INFO] [stdout]     --> /opt/rustwide/cargo-home/registry/src/github.com-1ecc6299db9ec823/rbspy-ruby-structs-0.12.1/src/ruby_2_6_6.rs:7586:5
[INFO] [stdout]      |
[INFO] [stdout] 7583 | #[derive(Debug)]
[INFO] [stdout]      |          ----- in this derive macro expansion
[INFO] [stdout] ...
[INFO] [stdout] 7586 |     pub entries: __IncompleteArrayField<iseq_catch_table_entry>,
[INFO] [stdout]      |     ^^^^^^^^^^^^^^^^^^^^^^^^^^^^^^^^^^^^^^^^^^^^^^^^^^^^^^^^^^^ move occurs because `self.entries` has type `ruby_2_6_6::__IncompleteArrayField<ruby_2_6_6::iseq_catch_table_entry>`, which does not implement the `Copy` trait
[INFO] [stdout]      |
[INFO] [stdout]      = note: this error originates in the derive macro `Debug` (in Nightly builds, run with -Z macro-backtrace for more info)
[INFO] [stdout] 
[INFO] [stdout] 
[INFO] [stdout] error[E0793]: reference to packed field is unaligned
[INFO] [stdout]     --> /opt/rustwide/cargo-home/registry/src/github.com-1ecc6299db9ec823/rbspy-ruby-structs-0.12.1/src/ruby_2_6_7.rs:2464:223
[INFO] [stdout]      |
[INFO] [stdout] 2464 | ... () , self . alias_count () , self . complemented_count () , self . body , self . original_id)
[INFO] [stdout]      |                                                                 ^^^^^^^^^^^
[INFO] [stdout]      |
[INFO] [stdout]      = note: fields of packed structs are not properly aligned, and creating a misaligned reference is undefined behavior (even if that reference is never dereferenced)
[INFO] [stdout]      = help: copy the field contents to a local variable, or replace the reference with a raw pointer and use `read_unaligned`/`write_unaligned` (loads and stores via `*p` must be properly aligned even when using raw pointers)
[INFO] [stdout]      = note: this error originates in the macro `$crate::format_args` which comes from the expansion of the macro `write` (in Nightly builds, run with -Z macro-backtrace for more info)
[INFO] [stdout] 
[INFO] [stdout] 
[INFO] [stdout] error[E0793]: reference to packed field is unaligned
[INFO] [stdout]     --> /opt/rustwide/cargo-home/registry/src/github.com-1ecc6299db9ec823/rbspy-ruby-structs-0.12.1/src/ruby_2_6_7.rs:2464:237
[INFO] [stdout]      |
[INFO] [stdout] 2464 | ...s_count () , self . complemented_count () , self . body , self . original_id)
[INFO] [stdout]      |                                                              ^^^^^^^^^^^^^^^^^^
[INFO] [stdout]      |
[INFO] [stdout]      = note: fields of packed structs are not properly aligned, and creating a misaligned reference is undefined behavior (even if that reference is never dereferenced)
[INFO] [stdout]      = help: copy the field contents to a local variable, or replace the reference with a raw pointer and use `read_unaligned`/`write_unaligned` (loads and stores via `*p` must be properly aligned even when using raw pointers)
[INFO] [stdout]      = note: this error originates in the macro `$crate::format_args` which comes from the expansion of the macro `write` (in Nightly builds, run with -Z macro-backtrace for more info)
[INFO] [stdout] 
[INFO] [stdout] 
[INFO] [stdout] error[E0507]: cannot move out of `self.entries` which is behind a shared reference
[INFO] [stdout]     --> /opt/rustwide/cargo-home/registry/src/github.com-1ecc6299db9ec823/rbspy-ruby-structs-0.12.1/src/ruby_2_6_7.rs:7586:5
[INFO] [stdout]      |
[INFO] [stdout] 7583 | #[derive(Debug)]
[INFO] [stdout]      |          ----- in this derive macro expansion
[INFO] [stdout] ...
[INFO] [stdout] 7586 |     pub entries: __IncompleteArrayField<iseq_catch_table_entry>,
[INFO] [stdout]      |     ^^^^^^^^^^^^^^^^^^^^^^^^^^^^^^^^^^^^^^^^^^^^^^^^^^^^^^^^^^^ move occurs because `self.entries` has type `ruby_2_6_7::__IncompleteArrayField<ruby_2_6_7::iseq_catch_table_entry>`, which does not implement the `Copy` trait
[INFO] [stdout]      |
[INFO] [stdout]      = note: this error originates in the derive macro `Debug` (in Nightly builds, run with -Z macro-backtrace for more info)
[INFO] [stdout] 
[INFO] [stdout] 
[INFO] [stdout] error[E0793]: reference to packed field is unaligned
[INFO] [stdout]     --> /opt/rustwide/cargo-home/registry/src/github.com-1ecc6299db9ec823/rbspy-ruby-structs-0.12.1/src/ruby_2_6_8.rs:2464:223
[INFO] [stdout]      |
[INFO] [stdout] 2464 | ... () , self . alias_count () , self . complemented_count () , self . body , self . original_id)
[INFO] [stdout]      |                                                                 ^^^^^^^^^^^
[INFO] [stdout]      |
[INFO] [stdout]      = note: fields of packed structs are not properly aligned, and creating a misaligned reference is undefined behavior (even if that reference is never dereferenced)
[INFO] [stdout]      = help: copy the field contents to a local variable, or replace the reference with a raw pointer and use `read_unaligned`/`write_unaligned` (loads and stores via `*p` must be properly aligned even when using raw pointers)
[INFO] [stdout]      = note: this error originates in the macro `$crate::format_args` which comes from the expansion of the macro `write` (in Nightly builds, run with -Z macro-backtrace for more info)
[INFO] [stdout] 
[INFO] [stdout] 
[INFO] [stdout] error[E0793]: reference to packed field is unaligned
[INFO] [stdout]     --> /opt/rustwide/cargo-home/registry/src/github.com-1ecc6299db9ec823/rbspy-ruby-structs-0.12.1/src/ruby_2_6_8.rs:2464:237
[INFO] [stdout]      |
[INFO] [stdout] 2464 | ...s_count () , self . complemented_count () , self . body , self . original_id)
[INFO] [stdout]      |                                                              ^^^^^^^^^^^^^^^^^^
[INFO] [stdout]      |
[INFO] [stdout]      = note: fields of packed structs are not properly aligned, and creating a misaligned reference is undefined behavior (even if that reference is never dereferenced)
[INFO] [stdout]      = help: copy the field contents to a local variable, or replace the reference with a raw pointer and use `read_unaligned`/`write_unaligned` (loads and stores via `*p` must be properly aligned even when using raw pointers)
[INFO] [stdout]      = note: this error originates in the macro `$crate::format_args` which comes from the expansion of the macro `write` (in Nightly builds, run with -Z macro-backtrace for more info)
[INFO] [stdout] 
[INFO] [stdout] 
[INFO] [stdout] error[E0507]: cannot move out of `self.entries` which is behind a shared reference
[INFO] [stdout]     --> /opt/rustwide/cargo-home/registry/src/github.com-1ecc6299db9ec823/rbspy-ruby-structs-0.12.1/src/ruby_2_6_8.rs:7586:5
[INFO] [stdout]      |
[INFO] [stdout] 7583 | #[derive(Debug)]
[INFO] [stdout]      |          ----- in this derive macro expansion
[INFO] [stdout] ...
[INFO] [stdout] 7586 |     pub entries: __IncompleteArrayField<iseq_catch_table_entry>,
[INFO] [stdout]      |     ^^^^^^^^^^^^^^^^^^^^^^^^^^^^^^^^^^^^^^^^^^^^^^^^^^^^^^^^^^^ move occurs because `self.entries` has type `ruby_2_6_8::__IncompleteArrayField<ruby_2_6_8::iseq_catch_table_entry>`, which does not implement the `Copy` trait
[INFO] [stdout]      |
[INFO] [stdout]      = note: this error originates in the derive macro `Debug` (in Nightly builds, run with -Z macro-backtrace for more info)
[INFO] [stdout] 
[INFO] [stdout] 
[INFO] [stdout] error[E0793]: reference to packed field is unaligned
[INFO] [stdout]     --> /opt/rustwide/cargo-home/registry/src/github.com-1ecc6299db9ec823/rbspy-ruby-structs-0.12.1/src/ruby_2_6_9.rs:2464:223
[INFO] [stdout]      |
[INFO] [stdout] 2464 | ... () , self . alias_count () , self . complemented_count () , self . body , self . original_id)
[INFO] [stdout]      |                                                                 ^^^^^^^^^^^
[INFO] [stdout]      |
[INFO] [stdout]      = note: fields of packed structs are not properly aligned, and creating a misaligned reference is undefined behavior (even if that reference is never dereferenced)
[INFO] [stdout]      = help: copy the field contents to a local variable, or replace the reference with a raw pointer and use `read_unaligned`/`write_unaligned` (loads and stores via `*p` must be properly aligned even when using raw pointers)
[INFO] [stdout]      = note: this error originates in the macro `$crate::format_args` which comes from the expansion of the macro `write` (in Nightly builds, run with -Z macro-backtrace for more info)
[INFO] [stdout] 
[INFO] [stdout] 
[INFO] [stdout] error[E0793]: reference to packed field is unaligned
[INFO] [stdout]     --> /opt/rustwide/cargo-home/registry/src/github.com-1ecc6299db9ec823/rbspy-ruby-structs-0.12.1/src/ruby_2_6_9.rs:2464:237
[INFO] [stdout]      |
[INFO] [stdout] 2464 | ...s_count () , self . complemented_count () , self . body , self . original_id)
[INFO] [stdout]      |                                                              ^^^^^^^^^^^^^^^^^^
[INFO] [stdout]      |
[INFO] [stdout]      = note: fields of packed structs are not properly aligned, and creating a misaligned reference is undefined behavior (even if that reference is never dereferenced)
[INFO] [stdout]      = help: copy the field contents to a local variable, or replace the reference with a raw pointer and use `read_unaligned`/`write_unaligned` (loads and stores via `*p` must be properly aligned even when using raw pointers)
[INFO] [stdout]      = note: this error originates in the macro `$crate::format_args` which comes from the expansion of the macro `write` (in Nightly builds, run with -Z macro-backtrace for more info)
[INFO] [stdout] 
[INFO] [stdout] 
[INFO] [stdout] error[E0507]: cannot move out of `self.entries` which is behind a shared reference
[INFO] [stdout]     --> /opt/rustwide/cargo-home/registry/src/github.com-1ecc6299db9ec823/rbspy-ruby-structs-0.12.1/src/ruby_2_6_9.rs:7586:5
[INFO] [stdout]      |
[INFO] [stdout] 7583 | #[derive(Debug)]
[INFO] [stdout]      |          ----- in this derive macro expansion
[INFO] [stdout] ...
[INFO] [stdout] 7586 |     pub entries: __IncompleteArrayField<iseq_catch_table_entry>,
[INFO] [stdout]      |     ^^^^^^^^^^^^^^^^^^^^^^^^^^^^^^^^^^^^^^^^^^^^^^^^^^^^^^^^^^^ move occurs because `self.entries` has type `ruby_2_6_9::__IncompleteArrayField<ruby_2_6_9::iseq_catch_table_entry>`, which does not implement the `Copy` trait
[INFO] [stdout]      |
[INFO] [stdout]      = note: this error originates in the derive macro `Debug` (in Nightly builds, run with -Z macro-backtrace for more info)
[INFO] [stdout] 
[INFO] [stdout] 
[INFO] [stdout] error[E0507]: cannot move out of `self.entries` which is behind a shared reference
[INFO] [stdout]     --> /opt/rustwide/cargo-home/registry/src/github.com-1ecc6299db9ec823/rbspy-ruby-structs-0.12.1/src/ruby_2_7_0.rs:7824:5
[INFO] [stdout]      |
[INFO] [stdout] 7821 | #[derive(Debug)]
[INFO] [stdout]      |          ----- in this derive macro expansion
[INFO] [stdout] ...
[INFO] [stdout] 7824 |     pub entries: __IncompleteArrayField<iseq_catch_table_entry>,
[INFO] [stdout]      |     ^^^^^^^^^^^^^^^^^^^^^^^^^^^^^^^^^^^^^^^^^^^^^^^^^^^^^^^^^^^ move occurs because `self.entries` has type `ruby_2_7_0::__IncompleteArrayField<ruby_2_7_0::iseq_catch_table_entry>`, which does not implement the `Copy` trait
[INFO] [stdout]      |
[INFO] [stdout]      = note: this error originates in the derive macro `Debug` (in Nightly builds, run with -Z macro-backtrace for more info)
[INFO] [stdout] 
[INFO] [stdout] 
[INFO] [stdout] error[E0507]: cannot move out of `self.entries` which is behind a shared reference
[INFO] [stdout]     --> /opt/rustwide/cargo-home/registry/src/github.com-1ecc6299db9ec823/rbspy-ruby-structs-0.12.1/src/ruby_2_7_1.rs:7824:5
[INFO] [stdout]      |
[INFO] [stdout] 7821 | #[derive(Debug)]
[INFO] [stdout]      |          ----- in this derive macro expansion
[INFO] [stdout] ...
[INFO] [stdout] 7824 |     pub entries: __IncompleteArrayField<iseq_catch_table_entry>,
[INFO] [stdout]      |     ^^^^^^^^^^^^^^^^^^^^^^^^^^^^^^^^^^^^^^^^^^^^^^^^^^^^^^^^^^^ move occurs because `self.entries` has type `ruby_2_7_1::__IncompleteArrayField<ruby_2_7_1::iseq_catch_table_entry>`, which does not implement the `Copy` trait
[INFO] [stdout]      |
[INFO] [stdout]      = note: this error originates in the derive macro `Debug` (in Nightly builds, run with -Z macro-backtrace for more info)
[INFO] [stdout] 
[INFO] [stdout] 
[INFO] [stdout] error[E0507]: cannot move out of `self.entries` which is behind a shared reference
[INFO] [stdout]     --> /opt/rustwide/cargo-home/registry/src/github.com-1ecc6299db9ec823/rbspy-ruby-structs-0.12.1/src/ruby_2_7_2.rs:7824:5
[INFO] [stdout]      |
[INFO] [stdout] 7821 | #[derive(Debug)]
[INFO] [stdout]      |          ----- in this derive macro expansion
[INFO] [stdout] ...
[INFO] [stdout] 7824 |     pub entries: __IncompleteArrayField<iseq_catch_table_entry>,
[INFO] [stdout]      |     ^^^^^^^^^^^^^^^^^^^^^^^^^^^^^^^^^^^^^^^^^^^^^^^^^^^^^^^^^^^ move occurs because `self.entries` has type `ruby_2_7_2::__IncompleteArrayField<ruby_2_7_2::iseq_catch_table_entry>`, which does not implement the `Copy` trait
[INFO] [stdout]      |
[INFO] [stdout]      = note: this error originates in the derive macro `Debug` (in Nightly builds, run with -Z macro-backtrace for more info)
[INFO] [stdout] 
[INFO] [stdout] 
[INFO] [stdout] error[E0507]: cannot move out of `self.entries` which is behind a shared reference
[INFO] [stdout]     --> /opt/rustwide/cargo-home/registry/src/github.com-1ecc6299db9ec823/rbspy-ruby-structs-0.12.1/src/ruby_2_7_3.rs:7824:5
[INFO] [stdout]      |
[INFO] [stdout] 7821 | #[derive(Debug)]
[INFO] [stdout]      |          ----- in this derive macro expansion
[INFO] [stdout] ...
[INFO] [stdout] 7824 |     pub entries: __IncompleteArrayField<iseq_catch_table_entry>,
[INFO] [stdout]      |     ^^^^^^^^^^^^^^^^^^^^^^^^^^^^^^^^^^^^^^^^^^^^^^^^^^^^^^^^^^^ move occurs because `self.entries` has type `ruby_2_7_3::__IncompleteArrayField<ruby_2_7_3::iseq_catch_table_entry>`, which does not implement the `Copy` trait
[INFO] [stdout]      |
[INFO] [stdout]      = note: this error originates in the derive macro `Debug` (in Nightly builds, run with -Z macro-backtrace for more info)
[INFO] [stdout] 
[INFO] [stdout] 
[INFO] [stdout] error[E0507]: cannot move out of `self.entries` which is behind a shared reference
[INFO] [stdout]     --> /opt/rustwide/cargo-home/registry/src/github.com-1ecc6299db9ec823/rbspy-ruby-structs-0.12.1/src/ruby_2_7_4.rs:7824:5
[INFO] [stdout]      |
[INFO] [stdout] 7821 | #[derive(Debug)]
[INFO] [stdout]      |          ----- in this derive macro expansion
[INFO] [stdout] ...
[INFO] [stdout] 7824 |     pub entries: __IncompleteArrayField<iseq_catch_table_entry>,
[INFO] [stdout]      |     ^^^^^^^^^^^^^^^^^^^^^^^^^^^^^^^^^^^^^^^^^^^^^^^^^^^^^^^^^^^ move occurs because `self.entries` has type `ruby_2_7_4::__IncompleteArrayField<ruby_2_7_4::iseq_catch_table_entry>`, which does not implement the `Copy` trait
[INFO] [stdout]      |
[INFO] [stdout]      = note: this error originates in the derive macro `Debug` (in Nightly builds, run with -Z macro-backtrace for more info)
[INFO] [stdout] 
[INFO] [stdout] 
[INFO] [stdout] error[E0507]: cannot move out of `self.entries` which is behind a shared reference
[INFO] [stdout]     --> /opt/rustwide/cargo-home/registry/src/github.com-1ecc6299db9ec823/rbspy-ruby-structs-0.12.1/src/ruby_2_7_5.rs:7824:5
[INFO] [stdout]      |
[INFO] [stdout] 7821 | #[derive(Debug)]
[INFO] [stdout]      |          ----- in this derive macro expansion
[INFO] [stdout] ...
[INFO] [stdout] 7824 |     pub entries: __IncompleteArrayField<iseq_catch_table_entry>,
[INFO] [stdout]      |     ^^^^^^^^^^^^^^^^^^^^^^^^^^^^^^^^^^^^^^^^^^^^^^^^^^^^^^^^^^^ move occurs because `self.entries` has type `ruby_2_7_5::__IncompleteArrayField<ruby_2_7_5::iseq_catch_table_entry>`, which does not implement the `Copy` trait
[INFO] [stdout]      |
[INFO] [stdout]      = note: this error originates in the derive macro `Debug` (in Nightly builds, run with -Z macro-backtrace for more info)
[INFO] [stdout] 
[INFO] [stdout] 
[INFO] [stdout] error[E0507]: cannot move out of `self.entries` which is behind a shared reference
[INFO] [stdout]     --> /opt/rustwide/cargo-home/registry/src/github.com-1ecc6299db9ec823/rbspy-ruby-structs-0.12.1/src/ruby_2_7_6.rs:7840:5
[INFO] [stdout]      |
[INFO] [stdout] 7837 | #[derive(Debug)]
[INFO] [stdout]      |          ----- in this derive macro expansion
[INFO] [stdout] ...
[INFO] [stdout] 7840 |     pub entries: __IncompleteArrayField<iseq_catch_table_entry>,
[INFO] [stdout]      |     ^^^^^^^^^^^^^^^^^^^^^^^^^^^^^^^^^^^^^^^^^^^^^^^^^^^^^^^^^^^ move occurs because `self.entries` has type `ruby_2_7_6::__IncompleteArrayField<ruby_2_7_6::iseq_catch_table_entry>`, which does not implement the `Copy` trait
[INFO] [stdout]      |
[INFO] [stdout]      = note: this error originates in the derive macro `Debug` (in Nightly builds, run with -Z macro-backtrace for more info)
[INFO] [stdout] 
[INFO] [stdout] 
[INFO] [stdout] error[E0507]: cannot move out of `self.entries` which is behind a shared reference
[INFO] [stdout]     --> /opt/rustwide/cargo-home/registry/src/github.com-1ecc6299db9ec823/rbspy-ruby-structs-0.12.1/src/ruby_3_0_0.rs:7667:5
[INFO] [stdout]      |
[INFO] [stdout] 7664 | #[derive(Debug)]
[INFO] [stdout]      |          ----- in this derive macro expansion
[INFO] [stdout] ...
[INFO] [stdout] 7667 |     pub entries: __IncompleteArrayField<iseq_catch_table_entry>,
[INFO] [stdout]      |     ^^^^^^^^^^^^^^^^^^^^^^^^^^^^^^^^^^^^^^^^^^^^^^^^^^^^^^^^^^^ move occurs because `self.entries` has type `ruby_3_0_0::__IncompleteArrayField<ruby_3_0_0::iseq_catch_table_entry>`, which does not implement the `Copy` trait
[INFO] [stdout]      |
[INFO] [stdout]      = note: this error originates in the derive macro `Debug` (in Nightly builds, run with -Z macro-backtrace for more info)
[INFO] [stdout] 
[INFO] [stdout] 
[INFO] [stdout] error[E0507]: cannot move out of `self.entries` which is behind a shared reference
[INFO] [stdout]     --> /opt/rustwide/cargo-home/registry/src/github.com-1ecc6299db9ec823/rbspy-ruby-structs-0.12.1/src/ruby_3_0_1.rs:7735:5
[INFO] [stdout]      |
[INFO] [stdout] 7732 | #[derive(Debug)]
[INFO] [stdout]      |          ----- in this derive macro expansion
[INFO] [stdout] ...
[INFO] [stdout] 7735 |     pub entries: __IncompleteArrayField<iseq_catch_table_entry>,
[INFO] [stdout]      |     ^^^^^^^^^^^^^^^^^^^^^^^^^^^^^^^^^^^^^^^^^^^^^^^^^^^^^^^^^^^ move occurs because `self.entries` has type `ruby_3_0_1::__IncompleteArrayField<ruby_3_0_1::iseq_catch_table_entry>`, which does not implement the `Copy` trait
[INFO] [stdout]      |
[INFO] [stdout]      = note: this error originates in the derive macro `Debug` (in Nightly builds, run with -Z macro-backtrace for more info)
[INFO] [stdout] 
[INFO] [stdout] 
[INFO] [stdout] error[E0507]: cannot move out of `self.entries` which is behind a shared reference
[INFO] [stdout]     --> /opt/rustwide/cargo-home/registry/src/github.com-1ecc6299db9ec823/rbspy-ruby-structs-0.12.1/src/ruby_3_0_2.rs:7735:5
[INFO] [stdout]      |
[INFO] [stdout] 7732 | #[derive(Debug)]
[INFO] [stdout]      |          ----- in this derive macro expansion
[INFO] [stdout] ...
[INFO] [stdout] 7735 |     pub entries: __IncompleteArrayField<iseq_catch_table_entry>,
[INFO] [stdout]      |     ^^^^^^^^^^^^^^^^^^^^^^^^^^^^^^^^^^^^^^^^^^^^^^^^^^^^^^^^^^^ move occurs because `self.entries` has type `ruby_3_0_2::__IncompleteArrayField<ruby_3_0_2::iseq_catch_table_entry>`, which does not implement the `Copy` trait
[INFO] [stdout]      |
[INFO] [stdout]      = note: this error originates in the derive macro `Debug` (in Nightly builds, run with -Z macro-backtrace for more info)
[INFO] [stdout] 
[INFO] [stdout] 
[INFO] [stdout] error[E0507]: cannot move out of `self.entries` which is behind a shared reference
[INFO] [stdout]     --> /opt/rustwide/cargo-home/registry/src/github.com-1ecc6299db9ec823/rbspy-ruby-structs-0.12.1/src/ruby_3_0_3.rs:7735:5
[INFO] [stdout]      |
[INFO] [stdout] 7732 | #[derive(Debug)]
[INFO] [stdout]      |          ----- in this derive macro expansion
[INFO] [stdout] ...
[INFO] [stdout] 7735 |     pub entries: __IncompleteArrayField<iseq_catch_table_entry>,
[INFO] [stdout]      |     ^^^^^^^^^^^^^^^^^^^^^^^^^^^^^^^^^^^^^^^^^^^^^^^^^^^^^^^^^^^ move occurs because `self.entries` has type `ruby_3_0_3::__IncompleteArrayField<ruby_3_0_3::iseq_catch_table_entry>`, which does not implement the `Copy` trait
[INFO] [stdout]      |
[INFO] [stdout]      = note: this error originates in the derive macro `Debug` (in Nightly builds, run with -Z macro-backtrace for more info)
[INFO] [stdout] 
[INFO] [stdout] 
[INFO] [stdout] error[E0507]: cannot move out of `self.entries` which is behind a shared reference
[INFO] [stdout]     --> /opt/rustwide/cargo-home/registry/src/github.com-1ecc6299db9ec823/rbspy-ruby-structs-0.12.1/src/ruby_3_0_4.rs:7751:5
[INFO] [stdout]      |
[INFO] [stdout] 7748 | #[derive(Debug)]
[INFO] [stdout]      |          ----- in this derive macro expansion
[INFO] [stdout] ...
[INFO] [stdout] 7751 |     pub entries: __IncompleteArrayField<iseq_catch_table_entry>,
[INFO] [stdout]      |     ^^^^^^^^^^^^^^^^^^^^^^^^^^^^^^^^^^^^^^^^^^^^^^^^^^^^^^^^^^^ move occurs because `self.entries` has type `ruby_3_0_4::__IncompleteArrayField<ruby_3_0_4::iseq_catch_table_entry>`, which does not implement the `Copy` trait
[INFO] [stdout]      |
[INFO] [stdout]      = note: this error originates in the derive macro `Debug` (in Nightly builds, run with -Z macro-backtrace for more info)
[INFO] [stdout] 
[INFO] [stdout] 
[INFO] [stdout] error[E0507]: cannot move out of `self.entries` which is behind a shared reference
[INFO] [stdout]     --> /opt/rustwide/cargo-home/registry/src/github.com-1ecc6299db9ec823/rbspy-ruby-structs-0.12.1/src/ruby_3_1_0.rs:8728:5
[INFO] [stdout]      |
[INFO] [stdout] 8725 | #[derive(Debug)]
[INFO] [stdout]      |          ----- in this derive macro expansion
[INFO] [stdout] ...
[INFO] [stdout] 8728 |     pub entries: __IncompleteArrayField<iseq_catch_table_entry>,
[INFO] [stdout]      |     ^^^^^^^^^^^^^^^^^^^^^^^^^^^^^^^^^^^^^^^^^^^^^^^^^^^^^^^^^^^ move occurs because `self.entries` has type `ruby_3_1_0::__IncompleteArrayField<ruby_3_1_0::iseq_catch_table_entry>`, which does not implement the `Copy` trait
[INFO] [stdout]      |
[INFO] [stdout]      = note: this error originates in the derive macro `Debug` (in Nightly builds, run with -Z macro-backtrace for more info)
[INFO] [stdout] 
[INFO] [stdout] 
[INFO] [stdout] error[E0507]: cannot move out of `self.entries` which is behind a shared reference
[INFO] [stdout]     --> /opt/rustwide/cargo-home/registry/src/github.com-1ecc6299db9ec823/rbspy-ruby-structs-0.12.1/src/ruby_3_1_1.rs:8744:5
[INFO] [stdout]      |
[INFO] [stdout] 8741 | #[derive(Debug)]
[INFO] [stdout]      |          ----- in this derive macro expansion
[INFO] [stdout] ...
[INFO] [stdout] 8744 |     pub entries: __IncompleteArrayField<iseq_catch_table_entry>,
[INFO] [stdout]      |     ^^^^^^^^^^^^^^^^^^^^^^^^^^^^^^^^^^^^^^^^^^^^^^^^^^^^^^^^^^^ move occurs because `self.entries` has type `ruby_3_1_1::__IncompleteArrayField<ruby_3_1_1::iseq_catch_table_entry>`, which does not implement the `Copy` trait
[INFO] [stdout]      |
[INFO] [stdout]      = note: this error originates in the derive macro `Debug` (in Nightly builds, run with -Z macro-backtrace for more info)
[INFO] [stdout] 
[INFO] [stdout] 
[INFO] [stdout] error[E0507]: cannot move out of `self.entries` which is behind a shared reference
[INFO] [stdout]     --> /opt/rustwide/cargo-home/registry/src/github.com-1ecc6299db9ec823/rbspy-ruby-structs-0.12.1/src/ruby_3_1_2.rs:8744:5
[INFO] [stdout]      |
[INFO] [stdout] 8741 | #[derive(Debug)]
[INFO] [stdout]      |          ----- in this derive macro expansion
[INFO] [stdout] ...
[INFO] [stdout] 8744 |     pub entries: __IncompleteArrayField<iseq_catch_table_entry>,
[INFO] [stdout]      |     ^^^^^^^^^^^^^^^^^^^^^^^^^^^^^^^^^^^^^^^^^^^^^^^^^^^^^^^^^^^ move occurs because `self.entries` has type `ruby_3_1_2::__IncompleteArrayField<ruby_3_1_2::iseq_catch_table_entry>`, which does not implement the `Copy` trait
[INFO] [stdout]      |
[INFO] [stdout]      = note: this error originates in the derive macro `Debug` (in Nightly builds, run with -Z macro-backtrace for more info)
[INFO] [stdout] 
[INFO] [stdout] 
[INFO] [stdout] error: aborting due to 68 previous errors
[INFO] [stdout] 
[INFO] [stdout] 
[INFO] [stdout] Some errors have detailed explanations: E0507, E0793.
[INFO] [stdout] 
[INFO] [stdout] For more information about an error, try `rustc --explain E0507`.
[INFO] [stdout] 
[INFO] [stderr] error: could not compile `rbspy-ruby-structs` due to 69 previous errors
[INFO] running `Command { std: "docker" "inspect" "31b81d8c67fb77ec06f3dc7aac3da059264ae4a41fa0b99265f70bcbad937b7b", kill_on_drop: false }`
[INFO] running `Command { std: "docker" "rm" "-f" "31b81d8c67fb77ec06f3dc7aac3da059264ae4a41fa0b99265f70bcbad937b7b", kill_on_drop: false }`
[INFO] [stdout] 31b81d8c67fb77ec06f3dc7aac3da059264ae4a41fa0b99265f70bcbad937b7b
