[INFO] fetching crate procmem 0.0.2...
[INFO] documenting procmem-0.0.2 against beta-2023-04-20 for beta-1.70-rustdoc-1
[INFO] extracting crate procmem 0.0.2 into /workspace/builds/worker-7-tc2/source
[INFO] validating manifest of crates.io crate procmem 0.0.2 on toolchain beta-2023-04-20
[INFO] running `Command { std: CARGO_HOME="/workspace/cargo-home" RUSTUP_HOME="/workspace/rustup-home" "/workspace/cargo-home/bin/cargo" "+beta-2023-04-20" "metadata" "--manifest-path" "Cargo.toml" "--no-deps", kill_on_drop: false }`
[INFO] started tweaking crates.io crate procmem 0.0.2
[INFO] finished tweaking crates.io crate procmem 0.0.2
[INFO] tweaked toml for crates.io crate procmem 0.0.2 written to /workspace/builds/worker-7-tc2/source/Cargo.toml
[INFO] running `Command { std: CARGO_HOME="/workspace/cargo-home" RUSTUP_HOME="/workspace/rustup-home" __CARGO_TEST_CHANNEL_OVERRIDE_DO_NOT_USE_THIS="nightly" "/workspace/cargo-home/bin/cargo" "+beta-2023-04-20" "generate-lockfile" "--manifest-path" "Cargo.toml" "-Zno-index-update", kill_on_drop: false }`
[INFO] running `Command { std: CARGO_HOME="/workspace/cargo-home" RUSTUP_HOME="/workspace/rustup-home" "/workspace/cargo-home/bin/cargo" "+beta-2023-04-20" "fetch" "--manifest-path" "Cargo.toml", kill_on_drop: false }`
[INFO] running `Command { std: "docker" "create" "-v" "/var/lib/crater-agent-workspace/builds/worker-7-tc2/target:/opt/rustwide/target:rw,Z" "-v" "/var/lib/crater-agent-workspace/builds/worker-7-tc2/source:/opt/rustwide/workdir:ro,Z" "-v" "/var/lib/crater-agent-workspace/cargo-home:/opt/rustwide/cargo-home:ro,Z" "-v" "/var/lib/crater-agent-workspace/rustup-home:/opt/rustwide/rustup-home:ro,Z" "-e" "SOURCE_DIR=/opt/rustwide/workdir" "-e" "CARGO_TARGET_DIR=/opt/rustwide/target" "-e" "CARGO_HOME=/opt/rustwide/cargo-home" "-e" "RUSTUP_HOME=/opt/rustwide/rustup-home" "-w" "/opt/rustwide/workdir" "-m" "1610612736" "--user" "0:0" "--network" "none" "ghcr.io/rust-lang/crates-build-env/linux@sha256:5ff2268d62e97bff2cde7d5815dd6ed5b47097566f13b8d0ca110b04b60e07ed" "/opt/rustwide/cargo-home/bin/cargo" "+beta-2023-04-20" "metadata" "--no-deps" "--format-version=1", kill_on_drop: false }`
[INFO] [stdout] 6b82944bd23abcd57c2686860a1eb38a2894662ddb0a7843612e34d9bad36885
[INFO] running `Command { std: "docker" "start" "-a" "6b82944bd23abcd57c2686860a1eb38a2894662ddb0a7843612e34d9bad36885", kill_on_drop: false }`
[INFO] running `Command { std: "docker" "inspect" "6b82944bd23abcd57c2686860a1eb38a2894662ddb0a7843612e34d9bad36885", kill_on_drop: false }`
[INFO] running `Command { std: "docker" "rm" "-f" "6b82944bd23abcd57c2686860a1eb38a2894662ddb0a7843612e34d9bad36885", kill_on_drop: false }`
[INFO] [stdout] 6b82944bd23abcd57c2686860a1eb38a2894662ddb0a7843612e34d9bad36885
[INFO] running `Command { std: "docker" "create" "-v" "/var/lib/crater-agent-workspace/builds/worker-7-tc2/target:/opt/rustwide/target:rw,Z" "-v" "/var/lib/crater-agent-workspace/builds/worker-7-tc2/source:/opt/rustwide/workdir:ro,Z" "-v" "/var/lib/crater-agent-workspace/cargo-home:/opt/rustwide/cargo-home:ro,Z" "-v" "/var/lib/crater-agent-workspace/rustup-home:/opt/rustwide/rustup-home:ro,Z" "-e" "SOURCE_DIR=/opt/rustwide/workdir" "-e" "CARGO_TARGET_DIR=/opt/rustwide/target" "-e" "CARGO_INCREMENTAL=0" "-e" "RUST_BACKTRACE=full" "-e" "RUSTFLAGS=--cap-lints=warn" "-e" "RUSTDOCFLAGS=--cap-lints=warn" "-e" "CARGO_HOME=/opt/rustwide/cargo-home" "-e" "RUSTUP_HOME=/opt/rustwide/rustup-home" "-w" "/opt/rustwide/workdir" "-m" "1610612736" "--user" "0:0" "--network" "none" "ghcr.io/rust-lang/crates-build-env/linux@sha256:5ff2268d62e97bff2cde7d5815dd6ed5b47097566f13b8d0ca110b04b60e07ed" "/opt/rustwide/cargo-home/bin/cargo" "+beta-2023-04-20" "doc" "--frozen" "--no-deps" "--document-private-items" "--message-format=json", kill_on_drop: false }`
[INFO] [stdout] ba750eea75c90b9e507b5df06beedef70dadc342872174aa1f55999c04734cff
[INFO] running `Command { std: "docker" "start" "-a" "ba750eea75c90b9e507b5df06beedef70dadc342872174aa1f55999c04734cff", kill_on_drop: false }`
[INFO] [stderr]     Checking windows v0.32.0
[INFO] [stdout] error[E0433]: failed to resolve: could not find `windows` in `os`
[INFO] [stdout]     --> /opt/rustwide/cargo-home/registry/src/index.crates.io-6f17d22bba15001f/windows-0.32.0/src/Windows/Win32/Foundation/mod.rs:5992:22
[INFO] [stdout]      |
[INFO] [stdout] 5992 |         use std::os::windows::ffi::OsStrExt;
[INFO] [stdout]      |                      ^^^^^^^ could not find `windows` in `os`
[INFO] [stdout] 
[INFO] [stdout] 
[INFO] [stdout] error[E0433]: failed to resolve: could not find `windows` in `os`
[INFO] [stdout]     --> /opt/rustwide/cargo-home/registry/src/index.crates.io-6f17d22bba15001f/windows-0.32.0/src/core/bindings.rs:1517:22
[INFO] [stdout]      |
[INFO] [stdout] 1517 |         use std::os::windows::ffi::OsStrExt;
[INFO] [stdout]      |                      ^^^^^^^ could not find `windows` in `os`
[INFO] [stdout] 
[INFO] [stdout] 
[INFO] [stdout] error[E0599]: no method named `encode_wide` found for reference `&OsStr` in the current scope
[INFO] [stdout]     --> /opt/rustwide/cargo-home/registry/src/index.crates.io-6f17d22bba15001f/windows-0.32.0/src/Windows/Win32/Foundation/mod.rs:5993:104
[INFO] [stdout]      |
[INFO] [stdout] 5993 | ...ore::alloc::boxed::Box::<[u16]>::into_raw(self.encode_wide().chain(::core::iter::once(0)).collect::<::windows::core::alloc::vec::Vec<u...
[INFO] [stdout]      |                                                   ^^^^^^^^^^^ method not found in `&OsStr`
[INFO] [stdout] 
[INFO] [stdout] 
[INFO] [stdout] error[E0599]: no method named `encode_wide` found for reference `&OsStr` in the current scope
[INFO] [stdout]     --> /opt/rustwide/cargo-home/registry/src/index.crates.io-6f17d22bba15001f/windows-0.32.0/src/core/bindings.rs:1518:104
[INFO] [stdout]      |
[INFO] [stdout] 1518 | ...ore::alloc::boxed::Box::<[u16]>::into_raw(self.encode_wide().chain(::core::iter::once(0)).collect::<::windows::core::alloc::vec::Vec<u...
[INFO] [stdout]      |                                                   ^^^^^^^^^^^ method not found in `&OsStr`
[INFO] [stdout] 
[INFO] [stdout] 
[INFO] [stdout] error: aborting due to 4 previous errors
[INFO] [stdout] 
[INFO] [stdout] 
[INFO] [stdout] Some errors have detailed explanations: E0433, E0599.
[INFO] [stdout] 
[INFO] [stdout] For more information about an error, try `rustc --explain E0433`.
[INFO] [stdout] 
[INFO] [stderr] error: could not compile `windows` (lib) due to 5 previous errors
[INFO] running `Command { std: "docker" "inspect" "ba750eea75c90b9e507b5df06beedef70dadc342872174aa1f55999c04734cff", kill_on_drop: false }`
[INFO] running `Command { std: "docker" "rm" "-f" "ba750eea75c90b9e507b5df06beedef70dadc342872174aa1f55999c04734cff", kill_on_drop: false }`
[INFO] [stdout] ba750eea75c90b9e507b5df06beedef70dadc342872174aa1f55999c04734cff
