[INFO] fetching crate pea-node 0.3.0...
[INFO] documenting pea-node-0.3.0 against beta-2023-04-20 for beta-1.70-rustdoc-1
[INFO] extracting crate pea-node 0.3.0 into /workspace/builds/worker-2-tc2/source
[INFO] validating manifest of crates.io crate pea-node 0.3.0 on toolchain beta-2023-04-20
[INFO] running `Command { std: CARGO_HOME="/workspace/cargo-home" RUSTUP_HOME="/workspace/rustup-home" "/workspace/cargo-home/bin/cargo" "+beta-2023-04-20" "metadata" "--manifest-path" "Cargo.toml" "--no-deps", kill_on_drop: false }`
[INFO] started tweaking crates.io crate pea-node 0.3.0
[INFO] finished tweaking crates.io crate pea-node 0.3.0
[INFO] tweaked toml for crates.io crate pea-node 0.3.0 written to /workspace/builds/worker-2-tc2/source/Cargo.toml
[INFO] crate crates.io crate pea-node 0.3.0 already has a lockfile, it will not be regenerated
[INFO] running `Command { std: CARGO_HOME="/workspace/cargo-home" RUSTUP_HOME="/workspace/rustup-home" "/workspace/cargo-home/bin/cargo" "+beta-2023-04-20" "fetch" "--manifest-path" "Cargo.toml", kill_on_drop: false }`
[INFO] [stderr]     Blocking waiting for file lock on package cache
[INFO] [stderr]     Updating crates.io index
[INFO] [stderr]  Downloading crates ...
[INFO] [stderr]   Downloaded unicode-ident v1.0.5
[INFO] [stderr]   Downloaded quote v1.0.21
[INFO] [stderr]   Downloaded tokio-macros v1.8.0
[INFO] [stderr]   Downloaded parking_lot v0.12.1
[INFO] [stderr]   Downloaded proc-macro2 v1.0.47
[INFO] [stderr]   Downloaded libc v0.2.135
[INFO] [stderr]   Downloaded libp2p-tcp v0.33.0
[INFO] [stderr]   Downloaded syn v1.0.102
[INFO] [stderr]   Downloaded system-configuration v0.5.0
[INFO] [stderr]   Downloaded async-global-executor v2.3.0
[INFO] [stderr]   Downloaded prost-codec v0.1.0
[INFO] [stderr]   Downloaded libp2p-plaintext v0.33.0
[INFO] [stderr]   Downloaded if-addrs v0.7.0
[INFO] [stderr]   Downloaded libp2p-identify v0.36.1
[INFO] [stderr]   Downloaded lru v0.7.8
[INFO] [stderr]   Downloaded hex_fmt v0.3.0
[INFO] [stderr]   Downloaded enum-as-inner v0.4.0
[INFO] [stderr]   Downloaded chacha20poly1305 v0.9.1
[INFO] [stderr]   Downloaded libp2p-deflate v0.33.0
[INFO] [stderr]   Downloaded libp2p-kad v0.37.1
[INFO] [stderr]   Downloaded cxxbridge-macro v1.0.79
[INFO] [stderr]   Downloaded pin-project v0.4.30
[INFO] [stderr]   Downloaded aes v0.7.5
[INFO] [stderr]   Downloaded libp2p-gossipsub v0.38.1
[INFO] [stderr]   Downloaded owning_ref v0.4.1
[INFO] [stderr]   Downloaded prost-types v0.9.0
[INFO] [stderr]   Downloaded rtnetlink v0.10.1
[INFO] [stderr]   Downloaded miniz_oxide v0.5.4
[INFO] [stderr]   Downloaded flate2 v1.0.24
[INFO] [stderr]   Downloaded nix v0.24.2
[INFO] [stderr]   Downloaded crossterm v0.25.0
[INFO] [stderr]   Downloaded http v0.2.8
[INFO] [stderr]   Downloaded wasm-bindgen v0.2.83
[INFO] [stderr]   Downloaded asynchronous-codec v0.6.0
[INFO] [stderr]   Downloaded reqwest v0.11.12
[INFO] [stderr]   Downloaded async-std v1.12.0
[INFO] [stderr]   Downloaded multiaddr v0.14.0
[INFO] [stderr]   Downloaded webpki-roots v0.22.5
[INFO] [stderr]   Downloaded windows_x86_64_msvc v0.34.0
[INFO] [stderr]   Downloaded rustls v0.20.6
[INFO] [stderr]   Downloaded bindgen v0.60.1
[INFO] [stderr]   Downloaded libp2p-core v0.32.1
[INFO] [stderr]   Downloaded inquire v0.3.0
[INFO] [stderr]   Downloaded darling_core v0.14.1
[INFO] [stderr]   Downloaded fancy-regex v0.8.0
[INFO] [stderr]   Downloaded void v1.0.2
[INFO] [stderr]   Downloaded curve25519-dalek v4.0.0-pre.1
[INFO] [stderr]   Downloaded multihash v0.16.3
[INFO] [stderr]   Downloaded snow v0.9.0
[INFO] [stderr]   Downloaded windows_x86_64_gnu v0.34.0
[INFO] [stderr]   Downloaded futures-executor v0.3.24
[INFO] [stderr]   Downloaded windows_aarch64_msvc v0.34.0
[INFO] [stderr]   Downloaded windows_aarch64_msvc v0.36.1
[INFO] [stderr]   Downloaded windows_i686_msvc v0.34.0
[INFO] [stderr]   Downloaded windows_i686_gnu v0.34.0
[INFO] [stderr]   Downloaded sha3 v0.10.5
[INFO] [stderr]   Downloaded futures v0.3.24
[INFO] [stderr]   Downloaded libsecp256k1-gen-ecmult v0.3.0
[INFO] [stderr]   Downloaded wasm-timer v0.2.5
[INFO] [stderr]   Downloaded multihash-derive v0.8.0
[INFO] [stderr]   Downloaded dns-parser v0.8.0
[INFO] [stderr]   Downloaded linked-hash-map v0.5.6
[INFO] [stderr]   Downloaded libp2p-autonat v0.4.1
[INFO] [stderr]   Downloaded lru-cache v0.1.2
[INFO] [stderr]   Downloaded match_cfg v0.1.0
[INFO] [stderr]   Downloaded windows_x86_64_gnu v0.36.1
[INFO] [stderr]   Downloaded env_logger v0.9.1
[INFO] [stderr]   Downloaded cuckoofilter v0.5.0
[INFO] [stderr]   Downloaded trust-dns-resolver v0.21.2
[INFO] [stderr]   Downloaded futures-util v0.3.24
[INFO] [stderr]   Downloaded libp2p-floodsub v0.36.0
[INFO] [stderr]   Downloaded link-cplusplus v1.0.7
[INFO] [stderr]   Downloaded cxx v1.0.79
[INFO] [stderr]   Downloaded trust-dns-proto v0.21.2
[INFO] [stderr]   Downloaded futures-io v0.3.24
[INFO] [stderr]   Downloaded futures-macro v0.3.24
[INFO] [stderr]   Downloaded wasi v0.10.0+wasi-snapshot-preview1
[INFO] [stderr]   Downloaded indexmap v1.9.1
[INFO] [stderr]   Downloaded iana-time-zone-haiku v0.1.1
[INFO] [stderr]   Downloaded futures-channel v0.3.24
[INFO] [stderr]   Downloaded chrono v0.4.22
[INFO] [stderr]   Downloaded tokio-util v0.7.4
[INFO] [stderr]   Downloaded textwrap v0.15.1
[INFO] [stderr]   Downloaded scratch v1.0.2
[INFO] [stderr]   Downloaded codespan-reporting v0.11.1
[INFO] [stderr]   Downloaded pea-address v0.1.1
[INFO] [stderr]   Downloaded widestring v0.5.1
[INFO] [stderr]   Downloaded time v0.1.44
[INFO] [stderr]   Downloaded hmac-drbg v0.3.0
[INFO] [stderr]   Downloaded os_str_bytes v6.3.0
[INFO] [stderr]   Downloaded petgraph v0.6.2
[INFO] [stderr]   Downloaded ipconfig v0.3.0
[INFO] [stderr]   Downloaded pin-project-internal v1.0.12
[INFO] [stderr]   Downloaded cmake v0.1.48
[INFO] [stderr]   Downloaded prost-types v0.10.1
[INFO] [stderr]   Downloaded unicode-segmentation v1.10.0
[INFO] [stderr]   Downloaded fixedbitset v0.4.2
[INFO] [stderr]   Downloaded rw-stream-sink v0.3.0
[INFO] [stderr]   Downloaded blake2 v0.10.4
[INFO] [stderr]   Downloaded chacha20poly1305 v0.10.1
[INFO] [stderr]   Downloaded cxx-build v1.0.79
[INFO] [stderr]   Downloaded android_system_properties v0.1.5
[INFO] [stderr]   Downloaded aead v0.5.1
[INFO] [stderr]   Downloaded argon2 v0.4.1
[INFO] [stderr]   Downloaded libp2p v0.45.1
[INFO] [stderr]   Downloaded pin-project v1.0.12
[INFO] [stderr]   Downloaded spin v0.5.2
[INFO] [stderr]   Downloaded prost-derive v0.10.1
[INFO] [stderr]   Downloaded crypto-mac v0.8.0
[INFO] [stderr]   Downloaded asn1_der v0.7.5
[INFO] [stderr]   Downloaded libsecp256k1 v0.7.1
[INFO] [stderr]   Downloaded futures-timer v3.0.2
[INFO] [stderr]   Downloaded hmac v0.8.1
[INFO] [stderr]   Downloaded multistream-select v0.11.0
[INFO] [stderr]   Downloaded encoding_rs v0.8.31
[INFO] [stderr]   Downloaded libsecp256k1-gen-genmult v0.3.0
[INFO] [stderr]   Downloaded prost v0.10.4
[INFO] [stderr]   Downloaded windows v0.34.0
[INFO] [stderr]   Downloaded untrusted v0.7.1
[INFO] [stderr]   Downloaded poly1305 v0.8.0
[INFO] [stderr]   Downloaded yamux v0.10.2
[INFO] [stderr]   Downloaded chacha20 v0.9.0
[INFO] [stderr]   Downloaded num-integer v0.1.45
[INFO] [stderr]   Downloaded clap_lex v0.2.4
[INFO] [stderr]   Downloaded thiserror v1.0.37
[INFO] [stderr]   Downloaded unicode-width v0.1.10
[INFO] [stderr]   Downloaded pea-db v0.2.0
[INFO] [stderr]   Downloaded pea-tree v0.1.1
[INFO] [stderr]   Downloaded base64ct v1.5.2
[INFO] [stderr]   Downloaded password-hash v0.4.2
[INFO] [stderr]   Downloaded cipher v0.4.3
[INFO] [stderr]   Downloaded cxxbridge-flags v1.0.79
[INFO] [stderr]   Downloaded iana-time-zone v0.1.51
[INFO] [stderr]   Downloaded clap_derive v3.2.18
[INFO] [stderr]   Downloaded libz-sys v1.1.8
[INFO] [stderr]   Downloaded universal-hash v0.5.0
[INFO] [stderr]   Downloaded clap v3.2.22
[INFO] [stderr]   Downloaded pea-amount v0.1.1
[INFO] [stderr]   Downloaded futures-sink v0.3.24
[INFO] [stderr]   Downloaded futures-core v0.3.24
[INFO] [stderr]   Downloaded libp2p-dns v0.33.0
[INFO] [stderr]   Downloaded zstd-sys v2.0.1+zstd.1.5.2
[INFO] [stderr]   Downloaded hostname v0.3.1
[INFO] [stderr]   Downloaded web-sys v0.3.60
[INFO] [stderr]   Downloaded resolv-conf v0.7.0
[INFO] [stderr]   Downloaded quick-error v1.2.3
[INFO] [stderr]   Downloaded libp2p-core v0.33.0
[INFO] [stderr]   Downloaded libp2p-mdns v0.37.0
[INFO] [stderr]   Downloaded windows_x86_64_msvc v0.36.1
[INFO] [stderr]   Downloaded core2 v0.4.0
[INFO] [stderr]   Downloaded toml v0.5.9
[INFO] [stderr]   Downloaded tokio v1.21.2
[INFO] [stderr]   Downloaded libp2p-yamux v0.37.0
[INFO] [stderr]   Downloaded bzip2-sys v0.1.11+1.0.8
[INFO] [stderr]   Downloaded windows_i686_gnu v0.36.1
[INFO] [stderr]   Downloaded curve25519-dalek v3.2.0
[INFO] [stderr]   Downloaded bs58 v0.4.0
[INFO] [stderr]   Downloaded zxcvbn v2.2.1
[INFO] [stderr]   Downloaded windows_i686_msvc v0.36.1
[INFO] [stderr]   Downloaded unsigned-varint v0.7.1
[INFO] [stderr]   Downloaded rand v0.4.6
[INFO] [stderr]   Downloaded bytes v1.2.1
[INFO] [stderr]   Downloaded mio v0.8.4
[INFO] [stderr]   Downloaded signal-hook v0.3.14
[INFO] [stderr]   Downloaded serde_derive v1.0.145
[INFO] [stderr]   Downloaded prost v0.9.0
[INFO] [stderr]   Downloaded sct v0.7.0
[INFO] [stderr]   Downloaded sha-1 v0.9.8
[INFO] [stderr]   Downloaded ahash v0.7.6
[INFO] [stderr]   Downloaded arrayvec v0.7.2
[INFO] [stderr]   Downloaded unicode-xid v0.2.4
[INFO] [stderr]   Downloaded windows-sys v0.36.1
[INFO] [stderr]   Downloaded derive_builder v0.11.2
[INFO] [stderr]   Downloaded wasm-bindgen-backend v0.2.83
[INFO] [stderr]   Downloaded wasm-bindgen-macro-support v0.2.83
[INFO] [stderr]   Downloaded libloading v0.7.3
[INFO] [stderr]   Downloaded clang-sys v1.4.0
[INFO] [stderr]   Downloaded ryu v1.0.11
[INFO] [stderr]   Downloaded parking_lot_core v0.9.3
[INFO] [stderr]   Downloaded libp2p-uds v0.32.0
[INFO] [stderr]   Downloaded futures-rustls v0.22.2
[INFO] [stderr]   Downloaded pin-project-lite v0.1.12
[INFO] [stderr]   Downloaded colored v2.0.0
[INFO] [stderr]   Downloaded crossterm_winapi v0.9.0
[INFO] [stderr]   Downloaded signal-hook-mio v0.2.3
[INFO] [stderr]   Downloaded dyn-clone v1.0.9
[INFO] [stderr]   Downloaded hyper v0.14.20
[INFO] [stderr]   Downloaded ipnet v2.5.0
[INFO] [stderr]   Downloaded openssl v0.10.42
[INFO] [stderr]   Downloaded core-foundation-sys v0.8.3
[INFO] [stderr]   Downloaded security-framework-sys v2.6.1
[INFO] [stderr]   Downloaded fastrand v1.8.0
[INFO] [stderr]   Downloaded tempfile v3.3.0
[INFO] [stderr]   Downloaded arrayref v0.3.6
[INFO] [stderr]   Downloaded digest v0.10.5
[INFO] [stderr]   Downloaded ed25519 v1.5.2
[INFO] [stderr]   Downloaded generic-array v0.14.6
[INFO] [stderr]   Downloaded synstructure v0.12.6
[INFO] [stderr]   Downloaded zeroize v1.5.7
[INFO] [stderr]   Downloaded darling v0.14.1
[INFO] [stderr]   Downloaded quick-error v2.0.1
[INFO] [stderr]   Downloaded jobserver v0.1.25
[INFO] [stderr]   Downloaded rdrand v0.4.0
[INFO] [stderr]   Downloaded value-bag v1.0.0-alpha.9
[INFO] [stderr]   Downloaded lock_api v0.4.9
[INFO] [stderr]   Downloaded libp2p-wasm-ext v0.33.0
[INFO] [stderr]   Downloaded quicksink v0.1.2
[INFO] [stderr]   Downloaded nohash-hasher v0.2.0
[INFO] [stderr]   Downloaded newline-converter v0.2.0
[INFO] [stderr]   Downloaded thiserror-impl v1.0.37
[INFO] [stderr]   Downloaded futures-task v0.3.24
[INFO] [stderr]   Downloaded h2 v0.3.14
[INFO] [stderr]   Downloaded openssl-macros v0.1.0
[INFO] [stderr]   Downloaded constant_time_eq v0.1.5
[INFO] [stderr]   Downloaded zeroize_derive v1.3.2
[INFO] [stderr]   Downloaded merkle-cbt v0.3.2
[INFO] [stderr]   Downloaded serde-big-array v0.4.1
[INFO] [stderr]   Downloaded darling_macro v0.14.1
[INFO] [stderr]   Downloaded derive_builder_macro v0.11.2
[INFO] [stderr]   Downloaded wasm-bindgen-shared v0.2.83
[INFO] [stderr]   Downloaded wasm-bindgen-macro v0.2.83
[INFO] [stderr]   Downloaded num_threads v0.1.6
[INFO] [stderr]   Downloaded shlex v1.1.0
[INFO] [stderr]   Downloaded rand_core v0.3.1
[INFO] [stderr]   Downloaded tempdir v0.3.7
[INFO] [stderr]   Downloaded aes-gcm v0.9.4
[INFO] [stderr]   Downloaded blake3 v1.3.1
[INFO] [stderr]   Downloaded cexpr v0.6.0
[INFO] [stderr]   Downloaded aho-corasick v0.7.19
[INFO] [stderr]   Downloaded soketto v0.7.1
[INFO] [stderr]   Downloaded multimap v0.8.3
[INFO] [stderr]   Downloaded pea-wallet v0.2.3
[INFO] [stderr]   Downloaded ctor v0.1.23
[INFO] [stderr]   Downloaded itoa v1.0.4
[INFO] [stderr]   Downloaded x25519-dalek v1.1.1
[INFO] [stderr]   Downloaded netlink-packet-route v0.12.0
[INFO] [stderr]   Downloaded security-framework v2.7.0
[INFO] [stderr]   Downloaded ed25519-dalek v1.0.1
[INFO] [stderr]   Downloaded time v0.3.15
[INFO] [stderr]   Downloaded async-std-resolver v0.21.2
[INFO] [stderr]   Downloaded parity-send-wrapper v0.1.0
[INFO] [stderr]   Downloaded webpki v0.22.0
[INFO] [stderr]   Downloaded libsecp256k1-core v0.3.0
[INFO] [stderr]   Downloaded bumpalo v3.11.0
[INFO] [stderr]   Downloaded if-watch v1.1.1
[INFO] [stderr]   Downloaded polling v2.3.0
[INFO] [stderr]   Downloaded async-io v1.9.0
[INFO] [stderr]   Downloaded event-listener v2.5.3
[INFO] [stderr]   Downloaded anyhow v1.0.65
[INFO] [stderr]   Downloaded openssl-sys v0.9.76
[INFO] [stderr]   Downloaded native-tls v0.2.10
[INFO] [stderr]   Downloaded derive_builder_core v0.11.2
[INFO] [stderr]   Downloaded uint v0.9.4
[INFO] [stderr]   Downloaded prometheus-client v0.16.0
[INFO] [stderr]   Downloaded libp2p-metrics v0.6.1
[INFO] [stderr]   Downloaded libp2p-mplex v0.33.0
[INFO] [stderr]   Downloaded aead v0.4.3
[INFO] [stderr]   Downloaded universal-hash v0.4.1
[INFO] [stderr]   Downloaded poly1305 v0.7.2
[INFO] [stderr]   Downloaded semver v1.0.14
[INFO] [stderr]   Downloaded libp2p-noise v0.36.0
[INFO] [stderr]   Downloaded libp2p-relay v0.9.1
[INFO] [stderr]   Downloaded libp2p-rendezvous v0.6.0
[INFO] [stderr]   Downloaded libp2p-swarm v0.36.1
[INFO] [stderr]   Downloaded paste v1.0.9
[INFO] [stderr]   Downloaded async-channel v1.7.1
[INFO] [stderr]   Downloaded libp2p-websocket v0.35.0
[INFO] [stderr]   Downloaded schannel v0.1.20
[INFO] [stderr]   Downloaded wasm-bindgen-futures v0.4.33
[INFO] [stderr]   Downloaded block-buffer v0.10.3
[INFO] [stderr]   Downloaded signature v1.6.4
[INFO] [stderr]   Downloaded cpufeatures v0.2.5
[INFO] [stderr]   Downloaded bit-vec v0.6.3
[INFO] [stderr]   Downloaded dtoa v1.0.4
[INFO] [stderr]   Downloaded prometheus-client-derive-text-encode v0.2.0
[INFO] [stderr]   Downloaded ctr v0.8.0
[INFO] [stderr]   Downloaded chacha20 v0.8.2
[INFO] [stderr]   Downloaded salsa20 v0.10.2
[INFO] [stderr]   Downloaded keccak v0.1.2
[INFO] [stderr]   Downloaded bimap v0.6.2
[INFO] [stderr]   Downloaded async-trait v0.1.57
[INFO] [stderr]   Downloaded libp2p-request-response v0.18.0
[INFO] [stderr]   Downloaded netlink-sys v0.8.3
[INFO] [stderr]   Downloaded async-lock v2.5.0
[INFO] [stderr]   Downloaded cache-padded v1.2.0
[INFO] [stderr]   Downloaded async-task v4.3.0
[INFO] [stderr]   Downloaded async-process v1.5.0
[INFO] [stderr]   Downloaded gloo-timers v0.2.4
[INFO] [stderr]   Downloaded rw-stream-sink v0.2.1
[INFO] [stderr]   Downloaded crunchy v0.2.2
[INFO] [stderr]   Downloaded pea-api v0.1.1
[INFO] [stderr]   Downloaded bit-set v0.5.3
[INFO] [stderr]   Downloaded polyval v0.5.3
[INFO] [stderr]   Downloaded ghash v0.4.4
[INFO] [stderr]   Downloaded libp2p-pnet v0.22.1
[INFO] [stderr]   Downloaded netlink-packet-utils v0.5.1
[INFO] [stderr]   Downloaded netlink-packet-core v0.4.2
[INFO] [stderr]   Downloaded ring v0.16.20
[INFO] [stderr]   Downloaded concurrent-queue v1.2.4
[INFO] [stderr]   Downloaded blocking v1.2.0
[INFO] [stderr]   Downloaded prost-derive v0.9.0
[INFO] [stderr]   Downloaded pin-project-internal v0.4.30
[INFO] [stderr]   Downloaded which v4.3.0
[INFO] [stderr]   Downloaded pea-core v0.1.1
[INFO] [stderr]   Downloaded pkg-config v0.3.25
[INFO] [stderr]   Downloaded rocksdb v0.19.0
[INFO] [stderr]   Downloaded fuchsia-cprng v0.1.1
[INFO] [stderr]   Downloaded rand_core v0.4.2
[INFO] [stderr]   Downloaded cipher v0.3.0
[INFO] [stderr]   Downloaded libp2p-ping v0.36.0
[INFO] [stderr]   Downloaded libp2p-swarm-derive v0.27.2
[INFO] [stderr]   Downloaded system-configuration-sys v0.5.0
[INFO] [stderr]   Downloaded netlink-proto v0.10.0
[INFO] [stderr]   Downloaded ident_case v1.0.1
[INFO] [stderr]   Downloaded js-sys v0.3.60
[INFO] [stderr]   Downloaded crossbeam-utils v0.8.12
[INFO] [stderr]   Downloaded serde v1.0.145
[INFO] [stderr]   Downloaded once_cell v1.15.0
[INFO] [stderr]   Downloaded serde_json v1.0.86
[INFO] [stderr]   Downloaded socket2 v0.4.7
[INFO] [stderr]   Downloaded prost-build v0.10.4
[INFO] [stderr]   Downloaded prost-build v0.9.0
[INFO] [stderr]   Downloaded librocksdb-sys v0.8.0+7.4.4
[INFO] running `Command { std: "docker" "create" "-v" "/var/lib/crater-agent-workspace/builds/worker-2-tc2/target:/opt/rustwide/target:rw,Z" "-v" "/var/lib/crater-agent-workspace/builds/worker-2-tc2/source:/opt/rustwide/workdir:ro,Z" "-v" "/var/lib/crater-agent-workspace/cargo-home:/opt/rustwide/cargo-home:ro,Z" "-v" "/var/lib/crater-agent-workspace/rustup-home:/opt/rustwide/rustup-home:ro,Z" "-e" "SOURCE_DIR=/opt/rustwide/workdir" "-e" "CARGO_TARGET_DIR=/opt/rustwide/target" "-e" "CARGO_HOME=/opt/rustwide/cargo-home" "-e" "RUSTUP_HOME=/opt/rustwide/rustup-home" "-w" "/opt/rustwide/workdir" "-m" "1610612736" "--user" "0:0" "--network" "none" "ghcr.io/rust-lang/crates-build-env/linux@sha256:5ff2268d62e97bff2cde7d5815dd6ed5b47097566f13b8d0ca110b04b60e07ed" "/opt/rustwide/cargo-home/bin/cargo" "+beta-2023-04-20" "metadata" "--no-deps" "--format-version=1", kill_on_drop: false }`
[INFO] [stdout] 615b68d95da893f4bdd876a7362010c966dc67388119cb98aedc14726796cd06
[INFO] running `Command { std: "docker" "start" "-a" "615b68d95da893f4bdd876a7362010c966dc67388119cb98aedc14726796cd06", kill_on_drop: false }`
[INFO] running `Command { std: "docker" "inspect" "615b68d95da893f4bdd876a7362010c966dc67388119cb98aedc14726796cd06", kill_on_drop: false }`
[INFO] running `Command { std: "docker" "rm" "-f" "615b68d95da893f4bdd876a7362010c966dc67388119cb98aedc14726796cd06", kill_on_drop: false }`
[INFO] [stdout] 615b68d95da893f4bdd876a7362010c966dc67388119cb98aedc14726796cd06
[INFO] running `Command { std: "docker" "create" "-v" "/var/lib/crater-agent-workspace/builds/worker-2-tc2/target:/opt/rustwide/target:rw,Z" "-v" "/var/lib/crater-agent-workspace/builds/worker-2-tc2/source:/opt/rustwide/workdir:ro,Z" "-v" "/var/lib/crater-agent-workspace/cargo-home:/opt/rustwide/cargo-home:ro,Z" "-v" "/var/lib/crater-agent-workspace/rustup-home:/opt/rustwide/rustup-home:ro,Z" "-e" "SOURCE_DIR=/opt/rustwide/workdir" "-e" "CARGO_TARGET_DIR=/opt/rustwide/target" "-e" "CARGO_INCREMENTAL=0" "-e" "RUST_BACKTRACE=full" "-e" "RUSTFLAGS=--cap-lints=warn" "-e" "RUSTDOCFLAGS=--cap-lints=warn" "-e" "CARGO_HOME=/opt/rustwide/cargo-home" "-e" "RUSTUP_HOME=/opt/rustwide/rustup-home" "-w" "/opt/rustwide/workdir" "-m" "1610612736" "--user" "0:0" "--network" "none" "ghcr.io/rust-lang/crates-build-env/linux@sha256:5ff2268d62e97bff2cde7d5815dd6ed5b47097566f13b8d0ca110b04b60e07ed" "/opt/rustwide/cargo-home/bin/cargo" "+beta-2023-04-20" "doc" "--frozen" "--no-deps" "--document-private-items" "--message-format=json", kill_on_drop: false }`
[INFO] [stdout] 6f4f34b1ef1050830504f6db2571c861d0c08b0b5f3a7f86b30ab85efe9535cc
[INFO] running `Command { std: "docker" "start" "-a" "6f4f34b1ef1050830504f6db2571c861d0c08b0b5f3a7f86b30ab85efe9535cc", kill_on_drop: false }`
[INFO] [stderr]    Compiling libc v0.2.135
[INFO] [stderr]    Compiling proc-macro2 v1.0.47
[INFO] [stderr]    Compiling unicode-ident v1.0.5
[INFO] [stderr]    Compiling quote v1.0.21
[INFO] [stderr]    Compiling syn v1.0.102
[INFO] [stderr]    Compiling version_check v0.9.4
[INFO] [stderr]     Checking cfg-if v1.0.0
[INFO] [stderr]    Compiling autocfg v1.1.0
[INFO] [stderr]    Compiling log v0.4.17
[INFO] [stderr]    Compiling typenum v1.15.0
[INFO] [stderr]    Compiling anyhow v1.0.65
[INFO] [stderr]    Compiling futures-core v0.3.24
[INFO] [stderr]     Checking pin-project-lite v0.2.9
[INFO] [stderr]    Compiling either v1.8.0
[INFO] [stderr]    Compiling memchr v2.5.0
[INFO] [stderr]    Compiling once_cell v1.15.0
[INFO] [stderr]     Checking futures-io v0.3.24
[INFO] [stderr]     Checking subtle v2.4.1
[INFO] [stderr]    Compiling itertools v0.10.5
[INFO] [stderr]     Checking futures-sink v0.3.24
[INFO] [stderr]    Compiling futures-channel v0.3.24
[INFO] [stderr]    Compiling lazy_static v1.4.0
[INFO] [stderr]    Compiling futures-task v0.3.24
[INFO] [stderr]    Compiling futures-util v0.3.24
[INFO] [stderr]     Checking pin-utils v0.1.0
[INFO] [stderr]    Compiling bytes v1.2.1
[INFO] [stderr]    Compiling heck v0.4.0
[INFO] [stderr]    Compiling value-bag v1.0.0-alpha.9
[INFO] [stderr]    Compiling generic-array v0.14.6
[INFO] [stderr]    Compiling ahash v0.7.6
[INFO] [stderr]    Compiling slab v0.4.7
[INFO] [stderr]    Compiling indexmap v1.9.1
[INFO] [stderr]    Compiling aho-corasick v0.7.19
[INFO] [stderr]     Checking cpufeatures v0.2.5
[INFO] [stderr]    Compiling unicode-xid v0.2.4
[INFO] [stderr]    Compiling fixedbitset v0.4.2
[INFO] [stderr]    Compiling fastrand v1.8.0
[INFO] [stderr]    Compiling remove_dir_all v0.5.3
[INFO] [stderr]     Checking smallvec v1.10.0
[INFO] [stderr]    Compiling multimap v0.8.3
[INFO] [stderr]    Compiling serde_derive v1.0.145
[INFO] [stderr]    Compiling lock_api v0.4.9
[INFO] [stderr]    Compiling serde v1.0.145
[INFO] [stderr]     Checking byteorder v1.4.3
[INFO] [stderr]     Checking scopeguard v1.1.0
[INFO] [stderr]     Checking opaque-debug v0.3.0
[INFO] [stderr]     Checking ppv-lite86 v0.2.16
[INFO] [stderr]    Compiling parking_lot_core v0.9.3
[INFO] [stderr]    Compiling thiserror v1.0.37
[INFO] [stderr]    Compiling getrandom v0.1.16
[INFO] [stderr]     Checking unicode-normalization v0.1.22
[INFO] [stderr]    Compiling regex v1.6.0
[INFO] [stderr]     Checking fnv v1.0.7
[INFO] [stderr]     Checking arrayref v0.3.6
[INFO] [stderr]     Checking percent-encoding v2.2.0
[INFO] [stderr]    Compiling proc-macro-error-attr v1.0.4
[INFO] [stderr]     Checking signature v1.6.4
[INFO] [stderr]    Compiling jobserver v0.1.25
[INFO] [stderr]    Compiling which v4.3.0
[INFO] [stderr]    Compiling getrandom v0.2.7
[INFO] [stderr]    Compiling tempfile v3.3.0
[INFO] [stderr]     Checking num_cpus v1.13.1
[INFO] [stderr]    Compiling cc v1.0.73
[INFO] [stderr]     Checking form_urlencoded v1.1.0
[INFO] [stderr]     Checking rand_core v0.6.4
[INFO] [stderr]    Compiling crunchy v0.2.2
[INFO] [stderr]     Checking idna v0.3.0
[INFO] [stderr]     Checking ed25519 v1.5.2
[INFO] [stderr]     Checking parking_lot v0.12.1
[INFO] [stderr]     Checking rand_core v0.5.1
[INFO] [stderr]    Compiling hashbrown v0.12.3
[INFO] [stderr]    Compiling proc-macro-error v1.0.4
[INFO] [stderr]     Checking untrusted v0.7.1
[INFO] [stderr]     Checking spin v0.5.2
[INFO] [stderr]     Checking rand_chacha v0.3.1
[INFO] [stderr]     Checking rand_chacha v0.2.2
[INFO] [stderr]     Checking static_assertions v1.1.0
[INFO] [stderr]     Checking crypto-common v0.1.6
[INFO] [stderr]     Checking digest v0.9.0
[INFO] [stderr]     Checking block-buffer v0.10.3
[INFO] [stderr]     Checking block-buffer v0.9.0
[INFO] [stderr]     Checking data-encoding v2.3.2
[INFO] [stderr]     Checking instant v0.1.12
[INFO] [stderr]     Checking sha2 v0.9.9
[INFO] [stderr]    Compiling cmake v0.1.48
[INFO] [stderr]     Checking rand v0.7.3
[INFO] [stderr]     Checking digest v0.10.5
[INFO] [stderr]     Checking rand v0.8.5
[INFO] [stderr]     Checking url v2.3.1
[INFO] [stderr]     Checking base64 v0.13.0
[INFO] [stderr]     Checking core2 v0.4.0
[INFO] [stderr]    Compiling pkg-config v0.3.25
[INFO] [stderr]     Checking sha2 v0.10.6
[INFO] [stderr]     Checking crypto-mac v0.8.0
[INFO] [stderr]     Checking bs58 v0.4.0
[INFO] [stderr]     Checking void v1.0.2
[INFO] [stderr]     Checking asn1_der v0.7.5
[INFO] [stderr]     Checking futures-timer v3.0.2
[INFO] [stderr]     Checking libsecp256k1-core v0.3.0
[INFO] [stderr]     Checking hmac v0.8.1
[INFO] [stderr]     Checking signal-hook-registry v1.4.0
[INFO] [stderr]     Checking socket2 v0.4.7
[INFO] [stderr]     Checking cache-padded v1.2.0
[INFO] [stderr]     Checking parking v2.0.0
[INFO] [stderr]     Checking hmac-drbg v0.3.0
[INFO] [stderr]     Checking bitflags v1.3.2
[INFO] [stderr]     Checking concurrent-queue v1.2.4
[INFO] [stderr]    Compiling petgraph v0.6.2
[INFO] [stderr]     Checking waker-fn v1.1.0
[INFO] [stderr]    Compiling tokio v1.21.2
[INFO] [stderr]    Compiling polling v2.3.0
[INFO] [stderr]    Compiling async-io v1.9.0
[INFO] [stderr]     Checking event-listener v2.5.3
[INFO] [stderr]    Compiling prost-build v0.10.4
[INFO] [stderr]    Compiling ring v0.16.20
[INFO] [stderr]     Checking itoa v1.0.4
[INFO] [stderr]     Checking async-task v4.3.0
[INFO] [stderr]    Compiling signal-hook v0.3.14
[INFO] [stderr]    Compiling openssl-sys v0.9.76
[INFO] [stderr]     Checking futures-lite v1.12.0
[INFO] [stderr]    Compiling libz-sys v1.1.8
[INFO] [stderr]     Checking async-channel v1.7.1
[INFO] [stderr]     Checking hex v0.4.3
[INFO] [stderr]     Checking arrayvec v0.7.2
[INFO] [stderr]     Checking atomic-waker v1.0.0
[INFO] [stderr]     Checking ipnet v2.5.0
[INFO] [stderr]     Checking async-lock v2.5.0
[INFO] [stderr]    Compiling httparse v1.8.0
[INFO] [stderr]    Compiling glob v0.3.0
[INFO] [stderr]    Compiling wasm-bindgen-shared v0.2.83
[INFO] [stderr]    Compiling blake3 v1.3.1
[INFO] [stderr]    Compiling paste v1.0.9
[INFO] [stderr]    Compiling async-trait v0.1.57
[INFO] [stderr]     Checking cipher v0.3.0
[INFO] [stderr]     Checking blocking v1.2.0
[INFO] [stderr]     Checking async-executor v1.4.1
[INFO] [stderr]     Checking universal-hash v0.4.1
[INFO] [stderr]     Checking tracing-core v0.1.30
[INFO] [stderr]     Checking constant_time_eq v0.1.5
[INFO] [stderr]    Compiling clang-sys v1.4.0
[INFO] [stderr]    Compiling bumpalo v3.11.0
[INFO] [stderr]    Compiling minimal-lexical v0.2.1
[INFO] [stderr]    Compiling ident_case v1.0.1
[INFO] [stderr]     Checking regex-syntax v0.6.27
[INFO] [stderr]    Compiling strsim v0.10.0
[INFO] [stderr]     Checking foreign-types-shared v0.1.1
[INFO] [stderr]    Compiling openssl v0.10.42
[INFO] [stderr]    Compiling semver v1.0.14
[INFO] [stderr]     Checking foreign-types v0.3.2
[INFO] [stderr]     Checking tracing v0.1.37
[INFO] [stderr]    Compiling nom v7.1.1
[INFO] [stderr]     Checking http v0.2.8
[INFO] [stderr]     Checking inout v0.1.3
[INFO] [stderr]    Compiling prost-build v0.9.0
[INFO] [stderr]    Compiling async-process v1.5.0
[INFO] [stderr]    Compiling libloading v0.7.3
[INFO] [stderr]     Checking merkle-cbt v0.3.2
[INFO] [stderr]    Compiling crossbeam-utils v0.8.12
[INFO] [stderr]    Compiling native-tls v0.2.10
[INFO] [stderr]     Checking quick-error v1.2.3
[INFO] [stderr]    Compiling libsecp256k1-gen-genmult v0.3.0
[INFO] [stderr]    Compiling libsecp256k1-gen-ecmult v0.3.0
[INFO] [stderr]    Compiling synstructure v0.12.6
[INFO] [stderr]    Compiling darling_core v0.14.1
[INFO] [stderr]    Compiling parking_lot_core v0.8.5
[INFO] [stderr]    Compiling pin-project-internal v0.4.30
[INFO] [stderr]    Compiling bindgen v0.60.1
[INFO] [stderr]    Compiling crc32fast v1.3.2
[INFO] [stderr]    Compiling unicode-segmentation v1.10.0
[INFO] [stderr]    Compiling libsecp256k1 v0.7.1
[INFO] [stderr]    Compiling heck v0.3.3
[INFO] [stderr]    Compiling bzip2-sys v0.1.11+1.0.8
[INFO] [stderr]    Compiling zstd-sys v2.0.1+zstd.1.5.2
[INFO] [stderr]     Checking openssl-probe v0.1.5
[INFO] [stderr]    Compiling shlex v1.1.0
[INFO] [stderr]    Compiling peeking_take_while v0.1.2
[INFO] [stderr]    Compiling wasm-bindgen v0.2.83
[INFO] [stderr]     Checking adler v1.0.2
[INFO] [stderr]     Checking match_cfg v0.1.0
[INFO] [stderr]     Checking try-lock v0.2.3
[INFO] [stderr]    Compiling rustc-hash v1.1.0
[INFO] [stderr]    Compiling lazycell v1.3.0
[INFO] [stderr]     Checking miniz_oxide v0.5.4
[INFO] [stderr]     Checking hostname v0.3.1
[INFO] [stderr]     Checking idna v0.2.3
[INFO] [stderr]    Compiling rustc_version v0.4.0
[INFO] [stderr]     Checking http-body v0.4.5
[INFO] [stderr]     Checking polyval v0.5.3
[INFO] [stderr]     Checking nix v0.24.2
[INFO] [stderr]     Checking blake2 v0.10.4
[INFO] [stderr]     Checking aead v0.4.3
[INFO] [stderr]    Compiling num-traits v0.2.15
[INFO] [stderr]     Checking httpdate v1.0.2
[INFO] [stderr]     Checking linked-hash-map v0.5.6
[INFO] [stderr]    Compiling encoding_rs v0.8.31
[INFO] [stderr]     Checking ryu v1.0.11
[INFO] [stderr]    Compiling serde_json v1.0.86
[INFO] [stderr]    Compiling rustls v0.20.6
[INFO] [stderr]     Checking tower-service v0.3.2
[INFO] [stderr]     Checking stable_deref_trait v1.2.0
[INFO] [stderr]    Compiling snow v0.9.0
[INFO] [stderr]     Checking parking_lot v0.11.2
[INFO] [stderr]     Checking owning_ref v0.4.1
[INFO] [stderr]    Compiling cexpr v0.6.0
[INFO] [stderr]     Checking lru-cache v0.1.2
[INFO] [stderr]     Checking ghash v0.4.4
[INFO] [stderr]     Checking resolv-conf v0.7.0
[INFO] [stderr]     Checking poly1305 v0.7.2
[INFO] [stderr]     Checking aes v0.7.5
[INFO] [stderr]     Checking ctr v0.8.0
[INFO] [stderr]     Checking atty v0.2.14
[INFO] [stderr]    Compiling num-integer v0.1.45
[INFO] [stderr]     Checking dtoa v1.0.4
[INFO] [stderr]     Checking bit-vec v0.6.3
[INFO] [stderr]     Checking nohash-hasher v0.2.0
[INFO] [stderr]     Checking webpki v0.22.0
[INFO] [stderr]     Checking sct v0.7.0
[INFO] [stderr]     Checking lru v0.7.8
[INFO] [stderr]     Checking uint v0.9.4
[INFO] [stderr]     Checking sha-1 v0.9.8
[INFO] [stderr]     Checking universal-hash v0.5.0
[INFO] [stderr]     Checking bit-set v0.5.3
[INFO] [stderr]     Checking aes-gcm v0.9.4
[INFO] [stderr]     Checking num_threads v0.1.6
[INFO] [stderr]     Checking os_str_bytes v6.3.0
[INFO] [stderr]     Checking keccak v0.1.2
[INFO] [stderr]     Checking termcolor v1.1.3
[INFO] [stderr]     Checking base64ct v1.5.2
[INFO] [stderr]     Checking hex_fmt v0.3.0
[INFO] [stderr]     Checking mime v0.3.16
[INFO] [stderr]     Checking pin-project-lite v0.1.12
[INFO] [stderr]     Checking fancy-regex v0.8.0
[INFO] [stderr]     Checking clap_lex v0.2.4
[INFO] [stderr]     Checking sha3 v0.10.5
[INFO] [stderr]     Checking quicksink v0.1.2
[INFO] [stderr]     Checking webpki-roots v0.22.5
[INFO] [stderr]     Checking time v0.3.15
[INFO] [stderr]     Checking poly1305 v0.8.0
[INFO] [stderr]     Checking dns-parser v0.8.0
[INFO] [stderr]     Checking password-hash v0.4.2
[INFO] [stderr]     Checking cuckoofilter v0.5.0
[INFO] [stderr]     Checking aead v0.5.1
[INFO] [stderr]     Checking time v0.1.44
[INFO] [stderr]     Checking rand v0.4.6
[INFO] [stderr]     Checking if-addrs v0.7.0
[INFO] [stderr]     Checking unicode-width v0.1.10
[INFO] [stderr]     Checking newline-converter v0.2.0
[INFO] [stderr]     Checking bimap v0.6.2
[INFO] [stderr]     Checking quick-error v2.0.1
[INFO] [stderr]     Checking parity-send-wrapper v0.1.0
[INFO] [stderr]     Checking dyn-clone v1.0.9
[INFO] [stderr]     Checking textwrap v0.15.1
[INFO] [stderr]     Checking iana-time-zone v0.1.51
[INFO] [stderr]     Checking argon2 v0.4.1
[INFO] [stderr]     Checking colored v2.0.0
[INFO] [stderr]     Checking humantime v2.1.0
[INFO] [stderr]    Compiling pea-node v0.3.0 (/opt/rustwide/workdir)
[INFO] [stderr]     Checking tempdir v0.3.7
[INFO] [stderr]    Compiling ctor v0.1.23
[INFO] [stderr]    Compiling futures-macro v0.3.24
[INFO] [stderr]    Compiling prost-derive v0.10.1
[INFO] [stderr]    Compiling zeroize_derive v1.3.2
[INFO] [stderr]    Compiling thiserror-impl v1.0.37
[INFO] [stderr]    Compiling pin-project-internal v1.0.12
[INFO] [stderr]    Compiling tokio-macros v1.8.0
[INFO] [stderr]    Compiling prost-derive v0.9.0
[INFO] [stderr]    Compiling openssl-macros v0.1.0
[INFO] [stderr]    Compiling darling_macro v0.14.1
[INFO] [stderr]     Checking zeroize v1.5.7
[INFO] [stderr]     Checking curve25519-dalek v3.2.0
[INFO] [stderr]     Checking cipher v0.4.3
[INFO] [stderr]     Checking mio v0.8.4
[INFO] [stderr]    Compiling wasm-bindgen-backend v0.2.83
[INFO] [stderr]    Compiling darling v0.14.1
[INFO] [stderr]     Checking want v0.3.0
[INFO] [stderr]     Checking kv-log-macro v1.0.7
[INFO] [stderr]     Checking async-global-executor v2.3.0
[INFO] [stderr]     Checking pin-project v1.0.12
[INFO] [stderr]    Compiling enum-as-inner v0.4.0
[INFO] [stderr]     Checking async-std v1.12.0
[INFO] [stderr]     Checking netlink-packet-utils v0.5.1
[INFO] [stderr]    Compiling derive_builder_core v0.11.2
[INFO] [stderr]     Checking chacha20 v0.8.2
[INFO] [stderr]    Compiling prost v0.10.4
[INFO] [stderr]     Checking netlink-packet-core v0.4.2
[INFO] [stderr]    Compiling wasm-bindgen-macro-support v0.2.83
[INFO] [stderr]     Checking netlink-packet-route v0.12.0
[INFO] [stderr]    Compiling prost v0.9.0
[INFO] [stderr]    Compiling prost-types v0.10.1
[INFO] [stderr]    Compiling prometheus-client-derive-text-encode v0.2.0
[INFO] [stderr]    Compiling prost-types v0.9.0
[INFO] [stderr]     Checking chacha20poly1305 v0.9.1
[INFO] [stderr]    Compiling derive_builder_macro v0.11.2
[INFO] [stderr]     Checking futures-executor v0.3.24
[INFO] [stderr]     Checking asynchronous-codec v0.6.0
[INFO] [stderr]    Compiling wasm-bindgen-macro v0.2.83
[INFO] [stderr]     Checking trust-dns-proto v0.21.2
[INFO] [stderr]     Checking flate2 v1.0.24
[INFO] [stderr]     Checking signal-hook-mio v0.2.3
[INFO] [stderr]     Checking curve25519-dalek v4.0.0-pre.1
[INFO] [stderr]     Checking unsigned-varint v0.7.1
[INFO] [stderr]     Checking futures v0.3.24
[INFO] [stderr]     Checking rw-stream-sink v0.3.0
[INFO] [stderr]     Checking netlink-sys v0.8.3
[INFO] [stderr]     Checking multistream-select v0.11.0
[INFO] [stderr]     Checking prost-codec v0.1.0
[INFO] [stderr]     Checking prometheus-client v0.16.0
[INFO] [stderr]     Checking wasm-timer v0.2.5
[INFO] [stderr]     Checking yamux v0.10.2
[INFO] [stderr]     Checking soketto v0.7.1
[INFO] [stderr]     Checking crossterm v0.25.0
[INFO] [stderr]     Checking x25519-dalek v1.1.1
[INFO] [stderr]     Checking tokio-util v0.7.4
[INFO] [stderr]     Checking netlink-proto v0.10.0
[INFO] [stderr]     Checking tokio-native-tls v0.3.0
[INFO] [stderr]     Checking chacha20 v0.9.0
[INFO] [stderr]    Compiling librocksdb-sys v0.8.0+7.4.4
[INFO] [stderr]     Checking salsa20 v0.10.2
[INFO] [stderr]    Compiling clap_derive v3.2.18
[INFO] [stderr]     Checking futures-rustls v0.22.2
[INFO] [stderr]     Checking chacha20poly1305 v0.10.1
[INFO] [stderr]     Checking rtnetlink v0.10.1
[INFO] [stderr]     Checking libp2p-pnet v0.22.1
[INFO] [stderr]     Checking h2 v0.3.14
[INFO] [stderr]     Checking inquire v0.3.0
[INFO] [stderr]     Checking derive_builder v0.11.2
[INFO] [stderr]     Checking chrono v0.4.22
[INFO] [stderr]    Compiling libp2p-swarm-derive v0.27.2
[INFO] [stderr]    Compiling libp2p-core v0.32.1
[INFO] [stderr]     Checking zxcvbn v2.2.1
[INFO] [stderr]     Checking pin-project v0.4.30
[INFO] [stderr]     Checking env_logger v0.9.1
[INFO] [stderr]    Compiling libp2p-core v0.33.0
[INFO] [stderr]    Compiling libp2p-identify v0.36.1
[INFO] [stderr]    Compiling libp2p-gossipsub v0.38.1
[INFO] [stderr]    Compiling libp2p-relay v0.9.1
[INFO] [stderr]    Compiling libp2p-kad v0.37.1
[INFO] [stderr]     Checking js-sys v0.3.60
[INFO] [stderr]     Checking trust-dns-resolver v0.21.2
[INFO] [stderr]     Checking if-watch v1.1.1
[INFO] [stderr]     Checking rw-stream-sink v0.2.1
[INFO] [stderr]    Compiling libp2p-floodsub v0.36.0
[INFO] [stderr]    Compiling libp2p-rendezvous v0.6.0
[INFO] [stderr]    Compiling libp2p-autonat v0.4.1
[INFO] [stderr]    Compiling libp2p-noise v0.36.0
[INFO] [stderr]    Compiling libp2p-plaintext v0.33.0
[INFO] [stderr]     Checking async-std-resolver v0.21.2
[INFO] [stderr]     Checking ed25519-dalek v1.0.1
[INFO] [stderr]     Checking serde-big-array v0.4.1
[INFO] [stderr]     Checking bincode v1.3.3
[INFO] [stderr]     Checking hyper v0.14.20
[INFO] [stderr]    Compiling toml v0.5.9
[INFO] [stderr]     Checking serde_urlencoded v0.7.1
[INFO] [stderr]     Checking wasm-bindgen-futures v0.4.33
[INFO] [stderr]     Checking pea-core v0.1.1
[INFO] [stdout] error[E0554]: `#![feature]` may not be used on the beta release channel
[INFO] [stdout]  --> /opt/rustwide/cargo-home/registry/src/index.crates.io-6f17d22bba15001f/pea-core-0.1.1/src/lib.rs:1:12
[INFO] [stdout]   |
[INFO] [stdout] 1 | #![feature(test)]
[INFO] [stdout]   |            ^^^^
[INFO] [stdout] 
[INFO] [stdout] 
[INFO] [stdout] error: aborting due to previous error
[INFO] [stdout] 
[INFO] [stdout] 
[INFO] [stdout] For more information about this error, try `rustc --explain E0554`.
[INFO] [stdout] 
[INFO] [stderr] error: could not compile `pea-core` (lib) due to 2 previous errors
[INFO] [stderr] warning: build failed, waiting for other jobs to finish...
[INFO] [stderr] The following warnings were emitted during compilation:
[INFO] [stderr] 
[INFO] [stderr] warning: cc: fatal error: Killed signal terminated program cc1
[INFO] [stderr] warning: compilation terminated.
[INFO] [stderr] 
[INFO] [stderr] error: failed to run custom build command for `zstd-sys v2.0.1+zstd.1.5.2`
[INFO] [stderr] note: To improve backtraces for build dependencies, set the CARGO_PROFILE_DEV_BUILD_OVERRIDE_DEBUG=true environment variable to enable debug information generation.
[INFO] [stderr] 
[INFO] [stderr] Caused by:
[INFO] [stderr]   process didn't exit successfully: `/opt/rustwide/target/debug/build/zstd-sys-f56365677bfd8a86/build-script-build` (exit status: 1)
[INFO] [stderr]   --- stdout
[INFO] [stderr]   TARGET = Some("x86_64-unknown-linux-gnu")
[INFO] [stderr]   HOST = Some("x86_64-unknown-linux-gnu")
[INFO] [stderr]   CC_x86_64-unknown-linux-gnu = None
[INFO] [stderr]   CC_x86_64_unknown_linux_gnu = None
[INFO] [stderr]   HOST_CC = None
[INFO] [stderr]   CC = None
[INFO] [stderr]   CFLAGS_x86_64-unknown-linux-gnu = None
[INFO] [stderr]   CFLAGS_x86_64_unknown_linux_gnu = None
[INFO] [stderr]   HOST_CFLAGS = None
[INFO] [stderr]   CFLAGS = None
[INFO] [stderr]   CRATE_CC_NO_DEFAULTS = None
[INFO] [stderr]   DEBUG = Some("true")
[INFO] [stderr]   CARGO_CFG_TARGET_FEATURE = Some("fxsr,sse,sse2")
[INFO] [stderr]   running: "cc" "-O3" "-ffunction-sections" "-fdata-sections" "-fPIC" "-g" "-fno-omit-frame-pointer" "-m64" "-I" "zstd/lib/" "-I" "zstd/lib/common" "-I" "zstd/lib/legacy" "-fvisibility=hidden" "-DZSTD_LIB_DEPRECATED=0" "-DXXH_PRIVATE_API=" "-DZSTDLIB_VISIBILITY=" "-DZDICTLIB_VISIBILITY=" "-DZSTDERRORLIB_VISIBILITY=" "-DZSTD_LEGACY_SUPPORT=1" "-o" "/opt/rustwide/target/debug/build/zstd-sys-a8e149666fc5012d/out/zstd/lib/common/threading.o" "-c" "zstd/lib/common/threading.c"
[INFO] [stderr]   exit status: 0
[INFO] [stderr]   running: "cc" "-O3" "-ffunction-sections" "-fdata-sections" "-fPIC" "-g" "-fno-omit-frame-pointer" "-m64" "-I" "zstd/lib/" "-I" "zstd/lib/common" "-I" "zstd/lib/legacy" "-fvisibility=hidden" "-DZSTD_LIB_DEPRECATED=0" "-DXXH_PRIVATE_API=" "-DZSTDLIB_VISIBILITY=" "-DZDICTLIB_VISIBILITY=" "-DZSTDERRORLIB_VISIBILITY=" "-DZSTD_LEGACY_SUPPORT=1" "-o" "/opt/rustwide/target/debug/build/zstd-sys-a8e149666fc5012d/out/zstd/lib/common/zstd_common.o" "-c" "zstd/lib/common/zstd_common.c"
[INFO] [stderr]   running: "cc" "-O3" "-ffunction-sections" "-fdata-sections" "-fPIC" "-g" "-fno-omit-frame-pointer" "-m64" "-I" "zstd/lib/" "-I" "zstd/lib/common" "-I" "zstd/lib/legacy" "-fvisibility=hidden" "-DZSTD_LIB_DEPRECATED=0" "-DXXH_PRIVATE_API=" "-DZSTDLIB_VISIBILITY=" "-DZDICTLIB_VISIBILITY=" "-DZSTDERRORLIB_VISIBILITY=" "-DZSTD_LEGACY_SUPPORT=1" "-o" "/opt/rustwide/target/debug/build/zstd-sys-a8e149666fc5012d/out/zstd/lib/common/fse_decompress.o" "-c" "zstd/lib/common/fse_decompress.c"
[INFO] [stderr]   exit status: 0
[INFO] [stderr]   running: "cc" "-O3" "-ffunction-sections" "-fdata-sections" "-fPIC" "-g" "-fno-omit-frame-pointer" "-m64" "-I" "zstd/lib/" "-I" "zstd/lib/common" "-I" "zstd/lib/legacy" "-fvisibility=hidden" "-DZSTD_LIB_DEPRECATED=0" "-DXXH_PRIVATE_API=" "-DZSTDLIB_VISIBILITY=" "-DZDICTLIB_VISIBILITY=" "-DZSTDERRORLIB_VISIBILITY=" "-DZSTD_LEGACY_SUPPORT=1" "-o" "/opt/rustwide/target/debug/build/zstd-sys-a8e149666fc5012d/out/zstd/lib/common/entropy_common.o" "-c" "zstd/lib/common/entropy_common.c"
[INFO] [stderr]   running: "cc" "-O3" "-ffunction-sections" "-fdata-sections" "-fPIC" "-g" "-fno-omit-frame-pointer" "-m64" "-I" "zstd/lib/" "-I" "zstd/lib/common" "-I" "zstd/lib/legacy" "-fvisibility=hidden" "-DZSTD_LIB_DEPRECATED=0" "-DXXH_PRIVATE_API=" "-DZSTDLIB_VISIBILITY=" "-DZDICTLIB_VISIBILITY=" "-DZSTDERRORLIB_VISIBILITY=" "-DZSTD_LEGACY_SUPPORT=1" "-o" "/opt/rustwide/target/debug/build/zstd-sys-a8e149666fc5012d/out/zstd/lib/common/debug.o" "-c" "zstd/lib/common/debug.c"
[INFO] [stderr]   exit status: 0
[INFO] [stderr]   running: "cc" "-O3" "-ffunction-sections" "-fdata-sections" "-fPIC" "-g" "-fno-omit-frame-pointer" "-m64" "-I" "zstd/lib/" "-I" "zstd/lib/common" "-I" "zstd/lib/legacy" "-fvisibility=hidden" "-DZSTD_LIB_DEPRECATED=0" "-DXXH_PRIVATE_API=" "-DZSTDLIB_VISIBILITY=" "-DZDICTLIB_VISIBILITY=" "-DZSTDERRORLIB_VISIBILITY=" "-DZSTD_LEGACY_SUPPORT=1" "-o" "/opt/rustwide/target/debug/build/zstd-sys-a8e149666fc5012d/out/zstd/lib/common/pool.o" "-c" "zstd/lib/common/pool.c"
[INFO] [stderr]   exit status: 0
[INFO] [stderr]   exit status: 0
[INFO] [stderr]   running: "cc" "-O3" "-ffunction-sections" "-fdata-sections" "-fPIC" "-g" "-fno-omit-frame-pointer" "-m64" "-I" "zstd/lib/" "-I" "zstd/lib/common" "-I" "zstd/lib/legacy" "-fvisibility=hidden" "-DZSTD_LIB_DEPRECATED=0" "-DXXH_PRIVATE_API=" "-DZSTDLIB_VISIBILITY=" "-DZDICTLIB_VISIBILITY=" "-DZSTDERRORLIB_VISIBILITY=" "-DZSTD_LEGACY_SUPPORT=1" "-o" "/opt/rustwide/target/debug/build/zstd-sys-a8e149666fc5012d/out/zstd/lib/common/error_private.o" "-c" "zstd/lib/common/error_private.c"
[INFO] [stderr]   exit status: 0
[INFO] [stderr]   running: "cc" "-O3" "-ffunction-sections" "-fdata-sections" "-fPIC" "-g" "-fno-omit-frame-pointer" "-m64" "-I" "zstd/lib/" "-I" "zstd/lib/common" "-I" "zstd/lib/legacy" "-fvisibility=hidden" "-DZSTD_LIB_DEPRECATED=0" "-DXXH_PRIVATE_API=" "-DZSTDLIB_VISIBILITY=" "-DZDICTLIB_VISIBILITY=" "-DZSTDERRORLIB_VISIBILITY=" "-DZSTD_LEGACY_SUPPORT=1" "-o" "/opt/rustwide/target/debug/build/zstd-sys-a8e149666fc5012d/out/zstd/lib/compress/zstd_ldm.o" "-c" "zstd/lib/compress/zstd_ldm.c"
[INFO] [stderr]   running: "cc" "-O3" "-ffunction-sections" "-fdata-sections" "-fPIC" "-g" "-fno-omit-frame-pointer" "-m64" "-I" "zstd/lib/" "-I" "zstd/lib/common" "-I" "zstd/lib/legacy" "-fvisibility=hidden" "-DZSTD_LIB_DEPRECATED=0" "-DXXH_PRIVATE_API=" "-DZSTDLIB_VISIBILITY=" "-DZDICTLIB_VISIBILITY=" "-DZSTDERRORLIB_VISIBILITY=" "-DZSTD_LEGACY_SUPPORT=1" "-o" "/opt/rustwide/target/debug/build/zstd-sys-a8e149666fc5012d/out/zstd/lib/compress/zstd_lazy.o" "-c" "zstd/lib/compress/zstd_lazy.c"
[INFO] [stderr]   exit status: 0
[INFO] [stderr]   running: "cc" "-O3" "-ffunction-sections" "-fdata-sections" "-fPIC" "-g" "-fno-omit-frame-pointer" "-m64" "-I" "zstd/lib/" "-I" "zstd/lib/common" "-I" "zstd/lib/legacy" "-fvisibility=hidden" "-DZSTD_LIB_DEPRECATED=0" "-DXXH_PRIVATE_API=" "-DZSTDLIB_VISIBILITY=" "-DZDICTLIB_VISIBILITY=" "-DZSTDERRORLIB_VISIBILITY=" "-DZSTD_LEGACY_SUPPORT=1" "-o" "/opt/rustwide/target/debug/build/zstd-sys-a8e149666fc5012d/out/zstd/lib/compress/zstd_compress.o" "-c" "zstd/lib/compress/zstd_compress.c"
[INFO] [stderr]   exit status: 0
[INFO] [stderr]   exit status: 0
[INFO] [stderr]   running: "cc" "-O3" "-ffunction-sections" "-fdata-sections" "-fPIC" "-g" "-fno-omit-frame-pointer" "-m64" "-I" "zstd/lib/" "-I" "zstd/lib/common" "-I" "zstd/lib/legacy" "-fvisibility=hidden" "-DZSTD_LIB_DEPRECATED=0" "-DXXH_PRIVATE_API=" "-DZSTDLIB_VISIBILITY=" "-DZDICTLIB_VISIBILITY=" "-DZSTDERRORLIB_VISIBILITY=" "-DZSTD_LEGACY_SUPPORT=1" "-o" "/opt/rustwide/target/debug/build/zstd-sys-a8e149666fc5012d/out/zstd/lib/compress/zstd_double_fast.o" "-c" "zstd/lib/compress/zstd_double_fast.c"
[INFO] [stderr]   running: "cc" "-O3" "-ffunction-sections" "-fdata-sections" "-fPIC" "-g" "-fno-omit-frame-pointer" "-m64" "-I" "zstd/lib/" "-I" "zstd/lib/common" "-I" "zstd/lib/legacy" "-fvisibility=hidden" "-DZSTD_LIB_DEPRECATED=0" "-DXXH_PRIVATE_API=" "-DZSTDLIB_VISIBILITY=" "-DZDICTLIB_VISIBILITY=" "-DZSTDERRORLIB_VISIBILITY=" "-DZSTD_LEGACY_SUPPORT=1" "-o" "/opt/rustwide/target/debug/build/zstd-sys-a8e149666fc5012d/out/zstd/lib/compress/zstd_fast.o" "-c" "zstd/lib/compress/zstd_fast.c"
[INFO] [stderr]   running: "cc" "-O3" "-ffunction-sections" "-fdata-sections" "-fPIC" "-g" "-fno-omit-frame-pointer" "-m64" "-I" "zstd/lib/" "-I" "zstd/lib/common" "-I" "zstd/lib/legacy" "-fvisibility=hidden" "-DZSTD_LIB_DEPRECATED=0" "-DXXH_PRIVATE_API=" "-DZSTDLIB_VISIBILITY=" "-DZDICTLIB_VISIBILITY=" "-DZSTDERRORLIB_VISIBILITY=" "-DZSTD_LEGACY_SUPPORT=1" "-o" "/opt/rustwide/target/debug/build/zstd-sys-a8e149666fc5012d/out/zstd/lib/compress/huf_compress.o" "-c" "zstd/lib/compress/huf_compress.c"
[INFO] [stderr]   running: "cc" "-O3" "-ffunction-sections" "-fdata-sections" "-fPIC" "-g" "-fno-omit-frame-pointer" "-m64" "-I" "zstd/lib/" "-I" "zstd/lib/common" "-I" "zstd/lib/legacy" "-fvisibility=hidden" "-DZSTD_LIB_DEPRECATED=0" "-DXXH_PRIVATE_API=" "-DZSTDLIB_VISIBILITY=" "-DZDICTLIB_VISIBILITY=" "-DZSTDERRORLIB_VISIBILITY=" "-DZSTD_LEGACY_SUPPORT=1" "-o" "/opt/rustwide/target/debug/build/zstd-sys-a8e149666fc5012d/out/zstd/lib/compress/zstdmt_compress.o" "-c" "zstd/lib/compress/zstdmt_compress.c"
[INFO] [stderr]   running: "cc" "-O3" "-ffunction-sections" "-fdata-sections" "-fPIC" "-g" "-fno-omit-frame-pointer" "-m64" "-I" "zstd/lib/" "-I" "zstd/lib/common" "-I" "zstd/lib/legacy" "-fvisibility=hidden" "-DZSTD_LIB_DEPRECATED=0" "-DXXH_PRIVATE_API=" "-DZSTDLIB_VISIBILITY=" "-DZDICTLIB_VISIBILITY=" "-DZSTDERRORLIB_VISIBILITY=" "-DZSTD_LEGACY_SUPPORT=1" "-o" "/opt/rustwide/target/debug/build/zstd-sys-a8e149666fc5012d/out/zstd/lib/compress/hist.o" "-c" "zstd/lib/compress/hist.c"
[INFO] [stderr]   exit status: 0
[INFO] [stderr]   running: "cc" "-O3" "-ffunction-sections" "-fdata-sections" "-fPIC" "-g" "-fno-omit-frame-pointer" "-m64" "-I" "zstd/lib/" "-I" "zstd/lib/common" "-I" "zstd/lib/legacy" "-fvisibility=hidden" "-DZSTD_LIB_DEPRECATED=0" "-DXXH_PRIVATE_API=" "-DZSTDLIB_VISIBILITY=" "-DZDICTLIB_VISIBILITY=" "-DZSTDERRORLIB_VISIBILITY=" "-DZSTD_LEGACY_SUPPORT=1" "-o" "/opt/rustwide/target/debug/build/zstd-sys-a8e149666fc5012d/out/zstd/lib/compress/zstd_compress_literals.o" "-c" "zstd/lib/compress/zstd_compress_literals.c"
[INFO] [stderr]   exit status: 0
[INFO] [stderr]   running: "cc" "-O3" "-ffunction-sections" "-fdata-sections" "-fPIC" "-g" "-fno-omit-frame-pointer" "-m64" "-I" "zstd/lib/" "-I" "zstd/lib/common" "-I" "zstd/lib/legacy" "-fvisibility=hidden" "-DZSTD_LIB_DEPRECATED=0" "-DXXH_PRIVATE_API=" "-DZSTDLIB_VISIBILITY=" "-DZDICTLIB_VISIBILITY=" "-DZSTDERRORLIB_VISIBILITY=" "-DZSTD_LEGACY_SUPPORT=1" "-o" "/opt/rustwide/target/debug/build/zstd-sys-a8e149666fc5012d/out/zstd/lib/compress/zstd_opt.o" "-c" "zstd/lib/compress/zstd_opt.c"
[INFO] [stderr]   cargo:warning=cc: fatal error: Killed signal terminated program cc1
[INFO] [stderr]   cargo:warning=compilation terminated.
[INFO] [stderr]   exit status: 0
[INFO] [stderr]   exit status: 1
[INFO] [stderr]   running: "cc" "-O3" "-ffunction-sections" "-fdata-sections" "-fPIC" "-g" "-fno-omit-frame-pointer" "-m64" "-I" "zstd/lib/" "-I" "zstd/lib/common" "-I" "zstd/lib/legacy" "-fvisibility=hidden" "-DZSTD_LIB_DEPRECATED=0" "-DXXH_PRIVATE_API=" "-DZSTDLIB_VISIBILITY=" "-DZDICTLIB_VISIBILITY=" "-DZSTDERRORLIB_VISIBILITY=" "-DZSTD_LEGACY_SUPPORT=1" "-o" "/opt/rustwide/target/debug/build/zstd-sys-a8e149666fc5012d/out/zstd/lib/compress/fse_compress.o" "-c" "zstd/lib/compress/fse_compress.c"
[INFO] [stderr]   exit status: 0
[INFO] [stderr]   exit status: 0
[INFO] [stderr]   exit status: 0
[INFO] [stderr]   exit status: 0
[INFO] [stderr]   exit status: 0
[INFO] [stderr] 
[INFO] [stderr]   --- stderr
[INFO] [stderr] 
[INFO] [stderr] 
[INFO] [stderr]   error occurred: Command "cc" "-O3" "-ffunction-sections" "-fdata-sections" "-fPIC" "-g" "-fno-omit-frame-pointer" "-m64" "-I" "zstd/lib/" "-I" "zstd/lib/common" "-I" "zstd/lib/legacy" "-fvisibility=hidden" "-DZSTD_LIB_DEPRECATED=0" "-DXXH_PRIVATE_API=" "-DZSTDLIB_VISIBILITY=" "-DZDICTLIB_VISIBILITY=" "-DZSTDERRORLIB_VISIBILITY=" "-DZSTD_LEGACY_SUPPORT=1" "-o" "/opt/rustwide/target/debug/build/zstd-sys-a8e149666fc5012d/out/zstd/lib/compress/zstd_lazy.o" "-c" "zstd/lib/compress/zstd_lazy.c" with args "cc" did not execute successfully (status code exit status: 1).
[INFO] [stderr] 
[INFO] [stderr] 
[INFO] running `Command { std: "docker" "inspect" "6f4f34b1ef1050830504f6db2571c861d0c08b0b5f3a7f86b30ab85efe9535cc", kill_on_drop: false }`
[INFO] running `Command { std: "docker" "rm" "-f" "6f4f34b1ef1050830504f6db2571c861d0c08b0b5f3a7f86b30ab85efe9535cc", kill_on_drop: false }`
[INFO] [stdout] 6f4f34b1ef1050830504f6db2571c861d0c08b0b5f3a7f86b30ab85efe9535cc
