[INFO] fetching crate osmxq 4.0.2...
[INFO] documenting osmxq-4.0.2 against 1.69.0 for beta-1.70-rustdoc-1
[INFO] extracting crate osmxq 4.0.2 into /workspace/builds/worker-1-tc1/source
[INFO] validating manifest of crates.io crate osmxq 4.0.2 on toolchain 1.69.0
[INFO] running `Command { std: CARGO_HOME="/workspace/cargo-home" RUSTUP_HOME="/workspace/rustup-home" "/workspace/cargo-home/bin/cargo" "+1.69.0" "metadata" "--manifest-path" "Cargo.toml" "--no-deps", kill_on_drop: false }`
[INFO] started tweaking crates.io crate osmxq 4.0.2
[INFO] finished tweaking crates.io crate osmxq 4.0.2
[INFO] tweaked toml for crates.io crate osmxq 4.0.2 written to /workspace/builds/worker-1-tc1/source/Cargo.toml
[INFO] crate crates.io crate osmxq 4.0.2 already has a lockfile, it will not be regenerated
[INFO] running `Command { std: CARGO_HOME="/workspace/cargo-home" RUSTUP_HOME="/workspace/rustup-home" "/workspace/cargo-home/bin/cargo" "+1.69.0" "fetch" "--manifest-path" "Cargo.toml", kill_on_drop: false }`
[INFO] [stderr]  Downloading crates ...
[INFO] [stderr]   Downloaded desert v2.0.0
[INFO] [stderr]   Downloaded async-process v1.1.0
[INFO] [stderr]   Downloaded protobuf v2.24.1
[INFO] [stderr]   Downloaded argmap v1.1.1
[INFO] [stderr]   Downloaded osmpbf v0.2.5
[INFO] running `Command { std: "docker" "create" "-v" "/var/lib/crater-agent-workspace/builds/worker-1-tc1/target:/opt/rustwide/target:rw,Z" "-v" "/var/lib/crater-agent-workspace/builds/worker-1-tc1/source:/opt/rustwide/workdir:ro,Z" "-v" "/var/lib/crater-agent-workspace/cargo-home:/opt/rustwide/cargo-home:ro,Z" "-v" "/var/lib/crater-agent-workspace/rustup-home:/opt/rustwide/rustup-home:ro,Z" "-e" "SOURCE_DIR=/opt/rustwide/workdir" "-e" "CARGO_TARGET_DIR=/opt/rustwide/target" "-e" "CARGO_HOME=/opt/rustwide/cargo-home" "-e" "RUSTUP_HOME=/opt/rustwide/rustup-home" "-w" "/opt/rustwide/workdir" "-m" "1610612736" "--user" "0:0" "--network" "none" "ghcr.io/rust-lang/crates-build-env/linux@sha256:5ff2268d62e97bff2cde7d5815dd6ed5b47097566f13b8d0ca110b04b60e07ed" "/opt/rustwide/cargo-home/bin/cargo" "+1.69.0" "metadata" "--no-deps" "--format-version=1", kill_on_drop: false }`
[INFO] [stdout] 091f24a0fe26cdf64bdf2a5b9c11b8456b6d347de501514405b63d9ec4b29f4f
[INFO] running `Command { std: "docker" "start" "-a" "091f24a0fe26cdf64bdf2a5b9c11b8456b6d347de501514405b63d9ec4b29f4f", kill_on_drop: false }`
[INFO] running `Command { std: "docker" "inspect" "091f24a0fe26cdf64bdf2a5b9c11b8456b6d347de501514405b63d9ec4b29f4f", kill_on_drop: false }`
[INFO] running `Command { std: "docker" "rm" "-f" "091f24a0fe26cdf64bdf2a5b9c11b8456b6d347de501514405b63d9ec4b29f4f", kill_on_drop: false }`
[INFO] [stdout] 091f24a0fe26cdf64bdf2a5b9c11b8456b6d347de501514405b63d9ec4b29f4f
[INFO] running `Command { std: "docker" "create" "-v" "/var/lib/crater-agent-workspace/builds/worker-1-tc1/target:/opt/rustwide/target:rw,Z" "-v" "/var/lib/crater-agent-workspace/builds/worker-1-tc1/source:/opt/rustwide/workdir:ro,Z" "-v" "/var/lib/crater-agent-workspace/cargo-home:/opt/rustwide/cargo-home:ro,Z" "-v" "/var/lib/crater-agent-workspace/rustup-home:/opt/rustwide/rustup-home:ro,Z" "-e" "SOURCE_DIR=/opt/rustwide/workdir" "-e" "CARGO_TARGET_DIR=/opt/rustwide/target" "-e" "CARGO_INCREMENTAL=0" "-e" "RUST_BACKTRACE=full" "-e" "RUSTFLAGS=--cap-lints=warn" "-e" "RUSTDOCFLAGS=--cap-lints=warn" "-e" "CARGO_HOME=/opt/rustwide/cargo-home" "-e" "RUSTUP_HOME=/opt/rustwide/rustup-home" "-w" "/opt/rustwide/workdir" "-m" "1610612736" "--user" "0:0" "--network" "none" "ghcr.io/rust-lang/crates-build-env/linux@sha256:5ff2268d62e97bff2cde7d5815dd6ed5b47097566f13b8d0ca110b04b60e07ed" "/opt/rustwide/cargo-home/bin/cargo" "+1.69.0" "doc" "--frozen" "--no-deps" "--document-private-items" "--message-format=json", kill_on_drop: false }`
[INFO] [stdout] 9e02ce0618cd1e194d2ff6428de2f1379ca9ce0f06b6a35d13d05058eb954a03
[INFO] running `Command { std: "docker" "start" "-a" "9e02ce0618cd1e194d2ff6428de2f1379ca9ce0f06b6a35d13d05058eb954a03", kill_on_drop: false }`
[INFO] [stderr]    Compiling autocfg v1.0.1
[INFO] [stderr]    Compiling proc-macro2 v1.0.27
[INFO] [stderr]    Compiling unicode-xid v0.2.2
[INFO] [stderr]    Compiling syn v1.0.73
[INFO] [stderr]    Compiling libc v0.2.97
[INFO] [stderr]    Compiling futures-core v0.3.15
[INFO] [stderr]    Compiling memchr v2.4.0
[INFO] [stderr]    Compiling version_check v0.9.3
[INFO] [stderr]     Checking futures-io v0.3.15
[INFO] [stderr]     Checking pin-project-lite v0.2.7
[INFO] [stderr]    Compiling crossbeam-utils v0.8.5
[INFO] [stderr]    Compiling log v0.4.14
[INFO] [stderr]     Checking cache-padded v1.1.1
[INFO] [stderr]     Checking slab v0.4.3
[INFO] [stderr]     Checking event-listener v2.5.1
[INFO] [stderr]     Checking waker-fn v1.1.0
[INFO] [stderr]     Checking concurrent-queue v1.2.2
[INFO] [stderr]     Checking fastrand v1.4.1
[INFO] [stderr]     Checking parking v2.0.0
[INFO] [stderr]    Compiling proc-macro-hack v0.5.19
[INFO] [stderr]     Checking once_cell v1.8.0
[INFO] [stderr]    Compiling crossbeam-epoch v0.9.5
[INFO] [stderr]    Compiling futures-task v0.3.15
[INFO] [stderr]    Compiling rayon-core v1.9.1
[INFO] [stderr]    Compiling futures-channel v0.3.15
[INFO] [stderr]    Compiling proc-macro-nested v0.1.7
[INFO] [stderr]    Compiling crc32fast v1.2.1
[INFO] [stderr]    Compiling signal-hook v0.3.9
[INFO] [stderr]     Checking async-task v4.0.3
[INFO] [stderr]     Checking futures-sink v0.3.15
[INFO] [stderr]     Checking async-channel v1.6.1
[INFO] [stderr]    Compiling value-bag v1.0.0-alpha.7
[INFO] [stderr]    Compiling memoffset v0.6.4
[INFO] [stderr]    Compiling futures-macro v0.3.15
[INFO] [stderr]    Compiling miniz_oxide v0.4.4
[INFO] [stderr]    Compiling futures-util v0.3.15
[INFO] [stderr]    Compiling rayon v1.5.1
[INFO] [stderr]    Compiling protobuf v2.24.1
[INFO] [stderr]     Checking crossbeam-channel v0.5.1
[INFO] [stderr]     Checking adler v1.0.2
[INFO] [stderr]     Checking atomic-waker v1.0.0
[INFO] [stderr]     Checking async-mutex v1.4.0
[INFO] [stderr]     Checking futures-lite v1.12.0
[INFO] [stderr]     Checking either v1.6.1
[INFO] [stderr]    Compiling async-trait v0.1.50
[INFO] [stderr]     Checking ahash v0.4.7
[INFO] [stderr]     Checking adler32 v1.2.0
[INFO] [stderr]    Compiling quote v1.0.9
[INFO] [stderr]     Checking async-lock v2.4.0
[INFO] [stderr]     Checking inflate v0.4.5
[INFO] [stderr]     Checking byteorder v1.4.3
[INFO] [stderr]     Checking hashbrown v0.9.1
[INFO] [stderr]     Checking num_cpus v1.13.0
[INFO] [stderr]     Checking socket2 v0.4.0
[INFO] [stderr]     Checking signal-hook-registry v1.4.0
[INFO] [stderr]     Checking memmap v0.7.0
[INFO] [stderr]     Checking desert v2.0.0
[INFO] [stderr]     Checking argmap v1.1.1
[INFO] [stdout] error[E0554]: `#![feature]` may not be used on the stable release channel
[INFO] [stdout]  --> /opt/rustwide/cargo-home/registry/src/github.com-1ecc6299db9ec823/argmap-1.1.1/src/lib.rs:1:1
[INFO] [stdout]   |
[INFO] [stdout] 1 | #![feature(extended_key_value_attributes)]
[INFO] [stdout]   | ^^^^^^^^^^^^^^^^^^^^^^^^^^^^^^^^^^^^^^^^^^ help: remove the attribute
[INFO] [stdout]   |
[INFO] [stdout]   = help: the feature `extended_key_value_attributes` has been stable since `1.54.0` and no longer requires an attribute to enable
[INFO] [stdout] 
[INFO] [stdout] 
[INFO] [stdout] error[E0407]: method `backtrace` is not a member of trait `std::error::Error`
[INFO] [stdout]   --> /opt/rustwide/cargo-home/registry/src/github.com-1ecc6299db9ec823/desert-2.0.0/src/error.rs:28:3
[INFO] [stdout]    |
[INFO] [stdout] 28 | /   fn backtrace<'a>(&'a self) -> Option<&'a Backtrace> {
[INFO] [stdout] 29 | |     Some(&self.backtrace)
[INFO] [stdout] 30 | |   }
[INFO] [stdout]    | |___^ not a member of trait `std::error::Error`
[INFO] [stdout] 
[INFO] [stdout] 
[INFO] [stdout] error: aborting due to previous error
[INFO] [stdout] 
[INFO] [stdout] 
[INFO] [stdout] For more information about this error, try `rustc --explain E0554`.
[INFO] [stdout] 
[INFO] [stderr]     Checking crossbeam-deque v0.8.0
[INFO] [stderr] error: could not compile `argmap` due to 2 previous errors
[INFO] [stderr] warning: build failed, waiting for other jobs to finish...
[INFO] [stdout] error[E0554]: `#![feature]` may not be used on the stable release channel
[INFO] [stdout]  --> /opt/rustwide/cargo-home/registry/src/github.com-1ecc6299db9ec823/desert-2.0.0/src/lib.rs:1:1
[INFO] [stdout]   |
[INFO] [stdout] 1 | #![feature(extended_key_value_attributes,backtrace)]
[INFO] [stdout]   | ^^^^^^^^^^^^^^^^^^^^^^^^^^^^^^^^^^^^^^^^^^^^^^^^^^^^
[INFO] [stdout]   |
[INFO] [stdout]   = help: the feature `extended_key_value_attributes` has been stable since `1.54.0` and no longer requires an attribute to enable
[INFO] [stdout] 
[INFO] [stdout] 
[INFO] [stdout] error[E0554]: `#![feature]` may not be used on the stable release channel
[INFO] [stdout]  --> /opt/rustwide/cargo-home/registry/src/github.com-1ecc6299db9ec823/desert-2.0.0/src/lib.rs:1:42
[INFO] [stdout]   |
[INFO] [stdout] 1 | #![feature(extended_key_value_attributes,backtrace)]
[INFO] [stdout]   |                                          ^^^^^^^^^
[INFO] [stdout] 
[INFO] [stdout] 
[INFO] [stdout] error: aborting due to 3 previous errors
[INFO] [stdout] 
[INFO] [stdout] 
[INFO] [stdout] Some errors have detailed explanations: E0407, E0554.
[INFO] [stdout] 
[INFO] [stdout] For more information about an error, try `rustc --explain E0407`.
[INFO] [stdout] 
[INFO] [stderr] error: could not compile `desert` due to 4 previous errors
[INFO] running `Command { std: "docker" "inspect" "9e02ce0618cd1e194d2ff6428de2f1379ca9ce0f06b6a35d13d05058eb954a03", kill_on_drop: false }`
[INFO] running `Command { std: "docker" "rm" "-f" "9e02ce0618cd1e194d2ff6428de2f1379ca9ce0f06b6a35d13d05058eb954a03", kill_on_drop: false }`
[INFO] [stdout] 9e02ce0618cd1e194d2ff6428de2f1379ca9ce0f06b6a35d13d05058eb954a03
