[INFO] fetching crate nnsplit 0.5.9...
[INFO] documenting nnsplit-0.5.9 against beta-2023-04-20 for beta-1.70-rustdoc-1
[INFO] extracting crate nnsplit 0.5.9 into /workspace/builds/worker-3-tc2/source
[INFO] validating manifest of crates.io crate nnsplit 0.5.9 on toolchain beta-2023-04-20
[INFO] running `Command { std: CARGO_HOME="/workspace/cargo-home" RUSTUP_HOME="/workspace/rustup-home" "/workspace/cargo-home/bin/cargo" "+beta-2023-04-20" "metadata" "--manifest-path" "Cargo.toml" "--no-deps", kill_on_drop: false }`
[INFO] started tweaking crates.io crate nnsplit 0.5.9
[INFO] removed 2 missing examples
[INFO] finished tweaking crates.io crate nnsplit 0.5.9
[INFO] tweaked toml for crates.io crate nnsplit 0.5.9 written to /workspace/builds/worker-3-tc2/source/Cargo.toml
[INFO] crate crates.io crate nnsplit 0.5.9 already has a lockfile, it will not be regenerated
[INFO] running `Command { std: CARGO_HOME="/workspace/cargo-home" RUSTUP_HOME="/workspace/rustup-home" "/workspace/cargo-home/bin/cargo" "+beta-2023-04-20" "fetch" "--manifest-path" "Cargo.toml", kill_on_drop: false }`
[INFO] [stderr]     Updating crates.io index
[INFO] [stderr]  Downloading crates ...
[INFO] [stderr]   Downloaded tract-data v0.15.8
[INFO] [stderr]   Downloaded unicode-ident v1.0.7
[INFO] [stderr]   Downloaded scratch v1.0.4
[INFO] [stderr]   Downloaded liquid-lib v0.23.1
[INFO] [stderr]   Downloaded liquid-derive v0.23.1
[INFO] [stderr]   Downloaded quickcheck v1.0.3
[INFO] [stderr]   Downloaded mapr v0.8.0
[INFO] [stderr]   Downloaded tract-hir v0.15.8
[INFO] [stderr]   Downloaded kstring v1.0.6
[INFO] [stderr]   Downloaded tract-onnx-opl v0.15.8
[INFO] [stderr]   Downloaded tract-nnef v0.15.8
[INFO] [stderr]   Downloaded minreq v2.6.0
[INFO] [stderr]   Downloaded tract-onnx v0.15.8
[INFO] [stderr]   Downloaded tract-core v0.15.8
[INFO] [stderr]   Downloaded quickcheck_macros v1.0.0
[INFO] [stderr]   Downloaded liquid v0.23.1
[INFO] [stderr]   Downloaded tract-linalg v0.15.8
[INFO] [stderr]   Downloaded liquid-core v0.23.2
[INFO] running `Command { std: "docker" "create" "-v" "/var/lib/crater-agent-workspace/builds/worker-3-tc2/target:/opt/rustwide/target:rw,Z" "-v" "/var/lib/crater-agent-workspace/builds/worker-3-tc2/source:/opt/rustwide/workdir:ro,Z" "-v" "/var/lib/crater-agent-workspace/cargo-home:/opt/rustwide/cargo-home:ro,Z" "-v" "/var/lib/crater-agent-workspace/rustup-home:/opt/rustwide/rustup-home:ro,Z" "-e" "SOURCE_DIR=/opt/rustwide/workdir" "-e" "CARGO_TARGET_DIR=/opt/rustwide/target" "-e" "CARGO_HOME=/opt/rustwide/cargo-home" "-e" "RUSTUP_HOME=/opt/rustwide/rustup-home" "-w" "/opt/rustwide/workdir" "-m" "1610612736" "--user" "0:0" "--network" "none" "ghcr.io/rust-lang/crates-build-env/linux@sha256:5ff2268d62e97bff2cde7d5815dd6ed5b47097566f13b8d0ca110b04b60e07ed" "/opt/rustwide/cargo-home/bin/cargo" "+beta-2023-04-20" "metadata" "--no-deps" "--format-version=1", kill_on_drop: false }`
[INFO] [stdout] 914cd3d420de1968bf29f3b59d69e5e292ed26406c40800990e5fa93ffb6eea3
[INFO] running `Command { std: "docker" "start" "-a" "914cd3d420de1968bf29f3b59d69e5e292ed26406c40800990e5fa93ffb6eea3", kill_on_drop: false }`
[INFO] running `Command { std: "docker" "inspect" "914cd3d420de1968bf29f3b59d69e5e292ed26406c40800990e5fa93ffb6eea3", kill_on_drop: false }`
[INFO] running `Command { std: "docker" "rm" "-f" "914cd3d420de1968bf29f3b59d69e5e292ed26406c40800990e5fa93ffb6eea3", kill_on_drop: false }`
[INFO] [stdout] 914cd3d420de1968bf29f3b59d69e5e292ed26406c40800990e5fa93ffb6eea3
[INFO] running `Command { std: "docker" "create" "-v" "/var/lib/crater-agent-workspace/builds/worker-3-tc2/target:/opt/rustwide/target:rw,Z" "-v" "/var/lib/crater-agent-workspace/builds/worker-3-tc2/source:/opt/rustwide/workdir:ro,Z" "-v" "/var/lib/crater-agent-workspace/cargo-home:/opt/rustwide/cargo-home:ro,Z" "-v" "/var/lib/crater-agent-workspace/rustup-home:/opt/rustwide/rustup-home:ro,Z" "-e" "SOURCE_DIR=/opt/rustwide/workdir" "-e" "CARGO_TARGET_DIR=/opt/rustwide/target" "-e" "CARGO_INCREMENTAL=0" "-e" "RUST_BACKTRACE=full" "-e" "RUSTFLAGS=--cap-lints=warn" "-e" "RUSTDOCFLAGS=--cap-lints=warn" "-e" "CARGO_HOME=/opt/rustwide/cargo-home" "-e" "RUSTUP_HOME=/opt/rustwide/rustup-home" "-w" "/opt/rustwide/workdir" "-m" "1610612736" "--user" "0:0" "--network" "none" "ghcr.io/rust-lang/crates-build-env/linux@sha256:5ff2268d62e97bff2cde7d5815dd6ed5b47097566f13b8d0ca110b04b60e07ed" "/opt/rustwide/cargo-home/bin/cargo" "+beta-2023-04-20" "doc" "--frozen" "--no-deps" "--document-private-items" "--message-format=json", kill_on_drop: false }`
[INFO] [stdout] 114e945f4692c16b7ad11d3c8058314b9380830b669efd1e3ef1e4022316119c
[INFO] running `Command { std: "docker" "start" "-a" "114e945f4692c16b7ad11d3c8058314b9380830b669efd1e3ef1e4022316119c", kill_on_drop: false }`
[INFO] [stderr]    Compiling proc-macro2 v1.0.51
[INFO] [stderr]    Compiling unicode-ident v1.0.7
[INFO] [stderr]    Compiling quote v1.0.23
[INFO] [stderr]    Compiling num-traits v0.2.15
[INFO] [stderr]    Compiling syn v1.0.109
[INFO] [stderr]    Compiling serde v1.0.152
[INFO] [stderr]     Checking rawpointer v0.2.1
[INFO] [stderr]    Compiling serde_json v1.0.94
[INFO] [stderr]     Checking matrixmultiply v0.3.2
[INFO] [stderr]     Checking num-integer v0.1.45
[INFO] [stderr]     Checking num-complex v0.4.3
[INFO] [stderr]     Checking ndarray v0.15.6
[INFO] [stderr]    Compiling thiserror-impl v1.0.38
[INFO] [stderr]    Compiling serde_derive v1.0.152
[INFO] [stderr]     Checking thiserror v1.0.38
[INFO] [stderr]  Documenting nnsplit v0.5.9 (/opt/rustwide/workdir)
[INFO] [stderr]     Finished dev [unoptimized + debuginfo] target(s) in 5.99s
[INFO] running `Command { std: "docker" "inspect" "114e945f4692c16b7ad11d3c8058314b9380830b669efd1e3ef1e4022316119c", kill_on_drop: false }`
[INFO] running `Command { std: "docker" "rm" "-f" "114e945f4692c16b7ad11d3c8058314b9380830b669efd1e3ef1e4022316119c", kill_on_drop: false }`
[INFO] [stdout] 114e945f4692c16b7ad11d3c8058314b9380830b669efd1e3ef1e4022316119c
[INFO] running `Command { std: "docker" "create" "-v" "/var/lib/crater-agent-workspace/builds/worker-3-tc2/target:/opt/rustwide/target:rw,Z" "-v" "/var/lib/crater-agent-workspace/builds/worker-3-tc2/source:/opt/rustwide/workdir:ro,Z" "-v" "/var/lib/crater-agent-workspace/cargo-home:/opt/rustwide/cargo-home:ro,Z" "-v" "/var/lib/crater-agent-workspace/rustup-home:/opt/rustwide/rustup-home:ro,Z" "-e" "SOURCE_DIR=/opt/rustwide/workdir" "-e" "CARGO_TARGET_DIR=/opt/rustwide/target" "-e" "CARGO_INCREMENTAL=0" "-e" "RUST_BACKTRACE=full" "-e" "RUSTFLAGS=--cap-lints=warn" "-e" "RUSTDOCFLAGS=--cap-lints=warn" "-e" "DOCS_RS=1" "-e" "RUSTC_BOOTSTRAP=1" "-e" "CARGO_HOME=/opt/rustwide/cargo-home" "-e" "RUSTUP_HOME=/opt/rustwide/rustup-home" "-w" "/opt/rustwide/workdir" "-m" "1610612736" "--user" "0:0" "--network" "none" "ghcr.io/rust-lang/crates-build-env/linux@sha256:5ff2268d62e97bff2cde7d5815dd6ed5b47097566f13b8d0ca110b04b60e07ed" "/opt/rustwide/cargo-home/bin/cargo" "+beta-2023-04-20" "rustdoc" "--lib" "-Zrustdoc-map" "--all-features" "-Z" "unstable-options" "--config" "build.rustdocflags=[\"-Z\", \"unstable-options\", \"--document-private-items\"]" "--frozen" "--message-format=json", kill_on_drop: false }`
[INFO] [stdout] 7b0b512c6762c556e49d204ffb4f433122d17030c155259705c948a7c12f3f79
[INFO] running `Command { std: "docker" "start" "-a" "7b0b512c6762c556e49d204ffb4f433122d17030c155259705c948a7c12f3f79", kill_on_drop: false }`
[INFO] [stderr]    Compiling proc-macro2 v1.0.51
[INFO] [stderr]    Compiling syn v1.0.109
[INFO] [stderr]    Compiling either v1.8.1
[INFO] [stderr]    Compiling anyhow v1.0.69
[INFO] [stderr]    Compiling proc-macro-hack v0.5.20+deprecated
[INFO] [stderr]    Compiling ucd-trie v0.1.5
[INFO] [stderr]    Compiling unicode-segmentation v1.10.1
[INFO] [stderr]    Compiling num-integer v0.1.45
[INFO] [stderr]    Compiling libc v0.2.139
[INFO] [stderr]    Compiling memchr v2.5.0
[INFO] [stderr]    Compiling once_cell v1.17.1
[INFO] [stderr]    Compiling regex-syntax v0.6.28
[INFO] [stderr]    Compiling num-traits v0.2.15
[INFO] [stderr]    Compiling iana-time-zone v0.1.53
[INFO] [stderr]    Compiling num-bigint v0.4.3
[INFO] [stderr]    Compiling doc-comment v0.3.3
[INFO] [stderr]    Compiling itertools v0.10.5
[INFO] [stderr]    Compiling anymap2 v0.13.0
[INFO] [stderr]    Compiling tinyvec_macros v0.1.1
[INFO] [stderr]    Compiling percent-encoding v2.2.0
[INFO] [stderr]    Compiling tinyvec v1.6.0
[INFO] [stderr]    Compiling aho-corasick v0.7.20
[INFO] [stderr]     Checking num-complex v0.4.3
[INFO] [stderr]    Compiling ring v0.16.20
[INFO] [stderr]    Compiling paste v1.0.11
[INFO] [stderr]    Compiling smallvec v1.10.0
[INFO] [stderr]    Compiling io-lifetimes v1.0.5
[INFO] [stderr]    Compiling quote v1.0.23
[INFO] [stderr]     Checking ndarray v0.15.6
[INFO] [stderr]    Compiling indexmap v1.9.2
[INFO] [stderr]     Checking maplit v1.0.2
[INFO] [stderr]     Checking half v1.8.2
[INFO] [stderr]    Compiling rustix v0.36.9
[INFO] [stderr]    Compiling time v0.1.45
[INFO] [stderr]    Compiling unicode-normalization v0.1.22
[INFO] [stderr]    Compiling which v4.4.0
[INFO] [stderr]    Compiling proc-quote-impl v0.3.2
[INFO] [stderr]     Checking dyn-clone v1.0.11
[INFO] [stderr]    Compiling chrono v0.4.23
[INFO] [stderr]     Checking untrusted v0.7.1
[INFO] [stderr]     Checking spin v0.5.2
[INFO] [stderr]    Compiling linux-raw-sys v0.1.4
[INFO] [stderr]     Checking bit-vec v0.6.3
[INFO] [stderr]    Compiling bytes v1.4.0
[INFO] [stderr]     Checking downcast-rs v1.2.0
[INFO] [stderr]    Compiling hashbrown v0.12.3
[INFO] [stderr]    Compiling prost-build v0.9.0
[INFO] [stderr]    Compiling fixedbitset v0.4.2
[INFO] [stderr]    Compiling fastrand v1.9.0
[INFO] [stderr]     Checking bit-set v0.5.3
[INFO] [stderr]     Checking miniz_oxide v0.6.2
[INFO] [stderr]    Compiling regex v1.7.1
[INFO] [stderr]    Compiling log v0.4.17
[INFO] [stderr]    Compiling heck v0.3.3
[INFO] [stderr]     Checking xattr v0.2.3
[INFO] [stderr]     Checking filetime v0.2.20
[INFO] [stderr]     Checking same-file v1.0.6
[INFO] [stderr]     Checking minimal-lexical v0.2.1
[INFO] [stderr]    Compiling multimap v0.8.3
[INFO] [stderr]     Checking flate2 v1.0.25
[INFO] [stderr]     Checking tar v0.4.38
[INFO] [stderr]    Compiling rustls v0.20.8
[INFO] [stderr]     Checking walkdir v2.3.2
[INFO] [stderr]     Checking unicode-bidi v0.3.10
[INFO] [stderr]     Checking nom v7.1.3
[INFO] [stderr]    Compiling minreq v2.6.0
[INFO] [stderr]     Checking mapr v0.8.0
[INFO] [stderr]     Checking dirs-sys v0.3.7
[INFO] [stderr]     Checking directories v3.0.2
[INFO] [stderr]     Checking idna v0.3.0
[INFO] [stderr]    Compiling petgraph v0.6.3
[INFO] [stderr]     Checking url v2.3.1
[INFO] [stderr]     Checking webpki v0.22.0
[INFO] [stderr]     Checking sct v0.7.0
[INFO] [stderr]    Compiling tempfile v3.4.0
[INFO] [stderr]     Checking webpki-roots v0.22.6
[INFO] [stderr]    Compiling proc-quote v0.4.0
[INFO] [stderr]    Compiling thiserror-impl v1.0.38
[INFO] [stderr]    Compiling serde_derive v1.0.152
[INFO] [stderr]    Compiling liquid-derive v0.23.1
[INFO] [stderr]    Compiling enum-ordinalize v3.1.12
[INFO] [stderr]    Compiling prost-derive v0.9.0
[INFO] [stderr]    Compiling derive-new v0.5.9
[INFO] [stdout] error[E0425]: cannot find value `impl_generics` in this scope
[INFO] [stdout]   --> /opt/rustwide/cargo-home/registry/src/index.crates.io-6f17d22bba15001f/liquid-derive-0.23.1/src/filter/display.rs:48:9
[INFO] [stdout]    |
[INFO] [stdout] 48 | /         quote! {
[INFO] [stdout] 49 | |             impl #impl_generics #trait_name for #name #ty_generics #where_clause
[INFO] [stdout] 50 | |         }
[INFO] [stdout]    | |_________^ not found in this scope
[INFO] [stdout]    |
[INFO] [stdout]    = note: this error originates in the macro `proc_macro_call` which comes from the expansion of the macro `quote` (in Nightly builds, run with -Z macro-backtrace for more info)
[INFO] [stdout] 
[INFO] [stdout] 
[INFO] [stdout] error[E0425]: cannot find value `trait_name` in this scope
[INFO] [stdout]   --> /opt/rustwide/cargo-home/registry/src/index.crates.io-6f17d22bba15001f/liquid-derive-0.23.1/src/filter/display.rs:48:9
[INFO] [stdout]    |
[INFO] [stdout] 48 | /         quote! {
[INFO] [stdout] 49 | |             impl #impl_generics #trait_name for #name #ty_generics #where_clause
[INFO] [stdout] 50 | |         }
[INFO] [stdout]    | |_________^ not found in this scope
[INFO] [stdout]    |
[INFO] [stdout]    = note: this error originates in the macro `proc_macro_call` which comes from the expansion of the macro `quote` (in Nightly builds, run with -Z macro-backtrace for more info)
[INFO] [stdout] 
[INFO] [stdout] 
[INFO] [stdout] error[E0425]: cannot find value `name` in this scope
[INFO] [stdout]   --> /opt/rustwide/cargo-home/registry/src/index.crates.io-6f17d22bba15001f/liquid-derive-0.23.1/src/filter/display.rs:48:9
[INFO] [stdout]    |
[INFO] [stdout] 48 | /         quote! {
[INFO] [stdout] 49 | |             impl #impl_generics #trait_name for #name #ty_generics #where_clause
[INFO] [stdout] 50 | |         }
[INFO] [stdout]    | |_________^ a field by this name exists in `Self`
[INFO] [stdout]    |
[INFO] [stdout]    = note: this error originates in the macro `proc_macro_call` which comes from the expansion of the macro `quote` (in Nightly builds, run with -Z macro-backtrace for more info)
[INFO] [stdout] 
[INFO] [stdout] 
[INFO] [stdout] error[E0425]: cannot find value `ty_generics` in this scope
[INFO] [stdout]   --> /opt/rustwide/cargo-home/registry/src/index.crates.io-6f17d22bba15001f/liquid-derive-0.23.1/src/filter/display.rs:48:9
[INFO] [stdout]    |
[INFO] [stdout] 48 | /         quote! {
[INFO] [stdout] 49 | |             impl #impl_generics #trait_name for #name #ty_generics #where_clause
[INFO] [stdout] 50 | |         }
[INFO] [stdout]    | |_________^ not found in this scope
[INFO] [stdout]    |
[INFO] [stdout]    = note: this error originates in the macro `proc_macro_call` which comes from the expansion of the macro `quote` (in Nightly builds, run with -Z macro-backtrace for more info)
[INFO] [stdout] 
[INFO] [stdout] 
[INFO] [stdout] error[E0425]: cannot find value `where_clause` in this scope
[INFO] [stdout]   --> /opt/rustwide/cargo-home/registry/src/index.crates.io-6f17d22bba15001f/liquid-derive-0.23.1/src/filter/display.rs:48:9
[INFO] [stdout]    |
[INFO] [stdout] 48 | /         quote! {
[INFO] [stdout] 49 | |             impl #impl_generics #trait_name for #name #ty_generics #where_clause
[INFO] [stdout] 50 | |         }
[INFO] [stdout]    | |_________^ not found in this scope
[INFO] [stdout]    |
[INFO] [stdout]    = note: this error originates in the macro `proc_macro_call` which comes from the expansion of the macro `quote` (in Nightly builds, run with -Z macro-backtrace for more info)
[INFO] [stdout] 
[INFO] [stdout] 
[INFO] [stdout] error[E0425]: cannot find value `impl_display` in this scope
[INFO] [stdout]    --> /opt/rustwide/cargo-home/registry/src/index.crates.io-6f17d22bba15001f/liquid-derive-0.23.1/src/filter/display.rs:161:9
[INFO] [stdout]     |
[INFO] [stdout] 161 | /         quote! {
[INFO] [stdout] 162 | |             #impl_display {
[INFO] [stdout] 163 | |                 fn fmt(&self, f: &mut ::std::fmt::Formatter) -> ::std::fmt::Result {
[INFO] [stdout] 164 | |                     ::std::write!(f, "{} : {}", #filter_name, &self.#parameters)
[INFO] [stdout] 165 | |                 }
[INFO] [stdout] 166 | |             }
[INFO] [stdout] 167 | |         }
[INFO] [stdout]     | |_________^ not found in this scope
[INFO] [stdout]     |
[INFO] [stdout]     = note: this error originates in the macro `proc_macro_call` which comes from the expansion of the macro `quote` (in Nightly builds, run with -Z macro-backtrace for more info)
[INFO] [stdout] 
[INFO] [stdout] 
[INFO] [stdout] error[E0425]: cannot find value `filter_name` in this scope
[INFO] [stdout]    --> /opt/rustwide/cargo-home/registry/src/index.crates.io-6f17d22bba15001f/liquid-derive-0.23.1/src/filter/display.rs:161:9
[INFO] [stdout]     |
[INFO] [stdout] 161 | /         quote! {
[INFO] [stdout] 162 | |             #impl_display {
[INFO] [stdout] 163 | |                 fn fmt(&self, f: &mut ::std::fmt::Formatter) -> ::std::fmt::Result {
[INFO] [stdout] 164 | |                     ::std::write!(f, "{} : {}", #filter_name, &self.#parameters)
[INFO] [stdout] 165 | |                 }
[INFO] [stdout] 166 | |             }
[INFO] [stdout] 167 | |         }
[INFO] [stdout]     | |_________^ not found in this scope
[INFO] [stdout]     |
[INFO] [stdout]     = note: this error originates in the macro `proc_macro_call` which comes from the expansion of the macro `quote` (in Nightly builds, run with -Z macro-backtrace for more info)
[INFO] [stdout] 
[INFO] [stdout] 
[INFO] [stdout] error[E0425]: cannot find value `parameters` in this scope
[INFO] [stdout]    --> /opt/rustwide/cargo-home/registry/src/index.crates.io-6f17d22bba15001f/liquid-derive-0.23.1/src/filter/display.rs:161:9
[INFO] [stdout]     |
[INFO] [stdout] 161 | /         quote! {
[INFO] [stdout] 162 | |             #impl_display {
[INFO] [stdout] 163 | |                 fn fmt(&self, f: &mut ::std::fmt::Formatter) -> ::std::fmt::Result {
[INFO] [stdout] 164 | |                     ::std::write!(f, "{} : {}", #filter_name, &self.#parameters)
[INFO] [stdout] 165 | |                 }
[INFO] [stdout] 166 | |             }
[INFO] [stdout] 167 | |         }
[INFO] [stdout]     | |_________^ not found in this scope
[INFO] [stdout]     |
[INFO] [stdout]     = note: this error originates in the macro `proc_macro_call` which comes from the expansion of the macro `quote` (in Nightly builds, run with -Z macro-backtrace for more info)
[INFO] [stdout] 
[INFO] [stdout] 
[INFO] [stdout] error[E0425]: cannot find value `impl_display` in this scope
[INFO] [stdout]    --> /opt/rustwide/cargo-home/registry/src/index.crates.io-6f17d22bba15001f/liquid-derive-0.23.1/src/filter/display.rs:169:9
[INFO] [stdout]     |
[INFO] [stdout] 169 | /         quote! {
[INFO] [stdout] 170 | |             #impl_display {
[INFO] [stdout] 171 | |                 fn fmt(&self, f: &mut ::std::fmt::Formatter) -> ::std::fmt::Result {
[INFO] [stdout] 172 | |                     ::std::write!(f, "{}", #filter_name)
[INFO] [stdout] 173 | |                 }
[INFO] [stdout] 174 | |             }
[INFO] [stdout] 175 | |         }
[INFO] [stdout]     | |_________^ not found in this scope
[INFO] [stdout]     |
[INFO] [stdout]     = note: this error originates in the macro `proc_macro_call` which comes from the expansion of the macro `quote` (in Nightly builds, run with -Z macro-backtrace for more info)
[INFO] [stdout] 
[INFO] [stdout] 
[INFO] [stdout] error[E0425]: cannot find value `filter_name` in this scope
[INFO] [stdout]    --> /opt/rustwide/cargo-home/registry/src/index.crates.io-6f17d22bba15001f/liquid-derive-0.23.1/src/filter/display.rs:169:9
[INFO] [stdout]     |
[INFO] [stdout] 169 | /         quote! {
[INFO] [stdout] 170 | |             #impl_display {
[INFO] [stdout] 171 | |                 fn fmt(&self, f: &mut ::std::fmt::Formatter) -> ::std::fmt::Result {
[INFO] [stdout] 172 | |                     ::std::write!(f, "{}", #filter_name)
[INFO] [stdout] 173 | |                 }
[INFO] [stdout] 174 | |             }
[INFO] [stdout] 175 | |         }
[INFO] [stdout]     | |_________^ not found in this scope
[INFO] [stdout]     |
[INFO] [stdout]     = note: this error originates in the macro `proc_macro_call` which comes from the expansion of the macro `quote` (in Nightly builds, run with -Z macro-backtrace for more info)
[INFO] [stdout] 
[INFO] [stdout] 
[INFO] [stdout] error[E0425]: cannot find value `impl_generics` in this scope
[INFO] [stdout]   --> /opt/rustwide/cargo-home/registry/src/index.crates.io-6f17d22bba15001f/liquid-derive-0.23.1/src/filter/from_filter_parameters.rs:40:9
[INFO] [stdout]    |
[INFO] [stdout] 40 | /         quote! {
[INFO] [stdout] 41 | |             impl #impl_generics #trait_name for #name #ty_generics #where_clause
[INFO] [stdout] 42 | |         }
[INFO] [stdout]    | |_________^ not found in this scope
[INFO] [stdout]    |
[INFO] [stdout]    = note: this error originates in the macro `proc_macro_call` which comes from the expansion of the macro `quote` (in Nightly builds, run with -Z macro-backtrace for more info)
[INFO] [stdout] 
[INFO] [stdout] 
[INFO] [stdout] error[E0425]: cannot find value `trait_name` in this scope
[INFO] [stdout]   --> /opt/rustwide/cargo-home/registry/src/index.crates.io-6f17d22bba15001f/liquid-derive-0.23.1/src/filter/from_filter_parameters.rs:40:9
[INFO] [stdout]    |
[INFO] [stdout] 40 | /         quote! {
[INFO] [stdout] 41 | |             impl #impl_generics #trait_name for #name #ty_generics #where_clause
[INFO] [stdout] 42 | |         }
[INFO] [stdout]    | |_________^ not found in this scope
[INFO] [stdout]    |
[INFO] [stdout]    = note: this error originates in the macro `proc_macro_call` which comes from the expansion of the macro `quote` (in Nightly builds, run with -Z macro-backtrace for more info)
[INFO] [stdout] 
[INFO] [stdout] 
[INFO] [stdout] error[E0425]: cannot find value `name` in this scope
[INFO] [stdout]   --> /opt/rustwide/cargo-home/registry/src/index.crates.io-6f17d22bba15001f/liquid-derive-0.23.1/src/filter/from_filter_parameters.rs:40:9
[INFO] [stdout]    |
[INFO] [stdout] 40 | /         quote! {
[INFO] [stdout] 41 | |             impl #impl_generics #trait_name for #name #ty_generics #where_clause
[INFO] [stdout] 42 | |         }
[INFO] [stdout]    | |_________^ a field by this name exists in `Self`
[INFO] [stdout]    |
[INFO] [stdout]    = note: this error originates in the macro `proc_macro_call` which comes from the expansion of the macro `quote` (in Nightly builds, run with -Z macro-backtrace for more info)
[INFO] [stdout] 
[INFO] [stdout] 
[INFO] [stdout] error[E0425]: cannot find value `ty_generics` in this scope
[INFO] [stdout]   --> /opt/rustwide/cargo-home/registry/src/index.crates.io-6f17d22bba15001f/liquid-derive-0.23.1/src/filter/from_filter_parameters.rs:40:9
[INFO] [stdout]    |
[INFO] [stdout] 40 | /         quote! {
[INFO] [stdout] 41 | |             impl #impl_generics #trait_name for #name #ty_generics #where_clause
[INFO] [stdout] 42 | |         }
[INFO] [stdout]    | |_________^ not found in this scope
[INFO] [stdout]    |
[INFO] [stdout]    = note: this error originates in the macro `proc_macro_call` which comes from the expansion of the macro `quote` (in Nightly builds, run with -Z macro-backtrace for more info)
[INFO] [stdout] 
[INFO] [stdout] 
[INFO] [stdout] error[E0425]: cannot find value `where_clause` in this scope
[INFO] [stdout]   --> /opt/rustwide/cargo-home/registry/src/index.crates.io-6f17d22bba15001f/liquid-derive-0.23.1/src/filter/from_filter_parameters.rs:40:9
[INFO] [stdout]    |
[INFO] [stdout] 40 | /         quote! {
[INFO] [stdout] 41 | |             impl #impl_generics #trait_name for #name #ty_generics #where_clause
[INFO] [stdout] 42 | |         }
[INFO] [stdout]    | |_________^ not found in this scope
[INFO] [stdout]    |
[INFO] [stdout]    = note: this error originates in the macro `proc_macro_call` which comes from the expansion of the macro `quote` (in Nightly builds, run with -Z macro-backtrace for more info)
[INFO] [stdout] 
[INFO] [stdout] 
[INFO] [stdout] error[E0425]: cannot find value `ident` in this scope
[INFO] [stdout]    --> /opt/rustwide/cargo-home/registry/src/index.crates.io-6f17d22bba15001f/liquid-derive-0.23.1/src/filter/from_filter_parameters.rs:132:21
[INFO] [stdout]     |
[INFO] [stdout] 132 | /                     quote! {
[INFO] [stdout] 133 | |                         #ident: parameters,
[INFO] [stdout] 134 | |                     }
[INFO] [stdout]     | |_____________________^ not found in this scope
[INFO] [stdout]     |
[INFO] [stdout]     = note: this error originates in the macro `proc_macro_call` which comes from the expansion of the macro `quote` (in Nightly builds, run with -Z macro-backtrace for more info)
[INFO] [stdout] 
[INFO] [stdout] 
[INFO] [stdout] error[E0425]: cannot find value `ident` in this scope
[INFO] [stdout]    --> /opt/rustwide/cargo-home/registry/src/index.crates.io-6f17d22bba15001f/liquid-derive-0.23.1/src/filter/from_filter_parameters.rs:144:21
[INFO] [stdout]     |
[INFO] [stdout] 144 | /                     quote! {
[INFO] [stdout] 145 | |                         #ident: <#ty as ::std::default::Default>::default(),
[INFO] [stdout] 146 | |                     }
[INFO] [stdout]     | |_____________________^ not found in this scope
[INFO] [stdout]     |
[INFO] [stdout]     = note: this error originates in the macro `proc_macro_call` which comes from the expansion of the macro `quote` (in Nightly builds, run with -Z macro-backtrace for more info)
[INFO] [stdout] 
[INFO] [stdout] 
[INFO] [stdout] error[E0425]: cannot find value `ty` in this scope
[INFO] [stdout]    --> /opt/rustwide/cargo-home/registry/src/index.crates.io-6f17d22bba15001f/liquid-derive-0.23.1/src/filter/from_filter_parameters.rs:144:21
[INFO] [stdout]     |
[INFO] [stdout] 144 | /                     quote! {
[INFO] [stdout] 145 | |                         #ident: <#ty as ::std::default::Default>::default(),
[INFO] [stdout] 146 | |                     }
[INFO] [stdout]     | |_____________________^ not found in this scope
[INFO] [stdout]     |
[INFO] [stdout]     = note: this error originates in the macro `proc_macro_call` which comes from the expansion of the macro `quote` (in Nightly builds, run with -Z macro-backtrace for more info)
[INFO] [stdout] 
[INFO] [stdout] 
[INFO] [stdout] error[E0425]: cannot find value `ty` in this scope
[INFO] [stdout]    --> /opt/rustwide/cargo-home/registry/src/index.crates.io-6f17d22bba15001f/liquid-derive-0.23.1/src/filter/from_filter_parameters.rs:148:21
[INFO] [stdout]     |
[INFO] [stdout] 148 | /                     quote! {
[INFO] [stdout] 149 | |                         <#ty as ::std::default::Default>::default(),
[INFO] [stdout] 150 | |                     }
[INFO] [stdout]     | |_____________________^ not found in this scope
[INFO] [stdout]     |
[INFO] [stdout]     = note: this error originates in the macro `proc_macro_call` which comes from the expansion of the macro `quote` (in Nightly builds, run with -Z macro-backtrace for more info)
[INFO] [stdout] 
[INFO] [stdout] 
[INFO] [stdout] error[E0425]: cannot find value `parameters_struct_name` in this scope
[INFO] [stdout]    --> /opt/rustwide/cargo-home/registry/src/index.crates.io-6f17d22bba15001f/liquid-derive-0.23.1/src/filter/from_filter_parameters.rs:178:42
[INFO] [stdout]     |
[INFO] [stdout] 178 |     let impl_from = filter.generate_impl(quote! { ::std::convert::From<#parameters_struct_name> });
[INFO] [stdout]     |                                          ^^^^^^^^^^^^^^^^^^^^^^^^^^^^^^^^^^^^^^^^^^^^^^^^^^^^^^^^ not found in this scope
[INFO] [stdout]     |
[INFO] [stdout]     = note: this error originates in the macro `proc_macro_call` which comes from the expansion of the macro `quote` (in Nightly builds, run with -Z macro-backtrace for more info)
[INFO] [stdout] 
[INFO] [stdout] 
[INFO] [stdout] error[E0425]: cannot find value `impl_from` in this scope
[INFO] [stdout]    --> /opt/rustwide/cargo-home/registry/src/index.crates.io-6f17d22bba15001f/liquid-derive-0.23.1/src/filter/from_filter_parameters.rs:181:36
[INFO] [stdout]     |
[INFO] [stdout] 181 |           StructFieldsType::Named => quote! {
[INFO] [stdout]     |  ____________________________________^
[INFO] [stdout] 182 | |             #impl_from {
[INFO] [stdout] 183 | |                 fn from(parameters: #parameters_struct_name) -> Self {
[INFO] [stdout] 184 | |                     Self {
[INFO] [stdout] ...   |
[INFO] [stdout] 188 | |             }
[INFO] [stdout] 189 | |         },
[INFO] [stdout]     | |_________^ not found in this scope
[INFO] [stdout]     |
[INFO] [stdout]     = note: this error originates in the macro `proc_macro_call` which comes from the expansion of the macro `quote` (in Nightly builds, run with -Z macro-backtrace for more info)
[INFO] [stdout] 
[INFO] [stdout] 
[INFO] [stdout] error[E0425]: cannot find value `parameters_struct_name` in this scope
[INFO] [stdout]    --> /opt/rustwide/cargo-home/registry/src/index.crates.io-6f17d22bba15001f/liquid-derive-0.23.1/src/filter/from_filter_parameters.rs:181:36
[INFO] [stdout]     |
[INFO] [stdout] 181 |           StructFieldsType::Named => quote! {
[INFO] [stdout]     |  ____________________________________^
[INFO] [stdout] 182 | |             #impl_from {
[INFO] [stdout] 183 | |                 fn from(parameters: #parameters_struct_name) -> Self {
[INFO] [stdout] 184 | |                     Self {
[INFO] [stdout] ...   |
[INFO] [stdout] 188 | |             }
[INFO] [stdout] 189 | |         },
[INFO] [stdout]     | |_________^ not found in this scope
[INFO] [stdout]     |
[INFO] [stdout]     = note: this error originates in the macro `proc_macro_call` which comes from the expansion of the macro `quote` (in Nightly builds, run with -Z macro-backtrace for more info)
[INFO] [stdout] 
[INFO] [stdout] 
[INFO] [stdout] error[E0425]: cannot find value `fields` in this scope
[INFO] [stdout]    --> /opt/rustwide/cargo-home/registry/src/index.crates.io-6f17d22bba15001f/liquid-derive-0.23.1/src/filter/from_filter_parameters.rs:181:36
[INFO] [stdout]     |
[INFO] [stdout] 181 |           StructFieldsType::Named => quote! {
[INFO] [stdout]     |  ____________________________________^
[INFO] [stdout] 182 | |             #impl_from {
[INFO] [stdout] 183 | |                 fn from(parameters: #parameters_struct_name) -> Self {
[INFO] [stdout] 184 | |                     Self {
[INFO] [stdout] ...   |
[INFO] [stdout] 188 | |             }
[INFO] [stdout] 189 | |         },
[INFO] [stdout]     | |_________^ not found in this scope
[INFO] [stdout]     |
[INFO] [stdout]     = note: this error originates in the macro `proc_macro_call` which comes from the expansion of the macro `quote` (in Nightly builds, run with -Z macro-backtrace for more info)
[INFO] [stdout] 
[INFO] [stdout] 
[INFO] [stdout] error[E0425]: cannot find value `impl_from` in this scope
[INFO] [stdout]    --> /opt/rustwide/cargo-home/registry/src/index.crates.io-6f17d22bba15001f/liquid-derive-0.23.1/src/filter/from_filter_parameters.rs:190:38
[INFO] [stdout]     |
[INFO] [stdout] 190 |           StructFieldsType::Unnamed => quote! {
[INFO] [stdout]     |  ______________________________________^
[INFO] [stdout] 191 | |             #impl_from {
[INFO] [stdout] 192 | |                 fn from(parameters: #parameters_struct_name) -> Self {
[INFO] [stdout] 193 | |                     Self (
[INFO] [stdout] ...   |
[INFO] [stdout] 197 | |             }
[INFO] [stdout] 198 | |         },
[INFO] [stdout]     | |_________^ not found in this scope
[INFO] [stdout]     |
[INFO] [stdout]     = note: this error originates in the macro `proc_macro_call` which comes from the expansion of the macro `quote` (in Nightly builds, run with -Z macro-backtrace for more info)
[INFO] [stdout] 
[INFO] [stdout] 
[INFO] [stdout] error[E0425]: cannot find value `parameters_struct_name` in this scope
[INFO] [stdout]    --> /opt/rustwide/cargo-home/registry/src/index.crates.io-6f17d22bba15001f/liquid-derive-0.23.1/src/filter/from_filter_parameters.rs:190:38
[INFO] [stdout]     |
[INFO] [stdout] 190 |           StructFieldsType::Unnamed => quote! {
[INFO] [stdout]     |  ______________________________________^
[INFO] [stdout] 191 | |             #impl_from {
[INFO] [stdout] 192 | |                 fn from(parameters: #parameters_struct_name) -> Self {
[INFO] [stdout] 193 | |                     Self (
[INFO] [stdout] ...   |
[INFO] [stdout] 197 | |             }
[INFO] [stdout] 198 | |         },
[INFO] [stdout]     | |_________^ not found in this scope
[INFO] [stdout]     |
[INFO] [stdout]     = note: this error originates in the macro `proc_macro_call` which comes from the expansion of the macro `quote` (in Nightly builds, run with -Z macro-backtrace for more info)
[INFO] [stdout] 
[INFO] [stdout] 
[INFO] [stdout] error[E0425]: cannot find value `fields` in this scope
[INFO] [stdout]    --> /opt/rustwide/cargo-home/registry/src/index.crates.io-6f17d22bba15001f/liquid-derive-0.23.1/src/filter/from_filter_parameters.rs:190:38
[INFO] [stdout]     |
[INFO] [stdout] 190 |           StructFieldsType::Unnamed => quote! {
[INFO] [stdout]     |  ______________________________________^
[INFO] [stdout] 191 | |             #impl_from {
[INFO] [stdout] 192 | |                 fn from(parameters: #parameters_struct_name) -> Self {
[INFO] [stdout] 193 | |                     Self (
[INFO] [stdout] ...   |
[INFO] [stdout] 197 | |             }
[INFO] [stdout] 198 | |         },
[INFO] [stdout]     | |_________^ not found in this scope
[INFO] [stdout]     |
[INFO] [stdout]     = note: this error originates in the macro `proc_macro_call` which comes from the expansion of the macro `quote` (in Nightly builds, run with -Z macro-backtrace for more info)
[INFO] [stdout] 
[INFO] [stdout] 
[INFO] [stdout] error[E0425]: cannot find value `impl_from` in this scope
[INFO] [stdout]    --> /opt/rustwide/cargo-home/registry/src/index.crates.io-6f17d22bba15001f/liquid-derive-0.23.1/src/filter/from_filter_parameters.rs:199:35
[INFO] [stdout]     |
[INFO] [stdout] 199 |           StructFieldsType::Unit => quote! {
[INFO] [stdout]     |  ___________________________________^
[INFO] [stdout] 200 | |             #impl_from {
[INFO] [stdout] 201 | |                 fn from(parameters: #parameters_struct_name) -> Self {
[INFO] [stdout] 202 | |                     Self;
[INFO] [stdout] 203 | |                 }
[INFO] [stdout] 204 | |             }
[INFO] [stdout] 205 | |         },
[INFO] [stdout]     | |_________^ not found in this scope
[INFO] [stdout]     |
[INFO] [stdout]     = note: this error originates in the macro `proc_macro_call` which comes from the expansion of the macro `quote` (in Nightly builds, run with -Z macro-backtrace for more info)
[INFO] [stdout] 
[INFO] [stdout] 
[INFO] [stdout] error[E0425]: cannot find value `parameters_struct_name` in this scope
[INFO] [stdout]    --> /opt/rustwide/cargo-home/registry/src/index.crates.io-6f17d22bba15001f/liquid-derive-0.23.1/src/filter/from_filter_parameters.rs:199:35
[INFO] [stdout]     |
[INFO] [stdout] 199 |           StructFieldsType::Unit => quote! {
[INFO] [stdout]     |  ___________________________________^
[INFO] [stdout] 200 | |             #impl_from {
[INFO] [stdout] 201 | |                 fn from(parameters: #parameters_struct_name) -> Self {
[INFO] [stdout] 202 | |                     Self;
[INFO] [stdout] 203 | |                 }
[INFO] [stdout] 204 | |             }
[INFO] [stdout] 205 | |         },
[INFO] [stdout]     | |_________^ not found in this scope
[INFO] [stdout]     |
[INFO] [stdout]     = note: this error originates in the macro `proc_macro_call` which comes from the expansion of the macro `quote` (in Nightly builds, run with -Z macro-backtrace for more info)
[INFO] [stdout] 
[INFO] [stdout] 
[INFO] [stdout] error[E0425]: cannot find value `name` in this scope
[INFO] [stdout]    --> /opt/rustwide/cargo-home/registry/src/index.crates.io-6f17d22bba15001f/liquid-derive-0.23.1/src/filter_parameters.rs:464:9
[INFO] [stdout]     |
[INFO] [stdout] 464 | /         quote! {
[INFO] [stdout] 465 | |             let #name = args.positional.next();
[INFO] [stdout] 466 | |         }
[INFO] [stdout]     | |_________^ not found in this scope
[INFO] [stdout]     |
[INFO] [stdout]     = note: this error originates in the macro `proc_macro_call` which comes from the expansion of the macro `quote` (in Nightly builds, run with -Z macro-backtrace for more info)
[INFO] [stdout] 
[INFO] [stdout] 
[INFO] [stdout] error[E0425]: cannot find value `name` in this scope
[INFO] [stdout]    --> /opt/rustwide/cargo-home/registry/src/index.crates.io-6f17d22bba15001f/liquid-derive-0.23.1/src/filter_parameters.rs:469:9
[INFO] [stdout]     |
[INFO] [stdout] 469 | /         quote! {
[INFO] [stdout] 470 | |             let #name = args.positional.next().ok_or_else(||
[INFO] [stdout] 471 | |                 ::liquid_core::error::Error::with_msg("Invalid number of arguments")
[INFO] [stdout] 472 | |                     .context("cause", concat!("expected at least ", #required, " positional argument", #plural))
[INFO] [stdout] 473 | |             )?;
[INFO] [stdout] 474 | |         }
[INFO] [stdout]     | |_________^ not found in this scope
[INFO] [stdout]     |
[INFO] [stdout]     = note: this error originates in the macro `proc_macro_call` which comes from the expansion of the macro `quote` (in Nightly builds, run with -Z macro-backtrace for more info)
[INFO] [stdout] 
[INFO] [stdout] 
[INFO] [stdout] error[E0425]: cannot find value `required` in this scope
[INFO] [stdout]    --> /opt/rustwide/cargo-home/registry/src/index.crates.io-6f17d22bba15001f/liquid-derive-0.23.1/src/filter_parameters.rs:469:9
[INFO] [stdout]     |
[INFO] [stdout] 469 | /         quote! {
[INFO] [stdout] 470 | |             let #name = args.positional.next().ok_or_else(||
[INFO] [stdout] 471 | |                 ::liquid_core::error::Error::with_msg("Invalid number of arguments")
[INFO] [stdout] 472 | |                     .context("cause", concat!("expected at least ", #required, " positional argument", #plural))
[INFO] [stdout] 473 | |             )?;
[INFO] [stdout] 474 | |         }
[INFO] [stdout]     | |_________^ not found in this scope
[INFO] [stdout]     |
[INFO] [stdout]     = note: this error originates in the macro `proc_macro_call` which comes from the expansion of the macro `quote` (in Nightly builds, run with -Z macro-backtrace for more info)
[INFO] [stdout] 
[INFO] [stdout] 
[INFO] [stdout] error[E0425]: cannot find value `plural` in this scope
[INFO] [stdout]    --> /opt/rustwide/cargo-home/registry/src/index.crates.io-6f17d22bba15001f/liquid-derive-0.23.1/src/filter_parameters.rs:469:9
[INFO] [stdout]     |
[INFO] [stdout] 469 | /         quote! {
[INFO] [stdout] 470 | |             let #name = args.positional.next().ok_or_else(||
[INFO] [stdout] 471 | |                 ::liquid_core::error::Error::with_msg("Invalid number of arguments")
[INFO] [stdout] 472 | |                     .context("cause", concat!("expected at least ", #required, " positional argument", #plural))
[INFO] [stdout] 473 | |             )?;
[INFO] [stdout] 474 | |         }
[INFO] [stdout]     | |_________^ not found in this scope
[INFO] [stdout]     |
[INFO] [stdout]     = note: this error originates in the macro `proc_macro_call` which comes from the expansion of the macro `quote` (in Nightly builds, run with -Z macro-backtrace for more info)
[INFO] [stdout] 
[INFO] [stdout] 
[INFO] [stdout] error[E0425]: cannot find value `name` in this scope
[INFO] [stdout]    --> /opt/rustwide/cargo-home/registry/src/index.crates.io-6f17d22bba15001f/liquid-derive-0.23.1/src/filter_parameters.rs:485:39
[INFO] [stdout]     |
[INFO] [stdout] 485 |         FilterParameterType::Value => quote! { ::std::result::Result::Ok(#name) },
[INFO] [stdout]     |                                       ^^^^^^^^^^^^^^^^^^^^^^^^^^^^^^^^^^^^^^^^^^^ not found in this scope
[INFO] [stdout]     |
[INFO] [stdout]     = note: this error originates in the macro `proc_macro_call` which comes from the expansion of the macro `quote` (in Nightly builds, run with -Z macro-backtrace for more info)
[INFO] [stdout] 
[INFO] [stdout] 
[INFO] [stdout] error[E0425]: cannot find value `name` in this scope
[INFO] [stdout]    --> /opt/rustwide/cargo-home/registry/src/index.crates.io-6f17d22bba15001f/liquid-derive-0.23.1/src/filter_parameters.rs:486:40
[INFO] [stdout]     |
[INFO] [stdout] 486 |           FilterParameterType::Scalar => quote! {
[INFO] [stdout]     |  ________________________________________^
[INFO] [stdout] 487 | |             match #name {
[INFO] [stdout] 488 | |                 ::liquid_core::ValueCow::Owned(v) => {
[INFO] [stdout] 489 | |                     v.as_scalar().into_owned()
[INFO] [stdout] ...   |
[INFO] [stdout] 498 | |             )
[INFO] [stdout] 499 | |         },
[INFO] [stdout]     | |_________^ not found in this scope
[INFO] [stdout]     |
[INFO] [stdout]     = note: this error originates in the macro `proc_macro_call` which comes from the expansion of the macro `quote` (in Nightly builds, run with -Z macro-backtrace for more info)
[INFO] [stdout] 
[INFO] [stdout] 
[INFO] [stdout] error[E0425]: cannot find value `liquid_name` in this scope
[INFO] [stdout]    --> /opt/rustwide/cargo-home/registry/src/index.crates.io-6f17d22bba15001f/liquid-derive-0.23.1/src/filter_parameters.rs:486:40
[INFO] [stdout]     |
[INFO] [stdout] 486 |           FilterParameterType::Scalar => quote! {
[INFO] [stdout]     |  ________________________________________^
[INFO] [stdout] 487 | |             match #name {
[INFO] [stdout] 488 | |                 ::liquid_core::ValueCow::Owned(v) => {
[INFO] [stdout] 489 | |                     v.as_scalar().into_owned()
[INFO] [stdout] ...   |
[INFO] [stdout] 498 | |             )
[INFO] [stdout] 499 | |         },
[INFO] [stdout]     | |_________^ not found in this scope
[INFO] [stdout]     |
[INFO] [stdout]     = note: this error originates in the macro `proc_macro_call` which comes from the expansion of the macro `quote` (in Nightly builds, run with -Z macro-backtrace for more info)
[INFO] [stdout] 
[INFO] [stdout] 
[INFO] [stdout] error[E0425]: cannot find value `name` in this scope
[INFO] [stdout]    --> /opt/rustwide/cargo-home/registry/src/index.crates.io-6f17d22bba15001f/liquid-derive-0.23.1/src/filter_parameters.rs:500:41
[INFO] [stdout]     |
[INFO] [stdout] 500 |           FilterParameterType::Integer => quote! {
[INFO] [stdout]     |  _________________________________________^
[INFO] [stdout] 501 | |             #name.as_scalar()
[INFO] [stdout] 502 | |             .and_then(|s| s.to_integer())
[INFO] [stdout] 503 | |             .ok_or_else(||
[INFO] [stdout] ...   |
[INFO] [stdout] 507 | |             )
[INFO] [stdout] 508 | |         },
[INFO] [stdout]     | |_________^ not found in this scope
[INFO] [stdout]     |
[INFO] [stdout]     = note: this error originates in the macro `proc_macro_call` which comes from the expansion of the macro `quote` (in Nightly builds, run with -Z macro-backtrace for more info)
[INFO] [stdout] 
[INFO] [stdout] 
[INFO] [stdout] error[E0425]: cannot find value `liquid_name` in this scope
[INFO] [stdout]    --> /opt/rustwide/cargo-home/registry/src/index.crates.io-6f17d22bba15001f/liquid-derive-0.23.1/src/filter_parameters.rs:500:41
[INFO] [stdout]     |
[INFO] [stdout] 500 |           FilterParameterType::Integer => quote! {
[INFO] [stdout]     |  _________________________________________^
[INFO] [stdout] 501 | |             #name.as_scalar()
[INFO] [stdout] 502 | |             .and_then(|s| s.to_integer())
[INFO] [stdout] 503 | |             .ok_or_else(||
[INFO] [stdout] ...   |
[INFO] [stdout] 507 | |             )
[INFO] [stdout] 508 | |         },
[INFO] [stdout]     | |_________^ not found in this scope
[INFO] [stdout]     |
[INFO] [stdout]     = note: this error originates in the macro `proc_macro_call` which comes from the expansion of the macro `quote` (in Nightly builds, run with -Z macro-backtrace for more info)
[INFO] [stdout] 
[INFO] [stdout] 
[INFO] [stdout] error[E0425]: cannot find value `name` in this scope
[INFO] [stdout]    --> /opt/rustwide/cargo-home/registry/src/index.crates.io-6f17d22bba15001f/liquid-derive-0.23.1/src/filter_parameters.rs:509:39
[INFO] [stdout]     |
[INFO] [stdout] 509 |           FilterParameterType::Float => quote! {
[INFO] [stdout]     |  _______________________________________^
[INFO] [stdout] 510 | |             #name.as_scalar()
[INFO] [stdout] 511 | |             .and_then(|s| s.to_float())
[INFO] [stdout] 512 | |             .ok_or_else(||
[INFO] [stdout] ...   |
[INFO] [stdout] 516 | |             )
[INFO] [stdout] 517 | |         },
[INFO] [stdout]     | |_________^ not found in this scope
[INFO] [stdout]     |
[INFO] [stdout]     = note: this error originates in the macro `proc_macro_call` which comes from the expansion of the macro `quote` (in Nightly builds, run with -Z macro-backtrace for more info)
[INFO] [stdout] 
[INFO] [stdout] 
[INFO] [stdout] error[E0425]: cannot find value `liquid_name` in this scope
[INFO] [stdout]    --> /opt/rustwide/cargo-home/registry/src/index.crates.io-6f17d22bba15001f/liquid-derive-0.23.1/src/filter_parameters.rs:509:39
[INFO] [stdout]     |
[INFO] [stdout] 509 |           FilterParameterType::Float => quote! {
[INFO] [stdout]     |  _______________________________________^
[INFO] [stdout] 510 | |             #name.as_scalar()
[INFO] [stdout] 511 | |             .and_then(|s| s.to_float())
[INFO] [stdout] 512 | |             .ok_or_else(||
[INFO] [stdout] ...   |
[INFO] [stdout] 516 | |             )
[INFO] [stdout] 517 | |         },
[INFO] [stdout]     | |_________^ not found in this scope
[INFO] [stdout]     |
[INFO] [stdout]     = note: this error originates in the macro `proc_macro_call` which comes from the expansion of the macro `quote` (in Nightly builds, run with -Z macro-backtrace for more info)
[INFO] [stdout] 
[INFO] [stdout] 
[INFO] [stdout] error[E0425]: cannot find value `name` in this scope
[INFO] [stdout]    --> /opt/rustwide/cargo-home/registry/src/index.crates.io-6f17d22bba15001f/liquid-derive-0.23.1/src/filter_parameters.rs:518:38
[INFO] [stdout]     |
[INFO] [stdout] 518 |           FilterParameterType::Bool => quote! {
[INFO] [stdout]     |  ______________________________________^
[INFO] [stdout] 519 | |             #name.as_scalar()
[INFO] [stdout] 520 | |             .and_then(|s| s.to_bool())
[INFO] [stdout] 521 | |             .ok_or_else(||
[INFO] [stdout] ...   |
[INFO] [stdout] 525 | |             )
[INFO] [stdout] 526 | |         },
[INFO] [stdout]     | |_________^ not found in this scope
[INFO] [stdout]     |
[INFO] [stdout]     = note: this error originates in the macro `proc_macro_call` which comes from the expansion of the macro `quote` (in Nightly builds, run with -Z macro-backtrace for more info)
[INFO] [stdout] 
[INFO] [stdout] 
[INFO] [stdout] error[E0425]: cannot find value `liquid_name` in this scope
[INFO] [stdout]    --> /opt/rustwide/cargo-home/registry/src/index.crates.io-6f17d22bba15001f/liquid-derive-0.23.1/src/filter_parameters.rs:518:38
[INFO] [stdout]     |
[INFO] [stdout] 518 |           FilterParameterType::Bool => quote! {
[INFO] [stdout]     |  ______________________________________^
[INFO] [stdout] 519 | |             #name.as_scalar()
[INFO] [stdout] 520 | |             .and_then(|s| s.to_bool())
[INFO] [stdout] 521 | |             .ok_or_else(||
[INFO] [stdout] ...   |
[INFO] [stdout] 525 | |             )
[INFO] [stdout] 526 | |         },
[INFO] [stdout]     | |_________^ not found in this scope
[INFO] [stdout]     |
[INFO] [stdout]     = note: this error originates in the macro `proc_macro_call` which comes from the expansion of the macro `quote` (in Nightly builds, run with -Z macro-backtrace for more info)
[INFO] [stdout] 
[INFO] [stdout] 
[INFO] [stdout] error[E0425]: cannot find value `name` in this scope
[INFO] [stdout]    --> /opt/rustwide/cargo-home/registry/src/index.crates.io-6f17d22bba15001f/liquid-derive-0.23.1/src/filter_parameters.rs:527:42
[INFO] [stdout]     |
[INFO] [stdout] 527 |           FilterParameterType::DateTime => quote! {
[INFO] [stdout]     |  __________________________________________^
[INFO] [stdout] 528 | |             #name.as_scalar()
[INFO] [stdout] 529 | |             .and_then(|s| s.to_date_time())
[INFO] [stdout] 530 | |             .ok_or_else(||
[INFO] [stdout] ...   |
[INFO] [stdout] 534 | |             )
[INFO] [stdout] 535 | |         },
[INFO] [stdout]     | |_________^ not found in this scope
[INFO] [stdout]     |
[INFO] [stdout]     = note: this error originates in the macro `proc_macro_call` which comes from the expansion of the macro `quote` (in Nightly builds, run with -Z macro-backtrace for more info)
[INFO] [stdout] 
[INFO] [stdout] 
[INFO] [stdout] error[E0425]: cannot find value `liquid_name` in this scope
[INFO] [stdout]    --> /opt/rustwide/cargo-home/registry/src/index.crates.io-6f17d22bba15001f/liquid-derive-0.23.1/src/filter_parameters.rs:527:42
[INFO] [stdout]     |
[INFO] [stdout] 527 |           FilterParameterType::DateTime => quote! {
[INFO] [stdout]     |  __________________________________________^
[INFO] [stdout] 528 | |             #name.as_scalar()
[INFO] [stdout] 529 | |             .and_then(|s| s.to_date_time())
[INFO] [stdout] 530 | |             .ok_or_else(||
[INFO] [stdout] ...   |
[INFO] [stdout] 534 | |             )
[INFO] [stdout] 535 | |         },
[INFO] [stdout]     | |_________^ not found in this scope
[INFO] [stdout]     |
[INFO] [stdout]     = note: this error originates in the macro `proc_macro_call` which comes from the expansion of the macro `quote` (in Nightly builds, run with -Z macro-backtrace for more info)
[INFO] [stdout] 
[INFO] [stdout] 
[INFO] [stdout] error[E0425]: cannot find value `name` in this scope
[INFO] [stdout]    --> /opt/rustwide/cargo-home/registry/src/index.crates.io-6f17d22bba15001f/liquid-derive-0.23.1/src/filter_parameters.rs:536:38
[INFO] [stdout]     |
[INFO] [stdout] 536 |           FilterParameterType::Date => quote! {
[INFO] [stdout]     |  ______________________________________^
[INFO] [stdout] 537 | |             #name.as_scalar()
[INFO] [stdout] 538 | |             .and_then(|s| s.to_date())
[INFO] [stdout] 539 | |             .ok_or_else(||
[INFO] [stdout] ...   |
[INFO] [stdout] 543 | |             )
[INFO] [stdout] 544 | |         },
[INFO] [stdout]     | |_________^ not found in this scope
[INFO] [stdout]     |
[INFO] [stdout]     = note: this error originates in the macro `proc_macro_call` which comes from the expansion of the macro `quote` (in Nightly builds, run with -Z macro-backtrace for more info)
[INFO] [stdout] 
[INFO] [stdout] 
[INFO] [stdout] error[E0425]: cannot find value `liquid_name` in this scope
[INFO] [stdout]    --> /opt/rustwide/cargo-home/registry/src/index.crates.io-6f17d22bba15001f/liquid-derive-0.23.1/src/filter_parameters.rs:536:38
[INFO] [stdout]     |
[INFO] [stdout] 536 |           FilterParameterType::Date => quote! {
[INFO] [stdout]     |  ______________________________________^
[INFO] [stdout] 537 | |             #name.as_scalar()
[INFO] [stdout] 538 | |             .and_then(|s| s.to_date())
[INFO] [stdout] 539 | |             .ok_or_else(||
[INFO] [stdout] ...   |
[INFO] [stdout] 543 | |             )
[INFO] [stdout] 544 | |         },
[INFO] [stdout]     | |_________^ not found in this scope
[INFO] [stdout]     |
[INFO] [stdout]     = note: this error originates in the macro `proc_macro_call` which comes from the expansion of the macro `quote` (in Nightly builds, run with -Z macro-backtrace for more info)
[INFO] [stdout] 
[INFO] [stdout] 
[INFO] [stdout] error[E0425]: cannot find value `name` in this scope
[INFO] [stdout]    --> /opt/rustwide/cargo-home/registry/src/index.crates.io-6f17d22bba15001f/liquid-derive-0.23.1/src/filter_parameters.rs:545:37
[INFO] [stdout]     |
[INFO] [stdout] 545 |           FilterParameterType::Str => quote! {
[INFO] [stdout]     |  _____________________________________^
[INFO] [stdout] 546 | |             match #name {
[INFO] [stdout] 547 | |                 ::liquid_core::ValueCow::Owned(v) => {
[INFO] [stdout] 548 | |                     ::std::result::Result::Ok(v.to_kstr().into_owned().into())
[INFO] [stdout] ...   |
[INFO] [stdout] 553 | |             }
[INFO] [stdout] 554 | |         },
[INFO] [stdout]     | |_________^ not found in this scope
[INFO] [stdout]     |
[INFO] [stdout]     = note: this error originates in the macro `proc_macro_call` which comes from the expansion of the macro `quote` (in Nightly builds, run with -Z macro-backtrace for more info)
[INFO] [stdout] 
[INFO] [stdout] 
[INFO] [stdout] error[E0425]: cannot find value `name` in this scope
[INFO] [stdout]    --> /opt/rustwide/cargo-home/registry/src/index.crates.io-6f17d22bba15001f/liquid-derive-0.23.1/src/filter_parameters.rs:558:9
[INFO] [stdout]     |
[INFO] [stdout] 558 | /         quote! {
[INFO] [stdout] 559 | |             let #name = self.#name.as_ref().map(|field| {
[INFO] [stdout] 560 | |                 let #name = field.evaluate(runtime)?;
[INFO] [stdout] 561 | |                 let #name = #to_type?;
[INFO] [stdout] 562 | |                 ::std::result::Result::Ok(#name)
[INFO] [stdout] 563 | |             }).transpose()?;
[INFO] [stdout] 564 | |         }
[INFO] [stdout]     | |_________^ not found in this scope
[INFO] [stdout]     |
[INFO] [stdout]     = note: this error originates in the macro `proc_macro_call` which comes from the expansion of the macro `quote` (in Nightly builds, run with -Z macro-backtrace for more info)
[INFO] [stdout] 
[INFO] [stdout] 
[INFO] [stdout] error[E0425]: cannot find value `to_type` in this scope
[INFO] [stdout]    --> /opt/rustwide/cargo-home/registry/src/index.crates.io-6f17d22bba15001f/liquid-derive-0.23.1/src/filter_parameters.rs:558:9
[INFO] [stdout]     |
[INFO] [stdout] 558 | /         quote! {
[INFO] [stdout] 559 | |             let #name = self.#name.as_ref().map(|field| {
[INFO] [stdout] 560 | |                 let #name = field.evaluate(runtime)?;
[INFO] [stdout] 561 | |                 let #name = #to_type?;
[INFO] [stdout] 562 | |                 ::std::result::Result::Ok(#name)
[INFO] [stdout] 563 | |             }).transpose()?;
[INFO] [stdout] 564 | |         }
[INFO] [stdout]     | |_________^ not found in this scope
[INFO] [stdout]     |
[INFO] [stdout]     = note: this error originates in the macro `proc_macro_call` which comes from the expansion of the macro `quote` (in Nightly builds, run with -Z macro-backtrace for more info)
[INFO] [stdout] 
[INFO] [stdout] 
[INFO] [stdout] error[E0425]: cannot find value `name` in this scope
[INFO] [stdout]    --> /opt/rustwide/cargo-home/registry/src/index.crates.io-6f17d22bba15001f/liquid-derive-0.23.1/src/filter_parameters.rs:566:9
[INFO] [stdout]     |
[INFO] [stdout] 566 | /         quote! {
[INFO] [stdout] 567 | |             let #name = self.#name.evaluate(runtime)?;
[INFO] [stdout] 568 | |             let #name = #to_type?;
[INFO] [stdout] 569 | |         }
[INFO] [stdout]     | |_________^ not found in this scope
[INFO] [stdout]     |
[INFO] [stdout]     = note: this error originates in the macro `proc_macro_call` which comes from the expansion of the macro `quote` (in Nightly builds, run with -Z macro-backtrace for more info)
[INFO] [stdout] 
[INFO] [stdout] 
[INFO] [stdout] error[E0425]: cannot find value `to_type` in this scope
[INFO] [stdout]    --> /opt/rustwide/cargo-home/registry/src/index.crates.io-6f17d22bba15001f/liquid-derive-0.23.1/src/filter_parameters.rs:566:9
[INFO] [stdout]     |
[INFO] [stdout] 566 | /         quote! {
[INFO] [stdout] 567 | |             let #name = self.#name.evaluate(runtime)?;
[INFO] [stdout] 568 | |             let #name = #to_type?;
[INFO] [stdout] 569 | |         }
[INFO] [stdout]     | |_________^ not found in this scope
[INFO] [stdout]     |
[INFO] [stdout]     = note: this error originates in the macro `proc_macro_call` which comes from the expansion of the macro `quote` (in Nightly builds, run with -Z macro-backtrace for more info)
[INFO] [stdout] 
[INFO] [stdout] 
[INFO] [stdout] error[E0425]: cannot find value `liquid_name` in this scope
[INFO] [stdout]    --> /opt/rustwide/cargo-home/registry/src/index.crates.io-6f17d22bba15001f/liquid-derive-0.23.1/src/filter_parameters.rs:578:5
[INFO] [stdout]     |
[INFO] [stdout] 578 | /     quote! {
[INFO] [stdout] 579 | |         #liquid_name => if #rust_name.is_none() {
[INFO] [stdout] 580 | |             #rust_name = ::std::option::Option::Some(arg.1);
[INFO] [stdout] 581 | |         } else {
[INFO] [stdout] 582 | |             return ::std::result::Result::Err(::liquid_co...
[INFO] [stdout] 583 | |         },
[INFO] [stdout] 584 | |     }
[INFO] [stdout]     | |_____^ not found in this scope
[INFO] [stdout]     |
[INFO] [stdout]     = note: this error originates in the macro `proc_macro_call` which comes from the expansion of the macro `quote` (in Nightly builds, run with -Z macro-backtrace for more info)
[INFO] [stdout] 
[INFO] [stdout] 
[INFO] [stdout] error[E0425]: cannot find value `rust_name` in this scope
[INFO] [stdout]    --> /opt/rustwide/cargo-home/registry/src/index.crates.io-6f17d22bba15001f/liquid-derive-0.23.1/src/filter_parameters.rs:578:5
[INFO] [stdout]     |
[INFO] [stdout] 578 | /     quote! {
[INFO] [stdout] 579 | |         #liquid_name => if #rust_name.is_none() {
[INFO] [stdout] 580 | |             #rust_name = ::std::option::Option::Some(arg.1);
[INFO] [stdout] 581 | |         } else {
[INFO] [stdout] 582 | |             return ::std::result::Result::Err(::liquid_co...
[INFO] [stdout] 583 | |         },
[INFO] [stdout] 584 | |     }
[INFO] [stdout]     | |_____^ not found in this scope
[INFO] [stdout]     |
[INFO] [stdout]     = note: this error originates in the macro `proc_macro_call` which comes from the expansion of the macro `quote` (in Nightly builds, run with -Z macro-backtrace for more info)
[INFO] [stdout] 
[INFO] [stdout] 
[INFO] [stdout] error[E0425]: cannot find value `num_max_positional` in this scope
[INFO] [stdout]    --> /opt/rustwide/cargo-home/registry/src/index.crates.io-6f17d22bba15001f/liquid-derive-0.23.1/src/filter_parameters.rs:614:9
[INFO] [stdout]     |
[INFO] [stdout] 614 | /         quote! {
[INFO] [stdout] 615 | |             ::liquid_core::error::Error::with_msg("Invalid number of positional arguments")
[INFO] [stdout] 616 | |                 .context("cause", concat!("expected at most ", #num_max_positional, " positional argument", #plural))
[INFO] [stdout] 617 | |         }
[INFO] [stdout]     | |_________^ not found in this scope
[INFO] [stdout]     |
[INFO] [stdout]     = note: this error originates in the macro `proc_macro_call` which comes from the expansion of the macro `quote` (in Nightly builds, run with -Z macro-backtrace for more info)
[INFO] [stdout] 
[INFO] [stdout] 
[INFO] [stdout] error[E0425]: cannot find value `plural` in this scope
[INFO] [stdout]    --> /opt/rustwide/cargo-home/registry/src/index.crates.io-6f17d22bba15001f/liquid-derive-0.23.1/src/filter_parameters.rs:614:9
[INFO] [stdout]     |
[INFO] [stdout] 614 | /         quote! {
[INFO] [stdout] 615 | |             ::liquid_core::error::Error::with_msg("Invalid number of positional arguments")
[INFO] [stdout] 616 | |                 .context("cause", concat!("expected at most ", #num_max_positional, " positional argument", #plural))
[INFO] [stdout] 617 | |         }
[INFO] [stdout]     | |_________^ not found in this scope
[INFO] [stdout]     |
[INFO] [stdout]     = note: this error originates in the macro `proc_macro_call` which comes from the expansion of the macro `quote` (in Nightly builds, run with -Z macro-backtrace for more info)
[INFO] [stdout] 
[INFO] [stdout] 
[INFO] [stdout] error[E0425]: cannot find value `field_names` in this scope
[INFO] [stdout]    --> /opt/rustwide/cargo-home/registry/src/index.crates.io-6f17d22bba15001f/liquid-derive-0.23.1/src/filter_parameters.rs:621:39
[INFO] [stdout]     |
[INFO] [stdout] 621 |     let comma_separated_field_names = quote! { #(#field_names,)* };
[INFO] [stdout]     |                                       ^^^^^^^^^^^^^^^^^^^^^^^^^^^^ not found in this scope
[INFO] [stdout]     |
[INFO] [stdout]     = note: this error originates in the macro `proc_macro_call` which comes from the expansion of the macro `quote` (in Nightly builds, run with -Z macro-backtrace for more info)
[INFO] [stdout] 
[INFO] [stdout] 
[INFO] [stdout] error[E0425]: cannot find value `field` in this scope
[INFO] [stdout]    --> /opt/rustwide/cargo-home/registry/src/index.crates.io-6f17d22bba15001f/liquid-derive-0.23.1/src/filter_parameters.rs:651:13
[INFO] [stdout]     |
[INFO] [stdout] 651 | ...   quote!{ let #field = #field.ok_or_else(|| ::liquid_core::error::Error::with_msg(concat!("Expected named argument `", #liquid_name, "`")))?; }
[INFO] [stdout]     |       ^^^^^^^^^^^^^^^^^^^^^^^^^^^^^^^^^^^^^^^^^^^^^^^^^^^^^^^^^^^^^^^^^^^^^^^^^^^^^^^^^^^^^^^^^^^^^^^^^^^^^^^^^^^^^^^^^^^^^^^^^^^^^^^^^^^^^^^^^^^^^ not found in this scope
[INFO] [stdout]     |
[INFO] [stdout]     = note: this error originates in the macro `proc_macro_call` which comes from the expansion of the macro `quote` (in Nightly builds, run with -Z macro-backtrace for more info)
[INFO] [stdout] 
[INFO] [stdout] 
[INFO] [stdout] error[E0425]: cannot find value `liquid_name` in this scope
[INFO] [stdout]    --> /opt/rustwide/cargo-home/registry/src/index.crates.io-6f17d22bba15001f/liquid-derive-0.23.1/src/filter_parameters.rs:651:13
[INFO] [stdout]     |
[INFO] [stdout] 651 | ...   quote!{ let #field = #field.ok_or_else(|| ::liquid_core::error::Error::with_msg(concat!("Expected named argument `", #liquid_name, "`")))?; }
[INFO] [stdout]     |       ^^^^^^^^^^^^^^^^^^^^^^^^^^^^^^^^^^^^^^^^^^^^^^^^^^^^^^^^^^^^^^^^^^^^^^^^^^^^^^^^^^^^^^^^^^^^^^^^^^^^^^^^^^^^^^^^^^^^^^^^^^^^^^^^^^^^^^^^^^^^^ not found in this scope
[INFO] [stdout]     |
[INFO] [stdout]     = note: this error originates in the macro `proc_macro_call` which comes from the expansion of the macro `quote` (in Nightly builds, run with -Z macro-backtrace for more info)
[INFO] [stdout] 
[INFO] [stdout] 
[INFO] [stdout] error[E0425]: cannot find value `name` in this scope
[INFO] [stdout]    --> /opt/rustwide/cargo-home/registry/src/index.crates.io-6f17d22bba15001f/liquid-derive-0.23.1/src/filter_parameters.rs:654:5
[INFO] [stdout]     |
[INFO] [stdout] 654 | /     quote! {
[INFO] [stdout] 655 | |         impl<'a> ::liquid_core::parser::FilterParameters<'a> for #name {
[INFO] [stdout] 656 | |             type EvaluatedFilterParameters = #evaluated_name<'a>;
[INFO] [stdout] 657 | |
[INFO] [stdout] ...   |
[INFO] [stdout] 682 | |         }
[INFO] [stdout] 683 | |     }
[INFO] [stdout]     | |_____^ not found in this scope
[INFO] [stdout]     |
[INFO] [stdout]     = note: this error originates in the macro `proc_macro_call` which comes from the expansion of the macro `quote` (in Nightly builds, run with -Z macro-backtrace for more info)
[INFO] [stdout] 
[INFO] [stdout] 
[INFO] [stdout] error[E0425]: cannot find value `evaluated_name` in this scope
[INFO] [stdout]    --> /opt/rustwide/cargo-home/registry/src/index.crates.io-6f17d22bba15001f/liquid-derive-0.23.1/src/filter_parameters.rs:654:5
[INFO] [stdout]     |
[INFO] [stdout] 654 | /     quote! {
[INFO] [stdout] 655 | |         impl<'a> ::liquid_core::parser::FilterParameters<'a> for #name {
[INFO] [stdout] 656 | |             type EvaluatedFilterParameters = #evaluated_name<'a>;
[INFO] [stdout] 657 | |
[INFO] [stdout] ...   |
[INFO] [stdout] 682 | |         }
[INFO] [stdout] 683 | |     }
[INFO] [stdout]     | |_____^ not found in this scope
[INFO] [stdout]     |
[INFO] [stdout]     = note: this error originates in the macro `proc_macro_call` which comes from the expansion of the macro `quote` (in Nightly builds, run with -Z macro-backtrace for more info)
[INFO] [stdout] 
[INFO] [stdout] 
[INFO] [stdout] error[E0425]: cannot find value `construct_positional_fields` in this scope
[INFO] [stdout]    --> /opt/rustwide/cargo-home/registry/src/index.crates.io-6f17d22bba15001f/liquid-derive-0.23.1/src/filter_parameters.rs:654:5
[INFO] [stdout]     |
[INFO] [stdout] 654 | /     quote! {
[INFO] [stdout] 655 | |         impl<'a> ::liquid_core::parser::FilterParameters<'a> for #name {
[INFO] [stdout] 656 | |             type EvaluatedFilterParameters = #evaluated_name<'a>;
[INFO] [stdout] 657 | |
[INFO] [stdout] ...   |
[INFO] [stdout] 682 | |         }
[INFO] [stdout] 683 | |     }
[INFO] [stdout]     | |_____^ not found in this scope
[INFO] [stdout]     |
[INFO] [stdout]     = note: this error originates in the macro `proc_macro_call` which comes from the expansion of the macro `quote` (in Nightly builds, run with -Z macro-backtrace for more info)
[INFO] [stdout] 
[INFO] [stdout] 
[INFO] [stdout] error[E0425]: cannot find value `too_many_args` in this scope
[INFO] [stdout]    --> /opt/rustwide/cargo-home/registry/src/index.crates.io-6f17d22bba15001f/liquid-derive-0.23.1/src/filter_parameters.rs:654:5
[INFO] [stdout]     |
[INFO] [stdout] 654 | /     quote! {
[INFO] [stdout] 655 | |         impl<'a> ::liquid_core::parser::FilterParameters<'a> for #name {
[INFO] [stdout] 656 | |             type EvaluatedFilterParameters = #evaluated_name<'a>;
[INFO] [stdout] 657 | |
[INFO] [stdout] ...   |
[INFO] [stdout] 682 | |         }
[INFO] [stdout] 683 | |     }
[INFO] [stdout]     | |_____^ not found in this scope
[INFO] [stdout]     |
[INFO] [stdout]     = note: this error originates in the macro `proc_macro_call` which comes from the expansion of the macro `quote` (in Nightly builds, run with -Z macro-backtrace for more info)
[INFO] [stdout] 
[INFO] [stdout] 
[INFO] [stdout] error[E0425]: cannot find value `keyword_fields` in this scope
[INFO] [stdout]    --> /opt/rustwide/cargo-home/registry/src/index.crates.io-6f17d22bba15001f/liquid-derive-0.23.1/src/filter_parameters.rs:654:5
[INFO] [stdout]     |
[INFO] [stdout] 654 | /     quote! {
[INFO] [stdout] 655 | |         impl<'a> ::liquid_core::parser::FilterParameters<'a> for #name {
[INFO] [stdout] 656 | |             type EvaluatedFilterParameters = #evaluated_name<'a>;
[INFO] [stdout] 657 | |
[INFO] [stdout] ...   |
[INFO] [stdout] 682 | |         }
[INFO] [stdout] 683 | |     }
[INFO] [stdout]     | |_____^ not found in this scope
[INFO] [stdout]     |
[INFO] [stdout]     = note: this error originates in the macro `proc_macro_call` which comes from the expansion of the macro `quote` (in Nightly builds, run with -Z macro-backtrace for more info)
[INFO] [stdout] 
[INFO] [stdout] 
[INFO] [stdout] error[E0425]: cannot find value `match_keyword_parameters_arms` in this scope
[INFO] [stdout]    --> /opt/rustwide/cargo-home/registry/src/index.crates.io-6f17d22bba15001f/liquid-derive-0.23.1/src/filter_parameters.rs:654:5
[INFO] [stdout]     |
[INFO] [stdout] 654 | /     quote! {
[INFO] [stdout] 655 | |         impl<'a> ::liquid_core::parser::FilterParameters<'a> for #name {
[INFO] [stdout] 656 | |             type EvaluatedFilterParameters = #evaluated_name<'a>;
[INFO] [stdout] 657 | |
[INFO] [stdout] ...   |
[INFO] [stdout] 682 | |         }
[INFO] [stdout] 683 | |     }
[INFO] [stdout]     | |_____^ not found in this scope
[INFO] [stdout]     |
[INFO] [stdout]     = note: this error originates in the macro `proc_macro_call` which comes from the expansion of the macro `quote` (in Nightly builds, run with -Z macro-backtrace for more info)
[INFO] [stdout] 
[INFO] [stdout] 
[INFO] [stdout] error[E0425]: cannot find value `unwrap_required_keyword_fields` in this scope
[INFO] [stdout]    --> /opt/rustwide/cargo-home/registry/src/index.crates.io-6f17d22bba15001f/liquid-derive-0.23.1/src/filter_parameters.rs:654:5
[INFO] [stdout]     |
[INFO] [stdout] 654 | /     quote! {
[INFO] [stdout] 655 | |         impl<'a> ::liquid_core::parser::FilterParameters<'a> for #name {
[INFO] [stdout] 656 | |             type EvaluatedFilterParameters = #evaluated_name<'a>;
[INFO] [stdout] 657 | |
[INFO] [stdout] ...   |
[INFO] [stdout] 682 | |         }
[INFO] [stdout] 683 | |     }
[INFO] [stdout]     | |_____^ not found in this scope
[INFO] [stdout]     |
[INFO] [stdout]     = note: this error originates in the macro `proc_macro_call` which comes from the expansion of the macro `quote` (in Nightly builds, run with -Z macro-backtrace for more info)
[INFO] [stdout] 
[INFO] [stdout] 
[INFO] [stdout] error[E0425]: cannot find value `comma_separated_field_names` in this scope
[INFO] [stdout]    --> /opt/rustwide/cargo-home/registry/src/index.crates.io-6f17d22bba15001f/liquid-derive-0.23.1/src/filter_parameters.rs:654:5
[INFO] [stdout]     |
[INFO] [stdout] 654 | /     quote! {
[INFO] [stdout] 655 | |         impl<'a> ::liquid_core::parser::FilterParameters<'a> for #name {
[INFO] [stdout] 656 | |             type EvaluatedFilterParameters = #evaluated_name<'a>;
[INFO] [stdout] 657 | |
[INFO] [stdout] ...   |
[INFO] [stdout] 682 | |         }
[INFO] [stdout] 683 | |     }
[INFO] [stdout]     | |_____^ not found in this scope
[INFO] [stdout]     |
[INFO] [stdout]     = note: this error originates in the macro `proc_macro_call` which comes from the expansion of the macro `quote` (in Nightly builds, run with -Z macro-backtrace for more info)
[INFO] [stdout] 
[INFO] [stdout] 
[INFO] [stdout] error[E0425]: cannot find value `evaluate_fields` in this scope
[INFO] [stdout]    --> /opt/rustwide/cargo-home/registry/src/index.crates.io-6f17d22bba15001f/liquid-derive-0.23.1/src/filter_parameters.rs:654:5
[INFO] [stdout]     |
[INFO] [stdout] 654 | /     quote! {
[INFO] [stdout] 655 | |         impl<'a> ::liquid_core::parser::FilterParameters<'a> for #name {
[INFO] [stdout] 656 | |             type EvaluatedFilterParameters = #evaluated_name<'a>;
[INFO] [stdout] 657 | |
[INFO] [stdout] ...   |
[INFO] [stdout] 682 | |         }
[INFO] [stdout] 683 | |     }
[INFO] [stdout]     | |_____^ not found in this scope
[INFO] [stdout]     |
[INFO] [stdout]     = note: this error originates in the macro `proc_macro_call` which comes from the expansion of the macro `quote` (in Nightly builds, run with -Z macro-backtrace for more info)
[INFO] [stdout] 
[INFO] [stdout] 
[INFO] [stdout] error[E0425]: cannot find value `ty` in this scope
[INFO] [stdout]    --> /opt/rustwide/cargo-home/registry/src/index.crates.io-6f17d22bba15001f/liquid-derive-0.23.1/src/filter_parameters.rs:708:13
[INFO] [stdout]     |
[INFO] [stdout] 708 |             quote! { ::std::option::Option< #ty > }
[INFO] [stdout]     |             ^^^^^^^^^^^^^^^^^^^^^^^^^^^^^^^^^^^^^^^ not found in this scope
[INFO] [stdout]     |
[INFO] [stdout]     = note: this error originates in the macro `proc_macro_call` which comes from the expansion of the macro `quote` (in Nightly builds, run with -Z macro-backtrace for more info)
[INFO] [stdout] 
[INFO] [stdout] 
[INFO] [stdout] error[E0425]: cannot find value `ty` in this scope
[INFO] [stdout]    --> /opt/rustwide/cargo-home/registry/src/index.crates.io-6f17d22bba15001f/liquid-derive-0.23.1/src/filter_parameters.rs:710:13
[INFO] [stdout]     |
[INFO] [stdout] 710 |             quote! { #ty }
[INFO] [stdout]     |             ^^^^^^^^^^^^^^ not found in this scope
[INFO] [stdout]     |
[INFO] [stdout]     = note: this error originates in the macro `proc_macro_call` which comes from the expansion of the macro `quote` (in Nightly builds, run with -Z macro-backtrace for more info)
[INFO] [stdout] 
[INFO] [stdout] 
[INFO] [stdout] error[E0425]: cannot find value `vis` in this scope
[INFO] [stdout]    --> /opt/rustwide/cargo-home/registry/src/index.crates.io-6f17d22bba15001f/liquid-derive-0.23.1/src/filter_parameters.rs:716:5
[INFO] [stdout]     |
[INFO] [stdout] 716 | /     quote! {
[INFO] [stdout] 717 | |         #vis struct #evaluated_name <'a>{
[INFO] [stdout] 718 | |             #(#field_names : #field_types,)*
[INFO] [stdout] 719 | |             __phantom_data: ::std::marker::PhantomData<&'a ()>
[INFO] [stdout] 720 | |         }
[INFO] [stdout] 721 | |     }
[INFO] [stdout]     | |_____^ not found in this scope
[INFO] [stdout]     |
[INFO] [stdout]     = note: this error originates in the macro `proc_macro_call` which comes from the expansion of the macro `quote` (in Nightly builds, run with -Z macro-backtrace for more info)
[INFO] [stdout] 
[INFO] [stdout] 
[INFO] [stdout] error[E0425]: cannot find value `evaluated_name` in this scope
[INFO] [stdout]    --> /opt/rustwide/cargo-home/registry/src/index.crates.io-6f17d22bba15001f/liquid-derive-0.23.1/src/filter_parameters.rs:716:5
[INFO] [stdout]     |
[INFO] [stdout] 716 | /     quote! {
[INFO] [stdout] 717 | |         #vis struct #evaluated_name <'a>{
[INFO] [stdout] 718 | |             #(#field_names : #field_types,)*
[INFO] [stdout] 719 | |             __phantom_data: ::std::marker::PhantomData<&'a ()>
[INFO] [stdout] 720 | |         }
[INFO] [stdout] 721 | |     }
[INFO] [stdout]     | |_____^ not found in this scope
[INFO] [stdout]     |
[INFO] [stdout]     = note: this error originates in the macro `proc_macro_call` which comes from the expansion of the macro `quote` (in Nightly builds, run with -Z macro-backtrace for more info)
[INFO] [stdout] 
[INFO] [stdout] 
[INFO] [stdout] error[E0425]: cannot find value `field_names` in this scope
[INFO] [stdout]    --> /opt/rustwide/cargo-home/registry/src/index.crates.io-6f17d22bba15001f/liquid-derive-0.23.1/src/filter_parameters.rs:716:5
[INFO] [stdout]     |
[INFO] [stdout] 716 | /     quote! {
[INFO] [stdout] 717 | |         #vis struct #evaluated_name <'a>{
[INFO] [stdout] 718 | |             #(#field_names : #field_types,)*
[INFO] [stdout] 719 | |             __phantom_data: ::std::marker::PhantomData<&'a ()>
[INFO] [stdout] 720 | |         }
[INFO] [stdout] 721 | |     }
[INFO] [stdout]     | |_____^ not found in this scope
[INFO] [stdout]     |
[INFO] [stdout]     = note: this error originates in the macro `proc_macro_call` which comes from the expansion of the macro `quote` (in Nightly builds, run with -Z macro-backtrace for more info)
[INFO] [stdout] 
[INFO] [stdout] 
[INFO] [stdout] error[E0425]: cannot find value `field_types` in this scope
[INFO] [stdout]    --> /opt/rustwide/cargo-home/registry/src/index.crates.io-6f17d22bba15001f/liquid-derive-0.23.1/src/filter_parameters.rs:716:5
[INFO] [stdout]     |
[INFO] [stdout] 716 | /     quote! {
[INFO] [stdout] 717 | |         #vis struct #evaluated_name <'a>{
[INFO] [stdout] 718 | |             #(#field_names : #field_types,)*
[INFO] [stdout] 719 | |             __phantom_data: ::std::marker::PhantomData<&'a ()>
[INFO] [stdout] 720 | |         }
[INFO] [stdout] 721 | |     }
[INFO] [stdout]     | |_____^ not found in this scope
[INFO] [stdout]     |
[INFO] [stdout]     = note: this error originates in the macro `proc_macro_call` which comes from the expansion of the macro `quote` (in Nightly builds, run with -Z macro-backtrace for more info)
[INFO] [stdout] 
[INFO] [stdout] 
[INFO] [stdout] error[E0425]: cannot find value `name` in this scope
[INFO] [stdout]    --> /opt/rustwide/cargo-home/registry/src/index.crates.io-6f17d22bba15001f/liquid-derive-0.23.1/src/filter_parameters.rs:730:5
[INFO] [stdout]     |
[INFO] [stdout] 730 | /     quote! {
[INFO] [stdout] 731 | |         ::liquid_core::parser::ParameterReflection {
[INFO] [stdout] 732 | |             name: #name,
[INFO] [stdout] 733 | |             description: #description,
[INFO] [stdout] 734 | |             is_optional: #is_optional,
[INFO] [stdout] 735 | |         },
[INFO] [stdout] 736 | |     }
[INFO] [stdout]     | |_____^ not found in this scope
[INFO] [stdout]     |
[INFO] [stdout]     = note: this error originates in the macro `proc_macro_call` which comes from the expansion of the macro `quote` (in Nightly builds, run with -Z macro-backtrace for more info)
[INFO] [stdout] 
[INFO] [stdout] 
[INFO] [stdout] error[E0425]: cannot find value `description` in this scope
[INFO] [stdout]    --> /opt/rustwide/cargo-home/registry/src/index.crates.io-6f17d22bba15001f/liquid-derive-0.23.1/src/filter_parameters.rs:730:5
[INFO] [stdout]     |
[INFO] [stdout] 730 | /     quote! {
[INFO] [stdout] 731 | |         ::liquid_core::parser::ParameterReflection {
[INFO] [stdout] 732 | |             name: #name,
[INFO] [stdout] 733 | |             description: #description,
[INFO] [stdout] 734 | |             is_optional: #is_optional,
[INFO] [stdout] 735 | |         },
[INFO] [stdout] 736 | |     }
[INFO] [stdout]     | |_____^ not found in this scope
[INFO] [stdout]     |
[INFO] [stdout]     = note: this error originates in the macro `proc_macro_call` which comes from the expansion of the macro `quote` (in Nightly builds, run with -Z macro-backtrace for more info)
[INFO] [stdout] 
[INFO] [stdout] 
[INFO] [stdout] error[E0425]: cannot find value `is_optional` in this scope
[INFO] [stdout]    --> /opt/rustwide/cargo-home/registry/src/index.crates.io-6f17d22bba15001f/liquid-derive-0.23.1/src/filter_parameters.rs:730:5
[INFO] [stdout]     |
[INFO] [stdout] 730 | /     quote! {
[INFO] [stdout] 731 | |         ::liquid_core::parser::ParameterReflection {
[INFO] [stdout] 732 | |             name: #name,
[INFO] [stdout] 733 | |             description: #description,
[INFO] [stdout] 734 | |             is_optional: #is_optional,
[INFO] [stdout] 735 | |         },
[INFO] [stdout] 736 | |     }
[INFO] [stdout]     | |_____^ not found in this scope
[INFO] [stdout]     |
[INFO] [stdout]     = note: this error originates in the macro `proc_macro_call` which comes from the expansion of the macro `quote` (in Nightly builds, run with -Z macro-backtrace for more info)
[INFO] [stdout] 
[INFO] [stdout] 
[INFO] [stdout] error[E0425]: cannot find value `name` in this scope
[INFO] [stdout]    --> /opt/rustwide/cargo-home/registry/src/index.crates.io-6f17d22bba15001f/liquid-derive-0.23.1/src/filter_parameters.rs:755:5
[INFO] [stdout]     |
[INFO] [stdout] 755 | /     quote! {
[INFO] [stdout] 756 | |         impl ::liquid_core::parser::FilterParametersReflection for #name {
[INFO] [stdout] 757 | |             fn positional_parameters() -> &'static [::liquid_core::parser::ParameterReflection] {
[INFO] [stdout] 758 | |                 &[ #(#pos_params_reflection)* ]
[INFO] [stdout] ...   |
[INFO] [stdout] 764 | |         }
[INFO] [stdout] 765 | |     }
[INFO] [stdout]     | |_____^ not found in this scope
[INFO] [stdout]     |
[INFO] [stdout]     = note: this error originates in the macro `proc_macro_call` which comes from the expansion of the macro `quote` (in Nightly builds, run with -Z macro-backtrace for more info)
[INFO] [stdout] 
[INFO] [stdout] 
[INFO] [stdout] error[E0425]: cannot find value `pos_params_reflection` in this scope
[INFO] [stdout]    --> /opt/rustwide/cargo-home/registry/src/index.crates.io-6f17d22bba15001f/liquid-derive-0.23.1/src/filter_parameters.rs:755:5
[INFO] [stdout]     |
[INFO] [stdout] 755 | /     quote! {
[INFO] [stdout] 756 | |         impl ::liquid_core::parser::FilterParametersReflection for #name {
[INFO] [stdout] 757 | |             fn positional_parameters() -> &'static [::liquid_core::parser::ParameterReflection] {
[INFO] [stdout] 758 | |                 &[ #(#pos_params_reflection)* ]
[INFO] [stdout] ...   |
[INFO] [stdout] 764 | |         }
[INFO] [stdout] 765 | |     }
[INFO] [stdout]     | |_____^ not found in this scope
[INFO] [stdout]     |
[INFO] [stdout]     = note: this error originates in the macro `proc_macro_call` which comes from the expansion of the macro `quote` (in Nightly builds, run with -Z macro-backtrace for more info)
[INFO] [stdout] 
[INFO] [stdout] 
[INFO] [stdout] error[E0425]: cannot find value `kw_params_reflection` in this scope
[INFO] [stdout]    --> /opt/rustwide/cargo-home/registry/src/index.crates.io-6f17d22bba15001f/liquid-derive-0.23.1/src/filter_parameters.rs:755:5
[INFO] [stdout]     |
[INFO] [stdout] 755 | /     quote! {
[INFO] [stdout] 756 | |         impl ::liquid_core::parser::FilterParametersReflection for #name {
[INFO] [stdout] 757 | |             fn positional_parameters() -> &'static [::liquid_core::parser::ParameterReflection] {
[INFO] [stdout] 758 | |                 &[ #(#pos_params_reflection)* ]
[INFO] [stdout] ...   |
[INFO] [stdout] 764 | |         }
[INFO] [stdout] 765 | |     }
[INFO] [stdout]     | |_____^ not found in this scope
[INFO] [stdout]     |
[INFO] [stdout]     = note: this error originates in the macro `proc_macro_call` which comes from the expansion of the macro `quote` (in Nightly builds, run with -Z macro-backtrace for more info)
[INFO] [stdout] 
[INFO] [stdout] 
[INFO] [stdout] error[E0425]: cannot find value `rust_name` in this scope
[INFO] [stdout]    --> /opt/rustwide/cargo-home/registry/src/index.crates.io-6f17d22bba15001f/liquid-derive-0.23.1/src/filter_parameters.rs:773:9
[INFO] [stdout]     |
[INFO] [stdout] 773 | /         quote! {
[INFO] [stdout] 774 | |             self.#rust_name.as_ref()
[INFO] [stdout] 775 | |         }
[INFO] [stdout]     | |_________^ not found in this scope
[INFO] [stdout]     |
[INFO] [stdout]     = note: this error originates in the macro `proc_macro_call` which comes from the expansion of the macro `quote` (in Nightly builds, run with -Z macro-backtrace for more info)
[INFO] [stdout] 
[INFO] [stdout] 
[INFO] [stdout] error[E0425]: cannot find value `rust_name` in this scope
[INFO] [stdout]    --> /opt/rustwide/cargo-home/registry/src/index.crates.io-6f17d22bba15001f/liquid-derive-0.23.1/src/filter_parameters.rs:777:9
[INFO] [stdout]     |
[INFO] [stdout] 777 | /         quote! {
[INFO] [stdout] 778 | |             ::std::option::Option::Some(&self.#rust_name)
[INFO] [stdout] 779 | |         }
[INFO] [stdout]     | |_________^ not found in this scope
[INFO] [stdout]     |
[INFO] [stdout]     = note: this error originates in the macro `proc_macro_call` which comes from the expansion of the macro `quote` (in Nightly builds, run with -Z macro-backtrace for more info)
[INFO] [stdout] 
[INFO] [stdout] 
[INFO] [stdout] error[E0425]: cannot find value `liquid_name` in this scope
[INFO] [stdout]    --> /opt/rustwide/cargo-home/registry/src/index.crates.io-6f17d22bba15001f/liquid-derive-0.23.1/src/filter_parameters.rs:789:9
[INFO] [stdout]     |
[INFO] [stdout] 789 | /         quote! {
[INFO] [stdout] 790 | |             (#liquid_name, self.#rust_name.as_ref())
[INFO] [stdout] 791 | |         }
[INFO] [stdout]     | |_________^ not found in this scope
[INFO] [stdout]     |
[INFO] [stdout]     = note: this error originates in the macro `proc_macro_call` which comes from the expansion of the macro `quote` (in Nightly builds, run with -Z macro-backtrace for more info)
[INFO] [stdout] 
[INFO] [stdout] 
[INFO] [stdout] error[E0425]: cannot find value `rust_name` in this scope
[INFO] [stdout]    --> /opt/rustwide/cargo-home/registry/src/index.crates.io-6f17d22bba15001f/liquid-derive-0.23.1/src/filter_parameters.rs:789:9
[INFO] [stdout]     |
[INFO] [stdout] 789 | /         quote! {
[INFO] [stdout] 790 | |             (#liquid_name, self.#rust_name.as_ref())
[INFO] [stdout] 791 | |         }
[INFO] [stdout]     | |_________^ not found in this scope
[INFO] [stdout]     |
[INFO] [stdout]     = note: this error originates in the macro `proc_macro_call` which comes from the expansion of the macro `quote` (in Nightly builds, run with -Z macro-backtrace for more info)
[INFO] [stdout] 
[INFO] [stdout] 
[INFO] [stdout] error[E0425]: cannot find value `liquid_name` in this scope
[INFO] [stdout]    --> /opt/rustwide/cargo-home/registry/src/index.crates.io-6f17d22bba15001f/liquid-derive-0.23.1/src/filter_parameters.rs:793:9
[INFO] [stdout]     |
[INFO] [stdout] 793 | /         quote! {
[INFO] [stdout] 794 | |             (#liquid_name, ::std::option::Option::Some(&self.#rust_name))
[INFO] [stdout] 795 | |         }
[INFO] [stdout]     | |_________^ not found in this scope
[INFO] [stdout]     |
[INFO] [stdout]     = note: this error originates in the macro `proc_macro_call` which comes from the expansion of the macro `quote` (in Nightly builds, run with -Z macro-backtrace for more info)
[INFO] [stdout] 
[INFO] [stdout] 
[INFO] [stdout] error[E0425]: cannot find value `rust_name` in this scope
[INFO] [stdout]    --> /opt/rustwide/cargo-home/registry/src/index.crates.io-6f17d22bba15001f/liquid-derive-0.23.1/src/filter_parameters.rs:793:9
[INFO] [stdout]     |
[INFO] [stdout] 793 | /         quote! {
[INFO] [stdout] 794 | |             (#liquid_name, ::std::option::Option::Some(&self.#rust_name))
[INFO] [stdout] 795 | |         }
[INFO] [stdout]     | |_________^ not found in this scope
[INFO] [stdout]     |
[INFO] [stdout]     = note: this error originates in the macro `proc_macro_call` which comes from the expansion of the macro `quote` (in Nightly builds, run with -Z macro-backtrace for more info)
[INFO] [stdout] 
[INFO] [stdout] 
[INFO] [stdout] error[E0425]: cannot find value `name` in this scope
[INFO] [stdout]    --> /opt/rustwide/cargo-home/registry/src/index.crates.io-6f17d22bba15001f/liquid-derive-0.23.1/src/filter_parameters.rs:815:5
[INFO] [stdout]     |
[INFO] [stdout] 815 | /     quote! {
[INFO] [stdout] 816 | |         impl ::std::fmt::Display for #name {
[INFO] [stdout] 817 | |             fn fmt(&self, f: &mut ::std::fmt::Formatter) -> ::std::fmt::Result {
[INFO] [stdout] 818 | |                 let positional = [#(#positional_fields ,)*];
[INFO] [stdout] ...   |
[INFO] [stdout] 841 | |         }
[INFO] [stdout] 842 | |     }
[INFO] [stdout]     | |_____^ not found in this scope
[INFO] [stdout]     |
[INFO] [stdout]     = note: this error originates in the macro `proc_macro_call` which comes from the expansion of the macro `quote` (in Nightly builds, run with -Z macro-backtrace for more info)
[INFO] [stdout] 
[INFO] [stdout] 
[INFO] [stdout] error[E0425]: cannot find value `positional_fields` in this scope
[INFO] [stdout]    --> /opt/rustwide/cargo-home/registry/src/index.crates.io-6f17d22bba15001f/liquid-derive-0.23.1/src/filter_parameters.rs:815:5
[INFO] [stdout]     |
[INFO] [stdout] 815 | /     quote! {
[INFO] [stdout] 816 | |         impl ::std::fmt::Display for #name {
[INFO] [stdout] 817 | |             fn fmt(&self, f: &mut ::std::fmt::Formatter) -> ::std::fmt::Result {
[INFO] [stdout] 818 | |                 let positional = [#(#positional_fields ,)*];
[INFO] [stdout] ...   |
[INFO] [stdout] 841 | |         }
[INFO] [stdout] 842 | |     }
[INFO] [stdout]     | |_____^ not found in this scope
[INFO] [stdout]     |
[INFO] [stdout]     = note: this error originates in the macro `proc_macro_call` which comes from the expansion of the macro `quote` (in Nightly builds, run with -Z macro-backtrace for more info)
[INFO] [stdout] 
[INFO] [stdout] 
[INFO] [stdout] error[E0425]: cannot find value `keyword_fields` in this scope
[INFO] [stdout]    --> /opt/rustwide/cargo-home/registry/src/index.crates.io-6f17d22bba15001f/liquid-derive-0.23.1/src/filter_parameters.rs:815:5
[INFO] [stdout]     |
[INFO] [stdout] 815 | /     quote! {
[INFO] [stdout] 816 | |         impl ::std::fmt::Display for #name {
[INFO] [stdout] 817 | |             fn fmt(&self, f: &mut ::std::fmt::Formatter) -> ::std::fmt::Result {
[INFO] [stdout] 818 | |                 let positional = [#(#positional_fields ,)*];
[INFO] [stdout] ...   |
[INFO] [stdout] 841 | |         }
[INFO] [stdout] 842 | |     }
[INFO] [stdout]     | |_____^ not found in this scope
[INFO] [stdout]     |
[INFO] [stdout]     = note: this error originates in the macro `proc_macro_call` which comes from the expansion of the macro `quote` (in Nightly builds, run with -Z macro-backtrace for more info)
[INFO] [stdout] 
[INFO] [stdout] 
[INFO] [stdout] error[E0425]: cannot find value `impl_generics` in this scope
[INFO] [stdout]   --> /opt/rustwide/cargo-home/registry/src/index.crates.io-6f17d22bba15001f/liquid-derive-0.23.1/src/object_view.rs:21:5
[INFO] [stdout]    |
[INFO] [stdout] 21 | /     quote! {
[INFO] [stdout] 22 | |         impl #impl_generics ::liquid::ObjectView for #ident #ty_generics #where_clause {
[INFO] [stdout] 23 | |             fn as_value(&self) -> &dyn ::liquid::ValueView {
[INFO] [stdout] 24 | |                 self
[INFO] [stdout] ...  |
[INFO] [stdout] 75 | |         }
[INFO] [stdout] 76 | |     }
[INFO] [stdout]    | |_____^ not found in this scope
[INFO] [stdout]    |
[INFO] [stdout]    = note: this error originates in the macro `proc_macro_call` which comes from the expansion of the macro `quote` (in Nightly builds, run with -Z macro-backtrace for more info)
[INFO] [stdout] 
[INFO] [stdout] 
[INFO] [stdout] error[E0425]: cannot find value `ident` in this scope
[INFO] [stdout]   --> /opt/rustwide/cargo-home/registry/src/index.crates.io-6f17d22bba15001f/liquid-derive-0.23.1/src/object_view.rs:21:5
[INFO] [stdout]    |
[INFO] [stdout] 21 | /     quote! {
[INFO] [stdout] 22 | |         impl #impl_generics ::liquid::ObjectView for #ident #ty_generics #where_clause {
[INFO] [stdout] 23 | |             fn as_value(&self) -> &dyn ::liquid::ValueView {
[INFO] [stdout] 24 | |                 self
[INFO] [stdout] ...  |
[INFO] [stdout] 75 | |         }
[INFO] [stdout] 76 | |     }
[INFO] [stdout]    | |_____^ not found in this scope
[INFO] [stdout]    |
[INFO] [stdout]    = note: this error originates in the macro `proc_macro_call` which comes from the expansion of the macro `quote` (in Nightly builds, run with -Z macro-backtrace for more info)
[INFO] [stdout] 
[INFO] [stdout] 
[INFO] [stdout] error[E0425]: cannot find value `ty_generics` in this scope
[INFO] [stdout]   --> /opt/rustwide/cargo-home/registry/src/index.crates.io-6f17d22bba15001f/liquid-derive-0.23.1/src/object_view.rs:21:5
[INFO] [stdout]    |
[INFO] [stdout] 21 | /     quote! {
[INFO] [stdout] 22 | |         impl #impl_generics ::liquid::ObjectView for #ident #ty_generics #where_clause {
[INFO] [stdout] 23 | |             fn as_value(&self) -> &dyn ::liquid::ValueView {
[INFO] [stdout] 24 | |                 self
[INFO] [stdout] ...  |
[INFO] [stdout] 75 | |         }
[INFO] [stdout] 76 | |     }
[INFO] [stdout]    | |_____^ not found in this scope
[INFO] [stdout]    |
[INFO] [stdout]    = note: this error originates in the macro `proc_macro_call` which comes from the expansion of the macro `quote` (in Nightly builds, run with -Z macro-backtrace for more info)
[INFO] [stdout] 
[INFO] [stdout] 
[INFO] [stdout] error[E0425]: cannot find value `where_clause` in this scope
[INFO] [stdout]   --> /opt/rustwide/cargo-home/registry/src/index.crates.io-6f17d22bba15001f/liquid-derive-0.23.1/src/object_view.rs:21:5
[INFO] [stdout]    |
[INFO] [stdout] 21 | /     quote! {
[INFO] [stdout] 22 | |         impl #impl_generics ::liquid::ObjectView for #ident #ty_generics #where_clause {
[INFO] [stdout] 23 | |             fn as_value(&self) -> &dyn ::liquid::ValueView {
[INFO] [stdout] 24 | |                 self
[INFO] [stdout] ...  |
[INFO] [stdout] 75 | |         }
[INFO] [stdout] 76 | |     }
[INFO] [stdout]    | |_____^ not found in this scope
[INFO] [stdout]    |
[INFO] [stdout]    = note: this error originates in the macro `proc_macro_call` which comes from the expansion of the macro `quote` (in Nightly builds, run with -Z macro-backtrace for more info)
[INFO] [stdout] 
[INFO] [stdout] 
[INFO] [stdout] error[E0425]: cannot find value `num_fields` in this scope
[INFO] [stdout]   --> /opt/rustwide/cargo-home/registry/src/index.crates.io-6f17d22bba15001f/liquid-derive-0.23.1/src/object_view.rs:21:5
[INFO] [stdout]    |
[INFO] [stdout] 21 | /     quote! {
[INFO] [stdout] 22 | |         impl #impl_generics ::liquid::ObjectView for #ident #ty_generics #where_clause {
[INFO] [stdout] 23 | |             fn as_value(&self) -> &dyn ::liquid::ValueView {
[INFO] [stdout] 24 | |                 self
[INFO] [stdout] ...  |
[INFO] [stdout] 75 | |         }
[INFO] [stdout] 76 | |     }
[INFO] [stdout]    | |_____^ not found in this scope
[INFO] [stdout]    |
[INFO] [stdout]    = note: this error originates in the macro `proc_macro_call` which comes from the expansion of the macro `quote` (in Nightly builds, run with -Z macro-backtrace for more info)
[INFO] [stdout] 
[INFO] [stdout] 
[INFO] [stdout] error[E0425]: cannot find value `fields` in this scope
[INFO] [stdout]   --> /opt/rustwide/cargo-home/registry/src/index.crates.io-6f17d22bba15001f/liquid-derive-0.23.1/src/object_view.rs:21:5
[INFO] [stdout]    |
[INFO] [stdout] 21 | /     quote! {
[INFO] [stdout] 22 | |         impl #impl_generics ::liquid::ObjectView for #ident #ty_generics #where_clause {
[INFO] [stdout] 23 | |             fn as_value(&self) -> &dyn ::liquid::ValueView {
[INFO] [stdout] 24 | |                 self
[INFO] [stdout] ...  |
[INFO] [stdout] 75 | |         }
[INFO] [stdout] 76 | |     }
[INFO] [stdout]    | |_____^ not found in this scope
[INFO] [stdout]    |
[INFO] [stdout]    = note: this error originates in the macro `proc_macro_call` which comes from the expansion of the macro `quote` (in Nightly builds, run with -Z macro-backtrace for more info)
[INFO] [stdout] 
[INFO] [stdout] 
[INFO] [stdout] error[E0425]: cannot find value `impl_generics` in this scope
[INFO] [stdout]    --> /opt/rustwide/cargo-home/registry/src/index.crates.io-6f17d22bba15001f/liquid-derive-0.23.1/src/object_view.rs:95:5
[INFO] [stdout]     |
[INFO] [stdout] 95  | /     quote! {
[INFO] [stdout] 96  | |         impl #impl_generics ::liquid_core::ObjectView for #ident #ty_generics #where_clause {
[INFO] [stdout] 97  | |             fn as_value(&self) -> &dyn ::liquid_core::ValueView {
[INFO] [stdout] 98  | |                 self
[INFO] [stdout] ...   |
[INFO] [stdout] 149 | |         }
[INFO] [stdout] 150 | |     }
[INFO] [stdout]     | |_____^ not found in this scope
[INFO] [stdout]     |
[INFO] [stdout]     = note: this error originates in the macro `proc_macro_call` which comes from the expansion of the macro `quote` (in Nightly builds, run with -Z macro-backtrace for more info)
[INFO] [stdout] 
[INFO] [stdout] 
[INFO] [stdout] error[E0425]: cannot find value `ident` in this scope
[INFO] [stdout]    --> /opt/rustwide/cargo-home/registry/src/index.crates.io-6f17d22bba15001f/liquid-derive-0.23.1/src/object_view.rs:95:5
[INFO] [stdout]     |
[INFO] [stdout] 95  | /     quote! {
[INFO] [stdout] 96  | |         impl #impl_generics ::liquid_core::ObjectView for #ident #ty_generics #where_clause {
[INFO] [stdout] 97  | |             fn as_value(&self) -> &dyn ::liquid_core::ValueView {
[INFO] [stdout] 98  | |                 self
[INFO] [stdout] ...   |
[INFO] [stdout] 149 | |         }
[INFO] [stdout] 150 | |     }
[INFO] [stdout]     | |_____^ not found in this scope
[INFO] [stdout]     |
[INFO] [stdout]     = note: this error originates in the macro `proc_macro_call` which comes from the expansion of the macro `quote` (in Nightly builds, run with -Z macro-backtrace for more info)
[INFO] [stdout] 
[INFO] [stdout] 
[INFO] [stdout] error[E0425]: cannot find value `ty_generics` in this scope
[INFO] [stdout]    --> /opt/rustwide/cargo-home/registry/src/index.crates.io-6f17d22bba15001f/liquid-derive-0.23.1/src/object_view.rs:95:5
[INFO] [stdout]     |
[INFO] [stdout] 95  | /     quote! {
[INFO] [stdout] 96  | |         impl #impl_generics ::liquid_core::ObjectView for #ident #ty_generics #where_clause {
[INFO] [stdout] 97  | |             fn as_value(&self) -> &dyn ::liquid_core::ValueView {
[INFO] [stdout] 98  | |                 self
[INFO] [stdout] ...   |
[INFO] [stdout] 149 | |         }
[INFO] [stdout] 150 | |     }
[INFO] [stdout]     | |_____^ not found in this scope
[INFO] [stdout]     |
[INFO] [stdout]     = note: this error originates in the macro `proc_macro_call` which comes from the expansion of the macro `quote` (in Nightly builds, run with -Z macro-backtrace for more info)
[INFO] [stdout] 
[INFO] [stdout] 
[INFO] [stdout] error[E0425]: cannot find value `where_clause` in this scope
[INFO] [stdout]    --> /opt/rustwide/cargo-home/registry/src/index.crates.io-6f17d22bba15001f/liquid-derive-0.23.1/src/object_view.rs:95:5
[INFO] [stdout]     |
[INFO] [stdout] 95  | /     quote! {
[INFO] [stdout] 96  | |         impl #impl_generics ::liquid_core::ObjectView for #ident #ty_generics #where_clause {
[INFO] [stdout] 97  | |             fn as_value(&self) -> &dyn ::liquid_core::ValueView {
[INFO] [stdout] 98  | |                 self
[INFO] [stdout] ...   |
[INFO] [stdout] 149 | |         }
[INFO] [stdout] 150 | |     }
[INFO] [stdout]     | |_____^ not found in this scope
[INFO] [stdout]     |
[INFO] [stdout]     = note: this error originates in the macro `proc_macro_call` which comes from the expansion of the macro `quote` (in Nightly builds, run with -Z macro-backtrace for more info)
[INFO] [stdout] 
[INFO] [stdout] 
[INFO] [stdout] error[E0425]: cannot find value `num_fields` in this scope
[INFO] [stdout]    --> /opt/rustwide/cargo-home/registry/src/index.crates.io-6f17d22bba15001f/liquid-derive-0.23.1/src/object_view.rs:95:5
[INFO] [stdout]     |
[INFO] [stdout] 95  | /     quote! {
[INFO] [stdout] 96  | |         impl #impl_generics ::liquid_core::ObjectView for #ident #ty_generics #where_clause {
[INFO] [stdout] 97  | |             fn as_value(&self) -> &dyn ::liquid_core::ValueView {
[INFO] [stdout] 98  | |                 self
[INFO] [stdout] ...   |
[INFO] [stdout] 149 | |         }
[INFO] [stdout] 150 | |     }
[INFO] [stdout]     | |_____^ not found in this scope
[INFO] [stdout]     |
[INFO] [stdout]     = note: this error originates in the macro `proc_macro_call` which comes from the expansion of the macro `quote` (in Nightly builds, run with -Z macro-backtrace for more info)
[INFO] [stdout] 
[INFO] [stdout] 
[INFO] [stdout] error[E0425]: cannot find value `fields` in this scope
[INFO] [stdout]    --> /opt/rustwide/cargo-home/registry/src/index.crates.io-6f17d22bba15001f/liquid-derive-0.23.1/src/object_view.rs:95:5
[INFO] [stdout]     |
[INFO] [stdout] 95  | /     quote! {
[INFO] [stdout] 96  | |         impl #impl_generics ::liquid_core::ObjectView for #ident #ty_generics #where_clause {
[INFO] [stdout] 97  | |             fn as_value(&self) -> &dyn ::liquid_core::ValueView {
[INFO] [stdout] 98  | |                 self
[INFO] [stdout] ...   |
[INFO] [stdout] 149 | |         }
[INFO] [stdout] 150 | |     }
[INFO] [stdout]     | |_____^ not found in this scope
[INFO] [stdout]     |
[INFO] [stdout]     = note: this error originates in the macro `proc_macro_call` which comes from the expansion of the macro `quote` (in Nightly builds, run with -Z macro-backtrace for more info)
[INFO] [stdout] 
[INFO] [stdout] 
[INFO] [stdout] error[E0425]: cannot find value `parameters_struct_name` in this scope
[INFO] [stdout]   --> /opt/rustwide/cargo-home/registry/src/index.crates.io-6f17d22bba15001f/liquid-derive-0.23.1/src/parse_filter/filter_reflection.rs:22:13
[INFO] [stdout]    |
[INFO] [stdout] 22 | ...   quote_spanned! {parameters_struct_name.span()=> <#parameters_struct_name as ::liquid_core::parser::FilterParametersReflection>::positional_parameters()...
[INFO] [stdout]    |       ^^^^^^^^^^^^^^^^^^^^^^^^^^^^^^^^^^^^^^^^^^^^^^^^^^^^^^^^^^^^^^^^^^^^^^^^^^^^^^^^^^^^^^^^^^^^^^^^^^^^^^^^^^^^^^^^^^^^^^^^^^^^^^^^^^^^^^^^^^^^^^^^^^^^^^^^^ not found in this scope
[INFO] [stdout]    |
[INFO] [stdout]    = note: this error originates in the macro `proc_macro_call` which comes from the expansion of the macro `quote_spanned` (in Nightly builds, run with -Z macro-backtrace for more info)
[INFO] [stdout] 
[INFO] [stdout] 
[INFO] [stdout] error[E0425]: cannot find value `parameters_struct_name` in this scope
[INFO] [stdout]   --> /opt/rustwide/cargo-home/registry/src/index.crates.io-6f17d22bba15001f/liquid-derive-0.23.1/src/parse_filter/filter_reflection.rs:23:13
[INFO] [stdout]    |
[INFO] [stdout] 23 | ...   quote_spanned! {parameters_struct_name.span()=> <#parameters_struct_name as ::liquid_core::parser::FilterParametersReflection>::keyword_parameters()...
[INFO] [stdout]    |       ^^^^^^^^^^^^^^^^^^^^^^^^^^^^^^^^^^^^^^^^^^^^^^^^^^^^^^^^^^^^^^^^^^^^^^^^^^^^^^^^^^^^^^^^^^^^^^^^^^^^^^^^^^^^^^^^^^^^^^^^^^^^^^^^^^^^^^^^^^^^^^^^^^^^^^ not found in this scope
[INFO] [stdout]    |
[INFO] [stdout]    = note: this error originates in the macro `proc_macro_call` which comes from the expansion of the macro `quote_spanned` (in Nightly builds, run with -Z macro-backtrace for more info)
[INFO] [stdout] 
[INFO] [stdout] 
[INFO] [stdout] error[E0425]: cannot find value `impl_filter_reflection` in this scope
[INFO] [stdout]   --> /opt/rustwide/cargo-home/registry/src/index.crates.io-6f17d22bba15001f/liquid-derive-0.23.1/src/parse_filter/filter_reflection.rs:29:8
[INFO] [stdout]    |
[INFO] [stdout] 29 |       Ok(quote! {
[INFO] [stdout]    |  ________^
[INFO] [stdout] 30 | |         #impl_filter_reflection {
[INFO] [stdout] 31 | |             fn name(&self) -> &'static str {
[INFO] [stdout] 32 | |                 #filter_name
[INFO] [stdout] ...  |
[INFO] [stdout] 45 | |         }
[INFO] [stdout] 46 | |     })
[INFO] [stdout]    | |_____^ not found in this scope
[INFO] [stdout]    |
[INFO] [stdout]    = note: this error originates in the macro `proc_macro_call` which comes from the expansion of the macro `quote` (in Nightly builds, run with -Z macro-backtrace for more info)
[INFO] [stdout] 
[INFO] [stdout] 
[INFO] [stdout] error[E0425]: cannot find value `filter_name` in this scope
[INFO] [stdout]   --> /opt/rustwide/cargo-home/registry/src/index.crates.io-6f17d22bba15001f/liquid-derive-0.23.1/src/parse_filter/filter_reflection.rs:29:8
[INFO] [stdout]    |
[INFO] [stdout] 29 |       Ok(quote! {
[INFO] [stdout]    |  ________^
[INFO] [stdout] 30 | |         #impl_filter_reflection {
[INFO] [stdout] 31 | |             fn name(&self) -> &'static str {
[INFO] [stdout] 32 | |                 #filter_name
[INFO] [stdout] ...  |
[INFO] [stdout] 45 | |         }
[INFO] [stdout] 46 | |     })
[INFO] [stdout]    | |_____^ not found in this scope
[INFO] [stdout]    |
[INFO] [stdout]    = note: this error originates in the macro `proc_macro_call` which comes from the expansion of the macro `quote` (in Nightly builds, run with -Z macro-backtrace for more info)
[INFO] [stdout] 
[INFO] [stdout] 
[INFO] [stdout] error[E0425]: cannot find value `filter_description` in this scope
[INFO] [stdout]   --> /opt/rustwide/cargo-home/registry/src/index.crates.io-6f17d22bba15001f/liquid-derive-0.23.1/src/parse_filter/filter_reflection.rs:29:8
[INFO] [stdout]    |
[INFO] [stdout] 29 |       Ok(quote! {
[INFO] [stdout]    |  ________^
[INFO] [stdout] 30 | |         #impl_filter_reflection {
[INFO] [stdout] 31 | |             fn name(&self) -> &'static str {
[INFO] [stdout] 32 | |                 #filter_name
[INFO] [stdout] ...  |
[INFO] [stdout] 45 | |         }
[INFO] [stdout] 46 | |     })
[INFO] [stdout]    | |_____^ not found in this scope
[INFO] [stdout]    |
[INFO] [stdout]    = note: this error originates in the macro `proc_macro_call` which comes from the expansion of the macro `quote` (in Nightly builds, run with -Z macro-backtrace for more info)
[INFO] [stdout] 
[INFO] [stdout] 
[INFO] [stdout] error[E0425]: cannot find value `positional_parameters` in this scope
[INFO] [stdout]   --> /opt/rustwide/cargo-home/registry/src/index.crates.io-6f17d22bba15001f/liquid-derive-0.23.1/src/parse_filter/filter_reflection.rs:29:8
[INFO] [stdout]    |
[INFO] [stdout] 29 |       Ok(quote! {
[INFO] [stdout]    |  ________^
[INFO] [stdout] 30 | |         #impl_filter_reflection {
[INFO] [stdout] 31 | |             fn name(&self) -> &'static str {
[INFO] [stdout] 32 | |                 #filter_name
[INFO] [stdout] ...  |
[INFO] [stdout] 45 | |         }
[INFO] [stdout] 46 | |     })
[INFO] [stdout]    | |_____^ not found in this scope
[INFO] [stdout]    |
[INFO] [stdout]    = note: this error originates in the macro `proc_macro_call` which comes from the expansion of the macro `quote` (in Nightly builds, run with -Z macro-backtrace for more info)
[INFO] [stdout] 
[INFO] [stdout] 
[INFO] [stdout] error[E0425]: cannot find value `keyword_parameters` in this scope
[INFO] [stdout]   --> /opt/rustwide/cargo-home/registry/src/index.crates.io-6f17d22bba15001f/liquid-derive-0.23.1/src/parse_filter/filter_reflection.rs:29:8
[INFO] [stdout]    |
[INFO] [stdout] 29 |       Ok(quote! {
[INFO] [stdout]    |  ________^
[INFO] [stdout] 30 | |         #impl_filter_reflection {
[INFO] [stdout] 31 | |             fn name(&self) -> &'static str {
[INFO] [stdout] 32 | |                 #filter_name
[INFO] [stdout] ...  |
[INFO] [stdout] 45 | |         }
[INFO] [stdout] 46 | |     })
[INFO] [stdout]    | |_____^ not found in this scope
[INFO] [stdout]    |
[INFO] [stdout]    = note: this error originates in the macro `proc_macro_call` which comes from the expansion of the macro `quote` (in Nightly builds, run with -Z macro-backtrace for more info)
[INFO] [stdout] 
[INFO] [stdout] 
[INFO] [stdout] error[E0425]: cannot find value `parameters_struct_name` in this scope
[INFO] [stdout]   --> /opt/rustwide/cargo-home/registry/src/index.crates.io-6f17d22bba15001f/liquid-derive-0.23.1/src/parse_filter/parse.rs:17:39
[INFO] [stdout]    |
[INFO] [stdout] 17 |           let build_filter_parameters = quote_spanned! {parameters_struct_name.span()=>
[INFO] [stdout]    |  _______________________________________^
[INFO] [stdout] 18 | |             let args = <#parameters_struct_name as ::liquid_core::parser::FilterParameters>::from_args(args)?;
[INFO] [stdout] 19 | |         };
[INFO] [stdout]    | |_________^ not found in this scope
[INFO] [stdout]    |
[INFO] [stdout]    = note: this error originates in the macro `proc_macro_call` which comes from the expansion of the macro `quote_spanned` (in Nightly builds, run with -Z macro-backtrace for more info)
[INFO] [stdout] 
[INFO] [stdout] 
[INFO] [stdout] error[E0425]: cannot find value `filter_struct_name` in this scope
[INFO] [stdout]   --> /opt/rustwide/cargo-home/registry/src/index.crates.io-6f17d22bba15001f/liquid-derive-0.23.1/src/parse_filter/parse.rs:21:27
[INFO] [stdout]    |
[INFO] [stdout] 21 |           let return_expr = quote_spanned! {filter_struct_name.span()=>
[INFO] [stdout]    |  ___________________________^
[INFO] [stdout] 22 | |             Ok(::std::boxed::Box::new(<#filter_struct_name as ::std::convert::From<#parameters_struct_name>>::from(args)))
[INFO] [stdout] 23 | |         };
[INFO] [stdout]    | |_________^ not found in this scope
[INFO] [stdout]    |
[INFO] [stdout]    = note: this error originates in the macro `proc_macro_call` which comes from the expansion of the macro `quote_spanned` (in Nightly builds, run with -Z macro-backtrace for more info)
[INFO] [stdout] 
[INFO] [stdout] 
[INFO] [stdout] error[E0425]: cannot find value `parameters_struct_name` in this scope
[INFO] [stdout]   --> /opt/rustwide/cargo-home/registry/src/index.crates.io-6f17d22bba15001f/liquid-derive-0.23.1/src/parse_filter/parse.rs:21:27
[INFO] [stdout]    |
[INFO] [stdout] 21 |           let return_expr = quote_spanned! {filter_struct_name.span()=>
[INFO] [stdout]    |  ___________________________^
[INFO] [stdout] 22 | |             Ok(::std::boxed::Box::new(<#filter_struct_name as ::std::convert::From<#parameters_struct_name>>::from(args)))
[INFO] [stdout] 23 | |         };
[INFO] [stdout]    | |_________^ not found in this scope
[INFO] [stdout]    |
[INFO] [stdout]    = note: this error originates in the macro `proc_macro_call` which comes from the expansion of the macro `quote_spanned` (in Nightly builds, run with -Z macro-backtrace for more info)
[INFO] [stdout] 
[INFO] [stdout] 
[INFO] [stdout] error[E0425]: cannot find value `impl_parse_filter` in this scope
[INFO] [stdout]   --> /opt/rustwide/cargo-home/registry/src/index.crates.io-6f17d22bba15001f/liquid-derive-0.23.1/src/parse_filter/parse.rs:25:12
[INFO] [stdout]    |
[INFO] [stdout] 25 |   ...   Ok(quote! {
[INFO] [stdout]    |  __________^
[INFO] [stdout] 26 | | ...       #impl_parse_filter {
[INFO] [stdout] 27 | | ...           fn parse(&self, args: ::liquid_core::parser::FilterArguments) -> ::liquid_core::error::Result<::std::boxed::Box<::liquid_co...
[INFO] [stdout] 28 | | ...               #build_filter_parameters
[INFO] [stdout] ...  |
[INFO] [stdout] 35 | | ...       }
[INFO] [stdout] 36 | | ...   })
[INFO] [stdout]    | |_______^ not found in this scope
[INFO] [stdout]    |
[INFO] [stdout]    = note: this error originates in the macro `proc_macro_call` which comes from the expansion of the macro `quote` (in Nightly builds, run with -Z macro-backtrace for more info)
[INFO] [stdout] 
[INFO] [stdout] 
[INFO] [stdout] error[E0425]: cannot find value `build_filter_parameters` in this scope
[INFO] [stdout]   --> /opt/rustwide/cargo-home/registry/src/index.crates.io-6f17d22bba15001f/liquid-derive-0.23.1/src/parse_filter/parse.rs:25:12
[INFO] [stdout]    |
[INFO] [stdout] 25 |   ...   Ok(quote! {
[INFO] [stdout]    |  __________^
[INFO] [stdout] 26 | | ...       #impl_parse_filter {
[INFO] [stdout] 27 | | ...           fn parse(&self, args: ::liquid_core::parser::FilterArguments) -> ::liquid_core::error::Result<::std::boxed::Box<::liquid_co...
[INFO] [stdout] 28 | | ...               #build_filter_parameters
[INFO] [stdout] ...  |
[INFO] [stdout] 35 | | ...       }
[INFO] [stdout] 36 | | ...   })
[INFO] [stdout]    | |_______^ not found in this scope
[INFO] [stdout]    |
[INFO] [stdout]    = note: this error originates in the macro `proc_macro_call` which comes from the expansion of the macro `quote` (in Nightly builds, run with -Z macro-backtrace for more info)
[INFO] [stdout] 
[INFO] [stdout] 
[INFO] [stdout] error[E0425]: cannot find value `return_expr` in this scope
[INFO] [stdout]   --> /opt/rustwide/cargo-home/registry/src/index.crates.io-6f17d22bba15001f/liquid-derive-0.23.1/src/parse_filter/parse.rs:25:12
[INFO] [stdout]    |
[INFO] [stdout] 25 |   ...   Ok(quote! {
[INFO] [stdout]    |  __________^
[INFO] [stdout] 26 | | ...       #impl_parse_filter {
[INFO] [stdout] 27 | | ...           fn parse(&self, args: ::liquid_core::parser::FilterArguments) -> ::liquid_core::error::Result<::std::boxed::Box<::liquid_co...
[INFO] [stdout] 28 | | ...               #build_filter_parameters
[INFO] [stdout] ...  |
[INFO] [stdout] 35 | | ...       }
[INFO] [stdout] 36 | | ...   })
[INFO] [stdout]    | |_______^ not found in this scope
[INFO] [stdout]    |
[INFO] [stdout]    = note: this error originates in the macro `proc_macro_call` which comes from the expansion of the macro `quote` (in Nightly builds, run with -Z macro-backtrace for more info)
[INFO] [stdout] 
[INFO] [stdout] 
[INFO] [stdout] error[E0425]: cannot find value `filter_struct_name` in this scope
[INFO] [stdout]   --> /opt/rustwide/cargo-home/registry/src/index.crates.io-6f17d22bba15001f/liquid-derive-0.23.1/src/parse_filter/parse.rs:38:27
[INFO] [stdout]    |
[INFO] [stdout] 38 |           let return_expr = quote_spanned! {filter_struct_name.span()=>
[INFO] [stdout]    |  ___________________________^
[INFO] [stdout] 39 | |             ::std::result::Result::Ok(::std::boxed::Box::new(<#filter_struct_name as ::std::default::Default>::default()))
[INFO] [stdout] 40 | |         };
[INFO] [stdout]    | |_________^ not found in this scope
[INFO] [stdout]    |
[INFO] [stdout]    = note: this error originates in the macro `proc_macro_call` which comes from the expansion of the macro `quote_spanned` (in Nightly builds, run with -Z macro-backtrace for more info)
[INFO] [stdout] 
[INFO] [stdout] 
[INFO] [stdout] error[E0425]: cannot find value `impl_parse_filter` in this scope
[INFO] [stdout]   --> /opt/rustwide/cargo-home/registry/src/index.crates.io-6f17d22bba15001f/liquid-derive-0.23.1/src/parse_filter/parse.rs:41:12
[INFO] [stdout]    |
[INFO] [stdout] 41 |   ...   Ok(quote! {
[INFO] [stdout]    |  __________^
[INFO] [stdout] 42 | | ...       #impl_parse_filter {
[INFO] [stdout] 43 | | ...           fn parse(&self, mut args: ::liquid_core::parser::FilterArguments) -> ::liquid_core::error::Result<::std::boxed::Box<::liqui...
[INFO] [stdout] 44 | | ...               if let ::std::option::Option::Some(arg) = args.positional.next() {
[INFO] [stdout] ...  |
[INFO] [stdout] 59 | | ...       }
[INFO] [stdout] 60 | | ...   })
[INFO] [stdout]    | |_______^ not found in this scope
[INFO] [stdout]    |
[INFO] [stdout]    = note: this error originates in the macro `proc_macro_call` which comes from the expansion of the macro `quote` (in Nightly builds, run with -Z macro-backtrace for more info)
[INFO] [stdout] 
[INFO] [stdout] 
[INFO] [stdout] error[E0425]: cannot find value `return_expr` in this scope
[INFO] [stdout]   --> /opt/rustwide/cargo-home/registry/src/index.crates.io-6f17d22bba15001f/liquid-derive-0.23.1/src/parse_filter/parse.rs:41:12
[INFO] [stdout]    |
[INFO] [stdout] 41 |   ...   Ok(quote! {
[INFO] [stdout]    |  __________^
[INFO] [stdout] 42 | | ...       #impl_parse_filter {
[INFO] [stdout] 43 | | ...           fn parse(&self, mut args: ::liquid_core::parser::FilterArguments) -> ::liquid_core::error::Result<::std::boxed::Box<::liqui...
[INFO] [stdout] 44 | | ...               if let ::std::option::Option::Some(arg) = args.positional.next() {
[INFO] [stdout] ...  |
[INFO] [stdout] 59 | | ...       }
[INFO] [stdout] 60 | | ...   })
[INFO] [stdout]    | |_______^ not found in this scope
[INFO] [stdout]    |
[INFO] [stdout]    = note: this error originates in the macro `proc_macro_call` which comes from the expansion of the macro `quote` (in Nightly builds, run with -Z macro-backtrace for more info)
[INFO] [stdout] 
[INFO] [stdout] 
[INFO] [stdout] error[E0425]: cannot find value `impl_generics` in this scope
[INFO] [stdout]   --> /opt/rustwide/cargo-home/registry/src/index.crates.io-6f17d22bba15001f/liquid-derive-0.23.1/src/parse_filter/mod.rs:22:9
[INFO] [stdout]    |
[INFO] [stdout] 22 | /         quote! {
[INFO] [stdout] 23 | |             impl #impl_generics #trait_name for #name #ty_generics #where_clause
[INFO] [stdout] 24 | |         }
[INFO] [stdout]    | |_________^ not found in this scope
[INFO] [stdout]    |
[INFO] [stdout]    = note: this error originates in the macro `proc_macro_call` which comes from the expansion of the macro `quote` (in Nightly builds, run with -Z macro-backtrace for more info)
[INFO] [stdout] 
[INFO] [stdout] 
[INFO] [stdout] error[E0425]: cannot find value `trait_name` in this scope
[INFO] [stdout]   --> /opt/rustwide/cargo-home/registry/src/index.crates.io-6f17d22bba15001f/liquid-derive-0.23.1/src/parse_filter/mod.rs:22:9
[INFO] [stdout]    |
[INFO] [stdout] 22 | /         quote! {
[INFO] [stdout] 23 | |             impl #impl_generics #trait_name for #name #ty_generics #where_clause
[INFO] [stdout] 24 | |         }
[INFO] [stdout]    | |_________^ not found in this scope
[INFO] [stdout]    |
[INFO] [stdout]    = note: this error originates in the macro `proc_macro_call` which comes from the expansion of the macro `quote` (in Nightly builds, run with -Z macro-backtrace for more info)
[INFO] [stdout] 
[INFO] [stdout] 
[INFO] [stdout] error[E0425]: cannot find value `name` in this scope
[INFO] [stdout]   --> /opt/rustwide/cargo-home/registry/src/index.crates.io-6f17d22bba15001f/liquid-derive-0.23.1/src/parse_filter/mod.rs:22:9
[INFO] [stdout]    |
[INFO] [stdout] 22 | /         quote! {
[INFO] [stdout] 23 | |             impl #impl_generics #trait_name for #name #ty_generics #where_clause
[INFO] [stdout] 24 | |         }
[INFO] [stdout]    | |_________^ a field by this name exists in `Self`
[INFO] [stdout]    |
[INFO] [stdout]    = note: this error originates in the macro `proc_macro_call` which comes from the expansion of the macro `quote` (in Nightly builds, run with -Z macro-backtrace for more info)
[INFO] [stdout] 
[INFO] [stdout] 
[INFO] [stdout] error[E0425]: cannot find value `ty_generics` in this scope
[INFO] [stdout]   --> /opt/rustwide/cargo-home/registry/src/index.crates.io-6f17d22bba15001f/liquid-derive-0.23.1/src/parse_filter/mod.rs:22:9
[INFO] [stdout]    |
[INFO] [stdout] 22 | /         quote! {
[INFO] [stdout] 23 | |             impl #impl_generics #trait_name for #name #ty_generics #where_clause
[INFO] [stdout] 24 | |         }
[INFO] [stdout]    | |_________^ not found in this scope
[INFO] [stdout]    |
[INFO] [stdout]    = note: this error originates in the macro `proc_macro_call` which comes from the expansion of the macro `quote` (in Nightly builds, run with -Z macro-backtrace for more info)
[INFO] [stdout] 
[INFO] [stdout] 
[INFO] [stdout] error[E0425]: cannot find value `where_clause` in this scope
[INFO] [stdout]   --> /opt/rustwide/cargo-home/registry/src/index.crates.io-6f17d22bba15001f/liquid-derive-0.23.1/src/parse_filter/mod.rs:22:9
[INFO] [stdout]    |
[INFO] [stdout] 22 | /         quote! {
[INFO] [stdout] 23 | |             impl #impl_generics #trait_name for #name #ty_generics #where_clause
[INFO] [stdout] 24 | |         }
[INFO] [stdout]    | |_________^ not found in this scope
[INFO] [stdout]    |
[INFO] [stdout]    = note: this error originates in the macro `proc_macro_call` which comes from the expansion of the macro `quote` (in Nightly builds, run with -Z macro-backtrace for more info)
[INFO] [stdout] 
[INFO] [stdout] 
[INFO] [stdout] error[E0425]: cannot find value `impl_generics` in this scope
[INFO] [stdout]   --> /opt/rustwide/cargo-home/registry/src/index.crates.io-6f17d22bba15001f/liquid-derive-0.23.1/src/value_view.rs:20:5
[INFO] [stdout]    |
[INFO] [stdout] 20 | /     quote! {
[INFO] [stdout] 21 | |         impl #impl_generics ::liquid::ValueView for #ident #ty_generics #where_clause {
[INFO] [stdout] 22 | |             fn as_debug(&self) -> &dyn ::std::fmt::Debug {
[INFO] [stdout] 23 | |                 self
[INFO] [stdout] ...  |
[INFO] [stdout] 59 | |         }
[INFO] [stdout] 60 | |     }
[INFO] [stdout]    | |_____^ not found in this scope
[INFO] [stdout]    |
[INFO] [stdout]    = note: this error originates in the macro `proc_macro_call` which comes from the expansion of the macro `quote` (in Nightly builds, run with -Z macro-backtrace for more info)
[INFO] [stdout] 
[INFO] [stdout] 
[INFO] [stdout] error[E0425]: cannot find value `ident` in this scope
[INFO] [stdout]   --> /opt/rustwide/cargo-home/registry/src/index.crates.io-6f17d22bba15001f/liquid-derive-0.23.1/src/value_view.rs:20:5
[INFO] [stdout]    |
[INFO] [stdout] 20 | /     quote! {
[INFO] [stdout] 21 | |         impl #impl_generics ::liquid::ValueView for #ident #ty_generics #where_clause {
[INFO] [stdout] 22 | |             fn as_debug(&self) -> &dyn ::std::fmt::Debug {
[INFO] [stdout] 23 | |                 self
[INFO] [stdout] ...  |
[INFO] [stdout] 59 | |         }
[INFO] [stdout] 60 | |     }
[INFO] [stdout]    | |_____^ not found in this scope
[INFO] [stdout]    |
[INFO] [stdout]    = note: this error originates in the macro `proc_macro_call` which comes from the expansion of the macro `quote` (in Nightly builds, run with -Z macro-backtrace for more info)
[INFO] [stdout] 
[INFO] [stdout] 
[INFO] [stdout] error[E0425]: cannot find value `ty_generics` in this scope
[INFO] [stdout]   --> /opt/rustwide/cargo-home/registry/src/index.crates.io-6f17d22bba15001f/liquid-derive-0.23.1/src/value_view.rs:20:5
[INFO] [stdout]    |
[INFO] [stdout] 20 | /     quote! {
[INFO] [stdout] 21 | |         impl #impl_generics ::liquid::ValueView for #ident #ty_generics #where_clause {
[INFO] [stdout] 22 | |             fn as_debug(&self) -> &dyn ::std::fmt::Debug {
[INFO] [stdout] 23 | |                 self
[INFO] [stdout] ...  |
[INFO] [stdout] 59 | |         }
[INFO] [stdout] 60 | |     }
[INFO] [stdout]    | |_____^ not found in this scope
[INFO] [stdout]    |
[INFO] [stdout]    = note: this error originates in the macro `proc_macro_call` which comes from the expansion of the macro `quote` (in Nightly builds, run with -Z macro-backtrace for more info)
[INFO] [stdout] 
[INFO] [stdout] 
[INFO] [stdout] error[E0425]: cannot find value `where_clause` in this scope
[INFO] [stdout]   --> /opt/rustwide/cargo-home/registry/src/index.crates.io-6f17d22bba15001f/liquid-derive-0.23.1/src/value_view.rs:20:5
[INFO] [stdout]    |
[INFO] [stdout] 20 | /     quote! {
[INFO] [stdout] 21 | |         impl #impl_generics ::liquid::ValueView for #ident #ty_generics #where_clause {
[INFO] [stdout] 22 | |             fn as_debug(&self) -> &dyn ::std::fmt::Debug {
[INFO] [stdout] 23 | |                 self
[INFO] [stdout] ...  |
[INFO] [stdout] 59 | |         }
[INFO] [stdout] 60 | |     }
[INFO] [stdout]    | |_____^ not found in this scope
[INFO] [stdout]    |
[INFO] [stdout]    = note: this error originates in the macro `proc_macro_call` which comes from the expansion of the macro `quote` (in Nightly builds, run with -Z macro-backtrace for more info)
[INFO] [stdout] 
[INFO] [stdout] 
[INFO] [stdout] error[E0425]: cannot find value `fields` in this scope
[INFO] [stdout]   --> /opt/rustwide/cargo-home/registry/src/index.crates.io-6f17d22bba15001f/liquid-derive-0.23.1/src/value_view.rs:20:5
[INFO] [stdout]    |
[INFO] [stdout] 20 | /     quote! {
[INFO] [stdout] 21 | |         impl #impl_generics ::liquid::ValueView for #ident #ty_generics #where_clause {
[INFO] [stdout] 22 | |             fn as_debug(&self) -> &dyn ::std::fmt::Debug {
[INFO] [stdout] 23 | |                 self
[INFO] [stdout] ...  |
[INFO] [stdout] 59 | |         }
[INFO] [stdout] 60 | |     }
[INFO] [stdout]    | |_____^ not found in this scope
[INFO] [stdout]    |
[INFO] [stdout]    = note: this error originates in the macro `proc_macro_call` which comes from the expansion of the macro `quote` (in Nightly builds, run with -Z macro-backtrace for more info)
[INFO] [stdout] 
[INFO] [stdout] 
[INFO] [stdout] error[E0425]: cannot find value `impl_generics` in this scope
[INFO] [stdout]    --> /opt/rustwide/cargo-home/registry/src/index.crates.io-6f17d22bba15001f/liquid-derive-0.23.1/src/value_view.rs:78:5
[INFO] [stdout]     |
[INFO] [stdout] 78  | /     quote! {
[INFO] [stdout] 79  | |         impl #impl_generics ::liquid_core::ValueView for #ident #ty_generics #where_clause {
[INFO] [stdout] 80  | |             fn as_debug(&self) -> &dyn ::std::fmt::Debug {
[INFO] [stdout] 81  | |                 self
[INFO] [stdout] ...   |
[INFO] [stdout] 117 | |         }
[INFO] [stdout] 118 | |     }
[INFO] [stdout]     | |_____^ not found in this scope
[INFO] [stdout]     |
[INFO] [stdout]     = note: this error originates in the macro `proc_macro_call` which comes from the expansion of the macro `quote` (in Nightly builds, run with -Z macro-backtrace for more info)
[INFO] [stdout] 
[INFO] [stdout] 
[INFO] [stdout] error[E0425]: cannot find value `ident` in this scope
[INFO] [stdout]    --> /opt/rustwide/cargo-home/registry/src/index.crates.io-6f17d22bba15001f/liquid-derive-0.23.1/src/value_view.rs:78:5
[INFO] [stdout]     |
[INFO] [stdout] 78  | /     quote! {
[INFO] [stdout] 79  | |         impl #impl_generics ::liquid_core::ValueView for #ident #ty_generics #where_clause {
[INFO] [stdout] 80  | |             fn as_debug(&self) -> &dyn ::std::fmt::Debug {
[INFO] [stdout] 81  | |                 self
[INFO] [stdout] ...   |
[INFO] [stdout] 117 | |         }
[INFO] [stdout] 118 | |     }
[INFO] [stdout]     | |_____^ not found in this scope
[INFO] [stdout]     |
[INFO] [stdout]     = note: this error originates in the macro `proc_macro_call` which comes from the expansion of the macro `quote` (in Nightly builds, run with -Z macro-backtrace for more info)
[INFO] [stdout] 
[INFO] [stdout] 
[INFO] [stdout] error[E0425]: cannot find value `ty_generics` in this scope
[INFO] [stdout]    --> /opt/rustwide/cargo-home/registry/src/index.crates.io-6f17d22bba15001f/liquid-derive-0.23.1/src/value_view.rs:78:5
[INFO] [stdout]     |
[INFO] [stdout] 78  | /     quote! {
[INFO] [stdout] 79  | |         impl #impl_generics ::liquid_core::ValueView for #ident #ty_generics #where_clause {
[INFO] [stdout] 80  | |             fn as_debug(&self) -> &dyn ::std::fmt::Debug {
[INFO] [stdout] 81  | |                 self
[INFO] [stdout] ...   |
[INFO] [stdout] 117 | |         }
[INFO] [stdout] 118 | |     }
[INFO] [stdout]     | |_____^ not found in this scope
[INFO] [stdout]     |
[INFO] [stdout]     = note: this error originates in the macro `proc_macro_call` which comes from the expansion of the macro `quote` (in Nightly builds, run with -Z macro-backtrace for more info)
[INFO] [stdout] 
[INFO] [stdout] 
[INFO] [stdout] error[E0425]: cannot find value `where_clause` in this scope
[INFO] [stdout]    --> /opt/rustwide/cargo-home/registry/src/index.crates.io-6f17d22bba15001f/liquid-derive-0.23.1/src/value_view.rs:78:5
[INFO] [stdout]     |
[INFO] [stdout] 78  | /     quote! {
[INFO] [stdout] 79  | |         impl #impl_generics ::liquid_core::ValueView for #ident #ty_generics #where_clause {
[INFO] [stdout] 80  | |             fn as_debug(&self) -> &dyn ::std::fmt::Debug {
[INFO] [stdout] 81  | |                 self
[INFO] [stdout] ...   |
[INFO] [stdout] 117 | |         }
[INFO] [stdout] 118 | |     }
[INFO] [stdout]     | |_____^ not found in this scope
[INFO] [stdout]     |
[INFO] [stdout]     = note: this error originates in the macro `proc_macro_call` which comes from the expansion of the macro `quote` (in Nightly builds, run with -Z macro-backtrace for more info)
[INFO] [stdout] 
[INFO] [stdout] 
[INFO] [stdout] error[E0425]: cannot find value `fields` in this scope
[INFO] [stdout]    --> /opt/rustwide/cargo-home/registry/src/index.crates.io-6f17d22bba15001f/liquid-derive-0.23.1/src/value_view.rs:78:5
[INFO] [stdout]     |
[INFO] [stdout] 78  | /     quote! {
[INFO] [stdout] 79  | |         impl #impl_generics ::liquid_core::ValueView for #ident #ty_generics #where_clause {
[INFO] [stdout] 80  | |             fn as_debug(&self) -> &dyn ::std::fmt::Debug {
[INFO] [stdout] 81  | |                 self
[INFO] [stdout] ...   |
[INFO] [stdout] 117 | |         }
[INFO] [stdout] 118 | |     }
[INFO] [stdout]     | |_____^ not found in this scope
[INFO] [stdout]     |
[INFO] [stdout]     = note: this error originates in the macro `proc_macro_call` which comes from the expansion of the macro `quote` (in Nightly builds, run with -Z macro-backtrace for more info)
[INFO] [stdout] 
[INFO] [stdout] 
[INFO] [stderr]    Compiling educe v0.4.20
[INFO] [stdout] error: aborting due to 130 previous errors
[INFO] [stdout] 
[INFO] [stdout] 
[INFO] [stdout] For more information about this error, try `rustc --explain E0425`.
[INFO] [stdout] 
[INFO] [stderr] error: could not compile `liquid-derive` (lib) due to 131 previous errors
[INFO] [stderr] warning: build failed, waiting for other jobs to finish...
[INFO] running `Command { std: "docker" "inspect" "7b0b512c6762c556e49d204ffb4f433122d17030c155259705c948a7c12f3f79", kill_on_drop: false }`
[INFO] running `Command { std: "docker" "rm" "-f" "7b0b512c6762c556e49d204ffb4f433122d17030c155259705c948a7c12f3f79", kill_on_drop: false }`
[INFO] [stdout] 7b0b512c6762c556e49d204ffb4f433122d17030c155259705c948a7c12f3f79
