[INFO] fetching crate metaldb 1.0.0...
[INFO] documenting metaldb-1.0.0 against 1.69.0 for beta-1.70-rustdoc-1
[INFO] extracting crate metaldb 1.0.0 into /workspace/builds/worker-2-tc1/source
[INFO] validating manifest of crates.io crate metaldb 1.0.0 on toolchain 1.69.0
[INFO] running `Command { std: CARGO_HOME="/workspace/cargo-home" RUSTUP_HOME="/workspace/rustup-home" "/workspace/cargo-home/bin/cargo" "+1.69.0" "metadata" "--manifest-path" "Cargo.toml" "--no-deps", kill_on_drop: false }`
[INFO] started tweaking crates.io crate metaldb 1.0.0
[INFO] finished tweaking crates.io crate metaldb 1.0.0
[INFO] tweaked toml for crates.io crate metaldb 1.0.0 written to /workspace/builds/worker-2-tc1/source/Cargo.toml
[INFO] crate crates.io crate metaldb 1.0.0 already has a lockfile, it will not be regenerated
[INFO] running `Command { std: CARGO_HOME="/workspace/cargo-home" RUSTUP_HOME="/workspace/rustup-home" "/workspace/cargo-home/bin/cargo" "+1.69.0" "fetch" "--manifest-path" "Cargo.toml", kill_on_drop: false }`
[INFO] [stderr]  Downloading crates ...
[INFO] [stderr]   Downloaded rocksdb v0.18.0
[INFO] [stderr]   Downloaded modifier v0.1.0
[INFO] [stderr]   Downloaded metaldb-derive v1.0.0
[INFO] [stderr]   Downloaded crossbeam-queue v0.3.5
[INFO] [stderr]   Downloaded semver v1.0.9
[INFO] [stderr]   Downloaded rust_decimal v1.23.1
[INFO] [stderr]   Downloaded libz-sys v1.1.6
[INFO] [stderr]   Downloaded librocksdb-sys v0.6.1+6.28.2
[INFO] running `Command { std: "docker" "create" "-v" "/var/lib/crater-agent-workspace/builds/worker-2-tc1/target:/opt/rustwide/target:rw,Z" "-v" "/var/lib/crater-agent-workspace/builds/worker-2-tc1/source:/opt/rustwide/workdir:ro,Z" "-v" "/var/lib/crater-agent-workspace/cargo-home:/opt/rustwide/cargo-home:ro,Z" "-v" "/var/lib/crater-agent-workspace/rustup-home:/opt/rustwide/rustup-home:ro,Z" "-e" "SOURCE_DIR=/opt/rustwide/workdir" "-e" "CARGO_TARGET_DIR=/opt/rustwide/target" "-e" "CARGO_HOME=/opt/rustwide/cargo-home" "-e" "RUSTUP_HOME=/opt/rustwide/rustup-home" "-w" "/opt/rustwide/workdir" "-m" "1610612736" "--user" "0:0" "--network" "none" "ghcr.io/rust-lang/crates-build-env/linux@sha256:5ff2268d62e97bff2cde7d5815dd6ed5b47097566f13b8d0ca110b04b60e07ed" "/opt/rustwide/cargo-home/bin/cargo" "+1.69.0" "metadata" "--no-deps" "--format-version=1", kill_on_drop: false }`
[INFO] [stdout] fb5b01c5edd6fd5633b1a248a330fe1e1d1d59da4c027a7970dc7259eb44a3d9
[INFO] running `Command { std: "docker" "start" "-a" "fb5b01c5edd6fd5633b1a248a330fe1e1d1d59da4c027a7970dc7259eb44a3d9", kill_on_drop: false }`
[INFO] running `Command { std: "docker" "inspect" "fb5b01c5edd6fd5633b1a248a330fe1e1d1d59da4c027a7970dc7259eb44a3d9", kill_on_drop: false }`
[INFO] running `Command { std: "docker" "rm" "-f" "fb5b01c5edd6fd5633b1a248a330fe1e1d1d59da4c027a7970dc7259eb44a3d9", kill_on_drop: false }`
[INFO] [stdout] fb5b01c5edd6fd5633b1a248a330fe1e1d1d59da4c027a7970dc7259eb44a3d9
[INFO] running `Command { std: "docker" "create" "-v" "/var/lib/crater-agent-workspace/builds/worker-2-tc1/target:/opt/rustwide/target:rw,Z" "-v" "/var/lib/crater-agent-workspace/builds/worker-2-tc1/source:/opt/rustwide/workdir:ro,Z" "-v" "/var/lib/crater-agent-workspace/cargo-home:/opt/rustwide/cargo-home:ro,Z" "-v" "/var/lib/crater-agent-workspace/rustup-home:/opt/rustwide/rustup-home:ro,Z" "-e" "SOURCE_DIR=/opt/rustwide/workdir" "-e" "CARGO_TARGET_DIR=/opt/rustwide/target" "-e" "CARGO_INCREMENTAL=0" "-e" "RUST_BACKTRACE=full" "-e" "RUSTFLAGS=--cap-lints=warn" "-e" "RUSTDOCFLAGS=--cap-lints=warn" "-e" "CARGO_HOME=/opt/rustwide/cargo-home" "-e" "RUSTUP_HOME=/opt/rustwide/rustup-home" "-w" "/opt/rustwide/workdir" "-m" "1610612736" "--user" "0:0" "--network" "none" "ghcr.io/rust-lang/crates-build-env/linux@sha256:5ff2268d62e97bff2cde7d5815dd6ed5b47097566f13b8d0ca110b04b60e07ed" "/opt/rustwide/cargo-home/bin/cargo" "+1.69.0" "doc" "--frozen" "--no-deps" "--document-private-items" "--message-format=json", kill_on_drop: false }`
[INFO] [stdout] b4a2b7c8bfd7a7df478af3dc62c3eb7028b2f91bcf12d668299d32b1da0d54e7
[INFO] running `Command { std: "docker" "start" "-a" "b4a2b7c8bfd7a7df478af3dc62c3eb7028b2f91bcf12d668299d32b1da0d54e7", kill_on_drop: false }`
[INFO] [stderr]    Compiling libc v0.2.125
[INFO] [stderr]    Compiling proc-macro2 v1.0.38
[INFO] [stderr]    Compiling unicode-xid v0.2.3
[INFO] [stderr]    Compiling memchr v2.5.0
[INFO] [stderr]    Compiling glob v0.3.0
[INFO] [stderr]    Compiling syn v1.0.94
[INFO] [stderr]    Compiling regex-syntax v0.6.25
[INFO] [stderr]    Compiling bindgen v0.59.2
[INFO] [stderr]    Compiling libloading v0.7.3
[INFO] [stderr]    Compiling num-traits v0.2.15
[INFO] [stderr]    Compiling crossbeam-epoch v0.9.8
[INFO] [stderr]    Compiling crossbeam-queue v0.3.5
[INFO] [stderr]    Compiling rust_decimal v1.23.1
[INFO] [stderr]    Compiling anyhow v1.0.57
[INFO] [stderr]     Checking crossbeam-channel v0.5.4
[INFO] [stderr]     Checking smallvec v1.8.0
[INFO] [stderr]    Compiling clang-sys v1.3.1
[INFO] [stderr]     Checking crossbeam-deque v0.8.1
[INFO] [stderr]     Checking crossbeam v0.8.1
[INFO] [stderr]    Compiling quote v1.0.18
[INFO] [stderr]    Compiling nom v7.1.1
[INFO] [stderr]    Compiling jobserver v0.1.24
[INFO] [stderr]     Checking time v0.1.43
[INFO] [stderr]     Checking getrandom v0.2.6
[INFO] [stderr]    Compiling cc v1.0.73
[INFO] [stderr]     Checking uuid v0.8.2
[INFO] [stderr]     Checking num-integer v0.1.45
[INFO] [stderr]    Compiling zstd-sys v1.6.3+zstd.1.5.2
[INFO] [stderr]    Compiling bzip2-sys v0.1.11+1.0.8
[INFO] [stderr]    Compiling libz-sys v1.1.6
[INFO] [stderr]     Checking chrono v0.4.19
[INFO] [stderr]    Compiling regex v1.5.5
[INFO] [stderr]    Compiling cexpr v0.6.0
[INFO] [stderr]    Compiling serde_derive v1.0.137
[INFO] [stderr]    Compiling thiserror-impl v1.0.31
[INFO] [stderr]     Checking thiserror v1.0.31
[INFO] [stderr]    Compiling librocksdb-sys v0.6.1+6.28.2
[INFO] [stderr]     Checking serde v1.0.137
[INFO] [stderr] The following warnings were emitted during compilation:
[INFO] [stderr] 
[INFO] [stderr] warning: c++: fatal error: Killed signal terminated program cc1plus
[INFO] [stderr] warning: compilation terminated.
[INFO] [stderr] warning: c++: fatal error: Killed signal terminated program cc1plus
[INFO] [stderr] warning: compilation terminated.
[INFO] [stderr] warning: c++: fatal error: Killed signal terminated program cc1plus
[INFO] [stderr] warning: compilation terminated.
[INFO] [stderr] warning: c++: fatal error: Killed signal terminated program cc1plus
[INFO] [stderr] warning: compilation terminated.
[INFO] [stderr] 
[INFO] [stderr] error: failed to run custom build command for `librocksdb-sys v0.6.1+6.28.2`
[INFO] [stderr] note: To improve backtraces for build dependencies, set the CARGO_PROFILE_DEV_BUILD_OVERRIDE_DEBUG=true environment variable to enable debug information generation.
[INFO] [stderr] 
[INFO] [stderr] Caused by:
[INFO] [stderr]   process didn't exit successfully: `/opt/rustwide/target/debug/build/librocksdb-sys-f2e5a9e980aa39b3/build-script-build` (exit status: 1)
[INFO] [stderr]   --- stdout
[INFO] [stderr]   cargo:rerun-if-changed=rocksdb/
[INFO] [stderr]   TARGET = Some("x86_64-unknown-linux-gnu")
[INFO] [stderr]   OPT_LEVEL = Some("0")
[INFO] [stderr]   HOST = Some("x86_64-unknown-linux-gnu")
[INFO] [stderr]   CXX_x86_64-unknown-linux-gnu = None
[INFO] [stderr]   CXX_x86_64_unknown_linux_gnu = None
[INFO] [stderr]   HOST_CXX = None
[INFO] [stderr]   CXX = None
[INFO] [stderr]   CXXFLAGS_x86_64-unknown-linux-gnu = None
[INFO] [stderr]   CXXFLAGS_x86_64_unknown_linux_gnu = None
[INFO] [stderr]   HOST_CXXFLAGS = None
[INFO] [stderr]   CXXFLAGS = None
[INFO] [stderr]   CRATE_CC_NO_DEFAULTS = None
[INFO] [stderr]   DEBUG = Some("true")
[INFO] [stderr]   CARGO_CFG_TARGET_FEATURE = Some("fxsr,sse,sse2")
[INFO] [stderr]   CXX_x86_64-unknown-linux-gnu = None
[INFO] [stderr]   CXX_x86_64_unknown_linux_gnu = None
[INFO] [stderr]   HOST_CXX = None
[INFO] [stderr]   CXX = None
[INFO] [stderr]   CXXFLAGS_x86_64-unknown-linux-gnu = None
[INFO] [stderr]   CXXFLAGS_x86_64_unknown_linux_gnu = None
[INFO] [stderr]   HOST_CXXFLAGS = None
[INFO] [stderr]   CXXFLAGS = None
[INFO] [stderr]   CRATE_CC_NO_DEFAULTS = None
[INFO] [stderr]   CARGO_CFG_TARGET_FEATURE = Some("fxsr,sse,sse2")
[INFO] [stderr]   running: "c++" "-O0" "-ffunction-sections" "-fdata-sections" "-fPIC" "-g" "-fno-omit-frame-pointer" "-m64" "-I" "rocksdb/include/" "-I" "rocksdb/" "-I" "rocksdb/third-party/gtest-1.8.1/fused-src/" "-I" "snappy/" "-I" "lz4/lib/" "-I" "/opt/rustwide/cargo-home/registry/src/github.com-1ecc6299db9ec823/zstd-sys-1.6.3+zstd.1.5.2/zstd/lib" "-I" "/opt/rustwide/target/debug/build/libz-sys-84a9ffe93ee98be8/out/include" "-I" "/opt/rustwide/target/debug/build/bzip2-sys-3eeae822f559bba9/out/include" "-I" "." "-Wall" "-Wextra" "-std=c++11" "-Wno-unused-parameter" "-msse2" "-DSNAPPY=1" "-DLZ4=1" "-DZSTD=1" "-DZLIB=1" "-DBZIP2=1" "-DNDEBUG=1" "-DOS_LINUX" "-DROCKSDB_PLATFORM_POSIX" "-DROCKSDB_LIB_IO_POSIX" "-DROCKSDB_SUPPORT_THREAD_LOCAL" "-o" "/opt/rustwide/target/debug/build/librocksdb-sys-dcac7b18eb7feeb7/out/rocksdb/cache/clock_cache.o" "-c" "rocksdb/cache/clock_cache.cc"
[INFO] [stderr]   running: "c++" "-O0" "-ffunction-sections" "-fdata-sections" "-fPIC" "-g" "-fno-omit-frame-pointer" "-m64" "-I" "rocksdb/include/" "-I" "rocksdb/" "-I" "rocksdb/third-party/gtest-1.8.1/fused-src/" "-I" "snappy/" "-I" "lz4/lib/" "-I" "/opt/rustwide/cargo-home/registry/src/github.com-1ecc6299db9ec823/zstd-sys-1.6.3+zstd.1.5.2/zstd/lib" "-I" "/opt/rustwide/target/debug/build/libz-sys-84a9ffe93ee98be8/out/include" "-I" "/opt/rustwide/target/debug/build/bzip2-sys-3eeae822f559bba9/out/include" "-I" "." "-Wall" "-Wextra" "-std=c++11" "-Wno-unused-parameter" "-msse2" "-DSNAPPY=1" "-DLZ4=1" "-DZSTD=1" "-DZLIB=1" "-DBZIP2=1" "-DNDEBUG=1" "-DOS_LINUX" "-DROCKSDB_PLATFORM_POSIX" "-DROCKSDB_LIB_IO_POSIX" "-DROCKSDB_SUPPORT_THREAD_LOCAL" "-o" "/opt/rustwide/target/debug/build/librocksdb-sys-dcac7b18eb7feeb7/out/rocksdb/cache/cache_entry_roles.o" "-c" "rocksdb/cache/cache_entry_roles.cc"
[INFO] [stderr]   running: "c++" "-O0" "-ffunction-sections" "-fdata-sections" "-fPIC" "-g" "-fno-omit-frame-pointer" "-m64" "-I" "rocksdb/include/" "-I" "rocksdb/" "-I" "rocksdb/third-party/gtest-1.8.1/fused-src/" "-I" "snappy/" "-I" "lz4/lib/" "-I" "/opt/rustwide/cargo-home/registry/src/github.com-1ecc6299db9ec823/zstd-sys-1.6.3+zstd.1.5.2/zstd/lib" "-I" "/opt/rustwide/target/debug/build/libz-sys-84a9ffe93ee98be8/out/include" "-I" "/opt/rustwide/target/debug/build/bzip2-sys-3eeae822f559bba9/out/include" "-I" "." "-Wall" "-Wextra" "-std=c++11" "-Wno-unused-parameter" "-msse2" "-DSNAPPY=1" "-DLZ4=1" "-DZSTD=1" "-DZLIB=1" "-DBZIP2=1" "-DNDEBUG=1" "-DOS_LINUX" "-DROCKSDB_PLATFORM_POSIX" "-DROCKSDB_LIB_IO_POSIX" "-DROCKSDB_SUPPORT_THREAD_LOCAL" "-o" "/opt/rustwide/target/debug/build/librocksdb-sys-dcac7b18eb7feeb7/out/rocksdb/cache/cache.o" "-c" "rocksdb/cache/cache.cc"
[INFO] [stderr]   running: "c++" "-O0" "-ffunction-sections" "-fdata-sections" "-fPIC" "-g" "-fno-omit-frame-pointer" "-m64" "-I" "rocksdb/include/" "-I" "rocksdb/" "-I" "rocksdb/third-party/gtest-1.8.1/fused-src/" "-I" "snappy/" "-I" "lz4/lib/" "-I" "/opt/rustwide/cargo-home/registry/src/github.com-1ecc6299db9ec823/zstd-sys-1.6.3+zstd.1.5.2/zstd/lib" "-I" "/opt/rustwide/target/debug/build/libz-sys-84a9ffe93ee98be8/out/include" "-I" "/opt/rustwide/target/debug/build/bzip2-sys-3eeae822f559bba9/out/include" "-I" "." "-Wall" "-Wextra" "-std=c++11" "-Wno-unused-parameter" "-msse2" "-DSNAPPY=1" "-DLZ4=1" "-DZSTD=1" "-DZLIB=1" "-DBZIP2=1" "-DNDEBUG=1" "-DOS_LINUX" "-DROCKSDB_PLATFORM_POSIX" "-DROCKSDB_LIB_IO_POSIX" "-DROCKSDB_SUPPORT_THREAD_LOCAL" "-o" "/opt/rustwide/target/debug/build/librocksdb-sys-dcac7b18eb7feeb7/out/rocksdb/cache/cache_key.o" "-c" "rocksdb/cache/cache_key.cc"
[INFO] [stderr]   running: "c++" "-O0" "-ffunction-sections" "-fdata-sections" "-fPIC" "-g" "-fno-omit-frame-pointer" "-m64" "-I" "rocksdb/include/" "-I" "rocksdb/" "-I" "rocksdb/third-party/gtest-1.8.1/fused-src/" "-I" "snappy/" "-I" "lz4/lib/" "-I" "/opt/rustwide/cargo-home/registry/src/github.com-1ecc6299db9ec823/zstd-sys-1.6.3+zstd.1.5.2/zstd/lib" "-I" "/opt/rustwide/target/debug/build/libz-sys-84a9ffe93ee98be8/out/include" "-I" "/opt/rustwide/target/debug/build/bzip2-sys-3eeae822f559bba9/out/include" "-I" "." "-Wall" "-Wextra" "-std=c++11" "-Wno-unused-parameter" "-msse2" "-DSNAPPY=1" "-DLZ4=1" "-DZSTD=1" "-DZLIB=1" "-DBZIP2=1" "-DNDEBUG=1" "-DOS_LINUX" "-DROCKSDB_PLATFORM_POSIX" "-DROCKSDB_LIB_IO_POSIX" "-DROCKSDB_SUPPORT_THREAD_LOCAL" "-o" "/opt/rustwide/target/debug/build/librocksdb-sys-dcac7b18eb7feeb7/out/rocksdb/cache/lru_cache.o" "-c" "rocksdb/cache/lru_cache.cc"
[INFO] [stderr]   running: "c++" "-O0" "-ffunction-sections" "-fdata-sections" "-fPIC" "-g" "-fno-omit-frame-pointer" "-m64" "-I" "rocksdb/include/" "-I" "rocksdb/" "-I" "rocksdb/third-party/gtest-1.8.1/fused-src/" "-I" "snappy/" "-I" "lz4/lib/" "-I" "/opt/rustwide/cargo-home/registry/src/github.com-1ecc6299db9ec823/zstd-sys-1.6.3+zstd.1.5.2/zstd/lib" "-I" "/opt/rustwide/target/debug/build/libz-sys-84a9ffe93ee98be8/out/include" "-I" "/opt/rustwide/target/debug/build/bzip2-sys-3eeae822f559bba9/out/include" "-I" "." "-Wall" "-Wextra" "-std=c++11" "-Wno-unused-parameter" "-msse2" "-DSNAPPY=1" "-DLZ4=1" "-DZSTD=1" "-DZLIB=1" "-DBZIP2=1" "-DNDEBUG=1" "-DOS_LINUX" "-DROCKSDB_PLATFORM_POSIX" "-DROCKSDB_LIB_IO_POSIX" "-DROCKSDB_SUPPORT_THREAD_LOCAL" "-o" "/opt/rustwide/target/debug/build/librocksdb-sys-dcac7b18eb7feeb7/out/rocksdb/db/blob/blob_file_addition.o" "-c" "rocksdb/db/blob/blob_file_addition.cc"
[INFO] [stderr]   running: "c++" "-O0" "-ffunction-sections" "-fdata-sections" "-fPIC" "-g" "-fno-omit-frame-pointer" "-m64" "-I" "rocksdb/include/" "-I" "rocksdb/" "-I" "rocksdb/third-party/gtest-1.8.1/fused-src/" "-I" "snappy/" "-I" "lz4/lib/" "-I" "/opt/rustwide/cargo-home/registry/src/github.com-1ecc6299db9ec823/zstd-sys-1.6.3+zstd.1.5.2/zstd/lib" "-I" "/opt/rustwide/target/debug/build/libz-sys-84a9ffe93ee98be8/out/include" "-I" "/opt/rustwide/target/debug/build/bzip2-sys-3eeae822f559bba9/out/include" "-I" "." "-Wall" "-Wextra" "-std=c++11" "-Wno-unused-parameter" "-msse2" "-DSNAPPY=1" "-DLZ4=1" "-DZSTD=1" "-DZLIB=1" "-DBZIP2=1" "-DNDEBUG=1" "-DOS_LINUX" "-DROCKSDB_PLATFORM_POSIX" "-DROCKSDB_LIB_IO_POSIX" "-DROCKSDB_SUPPORT_THREAD_LOCAL" "-o" "/opt/rustwide/target/debug/build/librocksdb-sys-dcac7b18eb7feeb7/out/rocksdb/cache/sharded_cache.o" "-c" "rocksdb/cache/sharded_cache.cc"
[INFO] [stderr]   running: "c++" "-O0" "-ffunction-sections" "-fdata-sections" "-fPIC" "-g" "-fno-omit-frame-pointer" "-m64" "-I" "rocksdb/include/" "-I" "rocksdb/" "-I" "rocksdb/third-party/gtest-1.8.1/fused-src/" "-I" "snappy/" "-I" "lz4/lib/" "-I" "/opt/rustwide/cargo-home/registry/src/github.com-1ecc6299db9ec823/zstd-sys-1.6.3+zstd.1.5.2/zstd/lib" "-I" "/opt/rustwide/target/debug/build/libz-sys-84a9ffe93ee98be8/out/include" "-I" "/opt/rustwide/target/debug/build/bzip2-sys-3eeae822f559bba9/out/include" "-I" "." "-Wall" "-Wextra" "-std=c++11" "-Wno-unused-parameter" "-msse2" "-DSNAPPY=1" "-DLZ4=1" "-DZSTD=1" "-DZLIB=1" "-DBZIP2=1" "-DNDEBUG=1" "-DOS_LINUX" "-DROCKSDB_PLATFORM_POSIX" "-DROCKSDB_LIB_IO_POSIX" "-DROCKSDB_SUPPORT_THREAD_LOCAL" "-o" "/opt/rustwide/target/debug/build/librocksdb-sys-dcac7b18eb7feeb7/out/rocksdb/db/blob/blob_fetcher.o" "-c" "rocksdb/db/blob/blob_fetcher.cc"
[INFO] [stderr]   running: "c++" "-O0" "-ffunction-sections" "-fdata-sections" "-fPIC" "-g" "-fno-omit-frame-pointer" "-m64" "-I" "rocksdb/include/" "-I" "rocksdb/" "-I" "rocksdb/third-party/gtest-1.8.1/fused-src/" "-I" "snappy/" "-I" "lz4/lib/" "-I" "/opt/rustwide/cargo-home/registry/src/github.com-1ecc6299db9ec823/zstd-sys-1.6.3+zstd.1.5.2/zstd/lib" "-I" "/opt/rustwide/target/debug/build/libz-sys-84a9ffe93ee98be8/out/include" "-I" "/opt/rustwide/target/debug/build/bzip2-sys-3eeae822f559bba9/out/include" "-I" "." "-Wall" "-Wextra" "-std=c++11" "-Wno-unused-parameter" "-msse2" "-DSNAPPY=1" "-DLZ4=1" "-DZSTD=1" "-DZLIB=1" "-DBZIP2=1" "-DNDEBUG=1" "-DOS_LINUX" "-DROCKSDB_PLATFORM_POSIX" "-DROCKSDB_LIB_IO_POSIX" "-DROCKSDB_SUPPORT_THREAD_LOCAL" "-o" "/opt/rustwide/target/debug/build/librocksdb-sys-dcac7b18eb7feeb7/out/rocksdb/db/blob/blob_garbage_meter.o" "-c" "rocksdb/db/blob/blob_garbage_meter.cc"
[INFO] [stderr]   running: "c++" "-O0" "-ffunction-sections" "-fdata-sections" "-fPIC" "-g" "-fno-omit-frame-pointer" "-m64" "-I" "rocksdb/include/" "-I" "rocksdb/" "-I" "rocksdb/third-party/gtest-1.8.1/fused-src/" "-I" "snappy/" "-I" "lz4/lib/" "-I" "/opt/rustwide/cargo-home/registry/src/github.com-1ecc6299db9ec823/zstd-sys-1.6.3+zstd.1.5.2/zstd/lib" "-I" "/opt/rustwide/target/debug/build/libz-sys-84a9ffe93ee98be8/out/include" "-I" "/opt/rustwide/target/debug/build/bzip2-sys-3eeae822f559bba9/out/include" "-I" "." "-Wall" "-Wextra" "-std=c++11" "-Wno-unused-parameter" "-msse2" "-DSNAPPY=1" "-DLZ4=1" "-DZSTD=1" "-DZLIB=1" "-DBZIP2=1" "-DNDEBUG=1" "-DOS_LINUX" "-DROCKSDB_PLATFORM_POSIX" "-DROCKSDB_LIB_IO_POSIX" "-DROCKSDB_SUPPORT_THREAD_LOCAL" "-o" "/opt/rustwide/target/debug/build/librocksdb-sys-dcac7b18eb7feeb7/out/rocksdb/db/blob/blob_file_reader.o" "-c" "rocksdb/db/blob/blob_file_reader.cc"
[INFO] [stderr]   running: "c++" "-O0" "-ffunction-sections" "-fdata-sections" "-fPIC" "-g" "-fno-omit-frame-pointer" "-m64" "-I" "rocksdb/include/" "-I" "rocksdb/" "-I" "rocksdb/third-party/gtest-1.8.1/fused-src/" "-I" "snappy/" "-I" "lz4/lib/" "-I" "/opt/rustwide/cargo-home/registry/src/github.com-1ecc6299db9ec823/zstd-sys-1.6.3+zstd.1.5.2/zstd/lib" "-I" "/opt/rustwide/target/debug/build/libz-sys-84a9ffe93ee98be8/out/include" "-I" "/opt/rustwide/target/debug/build/bzip2-sys-3eeae822f559bba9/out/include" "-I" "." "-Wall" "-Wextra" "-std=c++11" "-Wno-unused-parameter" "-msse2" "-DSNAPPY=1" "-DLZ4=1" "-DZSTD=1" "-DZLIB=1" "-DBZIP2=1" "-DNDEBUG=1" "-DOS_LINUX" "-DROCKSDB_PLATFORM_POSIX" "-DROCKSDB_LIB_IO_POSIX" "-DROCKSDB_SUPPORT_THREAD_LOCAL" "-o" "/opt/rustwide/target/debug/build/librocksdb-sys-dcac7b18eb7feeb7/out/rocksdb/db/arena_wrapped_db_iter.o" "-c" "rocksdb/db/arena_wrapped_db_iter.cc"
[INFO] [stderr]   running: "c++" "-O0" "-ffunction-sections" "-fdata-sections" "-fPIC" "-g" "-fno-omit-frame-pointer" "-m64" "-I" "rocksdb/include/" "-I" "rocksdb/" "-I" "rocksdb/third-party/gtest-1.8.1/fused-src/" "-I" "snappy/" "-I" "lz4/lib/" "-I" "/opt/rustwide/cargo-home/registry/src/github.com-1ecc6299db9ec823/zstd-sys-1.6.3+zstd.1.5.2/zstd/lib" "-I" "/opt/rustwide/target/debug/build/libz-sys-84a9ffe93ee98be8/out/include" "-I" "/opt/rustwide/target/debug/build/bzip2-sys-3eeae822f559bba9/out/include" "-I" "." "-Wall" "-Wextra" "-std=c++11" "-Wno-unused-parameter" "-msse2" "-DSNAPPY=1" "-DLZ4=1" "-DZSTD=1" "-DZLIB=1" "-DBZIP2=1" "-DNDEBUG=1" "-DOS_LINUX" "-DROCKSDB_PLATFORM_POSIX" "-DROCKSDB_LIB_IO_POSIX" "-DROCKSDB_SUPPORT_THREAD_LOCAL" "-o" "/opt/rustwide/target/debug/build/librocksdb-sys-dcac7b18eb7feeb7/out/rocksdb/cache/cache_reservation_manager.o" "-c" "rocksdb/cache/cache_reservation_manager.cc"
[INFO] [stderr]   running: "c++" "-O0" "-ffunction-sections" "-fdata-sections" "-fPIC" "-g" "-fno-omit-frame-pointer" "-m64" "-I" "rocksdb/include/" "-I" "rocksdb/" "-I" "rocksdb/third-party/gtest-1.8.1/fused-src/" "-I" "snappy/" "-I" "lz4/lib/" "-I" "/opt/rustwide/cargo-home/registry/src/github.com-1ecc6299db9ec823/zstd-sys-1.6.3+zstd.1.5.2/zstd/lib" "-I" "/opt/rustwide/target/debug/build/libz-sys-84a9ffe93ee98be8/out/include" "-I" "/opt/rustwide/target/debug/build/bzip2-sys-3eeae822f559bba9/out/include" "-I" "." "-Wall" "-Wextra" "-std=c++11" "-Wno-unused-parameter" "-msse2" "-DSNAPPY=1" "-DLZ4=1" "-DZSTD=1" "-DZLIB=1" "-DBZIP2=1" "-DNDEBUG=1" "-DOS_LINUX" "-DROCKSDB_PLATFORM_POSIX" "-DROCKSDB_LIB_IO_POSIX" "-DROCKSDB_SUPPORT_THREAD_LOCAL" "-o" "/opt/rustwide/target/debug/build/librocksdb-sys-dcac7b18eb7feeb7/out/rocksdb/db/blob/blob_file_builder.o" "-c" "rocksdb/db/blob/blob_file_builder.cc"
[INFO] [stderr]   running: "c++" "-O0" "-ffunction-sections" "-fdata-sections" "-fPIC" "-g" "-fno-omit-frame-pointer" "-m64" "-I" "rocksdb/include/" "-I" "rocksdb/" "-I" "rocksdb/third-party/gtest-1.8.1/fused-src/" "-I" "snappy/" "-I" "lz4/lib/" "-I" "/opt/rustwide/cargo-home/registry/src/github.com-1ecc6299db9ec823/zstd-sys-1.6.3+zstd.1.5.2/zstd/lib" "-I" "/opt/rustwide/target/debug/build/libz-sys-84a9ffe93ee98be8/out/include" "-I" "/opt/rustwide/target/debug/build/bzip2-sys-3eeae822f559bba9/out/include" "-I" "." "-Wall" "-Wextra" "-std=c++11" "-Wno-unused-parameter" "-msse2" "-DSNAPPY=1" "-DLZ4=1" "-DZSTD=1" "-DZLIB=1" "-DBZIP2=1" "-DNDEBUG=1" "-DOS_LINUX" "-DROCKSDB_PLATFORM_POSIX" "-DROCKSDB_LIB_IO_POSIX" "-DROCKSDB_SUPPORT_THREAD_LOCAL" "-o" "/opt/rustwide/target/debug/build/librocksdb-sys-dcac7b18eb7feeb7/out/rocksdb/db/blob/blob_file_meta.o" "-c" "rocksdb/db/blob/blob_file_meta.cc"
[INFO] [stderr]   running: "c++" "-O0" "-ffunction-sections" "-fdata-sections" "-fPIC" "-g" "-fno-omit-frame-pointer" "-m64" "-I" "rocksdb/include/" "-I" "rocksdb/" "-I" "rocksdb/third-party/gtest-1.8.1/fused-src/" "-I" "snappy/" "-I" "lz4/lib/" "-I" "/opt/rustwide/cargo-home/registry/src/github.com-1ecc6299db9ec823/zstd-sys-1.6.3+zstd.1.5.2/zstd/lib" "-I" "/opt/rustwide/target/debug/build/libz-sys-84a9ffe93ee98be8/out/include" "-I" "/opt/rustwide/target/debug/build/bzip2-sys-3eeae822f559bba9/out/include" "-I" "." "-Wall" "-Wextra" "-std=c++11" "-Wno-unused-parameter" "-msse2" "-DSNAPPY=1" "-DLZ4=1" "-DZSTD=1" "-DZLIB=1" "-DBZIP2=1" "-DNDEBUG=1" "-DOS_LINUX" "-DROCKSDB_PLATFORM_POSIX" "-DROCKSDB_LIB_IO_POSIX" "-DROCKSDB_SUPPORT_THREAD_LOCAL" "-o" "/opt/rustwide/target/debug/build/librocksdb-sys-dcac7b18eb7feeb7/out/rocksdb/db/blob/blob_file_cache.o" "-c" "rocksdb/db/blob/blob_file_cache.cc"
[INFO] [stderr]   running: "c++" "-O0" "-ffunction-sections" "-fdata-sections" "-fPIC" "-g" "-fno-omit-frame-pointer" "-m64" "-I" "rocksdb/include/" "-I" "rocksdb/" "-I" "rocksdb/third-party/gtest-1.8.1/fused-src/" "-I" "snappy/" "-I" "lz4/lib/" "-I" "/opt/rustwide/cargo-home/registry/src/github.com-1ecc6299db9ec823/zstd-sys-1.6.3+zstd.1.5.2/zstd/lib" "-I" "/opt/rustwide/target/debug/build/libz-sys-84a9ffe93ee98be8/out/include" "-I" "/opt/rustwide/target/debug/build/bzip2-sys-3eeae822f559bba9/out/include" "-I" "." "-Wall" "-Wextra" "-std=c++11" "-Wno-unused-parameter" "-msse2" "-DSNAPPY=1" "-DLZ4=1" "-DZSTD=1" "-DZLIB=1" "-DBZIP2=1" "-DNDEBUG=1" "-DOS_LINUX" "-DROCKSDB_PLATFORM_POSIX" "-DROCKSDB_LIB_IO_POSIX" "-DROCKSDB_SUPPORT_THREAD_LOCAL" "-o" "/opt/rustwide/target/debug/build/librocksdb-sys-dcac7b18eb7feeb7/out/rocksdb/db/blob/blob_file_garbage.o" "-c" "rocksdb/db/blob/blob_file_garbage.cc"
[INFO] [stderr]   exit status: 0
[INFO] [stderr]   running: "c++" "-O0" "-ffunction-sections" "-fdata-sections" "-fPIC" "-g" "-fno-omit-frame-pointer" "-m64" "-I" "rocksdb/include/" "-I" "rocksdb/" "-I" "rocksdb/third-party/gtest-1.8.1/fused-src/" "-I" "snappy/" "-I" "lz4/lib/" "-I" "/opt/rustwide/cargo-home/registry/src/github.com-1ecc6299db9ec823/zstd-sys-1.6.3+zstd.1.5.2/zstd/lib" "-I" "/opt/rustwide/target/debug/build/libz-sys-84a9ffe93ee98be8/out/include" "-I" "/opt/rustwide/target/debug/build/bzip2-sys-3eeae822f559bba9/out/include" "-I" "." "-Wall" "-Wextra" "-std=c++11" "-Wno-unused-parameter" "-msse2" "-DSNAPPY=1" "-DLZ4=1" "-DZSTD=1" "-DZLIB=1" "-DBZIP2=1" "-DNDEBUG=1" "-DOS_LINUX" "-DROCKSDB_PLATFORM_POSIX" "-DROCKSDB_LIB_IO_POSIX" "-DROCKSDB_SUPPORT_THREAD_LOCAL" "-o" "/opt/rustwide/target/debug/build/librocksdb-sys-dcac7b18eb7feeb7/out/rocksdb/db/blob/blob_log_format.o" "-c" "rocksdb/db/blob/blob_log_format.cc"
[INFO] [stderr]   exit status: 0
[INFO] [stderr]   running: "c++" "-O0" "-ffunction-sections" "-fdata-sections" "-fPIC" "-g" "-fno-omit-frame-pointer" "-m64" "-I" "rocksdb/include/" "-I" "rocksdb/" "-I" "rocksdb/third-party/gtest-1.8.1/fused-src/" "-I" "snappy/" "-I" "lz4/lib/" "-I" "/opt/rustwide/cargo-home/registry/src/github.com-1ecc6299db9ec823/zstd-sys-1.6.3+zstd.1.5.2/zstd/lib" "-I" "/opt/rustwide/target/debug/build/libz-sys-84a9ffe93ee98be8/out/include" "-I" "/opt/rustwide/target/debug/build/bzip2-sys-3eeae822f559bba9/out/include" "-I" "." "-Wall" "-Wextra" "-std=c++11" "-Wno-unused-parameter" "-msse2" "-DSNAPPY=1" "-DLZ4=1" "-DZSTD=1" "-DZLIB=1" "-DBZIP2=1" "-DNDEBUG=1" "-DOS_LINUX" "-DROCKSDB_PLATFORM_POSIX" "-DROCKSDB_LIB_IO_POSIX" "-DROCKSDB_SUPPORT_THREAD_LOCAL" "-o" "/opt/rustwide/target/debug/build/librocksdb-sys-dcac7b18eb7feeb7/out/rocksdb/db/blob/blob_log_sequential_reader.o" "-c" "rocksdb/db/blob/blob_log_sequential_reader.cc"
[INFO] [stderr]   cargo:warning=c++: fatal error: Killed signal terminated program cc1plus
[INFO] [stderr]   cargo:warning=compilation terminated.
[INFO] [stderr]   exit status: 1
[INFO] [stderr]   running: "c++" "-O0" "-ffunction-sections" "-fdata-sections" "-fPIC" "-g" "-fno-omit-frame-pointer" "-m64" "-I" "rocksdb/include/" "-I" "rocksdb/" "-I" "rocksdb/third-party/gtest-1.8.1/fused-src/" "-I" "snappy/" "-I" "lz4/lib/" "-I" "/opt/rustwide/cargo-home/registry/src/github.com-1ecc6299db9ec823/zstd-sys-1.6.3+zstd.1.5.2/zstd/lib" "-I" "/opt/rustwide/target/debug/build/libz-sys-84a9ffe93ee98be8/out/include" "-I" "/opt/rustwide/target/debug/build/bzip2-sys-3eeae822f559bba9/out/include" "-I" "." "-Wall" "-Wextra" "-std=c++11" "-Wno-unused-parameter" "-msse2" "-DSNAPPY=1" "-DLZ4=1" "-DZSTD=1" "-DZLIB=1" "-DBZIP2=1" "-DNDEBUG=1" "-DOS_LINUX" "-DROCKSDB_PLATFORM_POSIX" "-DROCKSDB_LIB_IO_POSIX" "-DROCKSDB_SUPPORT_THREAD_LOCAL" "-o" "/opt/rustwide/target/debug/build/librocksdb-sys-dcac7b18eb7feeb7/out/rocksdb/db/blob/blob_log_writer.o" "-c" "rocksdb/db/blob/blob_log_writer.cc"
[INFO] [stderr]   exit status: 0
[INFO] [stderr]   exit status: 0
[INFO] [stderr]   exit status: 0
[INFO] [stderr]   cargo:warning=c++: fatal error: Killed signal terminated program cc1plus
[INFO] [stderr]   cargo:warning=compilation terminated.
[INFO] [stderr]   exit status: 1
[INFO] [stderr]   cargo:warning=c++: fatal error: Killed signal terminated program cc1plus
[INFO] [stderr]   cargo:warning=compilation terminated.
[INFO] [stderr]   exit status: 1
[INFO] [stderr]   exit status: 0
[INFO] [stderr]   cargo:warning=c++: fatal error: Killed signal terminated program cc1plus
[INFO] [stderr]   cargo:warning=compilation terminated.
[INFO] [stderr]   exit status: 1
[INFO] [stderr]   exit status: 0
[INFO] [stderr]   exit status: 0
[INFO] [stderr]   exit status: 0
[INFO] [stderr]   exit status: 0
[INFO] [stderr]   exit status: 0
[INFO] [stderr]   exit status: 0
[INFO] [stderr]   exit status: 0
[INFO] [stderr]   exit status: 0
[INFO] [stderr]   exit status: 0
[INFO] [stderr] 
[INFO] [stderr]   --- stderr
[INFO] [stderr]   error: 'rustfmt' is not installed for the toolchain '1.69.0-x86_64-unknown-linux-gnu'
[INFO] [stderr]   To install, run `rustup component add rustfmt --toolchain 1.69.0-x86_64-unknown-linux-gnu`
[INFO] [stderr]   Failed to run rustfmt: Internal rustfmt error (non-fatal, continuing)
[INFO] [stderr] 
[INFO] [stderr] 
[INFO] [stderr]   error occurred: Command "c++" "-O0" "-ffunction-sections" "-fdata-sections" "-fPIC" "-g" "-fno-omit-frame-pointer" "-m64" "-I" "rocksdb/include/" "-I" "rocksdb/" "-I" "rocksdb/third-party/gtest-1.8.1/fused-src/" "-I" "snappy/" "-I" "lz4/lib/" "-I" "/opt/rustwide/cargo-home/registry/src/github.com-1ecc6299db9ec823/zstd-sys-1.6.3+zstd.1.5.2/zstd/lib" "-I" "/opt/rustwide/target/debug/build/libz-sys-84a9ffe93ee98be8/out/include" "-I" "/opt/rustwide/target/debug/build/bzip2-sys-3eeae822f559bba9/out/include" "-I" "." "-Wall" "-Wextra" "-std=c++11" "-Wno-unused-parameter" "-msse2" "-DSNAPPY=1" "-DLZ4=1" "-DZSTD=1" "-DZLIB=1" "-DBZIP2=1" "-DNDEBUG=1" "-DOS_LINUX" "-DROCKSDB_PLATFORM_POSIX" "-DROCKSDB_LIB_IO_POSIX" "-DROCKSDB_SUPPORT_THREAD_LOCAL" "-o" "/opt/rustwide/target/debug/build/librocksdb-sys-dcac7b18eb7feeb7/out/rocksdb/cache/cache.o" "-c" "rocksdb/cache/cache.cc" with args "c++" did not execute successfully (status code exit status: 1).
[INFO] [stderr] 
[INFO] [stderr] 
[INFO] running `Command { std: "docker" "inspect" "b4a2b7c8bfd7a7df478af3dc62c3eb7028b2f91bcf12d668299d32b1da0d54e7", kill_on_drop: false }`
[INFO] running `Command { std: "docker" "rm" "-f" "b4a2b7c8bfd7a7df478af3dc62c3eb7028b2f91bcf12d668299d32b1da0d54e7", kill_on_drop: false }`
[INFO] [stdout] b4a2b7c8bfd7a7df478af3dc62c3eb7028b2f91bcf12d668299d32b1da0d54e7
