[INFO] fetching crate m68000 0.1.1...
[INFO] documenting m68000-0.1.1 against 1.69.0 for beta-1.70-rustdoc-1
[INFO] extracting crate m68000 0.1.1 into /workspace/builds/worker-0-tc1/source
[INFO] validating manifest of crates.io crate m68000 0.1.1 on toolchain 1.69.0
[INFO] running `Command { std: CARGO_HOME="/workspace/cargo-home" RUSTUP_HOME="/workspace/rustup-home" "/workspace/cargo-home/bin/cargo" "+1.69.0" "metadata" "--manifest-path" "Cargo.toml" "--no-deps", kill_on_drop: false }`
[INFO] started tweaking crates.io crate m68000 0.1.1
[INFO] finished tweaking crates.io crate m68000 0.1.1
[INFO] tweaked toml for crates.io crate m68000 0.1.1 written to /workspace/builds/worker-0-tc1/source/Cargo.toml
[INFO] crate crates.io crate m68000 0.1.1 already has a lockfile, it will not be regenerated
[INFO] running `Command { std: CARGO_HOME="/workspace/cargo-home" RUSTUP_HOME="/workspace/rustup-home" "/workspace/cargo-home/bin/cargo" "+1.69.0" "fetch" "--manifest-path" "Cargo.toml", kill_on_drop: false }`
[INFO] running `Command { std: "docker" "create" "-v" "/var/lib/crater-agent-workspace/builds/worker-0-tc1/target:/opt/rustwide/target:rw,Z" "-v" "/var/lib/crater-agent-workspace/builds/worker-0-tc1/source:/opt/rustwide/workdir:ro,Z" "-v" "/var/lib/crater-agent-workspace/cargo-home:/opt/rustwide/cargo-home:ro,Z" "-v" "/var/lib/crater-agent-workspace/rustup-home:/opt/rustwide/rustup-home:ro,Z" "-e" "SOURCE_DIR=/opt/rustwide/workdir" "-e" "CARGO_TARGET_DIR=/opt/rustwide/target" "-e" "CARGO_HOME=/opt/rustwide/cargo-home" "-e" "RUSTUP_HOME=/opt/rustwide/rustup-home" "-w" "/opt/rustwide/workdir" "-m" "1610612736" "--user" "0:0" "--network" "none" "ghcr.io/rust-lang/crates-build-env/linux@sha256:5ff2268d62e97bff2cde7d5815dd6ed5b47097566f13b8d0ca110b04b60e07ed" "/opt/rustwide/cargo-home/bin/cargo" "+1.69.0" "metadata" "--no-deps" "--format-version=1", kill_on_drop: false }`
[INFO] [stdout] f0cdf6722e42e30c39447826469dde455adde327b3434e06f6cc69393346a119
[INFO] running `Command { std: "docker" "start" "-a" "f0cdf6722e42e30c39447826469dde455adde327b3434e06f6cc69393346a119", kill_on_drop: false }`
[INFO] running `Command { std: "docker" "inspect" "f0cdf6722e42e30c39447826469dde455adde327b3434e06f6cc69393346a119", kill_on_drop: false }`
[INFO] running `Command { std: "docker" "rm" "-f" "f0cdf6722e42e30c39447826469dde455adde327b3434e06f6cc69393346a119", kill_on_drop: false }`
[INFO] [stdout] f0cdf6722e42e30c39447826469dde455adde327b3434e06f6cc69393346a119
[INFO] running `Command { std: "docker" "create" "-v" "/var/lib/crater-agent-workspace/builds/worker-0-tc1/target:/opt/rustwide/target:rw,Z" "-v" "/var/lib/crater-agent-workspace/builds/worker-0-tc1/source:/opt/rustwide/workdir:ro,Z" "-v" "/var/lib/crater-agent-workspace/cargo-home:/opt/rustwide/cargo-home:ro,Z" "-v" "/var/lib/crater-agent-workspace/rustup-home:/opt/rustwide/rustup-home:ro,Z" "-e" "SOURCE_DIR=/opt/rustwide/workdir" "-e" "CARGO_TARGET_DIR=/opt/rustwide/target" "-e" "CARGO_INCREMENTAL=0" "-e" "RUST_BACKTRACE=full" "-e" "RUSTFLAGS=--cap-lints=warn" "-e" "RUSTDOCFLAGS=--cap-lints=warn" "-e" "CARGO_HOME=/opt/rustwide/cargo-home" "-e" "RUSTUP_HOME=/opt/rustwide/rustup-home" "-w" "/opt/rustwide/workdir" "-m" "1610612736" "--user" "0:0" "--network" "none" "ghcr.io/rust-lang/crates-build-env/linux@sha256:5ff2268d62e97bff2cde7d5815dd6ed5b47097566f13b8d0ca110b04b60e07ed" "/opt/rustwide/cargo-home/bin/cargo" "+1.69.0" "doc" "--frozen" "--no-deps" "--document-private-items" "--message-format=json", kill_on_drop: false }`
[INFO] [stdout] 96aa7e3a17de2ae4b1e4ab1760e6e2fe1f9597bbacab1aa61bdee12433dc7a72
[INFO] running `Command { std: "docker" "start" "-a" "96aa7e3a17de2ae4b1e4ab1760e6e2fe1f9597bbacab1aa61bdee12433dc7a72", kill_on_drop: false }`
[INFO] [stderr]  Documenting m68000 v0.1.1 (/opt/rustwide/workdir)
[INFO] [stderr]     Checking m68000 v0.1.1 (/opt/rustwide/workdir)
[INFO] [stdout] error: You must specify one and only one CPU type feature.
[INFO] [stdout]   --> src/lib.rs:74:1
[INFO] [stdout]    |
[INFO] [stdout] 74 | compile_error!("You must specify one and only one CPU type feature.");
[INFO] [stdout]    | ^^^^^^^^^^^^^^^^^^^^^^^^^^^^^^^^^^^^^^^^^^^^^^^^^^^^^^^^^^^^^^^^^^^^^
[INFO] [stdout] 
[INFO] [stdout] 
[INFO] [stdout] error: You must specify one and only one CPU type feature.
[INFO] [stdout]   --> src/lib.rs:74:1
[INFO] [stdout]    |
[INFO] [stdout] 74 | compile_error!("You must specify one and only one CPU type feature.");
[INFO] [stdout]    | ^^^^^^^^^^^^^^^^^^^^^^^^^^^^^^^^^^^^^^^^^^^^^^^^^^^^^^^^^^^^^^^^^^^^^
[INFO] [stdout] 
[INFO] [stdout] 
[INFO] [stdout] error[E0432]: unresolved import `crate::execution_times`
[INFO] [stdout]  --> src/addressing_modes.rs:4:5
[INFO] [stdout]   |
[INFO] [stdout] 4 | use crate::execution_times as EXEC;
[INFO] [stdout]   |     ^^^^^^^^^^^^^^^^^^^^^^^^^^^^^^ no `execution_times` in the root
[INFO] [stdout] 
[INFO] [stdout] 
[INFO] [stdout] error[E0432]: unresolved import `crate::execution_times`
[INFO] [stdout]  --> src/exception.rs:4:5
[INFO] [stdout]   |
[INFO] [stdout] 4 | use crate::execution_times as EXEC;
[INFO] [stdout]   |     ^^^^^^^^^^^^^^^^^^^^^^^^^^^^^^ no `execution_times` in the root
[INFO] [stdout] 
[INFO] [stdout] 
[INFO] [stdout] error[E0432]: unresolved import `crate::execution_times`
[INFO] [stdout]  --> src/interpreter.rs:4:5
[INFO] [stdout]   |
[INFO] [stdout] 4 | use crate::execution_times as EXEC;
[INFO] [stdout]   |     ^^^^^^^^^^^^^^^^^^^^^^^^^^^^^^ no `execution_times` in the root
[INFO] [stdout] 
[INFO] [stdout] 
[INFO] [stdout] error[E0432]: unresolved import `crate::execution_times`
[INFO] [stdout]  --> src/memory_access.rs:6:5
[INFO] [stdout]   |
[INFO] [stdout] 6 | use crate::execution_times as EXEC;
[INFO] [stdout]   |     ^^^^^^^^^^^^^^^^^^^^^^^^^^^^^^ no `execution_times` in the root
[INFO] [stdout] 
[INFO] [stdout] 
[INFO] [stdout] error[E0432]: unresolved import `crate::execution_times`
[INFO] [stdout]  --> src/addressing_modes.rs:4:5
[INFO] [stdout]   |
[INFO] [stdout] 4 | use crate::execution_times as EXEC;
[INFO] [stdout]   |     ^^^^^^^^^^^^^^^^^^^^^^^^^^^^^^ no `execution_times` in the root
[INFO] [stdout] 
[INFO] [stdout] 
[INFO] [stdout] error[E0432]: unresolved import `crate::execution_times`
[INFO] [stdout]  --> src/exception.rs:4:5
[INFO] [stdout]   |
[INFO] [stdout] 4 | use crate::execution_times as EXEC;
[INFO] [stdout]   |     ^^^^^^^^^^^^^^^^^^^^^^^^^^^^^^ no `execution_times` in the root
[INFO] [stdout] 
[INFO] [stdout] 
[INFO] [stdout] error[E0432]: unresolved import `crate::execution_times`
[INFO] [stdout]  --> src/interpreter.rs:4:5
[INFO] [stdout]   |
[INFO] [stdout] 4 | use crate::execution_times as EXEC;
[INFO] [stdout]   |     ^^^^^^^^^^^^^^^^^^^^^^^^^^^^^^ no `execution_times` in the root
[INFO] [stdout] 
[INFO] [stdout] 
[INFO] [stdout] error[E0432]: unresolved import `crate::execution_times`
[INFO] [stdout]  --> src/memory_access.rs:6:5
[INFO] [stdout]   |
[INFO] [stdout] 6 | use crate::execution_times as EXEC;
[INFO] [stdout]   |     ^^^^^^^^^^^^^^^^^^^^^^^^^^^^^^ no `execution_times` in the root
[INFO] [stdout] 
[INFO] [stdout] 
[INFO] [stdout] error[E0554]: `#![feature]` may not be used on the stable release channel
[INFO] [stdout]   --> src/lib.rs:68:12
[INFO] [stdout]    |
[INFO] [stdout] 68 | #![feature(btree_drain_filter)]
[INFO] [stdout]    |            ^^^^^^^^^^^^^^^^^^
[INFO] [stdout] 
[INFO] [stdout] 
[INFO] [stdout] error: aborting due to 5 previous errors
[INFO] [stdout] 
[INFO] [stdout] 
[INFO] [stdout] For more information about this error, try `rustc --explain E0432`.
[INFO] [stdout] 
[INFO] [stderr] error: could not document `m68000`
[INFO] [stderr] 
[INFO] [stderr] Caused by:
[INFO] [stderr]   process didn't exit successfully: `rustdoc --edition=2021 --crate-type lib --crate-type staticlib --crate-name m68000 src/lib.rs -o /opt/rustwide/target/doc --error-format=json --json=diagnostic-rendered-ansi,artifacts,future-incompat --document-private-items -C metadata=48c7e4d748223f66 -L dependency=/opt/rustwide/target/debug/deps --cap-lints=warn --crate-version 0.1.1` (exit status: 1)
[INFO] [stderr] warning: build failed, waiting for other jobs to finish...
[INFO] [stdout] error: aborting due to 6 previous errors
[INFO] [stdout] 
[INFO] [stdout] 
[INFO] [stdout] Some errors have detailed explanations: E0432, E0554.
[INFO] [stdout] 
[INFO] [stdout] For more information about an error, try `rustc --explain E0432`.
[INFO] [stdout] 
[INFO] [stderr] error: could not compile `m68000` due to 7 previous errors
[INFO] running `Command { std: "docker" "inspect" "96aa7e3a17de2ae4b1e4ab1760e6e2fe1f9597bbacab1aa61bdee12433dc7a72", kill_on_drop: false }`
[INFO] running `Command { std: "docker" "rm" "-f" "96aa7e3a17de2ae4b1e4ab1760e6e2fe1f9597bbacab1aa61bdee12433dc7a72", kill_on_drop: false }`
[INFO] [stdout] 96aa7e3a17de2ae4b1e4ab1760e6e2fe1f9597bbacab1aa61bdee12433dc7a72
