[INFO] fetching crate libsrt-sys 1.4.13...
[INFO] documenting libsrt-sys-1.4.13 against beta-2023-04-20 for beta-1.70-rustdoc-1
[INFO] extracting crate libsrt-sys 1.4.13 into /workspace/builds/worker-6-tc2/source
[INFO] validating manifest of crates.io crate libsrt-sys 1.4.13 on toolchain beta-2023-04-20
[INFO] running `Command { std: CARGO_HOME="/workspace/cargo-home" RUSTUP_HOME="/workspace/rustup-home" "/workspace/cargo-home/bin/cargo" "+beta-2023-04-20" "metadata" "--manifest-path" "Cargo.toml" "--no-deps", kill_on_drop: false }`
[INFO] started tweaking crates.io crate libsrt-sys 1.4.13
[INFO] finished tweaking crates.io crate libsrt-sys 1.4.13
[INFO] tweaked toml for crates.io crate libsrt-sys 1.4.13 written to /workspace/builds/worker-6-tc2/source/Cargo.toml
[INFO] running `Command { std: CARGO_HOME="/workspace/cargo-home" RUSTUP_HOME="/workspace/rustup-home" __CARGO_TEST_CHANNEL_OVERRIDE_DO_NOT_USE_THIS="nightly" "/workspace/cargo-home/bin/cargo" "+beta-2023-04-20" "generate-lockfile" "--manifest-path" "Cargo.toml" "-Zno-index-update", kill_on_drop: false }`
[INFO] running `Command { std: CARGO_HOME="/workspace/cargo-home" RUSTUP_HOME="/workspace/rustup-home" "/workspace/cargo-home/bin/cargo" "+beta-2023-04-20" "fetch" "--manifest-path" "Cargo.toml", kill_on_drop: false }`
[INFO] running `Command { std: "docker" "create" "-v" "/var/lib/crater-agent-workspace/builds/worker-6-tc2/target:/opt/rustwide/target:rw,Z" "-v" "/var/lib/crater-agent-workspace/builds/worker-6-tc2/source:/opt/rustwide/workdir:ro,Z" "-v" "/var/lib/crater-agent-workspace/cargo-home:/opt/rustwide/cargo-home:ro,Z" "-v" "/var/lib/crater-agent-workspace/rustup-home:/opt/rustwide/rustup-home:ro,Z" "-e" "SOURCE_DIR=/opt/rustwide/workdir" "-e" "CARGO_TARGET_DIR=/opt/rustwide/target" "-e" "CARGO_HOME=/opt/rustwide/cargo-home" "-e" "RUSTUP_HOME=/opt/rustwide/rustup-home" "-w" "/opt/rustwide/workdir" "-m" "1610612736" "--user" "0:0" "--network" "none" "ghcr.io/rust-lang/crates-build-env/linux@sha256:5ff2268d62e97bff2cde7d5815dd6ed5b47097566f13b8d0ca110b04b60e07ed" "/opt/rustwide/cargo-home/bin/cargo" "+beta-2023-04-20" "metadata" "--no-deps" "--format-version=1", kill_on_drop: false }`
[INFO] [stdout] 56f83442abb84e6a3dfadd32c94069c4cfca3f4a3759e7b06f86504ec23a312d
[INFO] running `Command { std: "docker" "start" "-a" "56f83442abb84e6a3dfadd32c94069c4cfca3f4a3759e7b06f86504ec23a312d", kill_on_drop: false }`
[INFO] running `Command { std: "docker" "inspect" "56f83442abb84e6a3dfadd32c94069c4cfca3f4a3759e7b06f86504ec23a312d", kill_on_drop: false }`
[INFO] running `Command { std: "docker" "rm" "-f" "56f83442abb84e6a3dfadd32c94069c4cfca3f4a3759e7b06f86504ec23a312d", kill_on_drop: false }`
[INFO] [stdout] 56f83442abb84e6a3dfadd32c94069c4cfca3f4a3759e7b06f86504ec23a312d
[INFO] running `Command { std: "docker" "create" "-v" "/var/lib/crater-agent-workspace/builds/worker-6-tc2/target:/opt/rustwide/target:rw,Z" "-v" "/var/lib/crater-agent-workspace/builds/worker-6-tc2/source:/opt/rustwide/workdir:ro,Z" "-v" "/var/lib/crater-agent-workspace/cargo-home:/opt/rustwide/cargo-home:ro,Z" "-v" "/var/lib/crater-agent-workspace/rustup-home:/opt/rustwide/rustup-home:ro,Z" "-e" "SOURCE_DIR=/opt/rustwide/workdir" "-e" "CARGO_TARGET_DIR=/opt/rustwide/target" "-e" "CARGO_INCREMENTAL=0" "-e" "RUST_BACKTRACE=full" "-e" "RUSTFLAGS=--cap-lints=warn" "-e" "RUSTDOCFLAGS=--cap-lints=warn" "-e" "CARGO_HOME=/opt/rustwide/cargo-home" "-e" "RUSTUP_HOME=/opt/rustwide/rustup-home" "-w" "/opt/rustwide/workdir" "-m" "1610612736" "--user" "0:0" "--network" "none" "ghcr.io/rust-lang/crates-build-env/linux@sha256:5ff2268d62e97bff2cde7d5815dd6ed5b47097566f13b8d0ca110b04b60e07ed" "/opt/rustwide/cargo-home/bin/cargo" "+beta-2023-04-20" "doc" "--frozen" "--no-deps" "--document-private-items" "--message-format=json", kill_on_drop: false }`
[INFO] [stdout] 7cda33d1d3d32e3a7569d3cfab5725630fc2ba8fd3a7897583fe168eef070a61
[INFO] running `Command { std: "docker" "start" "-a" "7cda33d1d3d32e3a7569d3cfab5725630fc2ba8fd3a7897583fe168eef070a61", kill_on_drop: false }`
[INFO] [stderr]    Compiling libc v0.2.142
[INFO] [stderr]    Compiling memchr v2.5.0
[INFO] [stderr]    Compiling glob v0.3.1
[INFO] [stderr]    Compiling version_check v0.9.4
[INFO] [stderr]    Compiling proc-macro2 v1.0.56
[INFO] [stderr]    Compiling log v0.4.17
[INFO] [stderr]    Compiling regex-syntax v0.7.1
[INFO] [stderr]    Compiling quote v1.0.26
[INFO] [stderr]    Compiling unicode-width v0.1.10
[INFO] [stderr]    Compiling textwrap v0.11.0
[INFO] [stderr]    Compiling nom v5.1.3
[INFO] [stderr]    Compiling clang-sys v1.6.1
[INFO] [stderr]    Compiling libloading v0.7.4
[INFO] [stderr]    Compiling termcolor v1.2.0
[INFO] [stderr]    Compiling bitflags v1.3.2
[INFO] [stderr]    Compiling aho-corasick v1.0.1
[INFO] [stderr]    Compiling humantime v2.1.0
[INFO] [stderr]    Compiling vec_map v0.8.2
[INFO] [stderr]    Compiling strsim v0.8.0
[INFO] [stderr]    Compiling ansi_term v0.12.1
[INFO] [stderr]    Compiling atty v0.2.14
[INFO] [stderr]    Compiling bindgen v0.56.0
[INFO] [stderr]    Compiling which v3.1.1
[INFO] [stderr]    Compiling clap v2.34.0
[INFO] [stderr]    Compiling lazycell v1.3.0
[INFO] [stderr]    Compiling peeking_take_while v0.1.2
[INFO] [stderr]    Compiling rustc-hash v1.1.0
[INFO] [stderr]    Compiling shlex v0.1.1
[INFO] [stderr]    Compiling regex v1.8.1
[INFO] [stderr]    Compiling lazy_static v1.4.0
[INFO] [stderr]    Compiling cc v1.0.79
[INFO] [stderr]    Compiling cmake v0.1.50
[INFO] [stderr]    Compiling cexpr v0.4.0
[INFO] [stderr]    Compiling env_logger v0.8.4
[INFO] [stderr]    Compiling libsrt-sys v1.4.13 (/opt/rustwide/workdir)
[INFO] [stderr] error: failed to run custom build command for `libsrt-sys v1.4.13 (/opt/rustwide/workdir)`
[INFO] [stderr] note: To improve backtraces for build dependencies, set the CARGO_PROFILE_DEV_BUILD_OVERRIDE_DEBUG=true environment variable to enable debug information generation.
[INFO] [stderr] 
[INFO] [stderr] Caused by:
[INFO] [stderr]   process didn't exit successfully: `/opt/rustwide/target/debug/build/libsrt-sys-b5acccad17fffd7f/build-script-build` (exit status: 101)
[INFO] [stderr]   --- stdout
[INFO] [stderr]   CMAKE_TOOLCHAIN_FILE_x86_64-unknown-linux-gnu = None
[INFO] [stderr]   CMAKE_TOOLCHAIN_FILE_x86_64_unknown_linux_gnu = None
[INFO] [stderr]   HOST_CMAKE_TOOLCHAIN_FILE = None
[INFO] [stderr]   CMAKE_TOOLCHAIN_FILE = None
[INFO] [stderr]   CMAKE_GENERATOR_x86_64-unknown-linux-gnu = None
[INFO] [stderr]   CMAKE_GENERATOR_x86_64_unknown_linux_gnu = None
[INFO] [stderr]   HOST_CMAKE_GENERATOR = None
[INFO] [stderr]   CMAKE_GENERATOR = None
[INFO] [stderr]   CMAKE_PREFIX_PATH_x86_64-unknown-linux-gnu = None
[INFO] [stderr]   CMAKE_PREFIX_PATH_x86_64_unknown_linux_gnu = None
[INFO] [stderr]   HOST_CMAKE_PREFIX_PATH = None
[INFO] [stderr]   CMAKE_PREFIX_PATH = None
[INFO] [stderr]   CMAKE_x86_64-unknown-linux-gnu = None
[INFO] [stderr]   CMAKE_x86_64_unknown_linux_gnu = None
[INFO] [stderr]   HOST_CMAKE = None
[INFO] [stderr]   CMAKE = None
[INFO] [stderr]   running: cd "/opt/rustwide/target/debug/build/libsrt-sys-c78dd5da901415ed/out/build" && CMAKE_PREFIX_PATH="" "cmake" "/opt/rustwide/workdir/libsrt" "-DENABLE_APPS=OFF" "-DCMAKE_INSTALL_PREFIX=/opt/rustwide/target/debug/build/libsrt-sys-c78dd5da901415ed/out" "-DCMAKE_C_FLAGS= -ffunction-sections -fdata-sections -fPIC -m64" "-DCMAKE_C_COMPILER=/usr/bin/cc" "-DCMAKE_CXX_FLAGS= -ffunction-sections -fdata-sections -fPIC -m64" "-DCMAKE_CXX_COMPILER=/usr/bin/c++" "-DCMAKE_ASM_FLAGS= -ffunction-sections -fdata-sections -fPIC -m64" "-DCMAKE_ASM_COMPILER=/usr/bin/cc" "-DCMAKE_BUILD_TYPE=Debug"
[INFO] [stderr]   -- The C compiler identification is GNU 11.3.0
[INFO] [stderr]   -- The CXX compiler identification is GNU 11.3.0
[INFO] [stderr]   -- Detecting C compiler ABI info
[INFO] [stderr]   -- Detecting C compiler ABI info - done
[INFO] [stderr]   -- Check for working C compiler: /usr/bin/cc - skipped
[INFO] [stderr]   -- Detecting C compile features
[INFO] [stderr]   -- Detecting C compile features - done
[INFO] [stderr]   -- Detecting CXX compiler ABI info
[INFO] [stderr]   -- Detecting CXX compiler ABI info - done
[INFO] [stderr]   -- Check for working CXX compiler: /usr/bin/c++ - skipped
[INFO] [stderr]   -- Detecting CXX compile features
[INFO] [stderr]   -- Detecting CXX compile features - done
[INFO] [stderr]   -- Found PkgConfig: /usr/bin/pkg-config (found version "0.29.2") 
[INFO] [stderr]   -- Looking for pthread.h
[INFO] [stderr]   -- Looking for pthread.h - found
[INFO] [stderr]   -- Performing Test CMAKE_HAVE_LIBC_PTHREAD
[INFO] [stderr]   -- Performing Test CMAKE_HAVE_LIBC_PTHREAD - Success
[INFO] [stderr]   -- Found Threads: TRUE  
[INFO] [stderr]   -- BUILD TYPE: Debug
[INFO] [stderr]   -- LOGGING: HEAVY
[INFO] [stderr]   -- USE_BUSY_WAITING: OFF (default)
[INFO] [stderr]   -- No WITH_COMPILER_PREFIX - using C++ compiler /usr/bin/c++
[INFO] [stderr]   -- Looking for inet_pton
[INFO] [stderr]   -- Looking for inet_pton - found
[INFO] [stderr]   -- Checking for module 'openssl libcrypto'
[INFO] [stderr]   --   Found openssl libcrypto, version 3.0.2;3.0.2
[INFO] [stderr]   -- SSL via pkg-config: -L /usr/lib/x86_64-linux-gnu -I  -l;ssl;crypto
[INFO] [stderr]   -- ENCRYPTION: ENABLED, using: openssl libcrypto
[INFO] [stderr]   -- SSL libraries: ssl;crypto
[INFO] [stderr]   -- COMPILER: GNU (/usr/bin/c++) - GNU compat
[INFO] [stderr]   -- NOTE: GNU 11.3.0 - assuming default C++11.
[INFO] [stderr]   -- STDCXX_SYNC: OFF
[INFO] [stderr]   -- DETECTED SYSTEM: LINUX;  LINUX=1
[INFO] [stderr]   -- SRT Sources: /opt/rustwide/workdir/libsrt/srtcore/api.cpp;/opt/rustwide/workdir/libsrt/srtcore/buffer.cpp;/opt/rustwide/workdir/libsrt/srtcore/cache.cpp;/opt/rustwide/workdir/libsrt/srtcore/channel.cpp;/opt/rustwide/workdir/libsrt/srtcore/common.cpp;/opt/rustwide/workdir/libsrt/srtcore/core.cpp;/opt/rustwide/workdir/libsrt/srtcore/crypto.cpp;/opt/rustwide/workdir/libsrt/srtcore/epoll.cpp;/opt/rustwide/workdir/libsrt/srtcore/fec.cpp;/opt/rustwide/workdir/libsrt/srtcore/handshake.cpp;/opt/rustwide/workdir/libsrt/srtcore/list.cpp;/opt/rustwide/workdir/libsrt/srtcore/logger_default.cpp;/opt/rustwide/workdir/libsrt/srtcore/logger_defs.cpp;/opt/rustwide/workdir/libsrt/srtcore/md5.cpp;/opt/rustwide/workdir/libsrt/srtcore/packet.cpp;/opt/rustwide/workdir/libsrt/srtcore/packetfilter.cpp;/opt/rustwide/workdir/libsrt/srtcore/queue.cpp;/opt/rustwide/workdir/libsrt/srtcore/congctl.cpp;/opt/rustwide/workdir/libsrt/srtcore/srt_c_api.cpp;/opt/rustwide/workdir/libsrt/srtcore/window.cpp;/opt/rustwide/workdir/libsrt/srtcore/srt_compat.c;/opt/rustwide/workdir/libsrt/srtcore/sync.cpp;/opt/rustwide/workdir/libsrt/srtcore/sync_posix.cpp
[INFO] [stderr]   -- APP: srt_virtual: using default C++ standard
[INFO] [stderr]   -- ADDING TRANSITIVE LINK DEP to:srt_shared :  
[INFO] [stderr]   -- ADDING TRANSITIVE LINK DEP to:srt_static :  
[INFO] [stderr]   -- INSTALL DIRS: bin=bin lib=lib shlib=lib include=include
[INFO] [stderr]   -- APPS: DISABLED
[INFO] [stderr]   -- Configuring done
[INFO] [stderr]   -- Generating done
[INFO] [stderr]   -- Build files have been written to: /opt/rustwide/target/debug/build/libsrt-sys-c78dd5da901415ed/out/build
[INFO] [stderr]   running: cd "/opt/rustwide/target/debug/build/libsrt-sys-c78dd5da901415ed/out/build" && MAKEFLAGS="-j --jobserver-fds=7,8 --jobserver-auth=7,8" "cmake" "--build" "." "--target" "install" "--config" "Debug"
[INFO] [stderr]   [  2%] Building CXX object CMakeFiles/srt_virtual.dir/srtcore/api.cpp.o
[INFO] [stderr]   [  5%] Building CXX object CMakeFiles/srt_virtual.dir/srtcore/channel.cpp.o
[INFO] [stderr]   [ 13%] Building CXX object CMakeFiles/srt_virtual.dir/srtcore/core.cpp.o
[INFO] [stderr]   [ 13%] Building CXX object CMakeFiles/srt_virtual.dir/srtcore/common.cpp.o
[INFO] [stderr]   [ 13%] Building CXX object CMakeFiles/srt_virtual.dir/srtcore/buffer.cpp.o
[INFO] [stderr]   [ 16%] Building CXX object CMakeFiles/srt_virtual.dir/srtcore/crypto.cpp.o
[INFO] [stderr]   [ 18%] Building CXX object CMakeFiles/srt_virtual.dir/srtcore/epoll.cpp.o
[INFO] [stderr]   [ 21%] Building CXX object CMakeFiles/srt_virtual.dir/srtcore/cache.cpp.o
[INFO] [stderr] 
[INFO] [stderr]   --- stderr
[INFO] [stderr]   CMake Warning:
[INFO] [stderr]     Manually-specified variables were not used by the project:
[INFO] [stderr] 
[INFO] [stderr]       CMAKE_ASM_COMPILER
[INFO] [stderr]       CMAKE_ASM_FLAGS
[INFO] [stderr] 
[INFO] [stderr] 
[INFO] [stderr]   In file included from /opt/rustwide/workdir/libsrt/srtcore/cache.h:47,
[INFO] [stderr]                    from /opt/rustwide/workdir/libsrt/srtcore/cache.cpp:45:
[INFO] [stderr]   /opt/rustwide/workdir/libsrt/srtcore/sync.h: In static member function 'static constexpr srt::sync::TimePoint<Clock> srt::sync::TimePoint<Clock>::min()':
[INFO] [stderr]   /opt/rustwide/workdir/libsrt/srtcore/sync.h:182:68: error: 'numeric_limits' was not declared in this scope
[INFO] [stderr]     182 |     static inline ATR_CONSTEXPR TimePoint min() { return TimePoint(numeric_limits<uint64_t>::min()); }
[INFO] [stderr]         |                                                                    ^~~~~~~~~~~~~~
[INFO] [stderr]   /opt/rustwide/workdir/libsrt/srtcore/sync.h:182:94: error: '::min' has not been declared; did you mean 'std::min'?
[INFO] [stderr]     182 |     static inline ATR_CONSTEXPR TimePoint min() { return TimePoint(numeric_limits<uint64_t>::min()); }
[INFO] [stderr]         |                                                                                              ^~~
[INFO] [stderr]         |                                                                                              std::min
[INFO] [stderr]   In file included from /usr/include/c++/11/algorithm:62,
[INFO] [stderr]                    from /opt/rustwide/workdir/libsrt/srtcore/utilities.h:103,
[INFO] [stderr]                    from /opt/rustwide/workdir/libsrt/srtcore/sync.h:26,
[INFO] [stderr]                    from /opt/rustwide/workdir/libsrt/srtcore/cache.h:47,
[INFO] [stderr]                    from /opt/rustwide/workdir/libsrt/srtcore/cache.cpp:45:
[INFO] [stderr]   /usr/include/c++/11/bits/stl_algo.h:3455:5: note: 'std::min' declared here
[INFO] [stderr]    3455 |     min(initializer_list<_Tp> __l, _Compare __comp)
[INFO] [stderr]         |     ^~~
[INFO] [stderr]   In file included from /opt/rustwide/workdir/libsrt/srtcore/cache.h:47,
[INFO] [stderr]                    from /opt/rustwide/workdir/libsrt/srtcore/cache.cpp:45:
[INFO] [stderr]   /opt/rustwide/workdir/libsrt/srtcore/sync.h:182:67: error: expected primary-expression before '(' token
[INFO] [stderr]     182 |     static inline ATR_CONSTEXPR TimePoint min() { return TimePoint(numeric_limits<uint64_t>::min()); }
[INFO] [stderr]         |                                                                   ^
[INFO] [stderr]   /opt/rustwide/workdir/libsrt/srtcore/sync.h:182:91: error: expected primary-expression before '>' token
[INFO] [stderr]     182 |     static inline ATR_CONSTEXPR TimePoint min() { return TimePoint(numeric_limits<uint64_t>::min()); }
[INFO] [stderr]         |                                                                                           ^
[INFO] [stderr]   /opt/rustwide/workdir/libsrt/srtcore/sync.h:182:94: error: '::min' has not been declared; did you mean 'std::min'?
[INFO] [stderr]     182 |     static inline ATR_CONSTEXPR TimePoint min() { return TimePoint(numeric_limits<uint64_t>::min()); }
[INFO] [stderr]         |                                                                                              ^~~
[INFO] [stderr]         |                                                                                              std::min
[INFO] [stderr]   In file included from /usr/include/c++/11/algorithm:62,
[INFO] [stderr]                    from /opt/rustwide/workdir/libsrt/srtcore/utilities.h:103,
[INFO] [stderr]                    from /opt/rustwide/workdir/libsrt/srtcore/sync.h:26,
[INFO] [stderr]                    from /opt/rustwide/workdir/libsrt/srtcore/cache.h:47,
[INFO] [stderr]                    from /opt/rustwide/workdir/libsrt/srtcore/cache.cpp:45:
[INFO] [stderr]   /usr/include/c++/11/bits/stl_algo.h:3455:5: note: 'std::min' declared here
[INFO] [stderr]    3455 |     min(initializer_list<_Tp> __l, _Compare __comp)
[INFO] [stderr]         |     ^~~
[INFO] [stderr]   In file included from /opt/rustwide/workdir/libsrt/srtcore/cache.h:47,
[INFO] [stderr]                    from /opt/rustwide/workdir/libsrt/srtcore/cache.cpp:45:
[INFO] [stderr]   /opt/rustwide/workdir/libsrt/srtcore/sync.h: In static member function 'static constexpr srt::sync::TimePoint<Clock> srt::sync::TimePoint<Clock>::max()':
[INFO] [stderr]   /opt/rustwide/workdir/libsrt/srtcore/sync.h:183:68: error: 'numeric_limits' was not declared in this scope
[INFO] [stderr]     183 |     static inline ATR_CONSTEXPR TimePoint max() { return TimePoint(numeric_limits<uint64_t>::max()); }
[INFO] [stderr]         |                                                                    ^~~~~~~~~~~~~~
[INFO] [stderr]   /opt/rustwide/workdir/libsrt/srtcore/sync.h:183:94: error: '::max' has not been declared; did you mean 'std::max'?
[INFO] [stderr]     183 |     static inline ATR_CONSTEXPR TimePoint max() { return TimePoint(numeric_limits<uint64_t>::max()); }
[INFO] [stderr]         |                                                                                              ^~~
[INFO] [stderr]         |                                                                                              std::max
[INFO] [stderr]   In file included from /usr/include/c++/11/algorithm:62,
[INFO] [stderr]                    from /opt/rustwide/workdir/libsrt/srtcore/utilities.h:103,
[INFO] [stderr]                    from /opt/rustwide/workdir/libsrt/srtcore/sync.h:26,
[INFO] [stderr]                    from /opt/rustwide/workdir/libsrt/srtcore/cache.h:47,
[INFO] [stderr]                    from /opt/rustwide/workdir/libsrt/srtcore/cache.cpp:45:
[INFO] [stderr]   /usr/include/c++/11/bits/stl_algo.h:3467:5: note: 'std::max' declared here
[INFO] [stderr]    3467 |     max(initializer_list<_Tp> __l, _Compare __comp)
[INFO] [stderr]         |     ^~~
[INFO] [stderr]   In file included from /opt/rustwide/workdir/libsrt/srtcore/cache.h:47,
[INFO] [stderr]                    from /opt/rustwide/workdir/libsrt/srtcore/cache.cpp:45:
[INFO] [stderr]   /opt/rustwide/workdir/libsrt/srtcore/sync.h:183:67: error: expected primary-expression before '(' token
[INFO] [stderr]     183 |     static inline ATR_CONSTEXPR TimePoint max() { return TimePoint(numeric_limits<uint64_t>::max()); }
[INFO] [stderr]         |                                                                   ^
[INFO] [stderr]   /opt/rustwide/workdir/libsrt/srtcore/sync.h:183:91: error: expected primary-expression before '>' token
[INFO] [stderr]     183 |     static inline ATR_CONSTEXPR TimePoint max() { return TimePoint(numeric_limits<uint64_t>::max()); }
[INFO] [stderr]         |                                                                                           ^
[INFO] [stderr]   /opt/rustwide/workdir/libsrt/srtcore/sync.h:183:94: error: '::max' has not been declared; did you mean 'std::max'?
[INFO] [stderr]     183 |     static inline ATR_CONSTEXPR TimePoint max() { return TimePoint(numeric_limits<uint64_t>::max()); }
[INFO] [stderr]         |                                                                                              ^~~
[INFO] [stderr]         |                                                                                              std::max
[INFO] [stderr]   In file included from /usr/include/c++/11/algorithm:62,
[INFO] [stderr]                    from /opt/rustwide/workdir/libsrt/srtcore/utilities.h:103,
[INFO] [stderr]                    from /opt/rustwide/workdir/libsrt/srtcore/sync.h:26,
[INFO] [stderr]                    from /opt/rustwide/workdir/libsrt/srtcore/cache.h:47,
[INFO] [stderr]                    from /opt/rustwide/workdir/libsrt/srtcore/cache.cpp:45:
[INFO] [stderr]   /usr/include/c++/11/bits/stl_algo.h:3467:5: note: 'std::max' declared here
[INFO] [stderr]    3467 |     max(initializer_list<_Tp> __l, _Compare __comp)
[INFO] [stderr]         |     ^~~
[INFO] [stderr]   In file included from /opt/rustwide/workdir/libsrt/srtcore/common.h:70,
[INFO] [stderr]                    from /opt/rustwide/workdir/libsrt/srtcore/packet.h:57,
[INFO] [stderr]                    from /opt/rustwide/workdir/libsrt/srtcore/crypto.h:24,
[INFO] [stderr]                    from /opt/rustwide/workdir/libsrt/srtcore/crypto.cpp:26:
[INFO] [stderr]   /opt/rustwide/workdir/libsrt/srtcore/sync.h: In static member function 'static constexpr srt::sync::TimePoint<Clock> srt::sync::TimePoint<Clock>::min()':
[INFO] [stderr]   /opt/rustwide/workdir/libsrt/srtcore/sync.h:182:68: error: 'numeric_limits' was not declared in this scope
[INFO] [stderr]     182 |     static inline ATR_CONSTEXPR TimePoint min() { return TimePoint(numeric_limits<uint64_t>::min()); }
[INFO] [stderr]         |                                                                    ^~~~~~~~~~~~~~
[INFO] [stderr]   /opt/rustwide/workdir/libsrt/srtcore/sync.h:182:94: error: '::min' has not been declared; did you mean 'std::min'?
[INFO] [stderr]     182 |     static inline ATR_CONSTEXPR TimePoint min() { return TimePoint(numeric_limits<uint64_t>::min()); }
[INFO] [stderr]         |                                                                                              ^~~
[INFO] [stderr]         |                                                                                              std::min
[INFO] [stderr]   In file included from /usr/include/c++/11/algorithm:62,
[INFO] [stderr]                    from /opt/rustwide/workdir/libsrt/srtcore/utilities.h:103,
[INFO] [stderr]                    from /opt/rustwide/workdir/libsrt/srtcore/crypto.cpp:24:
[INFO] [stderr]   /usr/include/c++/11/bits/stl_algo.h:3455:5: note: 'std::min' declared here
[INFO] [stderr]    3455 |     min(initializer_list<_Tp> __l, _Compare __comp)
[INFO] [stderr]         |     ^~~
[INFO] [stderr]   In file included from /opt/rustwide/workdir/libsrt/srtcore/common.h:70,
[INFO] [stderr]                    from /opt/rustwide/workdir/libsrt/srtcore/packet.h:57,
[INFO] [stderr]                    from /opt/rustwide/workdir/libsrt/srtcore/crypto.h:24,
[INFO] [stderr]                    from /opt/rustwide/workdir/libsrt/srtcore/crypto.cpp:26:
[INFO] [stderr]   /opt/rustwide/workdir/libsrt/srtcore/sync.h:182:67: error: expected primary-expression before '(' token
[INFO] [stderr]     182 |     static inline ATR_CONSTEXPR TimePoint min() { return TimePoint(numeric_limits<uint64_t>::min()); }
[INFO] [stderr]         |                                                                   ^
[INFO] [stderr]   /opt/rustwide/workdir/libsrt/srtcore/sync.h:182:91: error: expected primary-expression before '>' token
[INFO] [stderr]     182 |     static inline ATR_CONSTEXPR TimePoint min() { return TimePoint(numeric_limits<uint64_t>::min()); }
[INFO] [stderr]         |                                                                                           ^
[INFO] [stderr]   /opt/rustwide/workdir/libsrt/srtcore/sync.h:182:94: error: '::min' has not been declared; did you mean 'std::min'?
[INFO] [stderr]     182 |     static inline ATR_CONSTEXPR TimePoint min() { return TimePoint(numeric_limits<uint64_t>::min()); }
[INFO] [stderr]         |                                                                                              ^~~
[INFO] [stderr]         |                                                                                              std::min
[INFO] [stderr]   In file included from /usr/include/c++/11/algorithm:62,
[INFO] [stderr]                    from /opt/rustwide/workdir/libsrt/srtcore/utilities.h:103,
[INFO] [stderr]                    from /opt/rustwide/workdir/libsrt/srtcore/crypto.cpp:24:
[INFO] [stderr]   /usr/include/c++/11/bits/stl_algo.h:3455:5: note: 'std::min' declared here
[INFO] [stderr]    3455 |     min(initializer_list<_Tp> __l, _Compare __comp)
[INFO] [stderr]         |     ^~~
[INFO] [stderr]   In file included from /opt/rustwide/workdir/libsrt/srtcore/common.h:70,
[INFO] [stderr]                    from /opt/rustwide/workdir/libsrt/srtcore/packet.h:57,
[INFO] [stderr]                    from /opt/rustwide/workdir/libsrt/srtcore/crypto.h:24,
[INFO] [stderr]                    from /opt/rustwide/workdir/libsrt/srtcore/crypto.cpp:26:
[INFO] [stderr]   /opt/rustwide/workdir/libsrt/srtcore/sync.h: In static member function 'static constexpr srt::sync::TimePoint<Clock> srt::sync::TimePoint<Clock>::max()':
[INFO] [stderr]   /opt/rustwide/workdir/libsrt/srtcore/sync.h:183:68: error: 'numeric_limits' was not declared in this scope
[INFO] [stderr]     183 |     static inline ATR_CONSTEXPR TimePoint max() { return TimePoint(numeric_limits<uint64_t>::max()); }
[INFO] [stderr]         |                                                                    ^~~~~~~~~~~~~~
[INFO] [stderr]   /opt/rustwide/workdir/libsrt/srtcore/sync.h:183:94: error: '::max' has not been declared; did you mean 'std::max'?
[INFO] [stderr]     183 |     static inline ATR_CONSTEXPR TimePoint max() { return TimePoint(numeric_limits<uint64_t>::max()); }
[INFO] [stderr]         |                                                                                              ^~~
[INFO] [stderr]         |                                                                                              std::max
[INFO] [stderr]   In file included from /usr/include/c++/11/algorithm:62,
[INFO] [stderr]                    from /opt/rustwide/workdir/libsrt/srtcore/utilities.h:103,
[INFO] [stderr]                    from /opt/rustwide/workdir/libsrt/srtcore/crypto.cpp:24:
[INFO] [stderr]   /usr/include/c++/11/bits/stl_algo.h:3467:5: note: 'std::max' declared here
[INFO] [stderr]    3467 |     max(initializer_list<_Tp> __l, _Compare __comp)
[INFO] [stderr]         |     ^~~
[INFO] [stderr]   In file included from /opt/rustwide/workdir/libsrt/srtcore/common.h:70,
[INFO] [stderr]                    from /opt/rustwide/workdir/libsrt/srtcore/packet.h:57,
[INFO] [stderr]                    from /opt/rustwide/workdir/libsrt/srtcore/crypto.h:24,
[INFO] [stderr]                    from /opt/rustwide/workdir/libsrt/srtcore/crypto.cpp:26:
[INFO] [stderr]   /opt/rustwide/workdir/libsrt/srtcore/sync.h:183:67: error: expected primary-expression before '(' token
[INFO] [stderr]     183 |     static inline ATR_CONSTEXPR TimePoint max() { return TimePoint(numeric_limits<uint64_t>::max()); }
[INFO] [stderr]         |                                                                   ^
[INFO] [stderr]   /opt/rustwide/workdir/libsrt/srtcore/sync.h:183:91: error: expected primary-expression before '>' token
[INFO] [stderr]     183 |     static inline ATR_CONSTEXPR TimePoint max() { return TimePoint(numeric_limits<uint64_t>::max()); }
[INFO] [stderr]         |                                                                                           ^
[INFO] [stderr]   /opt/rustwide/workdir/libsrt/srtcore/sync.h:183:94: error: '::max' has not been declared; did you mean 'std::max'?
[INFO] [stderr]     183 |     static inline ATR_CONSTEXPR TimePoint max() { return TimePoint(numeric_limits<uint64_t>::max()); }
[INFO] [stderr]         |                                                                                              ^~~
[INFO] [stderr]         |                                                                                              std::max
[INFO] [stderr]   In file included from /usr/include/c++/11/algorithm:62,
[INFO] [stderr]                    from /opt/rustwide/workdir/libsrt/srtcore/utilities.h:103,
[INFO] [stderr]                    from /opt/rustwide/workdir/libsrt/srtcore/crypto.cpp:24:
[INFO] [stderr]   /usr/include/c++/11/bits/stl_algo.h:3467:5: note: 'std::max' declared here
[INFO] [stderr]    3467 |     max(initializer_list<_Tp> __l, _Compare __comp)
[INFO] [stderr]         |     ^~~
[INFO] [stderr]   In file included from /opt/rustwide/workdir/libsrt/srtcore/common.h:70,
[INFO] [stderr]                    from /opt/rustwide/workdir/libsrt/srtcore/packet.h:57,
[INFO] [stderr]                    from /opt/rustwide/workdir/libsrt/srtcore/channel.h:58,
[INFO] [stderr]                    from /opt/rustwide/workdir/libsrt/srtcore/channel.cpp:60:
[INFO] [stderr]   /opt/rustwide/workdir/libsrt/srtcore/sync.h: In static member function 'static constexpr srt::sync::TimePoint<Clock> srt::sync::TimePoint<Clock>::min()':
[INFO] [stderr]   /opt/rustwide/workdir/libsrt/srtcore/sync.h:182:68: error: 'numeric_limits' was not declared in this scope
[INFO] [stderr]     182 |     static inline ATR_CONSTEXPR TimePoint min() { return TimePoint(numeric_limits<uint64_t>::min()); }
[INFO] [stderr]         |                                                                    ^~~~~~~~~~~~~~
[INFO] [stderr]   /opt/rustwide/workdir/libsrt/srtcore/sync.h:182:94: error: '::min' has not been declared; did you mean 'std::min'?
[INFO] [stderr]     182 |     static inline ATR_CONSTEXPR TimePoint min() { return TimePoint(numeric_limits<uint64_t>::min()); }
[INFO] [stderr]         |                                                                                              ^~~
[INFO] [stderr]         |                                                                                              std::min
[INFO] [stderr]   In file included from /usr/include/c++/11/algorithm:62,
[INFO] [stderr]                    from /opt/rustwide/workdir/libsrt/srtcore/utilities.h:103,
[INFO] [stderr]                    from /opt/rustwide/workdir/libsrt/srtcore/common.h:69,
[INFO] [stderr]                    from /opt/rustwide/workdir/libsrt/srtcore/packet.h:57,
[INFO] [stderr]                    from /opt/rustwide/workdir/libsrt/srtcore/channel.h:58,
[INFO] [stderr]                    from /opt/rustwide/workdir/libsrt/srtcore/channel.cpp:60:
[INFO] [stderr]   /usr/include/c++/11/bits/stl_algo.h:3455:5: note: 'std::min' declared here
[INFO] [stderr]    3455 |     min(initializer_list<_Tp> __l, _Compare __comp)
[INFO] [stderr]         |     ^~~
[INFO] [stderr]   In file included from /opt/rustwide/workdir/libsrt/srtcore/common.h:70,
[INFO] [stderr]                    from /opt/rustwide/workdir/libsrt/srtcore/packet.h:57,
[INFO] [stderr]                    from /opt/rustwide/workdir/libsrt/srtcore/channel.h:58,
[INFO] [stderr]                    from /opt/rustwide/workdir/libsrt/srtcore/channel.cpp:60:
[INFO] [stderr]   /opt/rustwide/workdir/libsrt/srtcore/sync.h:182:67: error: expected primary-expression before '(' token
[INFO] [stderr]     182 |     static inline ATR_CONSTEXPR TimePoint min() { return TimePoint(numeric_limits<uint64_t>::min()); }
[INFO] [stderr]         |                                                                   ^
[INFO] [stderr]   /opt/rustwide/workdir/libsrt/srtcore/sync.h:182:91: error: expected primary-expression before '>' token
[INFO] [stderr]     182 |     static inline ATR_CONSTEXPR TimePoint min() { return TimePoint(numeric_limits<uint64_t>::min()); }
[INFO] [stderr]         |                                                                                           ^
[INFO] [stderr]   /opt/rustwide/workdir/libsrt/srtcore/sync.h:182:94: error: '::min' has not been declared; did you mean 'std::min'?
[INFO] [stderr]     182 |     static inline ATR_CONSTEXPR TimePoint min() { return TimePoint(numeric_limits<uint64_t>::min()); }
[INFO] [stderr]         |                                                                                              ^~~
[INFO] [stderr]         |                                                                                              std::min
[INFO] [stderr]   In file included from /usr/include/c++/11/algorithm:62,
[INFO] [stderr]                    from /opt/rustwide/workdir/libsrt/srtcore/utilities.h:103,
[INFO] [stderr]                    from /opt/rustwide/workdir/libsrt/srtcore/common.h:69,
[INFO] [stderr]                    from /opt/rustwide/workdir/libsrt/srtcore/packet.h:57,
[INFO] [stderr]                    from /opt/rustwide/workdir/libsrt/srtcore/channel.h:58,
[INFO] [stderr]                    from /opt/rustwide/workdir/libsrt/srtcore/channel.cpp:60:
[INFO] [stderr]   /usr/include/c++/11/bits/stl_algo.h:3455:5: note: 'std::min' declared here
[INFO] [stderr]    3455 |     min(initializer_list<_Tp> __l, _Compare __comp)
[INFO] [stderr]         |     ^~~
[INFO] [stderr]   In file included from /opt/rustwide/workdir/libsrt/srtcore/common.h:70,
[INFO] [stderr]                    from /opt/rustwide/workdir/libsrt/srtcore/packet.h:57,
[INFO] [stderr]                    from /opt/rustwide/workdir/libsrt/srtcore/api.h:62,
[INFO] [stderr]                    from /opt/rustwide/workdir/libsrt/srtcore/api.cpp:64:
[INFO] [stderr]   /opt/rustwide/workdir/libsrt/srtcore/sync.h: In static member function 'static constexpr srt::sync::TimePoint<Clock> srt::sync::TimePoint<Clock>::min()':
[INFO] [stderr]   /opt/rustwide/workdir/libsrt/srtcore/sync.h:182:68: error: 'numeric_limits' was not declared in this scope
[INFO] [stderr]     182 |     static inline ATR_CONSTEXPR TimePoint min() { return TimePoint(numeric_limits<uint64_t>::min()); }
[INFO] [stderr]         |                                                                    ^~~~~~~~~~~~~~
[INFO] [stderr]   /opt/rustwide/workdir/libsrt/srtcore/sync.h:182:94: error: '::min' has not been declared; did you mean 'std::min'?
[INFO] [stderr]     182 |     static inline ATR_CONSTEXPR TimePoint min() { return TimePoint(numeric_limits<uint64_t>::min()); }
[INFO] [stderr]         |                                                                                              ^~~
[INFO] [stderr]         |                                                                                              std::min
[INFO] [stderr]   In file included from /usr/include/c++/11/algorithm:62,
[INFO] [stderr]                    from /opt/rustwide/workdir/libsrt/srtcore/utilities.h:103,
[INFO] [stderr]                    from /opt/rustwide/workdir/libsrt/srtcore/api.cpp:62:
[INFO] [stderr]   /usr/include/c++/11/bits/stl_algo.h:3455:5: note: 'std::min' declared here
[INFO] [stderr]    3455 |     min(initializer_list<_Tp> __l, _Compare __comp)
[INFO] [stderr]         |     ^~~
[INFO] [stderr]   In file included from /opt/rustwide/workdir/libsrt/srtcore/common.h:70,
[INFO] [stderr]                    from /opt/rustwide/workdir/libsrt/srtcore/packet.h:57,
[INFO] [stderr]                    from /opt/rustwide/workdir/libsrt/srtcore/api.h:62,
[INFO] [stderr]                    from /opt/rustwide/workdir/libsrt/srtcore/api.cpp:64:
[INFO] [stderr]   /opt/rustwide/workdir/libsrt/srtcore/sync.h:182:67: error: expected primary-expression before '(' token
[INFO] [stderr]     182 |     static inline ATR_CONSTEXPR TimePoint min() { return TimePoint(numeric_limits<uint64_t>::min()); }
[INFO] [stderr]         |                                                                   ^
[INFO] [stderr]   /opt/rustwide/workdir/libsrt/srtcore/sync.h:182:91: error: expected primary-expression before '>' token
[INFO] [stderr]     182 |     static inline ATR_CONSTEXPR TimePoint min() { return TimePoint(numeric_limits<uint64_t>::min()); }
[INFO] [stderr]         |                                                                                           ^
[INFO] [stderr]   /opt/rustwide/workdir/libsrt/srtcore/sync.h:182:94: error: '::min' has not been declared; did you mean 'std::min'?
[INFO] [stderr]     182 |     static inline ATR_CONSTEXPR TimePoint min() { return TimePoint(numeric_limits<uint64_t>::min()); }
[INFO] [stderr]         |                                                                                              ^~~
[INFO] [stderr]         |                                                                                              std::min
[INFO] [stderr]   In file included from /usr/include/c++/11/algorithm:62,
[INFO] [stderr]                    from /opt/rustwide/workdir/libsrt/srtcore/utilities.h:103,
[INFO] [stderr]                    from /opt/rustwide/workdir/libsrt/srtcore/api.cpp:62:
[INFO] [stderr]   /usr/include/c++/11/bits/stl_algo.h:3455:5: note: 'std::min' declared here
[INFO] [stderr]    3455 |     min(initializer_list<_Tp> __l, _Compare __comp)
[INFO] [stderr]         |     ^~~
[INFO] [stderr]   In file included from /opt/rustwide/workdir/libsrt/srtcore/common.h:70,
[INFO] [stderr]                    from /opt/rustwide/workdir/libsrt/srtcore/packet.h:57,
[INFO] [stderr]                    from /opt/rustwide/workdir/libsrt/srtcore/channel.h:58,
[INFO] [stderr]                    from /opt/rustwide/workdir/libsrt/srtcore/channel.cpp:60:
[INFO] [stderr]   /opt/rustwide/workdir/libsrt/srtcore/sync.h: In static member function 'static constexpr srt::sync::TimePoint<Clock> srt::sync::TimePoint<Clock>::max()':
[INFO] [stderr]   /opt/rustwide/workdir/libsrt/srtcore/sync.h:183:68: error: 'numeric_limits' was not declared in this scope
[INFO] [stderr]     183 |     static inline ATR_CONSTEXPR TimePoint max() { return TimePoint(numeric_limits<uint64_t>::max()); }
[INFO] [stderr]         |                                                                    ^~~~~~~~~~~~~~
[INFO] [stderr]   /opt/rustwide/workdir/libsrt/srtcore/sync.h:183:94: error: '::max' has not been declared; did you mean 'std::max'?
[INFO] [stderr]     183 |     static inline ATR_CONSTEXPR TimePoint max() { return TimePoint(numeric_limits<uint64_t>::max()); }
[INFO] [stderr]         |                                                                                              ^~~
[INFO] [stderr]         |                                                                                              std::max
[INFO] [stderr]   In file included from /usr/include/c++/11/algorithm:62,
[INFO] [stderr]                    from /opt/rustwide/workdir/libsrt/srtcore/utilities.h:103,
[INFO] [stderr]                    from /opt/rustwide/workdir/libsrt/srtcore/common.h:69,
[INFO] [stderr]                    from /opt/rustwide/workdir/libsrt/srtcore/packet.h:57,
[INFO] [stderr]                    from /opt/rustwide/workdir/libsrt/srtcore/channel.h:58,
[INFO] [stderr]                    from /opt/rustwide/workdir/libsrt/srtcore/channel.cpp:60:
[INFO] [stderr]   /usr/include/c++/11/bits/stl_algo.h:3467:5: note: 'std::max' declared here
[INFO] [stderr]    3467 |     max(initializer_list<_Tp> __l, _Compare __comp)
[INFO] [stderr]         |     ^~~
[INFO] [stderr]   In file included from /opt/rustwide/workdir/libsrt/srtcore/common.h:70,
[INFO] [stderr]                    from /opt/rustwide/workdir/libsrt/srtcore/packet.h:57,
[INFO] [stderr]                    from /opt/rustwide/workdir/libsrt/srtcore/channel.h:58,
[INFO] [stderr]                    from /opt/rustwide/workdir/libsrt/srtcore/channel.cpp:60:
[INFO] [stderr]   /opt/rustwide/workdir/libsrt/srtcore/sync.h:183:67: error: expected primary-expression before '(' token
[INFO] [stderr]     183 |     static inline ATR_CONSTEXPR TimePoint max() { return TimePoint(numeric_limits<uint64_t>::max()); }
[INFO] [stderr]         |                                                                   ^
[INFO] [stderr]   /opt/rustwide/workdir/libsrt/srtcore/sync.h:183:91: error: expected primary-expression before '>' token
[INFO] [stderr]     183 |     static inline ATR_CONSTEXPR TimePoint max() { return TimePoint(numeric_limits<uint64_t>::max()); }
[INFO] [stderr]         |                                                                                           ^
[INFO] [stderr]   /opt/rustwide/workdir/libsrt/srtcore/sync.h:183:94: error: '::max' has not been declared; did you mean 'std::max'?
[INFO] [stderr]     183 |     static inline ATR_CONSTEXPR TimePoint max() { return TimePoint(numeric_limits<uint64_t>::max()); }
[INFO] [stderr]         |                                                                                              ^~~
[INFO] [stderr]         |                                                                                              std::max
[INFO] [stderr]   In file included from /usr/include/c++/11/algorithm:62,
[INFO] [stderr]                    from /opt/rustwide/workdir/libsrt/srtcore/utilities.h:103,
[INFO] [stderr]                    from /opt/rustwide/workdir/libsrt/srtcore/common.h:69,
[INFO] [stderr]                    from /opt/rustwide/workdir/libsrt/srtcore/packet.h:57,
[INFO] [stderr]                    from /opt/rustwide/workdir/libsrt/srtcore/channel.h:58,
[INFO] [stderr]                    from /opt/rustwide/workdir/libsrt/srtcore/channel.cpp:60:
[INFO] [stderr]   /usr/include/c++/11/bits/stl_algo.h:3467:5: note: 'std::max' declared here
[INFO] [stderr]    3467 |     max(initializer_list<_Tp> __l, _Compare __comp)
[INFO] [stderr]         |     ^~~
[INFO] [stderr]   In file included from /opt/rustwide/workdir/libsrt/srtcore/common.h:70,
[INFO] [stderr]                    from /opt/rustwide/workdir/libsrt/srtcore/epoll.cpp:61:
[INFO] [stderr]   /opt/rustwide/workdir/libsrt/srtcore/sync.h: In static member function 'static constexpr srt::sync::TimePoint<Clock> srt::sync::TimePoint<Clock>::min()':
[INFO] [stderr]   /opt/rustwide/workdir/libsrt/srtcore/sync.h:182:68: error: 'numeric_limits' was not declared in this scope
[INFO] [stderr]     182 |     static inline ATR_CONSTEXPR TimePoint min() { return TimePoint(numeric_limits<uint64_t>::min()); }
[INFO] [stderr]         |                                                                    ^~~~~~~~~~~~~~
[INFO] [stderr]   /opt/rustwide/workdir/libsrt/srtcore/sync.h:182:94: error: '::min' has not been declared; did you mean 'std::min'?
[INFO] [stderr]     182 |     static inline ATR_CONSTEXPR TimePoint min() { return TimePoint(numeric_limits<uint64_t>::min()); }
[INFO] [stderr]         |                                                                                              ^~~
[INFO] [stderr]         |                                                                                              std::min
[INFO] [stderr]   In file included from /usr/include/c++/11/algorithm:62,
[INFO] [stderr]                    from /opt/rustwide/workdir/libsrt/srtcore/epoll.cpp:56:
[INFO] [stderr]   /usr/include/c++/11/bits/stl_algo.h:3455:5: note: 'std::min' declared here
[INFO] [stderr]    3455 |     min(initializer_list<_Tp> __l, _Compare __comp)
[INFO] [stderr]         |     ^~~
[INFO] [stderr]   In file included from /opt/rustwide/workdir/libsrt/srtcore/common.h:70,
[INFO] [stderr]                    from /opt/rustwide/workdir/libsrt/srtcore/epoll.cpp:61:
[INFO] [stderr]   /opt/rustwide/workdir/libsrt/srtcore/sync.h:182:67: error: expected primary-expression before '(' token
[INFO] [stderr]     182 |     static inline ATR_CONSTEXPR TimePoint min() { return TimePoint(numeric_limits<uint64_t>::min()); }
[INFO] [stderr]         |                                                                   ^
[INFO] [stderr]   /opt/rustwide/workdir/libsrt/srtcore/sync.h:182:91: error: expected primary-expression before '>' token
[INFO] [stderr]     182 |     static inline ATR_CONSTEXPR TimePoint min() { return TimePoint(numeric_limits<uint64_t>::min()); }
[INFO] [stderr]         |                                                                                           ^
[INFO] [stderr]   /opt/rustwide/workdir/libsrt/srtcore/sync.h:182:94: error: '::min' has not been declared; did you mean 'std::min'?
[INFO] [stderr]     182 |     static inline ATR_CONSTEXPR TimePoint min() { return TimePoint(numeric_limits<uint64_t>::min()); }
[INFO] [stderr]         |                                                                                              ^~~
[INFO] [stderr]         |                                                                                              std::min
[INFO] [stderr]   In file included from /usr/include/c++/11/algorithm:62,
[INFO] [stderr]                    from /opt/rustwide/workdir/libsrt/srtcore/epoll.cpp:56:
[INFO] [stderr]   /usr/include/c++/11/bits/stl_algo.h:3455:5: note: 'std::min' declared here
[INFO] [stderr]    3455 |     min(initializer_list<_Tp> __l, _Compare __comp)
[INFO] [stderr]         |     ^~~
[INFO] [stderr]   In file included from /opt/rustwide/workdir/libsrt/srtcore/common.h:70,
[INFO] [stderr]                    from /opt/rustwide/workdir/libsrt/srtcore/packet.h:57,
[INFO] [stderr]                    from /opt/rustwide/workdir/libsrt/srtcore/api.h:62,
[INFO] [stderr]                    from /opt/rustwide/workdir/libsrt/srtcore/api.cpp:64:
[INFO] [stderr]   /opt/rustwide/workdir/libsrt/srtcore/sync.h: In static member function 'static constexpr srt::sync::TimePoint<Clock> srt::sync::TimePoint<Clock>::max()':
[INFO] [stderr]   /opt/rustwide/workdir/libsrt/srtcore/sync.h:183:68: error: 'numeric_limits' was not declared in this scope
[INFO] [stderr]     183 |     static inline ATR_CONSTEXPR TimePoint max() { return TimePoint(numeric_limits<uint64_t>::max()); }
[INFO] [stderr]         |                                                                    ^~~~~~~~~~~~~~
[INFO] [stderr]   /opt/rustwide/workdir/libsrt/srtcore/sync.h:183:94: error: '::max' has not been declared; did you mean 'std::max'?
[INFO] [stderr]     183 |     static inline ATR_CONSTEXPR TimePoint max() { return TimePoint(numeric_limits<uint64_t>::max()); }
[INFO] [stderr]         |                                                                                              ^~~
[INFO] [stderr]         |                                                                                              std::max
[INFO] [stderr]   In file included from /usr/include/c++/11/algorithm:62,
[INFO] [stderr]                    from /opt/rustwide/workdir/libsrt/srtcore/utilities.h:103,
[INFO] [stderr]                    from /opt/rustwide/workdir/libsrt/srtcore/api.cpp:62:
[INFO] [stderr]   /usr/include/c++/11/bits/stl_algo.h:3467:5: note: 'std::max' declared here
[INFO] [stderr]    3467 |     max(initializer_list<_Tp> __l, _Compare __comp)
[INFO] [stderr]         |     ^~~
[INFO] [stderr]   In file included from /opt/rustwide/workdir/libsrt/srtcore/common.h:70,
[INFO] [stderr]                    from /opt/rustwide/workdir/libsrt/srtcore/packet.h:57,
[INFO] [stderr]                    from /opt/rustwide/workdir/libsrt/srtcore/api.h:62,
[INFO] [stderr]                    from /opt/rustwide/workdir/libsrt/srtcore/api.cpp:64:
[INFO] [stderr]   /opt/rustwide/workdir/libsrt/srtcore/sync.h:183:67: error: expected primary-expression before '(' token
[INFO] [stderr]     183 |     static inline ATR_CONSTEXPR TimePoint max() { return TimePoint(numeric_limits<uint64_t>::max()); }
[INFO] [stderr]         |                                                                   ^
[INFO] [stderr]   /opt/rustwide/workdir/libsrt/srtcore/sync.h:183:91: error: expected primary-expression before '>' token
[INFO] [stderr]     183 |     static inline ATR_CONSTEXPR TimePoint max() { return TimePoint(numeric_limits<uint64_t>::max()); }
[INFO] [stderr]         |                                                                                           ^
[INFO] [stderr]   /opt/rustwide/workdir/libsrt/srtcore/sync.h:183:94: error: '::max' has not been declared; did you mean 'std::max'?
[INFO] [stderr]     183 |     static inline ATR_CONSTEXPR TimePoint max() { return TimePoint(numeric_limits<uint64_t>::max()); }
[INFO] [stderr]         |                                                                                              ^~~
[INFO] [stderr]         |                                                                                              std::max
[INFO] [stderr]   In file included from /usr/include/c++/11/algorithm:62,
[INFO] [stderr]                    from /opt/rustwide/workdir/libsrt/srtcore/utilities.h:103,
[INFO] [stderr]                    from /opt/rustwide/workdir/libsrt/srtcore/api.cpp:62:
[INFO] [stderr]   /usr/include/c++/11/bits/stl_algo.h:3467:5: note: 'std::max' declared here
[INFO] [stderr]    3467 |     max(initializer_list<_Tp> __l, _Compare __comp)
[INFO] [stderr]         |     ^~~
[INFO] [stderr]   In file included from /opt/rustwide/workdir/libsrt/srtcore/common.h:70,
[INFO] [stderr]                    from /opt/rustwide/workdir/libsrt/srtcore/epoll.cpp:61:
[INFO] [stderr]   /opt/rustwide/workdir/libsrt/srtcore/sync.h: In static member function 'static constexpr srt::sync::TimePoint<Clock> srt::sync::TimePoint<Clock>::max()':
[INFO] [stderr]   /opt/rustwide/workdir/libsrt/srtcore/sync.h:183:68: error: 'numeric_limits' was not declared in this scope
[INFO] [stderr]     183 |     static inline ATR_CONSTEXPR TimePoint max() { return TimePoint(numeric_limits<uint64_t>::max()); }
[INFO] [stderr]         |                                                                    ^~~~~~~~~~~~~~
[INFO] [stderr]   /opt/rustwide/workdir/libsrt/srtcore/sync.h:183:94: error: '::max' has not been declared; did you mean 'std::max'?
[INFO] [stderr]     183 |     static inline ATR_CONSTEXPR TimePoint max() { return TimePoint(numeric_limits<uint64_t>::max()); }
[INFO] [stderr]         |                                                                                              ^~~
[INFO] [stderr]         |                                                                                              std::max
[INFO] [stderr]   In file included from /usr/include/c++/11/algorithm:62,
[INFO] [stderr]                    from /opt/rustwide/workdir/libsrt/srtcore/epoll.cpp:56:
[INFO] [stderr]   /usr/include/c++/11/bits/stl_algo.h:3467:5: note: 'std::max' declared here
[INFO] [stderr]    3467 |     max(initializer_list<_Tp> __l, _Compare __comp)
[INFO] [stderr]         |     ^~~
[INFO] [stderr]   In file included from /opt/rustwide/workdir/libsrt/srtcore/common.h:70,
[INFO] [stderr]                    from /opt/rustwide/workdir/libsrt/srtcore/epoll.cpp:61:
[INFO] [stderr]   /opt/rustwide/workdir/libsrt/srtcore/sync.h:183:67: error: expected primary-expression before '(' token
[INFO] [stderr]     183 |     static inline ATR_CONSTEXPR TimePoint max() { return TimePoint(numeric_limits<uint64_t>::max()); }
[INFO] [stderr]         |                                                                   ^
[INFO] [stderr]   /opt/rustwide/workdir/libsrt/srtcore/sync.h:183:91: error: expected primary-expression before '>' token
[INFO] [stderr]     183 |     static inline ATR_CONSTEXPR TimePoint max() { return TimePoint(numeric_limits<uint64_t>::max()); }
[INFO] [stderr]         |                                                                                           ^
[INFO] [stderr]   /opt/rustwide/workdir/libsrt/srtcore/sync.h:183:94: error: '::max' has not been declared; did you mean 'std::max'?
[INFO] [stderr]     183 |     static inline ATR_CONSTEXPR TimePoint max() { return TimePoint(numeric_limits<uint64_t>::max()); }
[INFO] [stderr]         |                                                                                              ^~~
[INFO] [stderr]         |                                                                                              std::max
[INFO] [stderr]   In file included from /usr/include/c++/11/algorithm:62,
[INFO] [stderr]                    from /opt/rustwide/workdir/libsrt/srtcore/epoll.cpp:56:
[INFO] [stderr]   /usr/include/c++/11/bits/stl_algo.h:3467:5: note: 'std::max' declared here
[INFO] [stderr]    3467 |     max(initializer_list<_Tp> __l, _Compare __comp)
[INFO] [stderr]         |     ^~~
[INFO] [stderr]   gmake[2]: *** [CMakeFiles/srt_virtual.dir/build.make:104: CMakeFiles/srt_virtual.dir/srtcore/cache.cpp.o] Error 1
[INFO] [stderr]   gmake[2]: *** Waiting for unfinished jobs....
[INFO] [stderr]   gmake[2]: *** [CMakeFiles/srt_virtual.dir/build.make:118: CMakeFiles/srt_virtual.dir/srtcore/channel.cpp.o] Error 1
[INFO] [stderr]   gmake[2]: *** [CMakeFiles/srt_virtual.dir/build.make:160: CMakeFiles/srt_virtual.dir/srtcore/crypto.cpp.o] Error 1
[INFO] [stderr]   gmake[2]: *** [CMakeFiles/srt_virtual.dir/build.make:174: CMakeFiles/srt_virtual.dir/srtcore/epoll.cpp.o] Error 1
[INFO] [stderr]   gmake[2]: *** [CMakeFiles/srt_virtual.dir/build.make:76: CMakeFiles/srt_virtual.dir/srtcore/api.cpp.o] Error 1
[INFO] [stderr]   gmake[1]: *** [CMakeFiles/Makefile2:87: CMakeFiles/srt_virtual.dir/all] Error 2
[INFO] [stderr]   gmake: *** [Makefile:136: all] Error 2
[INFO] [stderr]   thread 'main' panicked at '
[INFO] [stderr]   command did not execute successfully, got: exit status: 2
[INFO] [stderr] 
[INFO] [stderr]   build script failed, must exit now', /opt/rustwide/cargo-home/registry/src/index.crates.io-6f17d22bba15001f/cmake-0.1.50/src/lib.rs:1098:5
[INFO] [stderr]   stack backtrace:
[INFO] [stderr]      0:     0x55b87406abaa - std::backtrace_rs::backtrace::libunwind::trace::h2f05d0192276a8f6
[INFO] [stderr]                                  at /rustc/1b7dd2252b99671ce5d1cb9664c5f8636329436d/library/std/src/../../backtrace/src/backtrace/libunwind.rs:93:5
[INFO] [stderr]      1:     0x55b87406abaa - std::backtrace_rs::backtrace::trace_unsynchronized::hedc23dff7a1af150
[INFO] [stderr]                                  at /rustc/1b7dd2252b99671ce5d1cb9664c5f8636329436d/library/std/src/../../backtrace/src/backtrace/mod.rs:66:5
[INFO] [stderr]      2:     0x55b87406abaa - std::sys_common::backtrace::_print_fmt::h17541ef7592f3ce2
[INFO] [stderr]                                  at /rustc/1b7dd2252b99671ce5d1cb9664c5f8636329436d/library/std/src/sys_common/backtrace.rs:65:5
[INFO] [stderr]      3:     0x55b87406abaa - <std::sys_common::backtrace::_print::DisplayBacktrace as core::fmt::Display>::fmt::h20f75df5ab0c0792
[INFO] [stderr]                                  at /rustc/1b7dd2252b99671ce5d1cb9664c5f8636329436d/library/std/src/sys_common/backtrace.rs:44:22
[INFO] [stderr]      4:     0x55b874090f8f - core::fmt::write::h78109e6f466b3af6
[INFO] [stderr]                                  at /rustc/1b7dd2252b99671ce5d1cb9664c5f8636329436d/library/core/src/fmt/mod.rs:1254:17
[INFO] [stderr]      5:     0x55b8740675b5 - std::io::Write::write_fmt::hc59e1b02dd273c8a
[INFO] [stderr]                                  at /rustc/1b7dd2252b99671ce5d1cb9664c5f8636329436d/library/std/src/io/mod.rs:1698:15
[INFO] [stderr]      6:     0x55b87406a975 - std::sys_common::backtrace::_print::h8dac57a9f8fbf9a5
[INFO] [stderr]                                  at /rustc/1b7dd2252b99671ce5d1cb9664c5f8636329436d/library/std/src/sys_common/backtrace.rs:47:5
[INFO] [stderr]      7:     0x55b87406a975 - std::sys_common::backtrace::print::hf9ecbf41d1aa712f
[INFO] [stderr]                                  at /rustc/1b7dd2252b99671ce5d1cb9664c5f8636329436d/library/std/src/sys_common/backtrace.rs:34:9
[INFO] [stderr]      8:     0x55b87406c23e - std::panicking::default_hook::{{closure}}::h04c07acfc84ca028
[INFO] [stderr]                                  at /rustc/1b7dd2252b99671ce5d1cb9664c5f8636329436d/library/std/src/panicking.rs:269:22
[INFO] [stderr]      9:     0x55b87406bfe5 - std::panicking::default_hook::h01f6bb23e1eceb2c
[INFO] [stderr]                                  at /rustc/1b7dd2252b99671ce5d1cb9664c5f8636329436d/library/std/src/panicking.rs:288:9
[INFO] [stderr]     10:     0x55b87406c79e - std::panicking::rust_panic_with_hook::h2bb3722bbaf2f6df
[INFO] [stderr]                                  at /rustc/1b7dd2252b99671ce5d1cb9664c5f8636329436d/library/std/src/panicking.rs:691:13
[INFO] [stderr]     11:     0x55b87406c699 - std::panicking::begin_panic_handler::{{closure}}::h91bc7f36a4be011b
[INFO] [stderr]                                  at /rustc/1b7dd2252b99671ce5d1cb9664c5f8636329436d/library/std/src/panicking.rs:582:13
[INFO] [stderr]     12:     0x55b87406b016 - std::sys_common::backtrace::__rust_end_short_backtrace::h8b3d3717114f9e59
[INFO] [stderr]                                  at /rustc/1b7dd2252b99671ce5d1cb9664c5f8636329436d/library/std/src/sys_common/backtrace.rs:150:18
[INFO] [stderr]     13:     0x55b87406c3f2 - rust_begin_unwind
[INFO] [stderr]                                  at /rustc/1b7dd2252b99671ce5d1cb9664c5f8636329436d/library/std/src/panicking.rs:578:5
[INFO] [stderr]     14:     0x55b873ba9e23 - core::panicking::panic_fmt::hfd368e3fbdabea26
[INFO] [stderr]                                  at /rustc/1b7dd2252b99671ce5d1cb9664c5f8636329436d/library/core/src/panicking.rs:67:14
[INFO] [stderr]     15:     0x55b873bb76ef - cmake::fail::h8250385c9d40d8fd
[INFO] [stderr]     16:     0x55b873bb71e3 - cmake::run::ha2ff77c9f1d19870
[INFO] [stderr]     17:     0x55b873bb3d10 - cmake::Config::build::hac8367be707cce35
[INFO] [stderr]     18:     0x55b873bac6c9 - build_script_build::main::h3805ed06217307f8
[INFO] [stderr]     19:     0x55b873bab5c3 - core::ops::function::FnOnce::call_once::h0ef1e62fb4da7027
[INFO] [stderr]     20:     0x55b873bab056 - std::sys_common::backtrace::__rust_begin_short_backtrace::hc14c46cd5af8057f
[INFO] [stderr]     21:     0x55b873bae0e9 - std::rt::lang_start::{{closure}}::h13b6fb92497d768d
[INFO] [stderr]     22:     0x55b8740633ee - core::ops::function::impls::<impl core::ops::function::FnOnce<A> for &F>::call_once::h2eb19b8ce4148df4
[INFO] [stderr]                                  at /rustc/1b7dd2252b99671ce5d1cb9664c5f8636329436d/library/core/src/ops/function.rs:287:13
[INFO] [stderr]     23:     0x55b8740633ee - std::panicking::try::do_call::h2e900feff5d504c5
[INFO] [stderr]                                  at /rustc/1b7dd2252b99671ce5d1cb9664c5f8636329436d/library/std/src/panicking.rs:485:40
[INFO] [stderr]     24:     0x55b8740633ee - std::panicking::try::h8854836cb85aa9f2
[INFO] [stderr]                                  at /rustc/1b7dd2252b99671ce5d1cb9664c5f8636329436d/library/std/src/panicking.rs:449:19
[INFO] [stderr]     25:     0x55b8740633ee - std::panic::catch_unwind::h706025dd4c48f64b
[INFO] [stderr]                                  at /rustc/1b7dd2252b99671ce5d1cb9664c5f8636329436d/library/std/src/panic.rs:140:14
[INFO] [stderr]     26:     0x55b8740633ee - std::rt::lang_start_internal::{{closure}}::h7be5b97f4a07a91a
[INFO] [stderr]                                  at /rustc/1b7dd2252b99671ce5d1cb9664c5f8636329436d/library/std/src/rt.rs:148:48
[INFO] [stderr]     27:     0x55b8740633ee - std::panicking::try::do_call::h59847e9d0a176965
[INFO] [stderr]                                  at /rustc/1b7dd2252b99671ce5d1cb9664c5f8636329436d/library/std/src/panicking.rs:485:40
[INFO] [stderr]     28:     0x55b8740633ee - std::panicking::try::h399a918ba8522823
[INFO] [stderr]                                  at /rustc/1b7dd2252b99671ce5d1cb9664c5f8636329436d/library/std/src/panicking.rs:449:19
[INFO] [stderr]     29:     0x55b8740633ee - std::panic::catch_unwind::hca7ca6c55b2a2e26
[INFO] [stderr]                                  at /rustc/1b7dd2252b99671ce5d1cb9664c5f8636329436d/library/std/src/panic.rs:140:14
[INFO] [stderr]     30:     0x55b8740633ee - std::rt::lang_start_internal::h2c807a81560459eb
[INFO] [stderr]                                  at /rustc/1b7dd2252b99671ce5d1cb9664c5f8636329436d/library/std/src/rt.rs:148:20
[INFO] [stderr]     31:     0x55b873bae0c7 - std::rt::lang_start::h20218593437ce4e3
[INFO] [stderr]     32:     0x55b873bad425 - main
[INFO] [stderr]     33:     0x7f0c6cbf0d90 - <unknown>
[INFO] [stderr]     34:     0x7f0c6cbf0e40 - __libc_start_main
[INFO] [stderr]     35:     0x55b873baa5a5 - _start
[INFO] [stderr]     36:                0x0 - <unknown>
[INFO] running `Command { std: "docker" "inspect" "7cda33d1d3d32e3a7569d3cfab5725630fc2ba8fd3a7897583fe168eef070a61", kill_on_drop: false }`
[INFO] running `Command { std: "docker" "rm" "-f" "7cda33d1d3d32e3a7569d3cfab5725630fc2ba8fd3a7897583fe168eef070a61", kill_on_drop: false }`
[INFO] [stdout] 7cda33d1d3d32e3a7569d3cfab5725630fc2ba8fd3a7897583fe168eef070a61
