[INFO] fetching crate libicsneo-sys 0.1.17...
[INFO] documenting libicsneo-sys-0.1.17 against beta-2023-04-20 for beta-1.70-rustdoc-1
[INFO] extracting crate libicsneo-sys 0.1.17 into /workspace/builds/worker-3-tc2/source
[INFO] validating manifest of crates.io crate libicsneo-sys 0.1.17 on toolchain beta-2023-04-20
[INFO] running `Command { std: CARGO_HOME="/workspace/cargo-home" RUSTUP_HOME="/workspace/rustup-home" "/workspace/cargo-home/bin/cargo" "+beta-2023-04-20" "metadata" "--manifest-path" "Cargo.toml" "--no-deps", kill_on_drop: false }`
[INFO] started tweaking crates.io crate libicsneo-sys 0.1.17
[INFO] finished tweaking crates.io crate libicsneo-sys 0.1.17
[INFO] tweaked toml for crates.io crate libicsneo-sys 0.1.17 written to /workspace/builds/worker-3-tc2/source/Cargo.toml
[INFO] running `Command { std: CARGO_HOME="/workspace/cargo-home" RUSTUP_HOME="/workspace/rustup-home" __CARGO_TEST_CHANNEL_OVERRIDE_DO_NOT_USE_THIS="nightly" "/workspace/cargo-home/bin/cargo" "+beta-2023-04-20" "generate-lockfile" "--manifest-path" "Cargo.toml" "-Zno-index-update", kill_on_drop: false }`
[INFO] running `Command { std: CARGO_HOME="/workspace/cargo-home" RUSTUP_HOME="/workspace/rustup-home" "/workspace/cargo-home/bin/cargo" "+beta-2023-04-20" "fetch" "--manifest-path" "Cargo.toml", kill_on_drop: false }`
[INFO] running `Command { std: "docker" "create" "-v" "/var/lib/crater-agent-workspace/builds/worker-3-tc2/target:/opt/rustwide/target:rw,Z" "-v" "/var/lib/crater-agent-workspace/builds/worker-3-tc2/source:/opt/rustwide/workdir:ro,Z" "-v" "/var/lib/crater-agent-workspace/cargo-home:/opt/rustwide/cargo-home:ro,Z" "-v" "/var/lib/crater-agent-workspace/rustup-home:/opt/rustwide/rustup-home:ro,Z" "-e" "SOURCE_DIR=/opt/rustwide/workdir" "-e" "CARGO_TARGET_DIR=/opt/rustwide/target" "-e" "CARGO_HOME=/opt/rustwide/cargo-home" "-e" "RUSTUP_HOME=/opt/rustwide/rustup-home" "-w" "/opt/rustwide/workdir" "-m" "1610612736" "--user" "0:0" "--network" "none" "ghcr.io/rust-lang/crates-build-env/linux@sha256:97d61d7686bf65f8ecb15491ab51835e82dc9176a96a831f143a431b191fc501" "/opt/rustwide/cargo-home/bin/cargo" "+beta-2023-04-20" "metadata" "--no-deps" "--format-version=1", kill_on_drop: false }`
[INFO] [stdout] c36255962e68392eb365a7aca9b85cfede5d3c1c9d17a7c753263910045909db
[INFO] running `Command { std: "docker" "start" "-a" "c36255962e68392eb365a7aca9b85cfede5d3c1c9d17a7c753263910045909db", kill_on_drop: false }`
[INFO] running `Command { std: "docker" "inspect" "c36255962e68392eb365a7aca9b85cfede5d3c1c9d17a7c753263910045909db", kill_on_drop: false }`
[INFO] running `Command { std: "docker" "rm" "-f" "c36255962e68392eb365a7aca9b85cfede5d3c1c9d17a7c753263910045909db", kill_on_drop: false }`
[INFO] [stdout] c36255962e68392eb365a7aca9b85cfede5d3c1c9d17a7c753263910045909db
[INFO] running `Command { std: "docker" "create" "-v" "/var/lib/crater-agent-workspace/builds/worker-3-tc2/target:/opt/rustwide/target:rw,Z" "-v" "/var/lib/crater-agent-workspace/builds/worker-3-tc2/source:/opt/rustwide/workdir:ro,Z" "-v" "/var/lib/crater-agent-workspace/cargo-home:/opt/rustwide/cargo-home:ro,Z" "-v" "/var/lib/crater-agent-workspace/rustup-home:/opt/rustwide/rustup-home:ro,Z" "-e" "SOURCE_DIR=/opt/rustwide/workdir" "-e" "CARGO_TARGET_DIR=/opt/rustwide/target" "-e" "CARGO_INCREMENTAL=0" "-e" "RUST_BACKTRACE=full" "-e" "RUSTFLAGS=--cap-lints=warn" "-e" "RUSTDOCFLAGS=--cap-lints=warn" "-e" "CARGO_HOME=/opt/rustwide/cargo-home" "-e" "RUSTUP_HOME=/opt/rustwide/rustup-home" "-w" "/opt/rustwide/workdir" "-m" "1610612736" "--user" "0:0" "--network" "none" "ghcr.io/rust-lang/crates-build-env/linux@sha256:97d61d7686bf65f8ecb15491ab51835e82dc9176a96a831f143a431b191fc501" "/opt/rustwide/cargo-home/bin/cargo" "+beta-2023-04-20" "doc" "--frozen" "--no-deps" "--document-private-items" "--message-format=json", kill_on_drop: false }`
[INFO] [stdout] f14377df0c385ccf404b5caa06df059f51e5ba433a07f54531e838c6926d5084
[INFO] running `Command { std: "docker" "start" "-a" "f14377df0c385ccf404b5caa06df059f51e5ba433a07f54531e838c6926d5084", kill_on_drop: false }`
[INFO] [stderr]    Compiling libc v0.2.142
[INFO] [stderr]    Compiling memchr v2.5.0
[INFO] [stderr]    Compiling autocfg v1.1.0
[INFO] [stderr]    Compiling cfg-if v1.0.0
[INFO] [stderr]    Compiling glob v0.3.1
[INFO] [stderr]    Compiling proc-macro2 v1.0.56
[INFO] [stderr]    Compiling log v0.4.17
[INFO] [stderr]    Compiling regex-syntax v0.7.1
[INFO] [stderr]    Compiling termcolor v1.2.0
[INFO] [stderr]    Compiling unicode-ident v1.0.8
[INFO] [stderr]    Compiling quote v1.0.26
[INFO] [stderr]    Compiling hashbrown v0.12.3
[INFO] [stderr]    Compiling minimal-lexical v0.2.1
[INFO] [stderr]    Compiling os_str_bytes v6.5.0
[INFO] [stderr]    Compiling humantime v2.1.0
[INFO] [stderr]    Compiling strsim v0.10.0
[INFO] [stderr]    Compiling libloading v0.7.4
[INFO] [stderr]    Compiling bindgen v0.60.1
[INFO] [stderr]    Compiling clap_lex v0.2.4
[INFO] [stderr]    Compiling either v1.8.1
[INFO] [stderr]    Compiling textwrap v0.16.0
[INFO] [stderr]    Compiling bitflags v1.3.2
[INFO] [stderr]    Compiling lazy_static v1.4.0
[INFO] [stderr]    Compiling shlex v1.1.0
[INFO] [stderr]    Compiling rustc-hash v1.1.0
[INFO] [stderr]    Compiling indexmap v1.9.3
[INFO] [stderr]    Compiling peeking_take_while v0.1.2
[INFO] [stderr]    Compiling clang-sys v1.6.1
[INFO] [stderr]    Compiling cc v1.0.79
[INFO] [stderr]    Compiling lazycell v1.3.0
[INFO] [stderr]    Compiling path-clean v0.1.0
[INFO] [stderr]    Compiling aho-corasick v1.0.1
[INFO] [stderr]    Compiling nom v7.1.3
[INFO] [stderr]    Compiling cmake v0.1.50
[INFO] [stderr]    Compiling atty v0.2.14
[INFO] [stderr]    Compiling which v4.4.0
[INFO] [stderr]    Compiling clap v3.2.25
[INFO] [stderr]    Compiling regex v1.8.1
[INFO] [stderr]    Compiling cexpr v0.6.0
[INFO] [stderr]    Compiling env_logger v0.9.3
[INFO] [stderr]    Compiling libicsneo-sys v0.1.17 (/opt/rustwide/workdir)
[INFO] [stderr] The following warnings were emitted during compilation:
[INFO] [stderr] 
[INFO] [stderr] warning: Found CMakeLists.txt at: /opt/rustwide/workdir/src/libicsneo
[INFO] [stderr] 
[INFO] [stderr] error: failed to run custom build command for `libicsneo-sys v0.1.17 (/opt/rustwide/workdir)`
[INFO] [stderr] note: To improve backtraces for build dependencies, set the CARGO_PROFILE_DEV_BUILD_OVERRIDE_DEBUG=true environment variable to enable debug information generation.
[INFO] [stderr] 
[INFO] [stderr] Caused by:
[INFO] [stderr]   process didn't exit successfully: `/opt/rustwide/target/debug/build/libicsneo-sys-79de2b678aef35a7/build-script-build` (exit status: 101)
[INFO] [stderr]   --- stdout
[INFO] [stderr]   cargo:warning=Found CMakeLists.txt at: /opt/rustwide/workdir/src/libicsneo
[INFO] [stderr]   CMAKE_TOOLCHAIN_FILE_x86_64-unknown-linux-gnu = None
[INFO] [stderr]   CMAKE_TOOLCHAIN_FILE_x86_64_unknown_linux_gnu = None
[INFO] [stderr]   HOST_CMAKE_TOOLCHAIN_FILE = None
[INFO] [stderr]   CMAKE_TOOLCHAIN_FILE = None
[INFO] [stderr]   CMAKE_PREFIX_PATH_x86_64-unknown-linux-gnu = None
[INFO] [stderr]   CMAKE_PREFIX_PATH_x86_64_unknown_linux_gnu = None
[INFO] [stderr]   HOST_CMAKE_PREFIX_PATH = None
[INFO] [stderr]   CMAKE_PREFIX_PATH = None
[INFO] [stderr]   CMAKE_x86_64-unknown-linux-gnu = None
[INFO] [stderr]   CMAKE_x86_64_unknown_linux_gnu = None
[INFO] [stderr]   HOST_CMAKE = None
[INFO] [stderr]   CMAKE = None
[INFO] [stderr]   running: cd "/opt/rustwide/target/debug/build/libicsneo-sys-7f9ac6b7021d8e5a/out/build" && CMAKE_PREFIX_PATH="" "cmake" "/opt/rustwide/workdir/src/libicsneo" "-G" "Ninja Multi-Config" "-DLIBICSNEO_BUILD_ICSNEOC_STATIC:BOOL=ON" "-DLIBICSNEO_BUILD_EXAMPLES:BOOL=OFF" "-DLIBICSNEO_BUILD_ICSNEOLEGACY:BOOL=OFF" "-DCMAKE_INSTALL_PREFIX=/opt/rustwide/target/debug/build/libicsneo-sys-7f9ac6b7021d8e5a/out" "-DCMAKE_C_FLAGS= -ffunction-sections -fdata-sections -fPIC -m64" "-DCMAKE_C_COMPILER=/usr/bin/cc" "-DCMAKE_CXX_FLAGS= -ffunction-sections -fdata-sections -fPIC -m64" "-DCMAKE_CXX_COMPILER=/usr/bin/c++" "-DCMAKE_ASM_FLAGS= -ffunction-sections -fdata-sections -fPIC -m64" "-DCMAKE_ASM_COMPILER=/usr/bin/cc" "-DCMAKE_BUILD_TYPE=Debug"
[INFO] [stderr]   -- The C compiler identification is GNU 11.3.0
[INFO] [stderr]   -- The CXX compiler identification is GNU 11.3.0
[INFO] [stderr]   -- Detecting C compiler ABI info
[INFO] [stderr]   -- Detecting C compiler ABI info - done
[INFO] [stderr]   -- Check for working C compiler: /usr/bin/cc - skipped
[INFO] [stderr]   -- Detecting C compile features
[INFO] [stderr]   -- Detecting C compile features - done
[INFO] [stderr]   -- Detecting CXX compiler ABI info
[INFO] [stderr]   -- Detecting CXX compiler ABI info - done
[INFO] [stderr]   -- Check for working CXX compiler: /usr/bin/c++ - skipped
[INFO] [stderr]   -- Detecting CXX compile features
[INFO] [stderr]   -- Detecting CXX compile features - done
[INFO] [stderr]   -- Could NOT find Doxygen (missing: DOXYGEN_EXECUTABLE) 
[INFO] [stderr]   -- Found PkgConfig: /usr/bin/pkg-config (found version "0.29.2") 
[INFO] [stderr]   -- Checking for module 'libusb-1.0'
[INFO] [stderr]   --   Found libusb-1.0, version 1.0.25
[INFO] [stderr]   -- Found LIBUSB: /usr/lib/x86_64-linux-gnu/libusb-1.0.so  
[INFO] [stderr]   -- Found Boost: /usr/lib/x86_64-linux-gnu/cmake/Boost-1.74.0/BoostConfig.cmake (found version "1.74.0")  
[INFO] [stderr]   -- Could NOT find Doxygen (missing: DOXYGEN_EXECUTABLE) 
[INFO] [stderr]   -- Not generating API documentation
[INFO] [stderr]   -- Detected git snapshot version: unknown
[INFO] [stderr]   -- Not building libftdi1++
[INFO] [stderr]   -- Not building python bindings
[INFO] [stderr]   -- ftdi_eeprom build is disabled
[INFO] [stderr]   -- libConfuse not found, won't build ftdi_eeprom
[INFO] [stderr]   -- NOT building unit test
[INFO] [stderr]   -- Looking for pthread.h
[INFO] [stderr]   -- Looking for pthread.h - found
[INFO] [stderr]   -- Performing Test CMAKE_HAVE_LIBC_PTHREAD
[INFO] [stderr]   -- Performing Test CMAKE_HAVE_LIBC_PTHREAD - Success
[INFO] [stderr]   -- Found Threads: TRUE  
[INFO] [stderr]   -- Found PCAP: /usr/lib/x86_64-linux-gnu/libpcap.so  
[INFO] [stderr]   -- Performing Test PCAP_LINKS_SOLO
[INFO] [stderr]   -- Performing Test PCAP_LINKS_SOLO - Success
[INFO] [stderr]   -- Looking for pcap_get_pfring_id
[INFO] [stderr]   -- Looking for pcap_get_pfring_id - not found
[INFO] [stderr]   -- Configuring done
[INFO] [stderr]   -- Generating done
[INFO] [stderr]   -- Build files have been written to: /opt/rustwide/target/debug/build/libicsneo-sys-7f9ac6b7021d8e5a/out/build
[INFO] [stderr]   running: cd "/opt/rustwide/target/debug/build/libicsneo-sys-7f9ac6b7021d8e5a/out/build" && "cmake" "--build" "." "--target" "all" "--config" "Debug" "--parallel" "16"
[INFO] [stderr]   [1/59] Building CXX object CMakeFiles/icsneocpp.dir/Debug/communication/packet/scriptstatuspacket.cpp.o
[INFO] [stderr]   [2/59] Building CXX object CMakeFiles/icsneocpp.dir/Debug/communication/packet/versionpacket.cpp.o
[INFO] [stderr]   [3/59] Building CXX object CMakeFiles/icsneocpp.dir/Debug/communication/packet/logicaldiskinfopacket.cpp.o
[INFO] [stderr]   [4/59] Building CXX object CMakeFiles/icsneocpp.dir/Debug/communication/message/ethphymessage.cpp.o
[INFO] [stderr]   [5/59] Building CXX object CMakeFiles/icsneocpp.dir/Debug/communication/packet/wivicommandpacket.cpp.o
[INFO] [stderr]   [6/59] Building CXX object CMakeFiles/icsneocpp.dir/Debug/communication/packet/flexraypacket.cpp.o
[INFO] [stderr]   [7/59] Building CXX object CMakeFiles/icsneocpp.dir/Debug/communication/message/callback/streamoutput/a2bwavoutput.cpp.o
[INFO] [stderr]   [8/59] Building CXX object CMakeFiles/icsneocpp.dir/Debug/communication/message/flexray/control/flexraycontrolmessage.cpp.o
[INFO] [stderr]   [9/59] Building CXX object CMakeFiles/icsneocpp.dir/Debug/communication/message/neomessage.cpp.o
[INFO] [stderr]   [10/59] Building CXX object CMakeFiles/icsneocpp.dir/Debug/communication/packet/i2cpacket.cpp.o
[INFO] [stderr]   [11/59] Building CXX object CMakeFiles/icsneocpp.dir/Debug/communication/packet/a2bpacket.cpp.o
[INFO] [stderr]   [12/59] Building CXX object CMakeFiles/icsneocpp.dir/Debug/communication/packet/ethernetpacket.cpp.o
[INFO] [stderr]   [13/59] Building CXX object CMakeFiles/icsneocpp.dir/Debug/communication/packet/iso9141packet.cpp.o
[INFO] [stderr]   [14/59] Building CXX object CMakeFiles/icsneocpp.dir/Debug/communication/packet/ethphyregpacket.cpp.o
[INFO] [stderr]   [15/59] Building CXX object CMakeFiles/icsneocpp.dir/Debug/communication/packet/canpacket.cpp.o
[INFO] [stderr]   [16/59] Building CXX object CMakeFiles/icsneocpp.dir/Debug/api/icsneocpp/version.cpp.o
[INFO] [stderr]   FAILED: CMakeFiles/icsneocpp.dir/Debug/api/icsneocpp/version.cpp.o 
[INFO] [stderr]   /usr/bin/c++ -DICSNEO_ENABLE_CDCACM -DICSNEO_ENABLE_FTDI -DICSNEO_ENABLE_RAW_ETHERNET -DCMAKE_INTDIR=\"Debug\" -I/opt/rustwide/target/debug/build/libicsneo-sys-7f9ac6b7021d8e5a/out/build -I/opt/rustwide/workdir/src/libicsneo/include -I/opt/rustwide/workdir/src/libicsneo/third-party/libftdi/src -I/usr/include/libusb-1.0 -I/opt/rustwide/workdir/src/libicsneo/third-party/fatfs/source -ffunction-sections -fdata-sections -fPIC -m64 -Wall -Wno-switch -Wno-unknown-pragmas -g -fPIC -MD -MT CMakeFiles/icsneocpp.dir/Debug/api/icsneocpp/version.cpp.o -MF CMakeFiles/icsneocpp.dir/Debug/api/icsneocpp/version.cpp.o.d -o CMakeFiles/icsneocpp.dir/Debug/api/icsneocpp/version.cpp.o -c /opt/rustwide/workdir/src/libicsneo/api/icsneocpp/version.cpp
[INFO] [stderr]   In file included from /opt/rustwide/workdir/src/libicsneo/api/icsneocpp/version.cpp:2:
[INFO] [stderr]   /opt/rustwide/target/debug/build/libicsneo-sys-7f9ac6b7021d8e5a/out/build/generated/buildinfo.h:5:28: warning: missing terminating " character
[INFO] [stderr]       5 | const char* GIT_DESCRIBE = "fatal: not a git repository (or any parent up to mount point /opt/rustwide)
[INFO] [stderr]         |                            ^
[INFO] [stderr]   /opt/rustwide/target/debug/build/libicsneo-sys-7f9ac6b7021d8e5a/out/build/generated/buildinfo.h:5:28: error: missing terminating " character
[INFO] [stderr]       5 | const char* GIT_DESCRIBE = "fatal: not a git repository (or any parent up to mount point /opt/rustwide)
[INFO] [stderr]         |                            ^~~~~~~~~~~~~~~~~~~~~~~~~~~~~~~~~~~~~~~~~~~~~~~~~~~~~~~~~~~~~~~~~~~~~~~~~~~~
[INFO] [stderr]   /opt/rustwide/target/debug/build/libicsneo-sys-7f9ac6b7021d8e5a/out/build/generated/buildinfo.h:6:75: warning: missing terminating " character
[INFO] [stderr]       6 | Stopping at filesystem boundary (GIT_DISCOVERY_ACROSS_FILESYSTEM not set).";
[INFO] [stderr]         |                                                                           ^
[INFO] [stderr]   /opt/rustwide/target/debug/build/libicsneo-sys-7f9ac6b7021d8e5a/out/build/generated/buildinfo.h:6:75: error: missing terminating " character
[INFO] [stderr]       6 | Stopping at filesystem boundary (GIT_DISCOVERY_ACROSS_FILESYSTEM not set).";
[INFO] [stderr]         |                                                                           ^~
[INFO] [stderr]   /opt/rustwide/target/debug/build/libicsneo-sys-7f9ac6b7021d8e5a/out/build/generated/buildinfo.h:6:1: error: 'Stopping' was not declared in this scope
[INFO] [stderr]       6 | Stopping at filesystem boundary (GIT_DISCOVERY_ACROSS_FILESYSTEM not set).";
[INFO] [stderr]         | ^~~~~~~~
[INFO] [stderr]   /opt/rustwide/workdir/src/libicsneo/api/icsneocpp/version.cpp: In function 'neoversion_t icsneo::GetVersion()':
[INFO] [stderr]   /opt/rustwide/workdir/src/libicsneo/api/icsneocpp/version.cpp:8:25: error: 'BUILD_MAJOR' was not declared in this scope; did you mean 'BUILD_MINOR'?
[INFO] [stderr]       8 |         version.major = BUILD_MAJOR;
[INFO] [stderr]         |                         ^~~~~~~~~~~
[INFO] [stderr]         |                         BUILD_MINOR
[INFO] [stderr]   [17/59] Building CXX object CMakeFiles/icsneocpp.dir/Debug/communication/decoder.cpp.o
[INFO] [stderr]   FAILED: CMakeFiles/icsneocpp.dir/Debug/communication/decoder.cpp.o 
[INFO] [stderr]   /usr/bin/c++ -DICSNEO_ENABLE_CDCACM -DICSNEO_ENABLE_FTDI -DICSNEO_ENABLE_RAW_ETHERNET -DCMAKE_INTDIR=\"Debug\" -I/opt/rustwide/target/debug/build/libicsneo-sys-7f9ac6b7021d8e5a/out/build -I/opt/rustwide/workdir/src/libicsneo/include -I/opt/rustwide/workdir/src/libicsneo/third-party/libftdi/src -I/usr/include/libusb-1.0 -I/opt/rustwide/workdir/src/libicsneo/third-party/fatfs/source -ffunction-sections -fdata-sections -fPIC -m64 -Wall -Wno-switch -Wno-unknown-pragmas -g -fPIC -MD -MT CMakeFiles/icsneocpp.dir/Debug/communication/decoder.cpp.o -MF CMakeFiles/icsneocpp.dir/Debug/communication/decoder.cpp.o.d -o CMakeFiles/icsneocpp.dir/Debug/communication/decoder.cpp.o -c /opt/rustwide/workdir/src/libicsneo/communication/decoder.cpp
[INFO] [stderr]   c++: fatal error: Killed signal terminated program cc1plus
[INFO] [stderr]   compilation terminated.
[INFO] [stderr]   [18/59] Building CXX object CMakeFiles/icsneocpp.dir/Debug/communication/multichannelcommunication.cpp.o
[INFO] [stderr]   FAILED: CMakeFiles/icsneocpp.dir/Debug/communication/multichannelcommunication.cpp.o 
[INFO] [stderr]   /usr/bin/c++ -DICSNEO_ENABLE_CDCACM -DICSNEO_ENABLE_FTDI -DICSNEO_ENABLE_RAW_ETHERNET -DCMAKE_INTDIR=\"Debug\" -I/opt/rustwide/target/debug/build/libicsneo-sys-7f9ac6b7021d8e5a/out/build -I/opt/rustwide/workdir/src/libicsneo/include -I/opt/rustwide/workdir/src/libicsneo/third-party/libftdi/src -I/usr/include/libusb-1.0 -I/opt/rustwide/workdir/src/libicsneo/third-party/fatfs/source -ffunction-sections -fdata-sections -fPIC -m64 -Wall -Wno-switch -Wno-unknown-pragmas -g -fPIC -MD -MT CMakeFiles/icsneocpp.dir/Debug/communication/multichannelcommunication.cpp.o -MF CMakeFiles/icsneocpp.dir/Debug/communication/multichannelcommunication.cpp.o.d -o CMakeFiles/icsneocpp.dir/Debug/communication/multichannelcommunication.cpp.o -c /opt/rustwide/workdir/src/libicsneo/communication/multichannelcommunication.cpp
[INFO] [stderr]   c++: fatal error: Killed signal terminated program cc1plus
[INFO] [stderr]   compilation terminated.
[INFO] [stderr]   [19/59] Building CXX object CMakeFiles/icsneocpp.dir/Debug/device/extensions/flexray/controller.cpp.o
[INFO] [stderr]   FAILED: CMakeFiles/icsneocpp.dir/Debug/device/extensions/flexray/controller.cpp.o 
[INFO] [stderr]   /usr/bin/c++ -DICSNEO_ENABLE_CDCACM -DICSNEO_ENABLE_FTDI -DICSNEO_ENABLE_RAW_ETHERNET -DCMAKE_INTDIR=\"Debug\" -I/opt/rustwide/target/debug/build/libicsneo-sys-7f9ac6b7021d8e5a/out/build -I/opt/rustwide/workdir/src/libicsneo/include -I/opt/rustwide/workdir/src/libicsneo/third-party/libftdi/src -I/usr/include/libusb-1.0 -I/opt/rustwide/workdir/src/libicsneo/third-party/fatfs/source -ffunction-sections -fdata-sections -fPIC -m64 -Wall -Wno-switch -Wno-unknown-pragmas -g -fPIC -MD -MT CMakeFiles/icsneocpp.dir/Debug/device/extensions/flexray/controller.cpp.o -MF CMakeFiles/icsneocpp.dir/Debug/device/extensions/flexray/controller.cpp.o.d -o CMakeFiles/icsneocpp.dir/Debug/device/extensions/flexray/controller.cpp.o -c /opt/rustwide/workdir/src/libicsneo/device/extensions/flexray/controller.cpp
[INFO] [stderr]   c++: fatal error: Killed signal terminated program cc1plus
[INFO] [stderr]   compilation terminated.
[INFO] [stderr]   [20/59] Building CXX object CMakeFiles/icsneocpp.dir/Debug/communication/encoder.cpp.o
[INFO] [stderr]   FAILED: CMakeFiles/icsneocpp.dir/Debug/communication/encoder.cpp.o 
[INFO] [stderr]   /usr/bin/c++ -DICSNEO_ENABLE_CDCACM -DICSNEO_ENABLE_FTDI -DICSNEO_ENABLE_RAW_ETHERNET -DCMAKE_INTDIR=\"Debug\" -I/opt/rustwide/target/debug/build/libicsneo-sys-7f9ac6b7021d8e5a/out/build -I/opt/rustwide/workdir/src/libicsneo/include -I/opt/rustwide/workdir/src/libicsneo/third-party/libftdi/src -I/usr/include/libusb-1.0 -I/opt/rustwide/workdir/src/libicsneo/third-party/fatfs/source -ffunction-sections -fdata-sections -fPIC -m64 -Wall -Wno-switch -Wno-unknown-pragmas -g -fPIC -MD -MT CMakeFiles/icsneocpp.dir/Debug/communication/encoder.cpp.o -MF CMakeFiles/icsneocpp.dir/Debug/communication/encoder.cpp.o.d -o CMakeFiles/icsneocpp.dir/Debug/communication/encoder.cpp.o -c /opt/rustwide/workdir/src/libicsneo/communication/encoder.cpp
[INFO] [stderr]   c++: fatal error: Killed signal terminated program cc1plus
[INFO] [stderr]   compilation terminated.
[INFO] [stderr]   [21/59] Building CXX object CMakeFiles/icsneocpp.dir/Debug/communication/driver.cpp.o
[INFO] [stderr]   [22/59] Building CXX object CMakeFiles/icsneocpp.dir/Debug/communication/ethernetpacketizer.cpp.o
[INFO] [stderr]   [23/59] Building CXX object CMakeFiles/icsneocpp.dir/Debug/communication/packetizer.cpp.o
[INFO] [stderr]   [24/59] Building CXX object CMakeFiles/icsneocpp.dir/Debug/api/icsneocpp/eventmanager.cpp.o
[INFO] [stderr]   [25/59] Building CXX object CMakeFiles/icsneocpp.dir/Debug/api/icsneocpp/event.cpp.o
[INFO] [stderr]   [26/59] Building CXX object CMakeFiles/icsneocpp.dir/Debug/device/idevicesettings.cpp.o
[INFO] [stderr]   [27/59] Building CXX object CMakeFiles/icsneocpp.dir/Debug/device/extensions/flexray/extension.cpp.o
[INFO] [stderr]   [28/59] Building CXX object CMakeFiles/icsneocpp.dir/Debug/api/icsneocpp/icsneocpp.cpp.o
[INFO] [stderr]   [29/59] Building CXX object CMakeFiles/icsneocpp.dir/Debug/communication/communication.cpp.o
[INFO] [stderr]   [30/59] Building CXX object CMakeFiles/icsneocpp.dir/Debug/device/device.cpp.o
[INFO] [stderr]   [31/59] Building CXX object CMakeFiles/icsneocpp.dir/Debug/device/devicefinder.cpp.o
[INFO] [stderr]   ninja: build stopped: subcommand failed.
[INFO] [stderr] 
[INFO] [stderr]   --- stderr
[INFO] [stderr]   fatal: not a git repository (or any parent up to mount point /opt/rustwide)
[INFO] [stderr]   Stopping at filesystem boundary (GIT_DISCOVERY_ACROSS_FILESYSTEM not set).
[INFO] [stderr]   Include paths 
[INFO] [stderr]   Loaded extensions: 
[INFO] [stderr]   CMake Deprecation Warning at third-party/libftdi/CMakeLists.txt:15 (cmake_minimum_required):
[INFO] [stderr]     Compatibility with CMake < 2.8.12 will be removed from a future version of
[INFO] [stderr]     CMake.
[INFO] [stderr] 
[INFO] [stderr]     Update the VERSION argument <min> value or use a ...<max> suffix to tell
[INFO] [stderr]     CMake that the project does not need compatibility with older versions.
[INFO] [stderr] 
[INFO] [stderr] 
[INFO] [stderr]   -- Build type: Debug
[INFO] [stderr]   CMake Warning (dev) at /usr/share/cmake-3.22/Modules/FindPackageHandleStandardArgs.cmake:438 (message):
[INFO] [stderr]     The package name passed to `find_package_handle_standard_args` (LIBUSB)
[INFO] [stderr]     does not match the name of the calling package (USB1).  This can lead to
[INFO] [stderr]     problems in calling code that expects `find_package` result variables
[INFO] [stderr]     (e.g., `_FOUND`) to follow a certain pattern.
[INFO] [stderr]   Call Stack (most recent call first):
[INFO] [stderr]     third-party/libftdi/cmake/FindUSB1.cmake:33 (FIND_PACKAGE_HANDLE_STANDARD_ARGS)
[INFO] [stderr]     third-party/libftdi/CMakeLists.txt:26 (find_package)
[INFO] [stderr]   This warning is for project developers.  Use -Wno-dev to suppress it.
[INFO] [stderr] 
[INFO] [stderr]   fatal: not a git repository (or any parent up to mount point /opt/rustwide)
[INFO] [stderr]   Stopping at filesystem boundary (GIT_DISCOVERY_ACROSS_FILESYSTEM not set).
[INFO] [stderr]   CMake Warning:
[INFO] [stderr]     Manually-specified variables were not used by the project:
[INFO] [stderr] 
[INFO] [stderr]       CMAKE_ASM_COMPILER
[INFO] [stderr]       CMAKE_ASM_FLAGS
[INFO] [stderr] 
[INFO] [stderr] 
[INFO] [stderr]   thread 'main' panicked at '
[INFO] [stderr]   command did not execute successfully, got: exit status: 1
[INFO] [stderr] 
[INFO] [stderr]   build script failed, must exit now', /opt/rustwide/cargo-home/registry/src/index.crates.io-6f17d22bba15001f/cmake-0.1.50/src/lib.rs:1098:5
[INFO] [stderr]   stack backtrace:
[INFO] [stderr]      0:     0x55d9b5e4911a - std::backtrace_rs::backtrace::libunwind::trace::h2f05d0192276a8f6
[INFO] [stderr]                                  at /rustc/1b7dd2252b99671ce5d1cb9664c5f8636329436d/library/std/src/../../backtrace/src/backtrace/libunwind.rs:93:5
[INFO] [stderr]      1:     0x55d9b5e4911a - std::backtrace_rs::backtrace::trace_unsynchronized::hedc23dff7a1af150
[INFO] [stderr]                                  at /rustc/1b7dd2252b99671ce5d1cb9664c5f8636329436d/library/std/src/../../backtrace/src/backtrace/mod.rs:66:5
[INFO] [stderr]      2:     0x55d9b5e4911a - std::sys_common::backtrace::_print_fmt::h17541ef7592f3ce2
[INFO] [stderr]                                  at /rustc/1b7dd2252b99671ce5d1cb9664c5f8636329436d/library/std/src/sys_common/backtrace.rs:65:5
[INFO] [stderr]      3:     0x55d9b5e4911a - <std::sys_common::backtrace::_print::DisplayBacktrace as core::fmt::Display>::fmt::h20f75df5ab0c0792
[INFO] [stderr]                                  at /rustc/1b7dd2252b99671ce5d1cb9664c5f8636329436d/library/std/src/sys_common/backtrace.rs:44:22
[INFO] [stderr]      4:     0x55d9b5e6f67f - core::fmt::write::h78109e6f466b3af6
[INFO] [stderr]                                  at /rustc/1b7dd2252b99671ce5d1cb9664c5f8636329436d/library/core/src/fmt/mod.rs:1254:17
[INFO] [stderr]      5:     0x55d9b5e45ad5 - std::io::Write::write_fmt::hc59e1b02dd273c8a
[INFO] [stderr]                                  at /rustc/1b7dd2252b99671ce5d1cb9664c5f8636329436d/library/std/src/io/mod.rs:1698:15
[INFO] [stderr]      6:     0x55d9b5e48ee5 - std::sys_common::backtrace::_print::h8dac57a9f8fbf9a5
[INFO] [stderr]                                  at /rustc/1b7dd2252b99671ce5d1cb9664c5f8636329436d/library/std/src/sys_common/backtrace.rs:47:5
[INFO] [stderr]      7:     0x55d9b5e48ee5 - std::sys_common::backtrace::print::hf9ecbf41d1aa712f
[INFO] [stderr]                                  at /rustc/1b7dd2252b99671ce5d1cb9664c5f8636329436d/library/std/src/sys_common/backtrace.rs:34:9
[INFO] [stderr]      8:     0x55d9b5e4a7ae - std::panicking::default_hook::{{closure}}::h04c07acfc84ca028
[INFO] [stderr]                                  at /rustc/1b7dd2252b99671ce5d1cb9664c5f8636329436d/library/std/src/panicking.rs:269:22
[INFO] [stderr]      9:     0x55d9b5e4a555 - std::panicking::default_hook::h01f6bb23e1eceb2c
[INFO] [stderr]                                  at /rustc/1b7dd2252b99671ce5d1cb9664c5f8636329436d/library/std/src/panicking.rs:288:9
[INFO] [stderr]     10:     0x55d9b5e4ad0e - std::panicking::rust_panic_with_hook::h2bb3722bbaf2f6df
[INFO] [stderr]                                  at /rustc/1b7dd2252b99671ce5d1cb9664c5f8636329436d/library/std/src/panicking.rs:691:13
[INFO] [stderr]     11:     0x55d9b5e4ac09 - std::panicking::begin_panic_handler::{{closure}}::h91bc7f36a4be011b
[INFO] [stderr]                                  at /rustc/1b7dd2252b99671ce5d1cb9664c5f8636329436d/library/std/src/panicking.rs:582:13
[INFO] [stderr]     12:     0x55d9b5e49586 - std::sys_common::backtrace::__rust_end_short_backtrace::h8b3d3717114f9e59
[INFO] [stderr]                                  at /rustc/1b7dd2252b99671ce5d1cb9664c5f8636329436d/library/std/src/sys_common/backtrace.rs:150:18
[INFO] [stderr]     13:     0x55d9b5e4a962 - rust_begin_unwind
[INFO] [stderr]                                  at /rustc/1b7dd2252b99671ce5d1cb9664c5f8636329436d/library/std/src/panicking.rs:578:5
[INFO] [stderr]     14:     0x55d9b5972e23 - core::panicking::panic_fmt::hfd368e3fbdabea26
[INFO] [stderr]                                  at /rustc/1b7dd2252b99671ce5d1cb9664c5f8636329436d/library/core/src/panicking.rs:67:14
[INFO] [stderr]     15:     0x55d9b598833f - cmake::fail::h8250385c9d40d8fd
[INFO] [stderr]     16:     0x55d9b5987e33 - cmake::run::ha2ff77c9f1d19870
[INFO] [stderr]     17:     0x55d9b5984960 - cmake::Config::build::hac8367be707cce35
[INFO] [stderr]     18:     0x55d9b5974320 - build_script_build::build_libicsneo::h2acd4b8a3fa407e3
[INFO] [stderr]     19:     0x55d9b59752f4 - build_script_build::main::h35c8f220c172b143
[INFO] [stderr]     20:     0x55d9b5976e63 - core::ops::function::FnOnce::call_once::heb3ca72f271071e8
[INFO] [stderr]     21:     0x55d9b5975956 - std::sys_common::backtrace::__rust_begin_short_backtrace::h931f25d22f1bd911
[INFO] [stderr]     22:     0x55d9b59758a9 - std::rt::lang_start::{{closure}}::hfdd0e2420edf2f08
[INFO] [stderr]     23:     0x55d9b5e4184e - core::ops::function::impls::<impl core::ops::function::FnOnce<A> for &F>::call_once::h2eb19b8ce4148df4
[INFO] [stderr]                                  at /rustc/1b7dd2252b99671ce5d1cb9664c5f8636329436d/library/core/src/ops/function.rs:287:13
[INFO] [stderr]     24:     0x55d9b5e4184e - std::panicking::try::do_call::h2e900feff5d504c5
[INFO] [stderr]                                  at /rustc/1b7dd2252b99671ce5d1cb9664c5f8636329436d/library/std/src/panicking.rs:485:40
[INFO] [stderr]     25:     0x55d9b5e4184e - std::panicking::try::h8854836cb85aa9f2
[INFO] [stderr]                                  at /rustc/1b7dd2252b99671ce5d1cb9664c5f8636329436d/library/std/src/panicking.rs:449:19
[INFO] [stderr]     26:     0x55d9b5e4184e - std::panic::catch_unwind::h706025dd4c48f64b
[INFO] [stderr]                                  at /rustc/1b7dd2252b99671ce5d1cb9664c5f8636329436d/library/std/src/panic.rs:140:14
[INFO] [stderr]     27:     0x55d9b5e4184e - std::rt::lang_start_internal::{{closure}}::h7be5b97f4a07a91a
[INFO] [stderr]                                  at /rustc/1b7dd2252b99671ce5d1cb9664c5f8636329436d/library/std/src/rt.rs:148:48
[INFO] [stderr]     28:     0x55d9b5e4184e - std::panicking::try::do_call::h59847e9d0a176965
[INFO] [stderr]                                  at /rustc/1b7dd2252b99671ce5d1cb9664c5f8636329436d/library/std/src/panicking.rs:485:40
[INFO] [stderr]     29:     0x55d9b5e4184e - std::panicking::try::h399a918ba8522823
[INFO] [stderr]                                  at /rustc/1b7dd2252b99671ce5d1cb9664c5f8636329436d/library/std/src/panicking.rs:449:19
[INFO] [stderr]     30:     0x55d9b5e4184e - std::panic::catch_unwind::hca7ca6c55b2a2e26
[INFO] [stderr]                                  at /rustc/1b7dd2252b99671ce5d1cb9664c5f8636329436d/library/std/src/panic.rs:140:14
[INFO] [stderr]     31:     0x55d9b5e4184e - std::rt::lang_start_internal::h2c807a81560459eb
[INFO] [stderr]                                  at /rustc/1b7dd2252b99671ce5d1cb9664c5f8636329436d/library/std/src/rt.rs:148:20
[INFO] [stderr]     32:     0x55d9b5975887 - std::rt::lang_start::he5ee01601ee868fd
[INFO] [stderr]     33:     0x55d9b5975335 - main
[INFO] [stderr]     34:     0x7fb9380c3d90 - <unknown>
[INFO] [stderr]     35:     0x7fb9380c3e40 - __libc_start_main
[INFO] [stderr]     36:     0x55d9b59735a5 - _start
[INFO] [stderr]     37:                0x0 - <unknown>
[INFO] running `Command { std: "docker" "inspect" "f14377df0c385ccf404b5caa06df059f51e5ba433a07f54531e838c6926d5084", kill_on_drop: false }`
[INFO] running `Command { std: "docker" "rm" "-f" "f14377df0c385ccf404b5caa06df059f51e5ba433a07f54531e838c6926d5084", kill_on_drop: false }`
[INFO] [stdout] f14377df0c385ccf404b5caa06df059f51e5ba433a07f54531e838c6926d5084
