[INFO] fetching crate kind2 0.3.9...
[INFO] documenting kind2-0.3.9 against 1.69.0 for beta-1.70-rustdoc-1
[INFO] extracting crate kind2 0.3.9 into /workspace/builds/worker-1-tc1/source
[INFO] validating manifest of crates.io crate kind2 0.3.9 on toolchain 1.69.0
[INFO] running `Command { std: CARGO_HOME="/workspace/cargo-home" RUSTUP_HOME="/workspace/rustup-home" "/workspace/cargo-home/bin/cargo" "+1.69.0" "metadata" "--manifest-path" "Cargo.toml" "--no-deps", kill_on_drop: false }`
[INFO] started tweaking crates.io crate kind2 0.3.9
[INFO] finished tweaking crates.io crate kind2 0.3.9
[INFO] tweaked toml for crates.io crate kind2 0.3.9 written to /workspace/builds/worker-1-tc1/source/Cargo.toml
[INFO] crate crates.io crate kind2 0.3.9 already has a lockfile, it will not be regenerated
[INFO] running `Command { std: CARGO_HOME="/workspace/cargo-home" RUSTUP_HOME="/workspace/rustup-home" "/workspace/cargo-home/bin/cargo" "+1.69.0" "fetch" "--manifest-path" "Cargo.toml", kill_on_drop: false }`
[INFO] [stderr]  Downloading crates ...
[INFO] [stderr]   Downloaded kind-report v0.1.2
[INFO] [stderr]   Downloaded highlight_error v0.1.1
[INFO] [stderr]   Downloaded kindelia_lang v0.1.7
[INFO] [stderr]   Downloaded kindelia_common v0.1.7
[INFO] [stderr]   Downloaded primitive-types v0.11.1
[INFO] [stderr]   Downloaded serde_derive v1.0.150
[INFO] [stderr]   Downloaded parity-scale-codec v3.2.1
[INFO] [stderr]   Downloaded parity-scale-codec-derive v3.1.3
[INFO] [stderr]   Downloaded serde v1.0.150
[INFO] [stderr]   Downloaded kind-target-kdl v0.1.2
[INFO] [stderr]   Downloaded secp256k1 v0.22.2
[INFO] [stderr]   Downloaded sysinfo v0.26.8
[INFO] [stderr]   Downloaded kind-target-hvm v0.1.2
[INFO] [stderr]   Downloaded HOPA v0.1.2
[INFO] [stderr]   Downloaded kind-tree v0.1.2
[INFO] [stderr]   Downloaded kind-driver v0.1.2
[INFO] [stderr]   Downloaded kind-checker v0.1.2
[INFO] [stderr]   Downloaded kind-pass v0.1.2
[INFO] [stderr]   Downloaded kind-parser v0.1.2
[INFO] [stderr]   Downloaded kind-derive v0.1.2
[INFO] [stderr]   Downloaded termsize v0.1.6
[INFO] [stderr]   Downloaded kind-query v0.1.2
[INFO] [stderr]   Downloaded kind-span v0.1.2
[INFO] [stderr]   Downloaded hvm v1.0.6
[INFO] [stderr]   Downloaded secp256k1-sys v0.5.2
[INFO] running `Command { std: "docker" "create" "-v" "/var/lib/crater-agent-workspace/builds/worker-1-tc1/target:/opt/rustwide/target:rw,Z" "-v" "/var/lib/crater-agent-workspace/builds/worker-1-tc1/source:/opt/rustwide/workdir:ro,Z" "-v" "/var/lib/crater-agent-workspace/cargo-home:/opt/rustwide/cargo-home:ro,Z" "-v" "/var/lib/crater-agent-workspace/rustup-home:/opt/rustwide/rustup-home:ro,Z" "-e" "SOURCE_DIR=/opt/rustwide/workdir" "-e" "CARGO_TARGET_DIR=/opt/rustwide/target" "-e" "CARGO_HOME=/opt/rustwide/cargo-home" "-e" "RUSTUP_HOME=/opt/rustwide/rustup-home" "-w" "/opt/rustwide/workdir" "-m" "1610612736" "--user" "0:0" "--network" "none" "ghcr.io/rust-lang/crates-build-env/linux@sha256:97d61d7686bf65f8ecb15491ab51835e82dc9176a96a831f143a431b191fc501" "/opt/rustwide/cargo-home/bin/cargo" "+1.69.0" "metadata" "--no-deps" "--format-version=1", kill_on_drop: false }`
[INFO] [stdout] 6c95aa85d2ade6886e3f7cb76a3ac5c237482aceba622b1bad2af8e011d81e9b
[INFO] running `Command { std: "docker" "start" "-a" "6c95aa85d2ade6886e3f7cb76a3ac5c237482aceba622b1bad2af8e011d81e9b", kill_on_drop: false }`
[INFO] running `Command { std: "docker" "inspect" "6c95aa85d2ade6886e3f7cb76a3ac5c237482aceba622b1bad2af8e011d81e9b", kill_on_drop: false }`
[INFO] running `Command { std: "docker" "rm" "-f" "6c95aa85d2ade6886e3f7cb76a3ac5c237482aceba622b1bad2af8e011d81e9b", kill_on_drop: false }`
[INFO] [stdout] 6c95aa85d2ade6886e3f7cb76a3ac5c237482aceba622b1bad2af8e011d81e9b
[INFO] running `Command { std: "docker" "create" "-v" "/var/lib/crater-agent-workspace/builds/worker-1-tc1/target:/opt/rustwide/target:rw,Z" "-v" "/var/lib/crater-agent-workspace/builds/worker-1-tc1/source:/opt/rustwide/workdir:ro,Z" "-v" "/var/lib/crater-agent-workspace/cargo-home:/opt/rustwide/cargo-home:ro,Z" "-v" "/var/lib/crater-agent-workspace/rustup-home:/opt/rustwide/rustup-home:ro,Z" "-e" "SOURCE_DIR=/opt/rustwide/workdir" "-e" "CARGO_TARGET_DIR=/opt/rustwide/target" "-e" "CARGO_INCREMENTAL=0" "-e" "RUST_BACKTRACE=full" "-e" "RUSTFLAGS=--cap-lints=warn" "-e" "RUSTDOCFLAGS=--cap-lints=warn" "-e" "CARGO_HOME=/opt/rustwide/cargo-home" "-e" "RUSTUP_HOME=/opt/rustwide/rustup-home" "-w" "/opt/rustwide/workdir" "-m" "1610612736" "--user" "0:0" "--network" "none" "ghcr.io/rust-lang/crates-build-env/linux@sha256:97d61d7686bf65f8ecb15491ab51835e82dc9176a96a831f143a431b191fc501" "/opt/rustwide/cargo-home/bin/cargo" "+1.69.0" "doc" "--frozen" "--no-deps" "--document-private-items" "--message-format=json", kill_on_drop: false }`
[INFO] [stdout] f0288523637382ae7b2696388343e8f7be749648b91333d0d20005f88b128de2
[INFO] running `Command { std: "docker" "start" "-a" "f0288523637382ae7b2696388343e8f7be749648b91333d0d20005f88b128de2", kill_on_drop: false }`
[INFO] [stderr]    Compiling autocfg v1.1.0
[INFO] [stderr]    Compiling libc v0.2.138
[INFO] [stderr]    Compiling proc-macro2 v1.0.47
[INFO] [stderr]    Compiling quote v1.0.21
[INFO] [stderr]    Compiling unicode-ident v1.0.5
[INFO] [stderr]     Checking cfg-if v1.0.0
[INFO] [stderr]    Compiling syn v1.0.105
[INFO] [stderr]    Compiling version_check v0.9.4
[INFO] [stderr]    Compiling crossbeam-utils v0.8.14
[INFO] [stderr]    Compiling cc v1.0.78
[INFO] [stderr]     Checking scopeguard v1.1.0
[INFO] [stderr]    Compiling typenum v1.16.0
[INFO] [stderr]     Checking byteorder v1.4.3
[INFO] [stderr]     Checking os_str_bytes v6.4.1
[INFO] [stderr]     Checking once_cell v1.16.0
[INFO] [stderr]    Compiling heck v0.4.0
[INFO] [stderr]    Compiling memchr v2.5.0
[INFO] [stderr]     Checking bitflags v1.3.2
[INFO] [stderr]     Checking rand_core v0.4.2
[INFO] [stderr]    Compiling autocfg v0.1.8
[INFO] [stderr]    Compiling rayon-core v1.10.1
[INFO] [stderr]    Compiling serde_derive v1.0.150
[INFO] [stderr]    Compiling crossbeam-queue v0.3.8
[INFO] [stderr]     Checking hashbrown v0.12.3
[INFO] [stderr]    Compiling serde v1.0.150
[INFO] [stderr]     Checking either v1.8.0
[INFO] [stderr]     Checking termcolor v1.1.3
[INFO] [stderr]    Compiling proc-macro-error-attr v1.0.4
[INFO] [stderr]    Compiling proc-macro-error v1.0.4
[INFO] [stderr]    Compiling memoffset v0.7.1
[INFO] [stderr]    Compiling crossbeam-epoch v0.9.13
[INFO] [stderr]    Compiling indexmap v1.9.2
[INFO] [stderr]     Checking crossbeam-channel v0.5.6
[INFO] [stderr]     Checking strsim v0.10.0
[INFO] [stderr]     Checking adler v1.0.2
[INFO] [stderr]     Checking gimli v0.27.0
[INFO] [stderr]    Compiling thiserror v1.0.37
[INFO] [stderr]     Checking miniz_oxide v0.6.2
[INFO] [stderr]     Checking clap_lex v0.2.4
[INFO] [stderr]     Checking textwrap v0.16.0
[INFO] [stderr]     Checking object v0.30.0
[INFO] [stderr]     Checking rustc-demangle v0.1.21
[INFO] [stderr]     Checking highlight_error v0.1.1
[INFO] [stderr]     Checking itertools v0.10.5
[INFO] [stderr]     Checking rand_core v0.3.1
[INFO] [stderr]     Checking fxhash v0.2.1
[INFO] [stderr]     Checking HOPA v0.1.2
[INFO] [stderr]     Checking instant v0.1.12
[INFO] [stderr]     Checking kind-span v0.1.2
[INFO] [stderr]    Compiling im-rc v15.1.0
[INFO] [stderr]    Compiling generic-array v0.14.6
[INFO] [stderr]     Checking yansi v0.5.1
[INFO] [stderr]     Checking unicode-width v0.1.10
[INFO] [stderr]    Compiling crunchy v0.2.2
[INFO] [stderr]     Checking crossbeam-deque v0.8.2
[INFO] [stderr]     Checking linked-hash-map v0.5.6
[INFO] [stderr]     Checking pathdiff v0.2.1
[INFO] [stderr]    Compiling rand_chacha v0.1.1
[INFO] [stderr]    Compiling backtrace v0.3.67
[INFO] [stderr]     Checking crossbeam v0.8.2
[INFO] [stderr]    Compiling rand_pcg v0.1.2
[INFO] [stderr]     Checking bitmaps v2.1.0
[INFO] [stderr]     Checking ppv-lite86 v0.2.17
[INFO] [stderr]    Compiling secp256k1-sys v0.5.2
[INFO] [stderr]    Compiling rand v0.6.5
[INFO] [stderr]     Checking arrayvec v0.7.2
[INFO] [stderr]     Checking byte-slice-cast v1.2.2
[INFO] [stderr]     Checking getrandom v0.2.8
[INFO] [stderr]     Checking atty v0.2.14
[INFO] [stderr]     Checking num_cpus v1.14.0
[INFO] [stderr]     Checking static_assertions v1.1.0
[INFO] [stderr]     Checking termsize v0.1.6
[INFO] [stderr]     Checking rand_os v0.1.3
[INFO] [stderr]     Checking rand_isaac v0.1.1
[INFO] [stderr]     Checking rand_hc v0.1.0
[INFO] [stderr]     Checking rand_xorshift v0.1.1
[INFO] [stderr]     Checking rand_core v0.6.4
[INFO] [stderr]     Checking kind-report v0.1.2
[INFO] [stderr]     Checking rand_jitter v0.1.4
[INFO] [stderr]    Compiling tiny-keccak v2.0.2
[INFO] [stderr]     Checking block-padding v0.2.1
[INFO] [stderr]     Checking rustc-hex v2.1.0
[INFO] [stderr]     Checking hex v0.4.3
[INFO] [stderr]     Checking digest v0.9.0
[INFO] [stderr]    Compiling anyhow v1.0.66
[INFO] [stderr]     Checking rand_xoshiro v0.6.0
[INFO] [stderr]     Checking rand_chacha v0.3.1
[INFO] [stderr]     Checking block-buffer v0.9.0
[INFO] [stderr]     Checking keccak v0.1.3
[INFO] [stderr]     Checking sized-chunks v0.6.5
[INFO] [stderr]    Compiling io-lifetimes v1.0.3
[INFO] [stderr]     Checking opaque-debug v0.3.0
[INFO] [stderr]    Compiling lock_api v0.4.9
[INFO] [stderr]     Checking uint v0.9.5
[INFO] [stderr]     Checking rand v0.8.5
[INFO] [stderr]    Compiling rustix v0.36.5
[INFO] [stderr]    Compiling parking_lot_core v0.9.5
[INFO] [stderr]     Checking sha3 v0.9.1
[INFO] [stderr]     Checking rayon v1.6.1
[INFO] [stderr]     Checking bit-vec v0.6.3
[INFO] [stderr]     Checking smallvec v1.10.0
[INFO] [stderr]     Checking linux-raw-sys v0.1.4
[INFO] [stderr]     Checking clap_lex v0.3.0
[INFO] [stderr]     Checking addr2line v0.19.0
[INFO] [stderr]     Checking dashmap v5.4.0
[INFO] [stderr]     Checking fixed-hash v0.7.0
[INFO] [stderr]     Checking is-terminal v0.4.1
[INFO] [stderr]     Checking sysinfo v0.26.8
[INFO] [stderr]     Checking secp256k1 v0.22.2
[INFO] [stderr]    Compiling clap_derive v3.2.18
[INFO] [stderr]    Compiling thiserror-impl v1.0.37
[INFO] [stderr]    Compiling impl-trait-for-tuples v0.2.2
[INFO] [stderr]    Compiling clap_derive v4.0.21
[INFO] [stderr]     Checking clap v4.0.29
[INFO] [stderr]     Checking clap v3.2.23
[INFO] [stderr]     Checking hvm v1.0.6
[INFO] [stdout] error[E0554]: `#![feature]` may not be used on the stable release channel
[INFO] [stdout]  --> /opt/rustwide/cargo-home/registry/src/github.com-1ecc6299db9ec823/hvm-1.0.6/src/lib.rs:1:12
[INFO] [stdout]   |
[INFO] [stdout] 1 | #![feature(atomic_from_mut)]
[INFO] [stdout]   |            ^^^^^^^^^^^^^^^
[INFO] [stdout] 
[INFO] [stdout] 
[INFO] [stdout] error[E0658]: use of unstable library feature 'atomic_mut_ptr': recently added
[INFO] [stdout]    --> /opt/rustwide/cargo-home/registry/src/github.com-1ecc6299db9ec823/hvm-1.0.6/src/runtime/base/memory.rs:450:54
[INFO] [stdout]     |
[INFO] [stdout] 450 |         let val = heap.node.get_unchecked(*lvar.next.as_ptr() as usize).load(Ordering::Relaxed);
[INFO] [stdout]     |                                                      ^^^^^^
[INFO] [stdout]     |
[INFO] [stdout]     = note: see issue #66893 <https://github.com/rust-lang/rust/issues/66893> for more information
[INFO] [stdout] 
[INFO] [stdout] 
[INFO] [stdout] error[E0658]: use of unstable library feature 'atomic_mut_ptr': recently added
[INFO] [stdout]    --> /opt/rustwide/cargo-home/registry/src/github.com-1ecc6299db9ec823/hvm-1.0.6/src/runtime/base/memory.rs:459:20
[INFO] [stdout]     |
[INFO] [stdout] 459 |         *lvar.next.as_ptr() += 1;
[INFO] [stdout]     |                    ^^^^^^
[INFO] [stdout]     |
[INFO] [stdout]     = note: see issue #66893 <https://github.com/rust-lang/rust/issues/66893> for more information
[INFO] [stdout] 
[INFO] [stdout] 
[INFO] [stdout] error[E0658]: use of unstable library feature 'atomic_mut_ptr': recently added
[INFO] [stdout]    --> /opt/rustwide/cargo-home/registry/src/github.com-1ecc6299db9ec823/hvm-1.0.6/src/runtime/base/memory.rs:461:23
[INFO] [stdout]     |
[INFO] [stdout] 461 |         if *lvar.next.as_ptr() >= *lvar.amax.as_ptr() {
[INFO] [stdout]     |                       ^^^^^^
[INFO] [stdout]     |
[INFO] [stdout]     = note: see issue #66893 <https://github.com/rust-lang/rust/issues/66893> for more information
[INFO] [stdout] 
[INFO] [stdout] 
[INFO] [stdout] error[E0658]: use of unstable library feature 'atomic_mut_ptr': recently added
[INFO] [stdout]    --> /opt/rustwide/cargo-home/registry/src/github.com-1ecc6299db9ec823/hvm-1.0.6/src/runtime/base/memory.rs:461:46
[INFO] [stdout]     |
[INFO] [stdout] 461 |         if *lvar.next.as_ptr() >= *lvar.amax.as_ptr() {
[INFO] [stdout]     |                                              ^^^^^^
[INFO] [stdout]     |
[INFO] [stdout]     = note: see issue #66893 <https://github.com/rust-lang/rust/issues/66893> for more information
[INFO] [stdout] 
[INFO] [stdout] 
[INFO] [stdout] error[E0658]: use of unstable library feature 'atomic_mut_ptr': recently added
[INFO] [stdout]    --> /opt/rustwide/cargo-home/registry/src/github.com-1ecc6299db9ec823/hvm-1.0.6/src/runtime/base/memory.rs:463:22
[INFO] [stdout]     |
[INFO] [stdout] 463 |           *lvar.next.as_ptr() = *lvar.amin.as_ptr();
[INFO] [stdout]     |                      ^^^^^^
[INFO] [stdout]     |
[INFO] [stdout]     = note: see issue #66893 <https://github.com/rust-lang/rust/issues/66893> for more information
[INFO] [stdout] 
[INFO] [stdout] 
[INFO] [stdout] error[E0658]: use of unstable library feature 'atomic_mut_ptr': recently added
[INFO] [stdout]    --> /opt/rustwide/cargo-home/registry/src/github.com-1ecc6299db9ec823/hvm-1.0.6/src/runtime/base/memory.rs:463:44
[INFO] [stdout]     |
[INFO] [stdout] 463 |           *lvar.next.as_ptr() = *lvar.amin.as_ptr();
[INFO] [stdout]     |                                            ^^^^^^
[INFO] [stdout]     |
[INFO] [stdout]     = note: see issue #66893 <https://github.com/rust-lang/rust/issues/66893> for more information
[INFO] [stdout] 
[INFO] [stdout] 
[INFO] [stdout] error[E0658]: use of unstable library feature 'atomic_mut_ptr': recently added
[INFO] [stdout]    --> /opt/rustwide/cargo-home/registry/src/github.com-1ecc6299db9ec823/hvm-1.0.6/src/runtime/base/memory.rs:473:29
[INFO] [stdout]     |
[INFO] [stdout] 473 |           return *lvar.next.as_ptr() - length;
[INFO] [stdout]     |                             ^^^^^^
[INFO] [stdout]     |
[INFO] [stdout]     = note: see issue #66893 <https://github.com/rust-lang/rust/issues/66893> for more information
[INFO] [stdout] 
[INFO] [stdout] 
[INFO] [stdout] error[E0658]: use of unstable library feature 'atomic_mut_ptr': recently added
[INFO] [stdout]    --> /opt/rustwide/cargo-home/registry/src/github.com-1ecc6299db9ec823/hvm-1.0.6/src/runtime/base/program.rs:174:30
[INFO] [stdout]     |
[INFO] [stdout] 174 |       *aloc.get_unchecked(i).as_ptr() = alloc(heap, tid, (*nodes.get_unchecked(i)).len() as u64);
[INFO] [stdout]     |                              ^^^^^^
[INFO] [stdout]     |
[INFO] [stdout]     = note: see issue #66893 <https://github.com/rust-lang/rust/issues/66893> for more information
[INFO] [stdout] 
[INFO] [stdout] 
[INFO] [stdout] error[E0658]: use of unstable library feature 'atomic_mut_ptr': recently added
[INFO] [stdout]    --> /opt/rustwide/cargo-home/registry/src/github.com-1ecc6299db9ec823/hvm-1.0.6/src/runtime/base/program.rs:176:19
[INFO] [stdout]     |
[INFO] [stdout] 176 |     if *lvar.dups.as_ptr() + dupk >= (1 << 28) {
[INFO] [stdout]     |                   ^^^^^^
[INFO] [stdout]     |
[INFO] [stdout]     = note: see issue #66893 <https://github.com/rust-lang/rust/issues/66893> for more information
[INFO] [stdout] 
[INFO] [stdout] 
[INFO] [stdout] error[E0658]: use of unstable library feature 'atomic_mut_ptr': recently added
[INFO] [stdout]    --> /opt/rustwide/cargo-home/registry/src/github.com-1ecc6299db9ec823/hvm-1.0.6/src/runtime/base/program.rs:177:18
[INFO] [stdout]     |
[INFO] [stdout] 177 |       *lvar.dups.as_ptr() = 0;
[INFO] [stdout]     |                  ^^^^^^
[INFO] [stdout]     |
[INFO] [stdout]     = note: see issue #66893 <https://github.com/rust-lang/rust/issues/66893> for more information
[INFO] [stdout] 
[INFO] [stdout] 
[INFO] [stdout] error[E0658]: use of unstable library feature 'atomic_mut_ptr': recently added
[INFO] [stdout]    --> /opt/rustwide/cargo-home/registry/src/github.com-1ecc6299db9ec823/hvm-1.0.6/src/runtime/base/program.rs:180:41
[INFO] [stdout]     |
[INFO] [stdout] 180 |       let host = *aloc.get_unchecked(i).as_ptr() as usize;
[INFO] [stdout]     |                                         ^^^^^^
[INFO] [stdout]     |
[INFO] [stdout]     = note: see issue #66893 <https://github.com/rust-lang/rust/issues/66893> for more information
[INFO] [stdout] 
[INFO] [stdout] 
[INFO] [stdout] error[E0658]: use of unstable library feature 'atomic_mut_ptr': recently added
[INFO] [stdout]    --> /opt/rustwide/cargo-home/registry/src/github.com-1ecc6299db9ec823/hvm-1.0.6/src/runtime/base/program.rs:187:46
[INFO] [stdout]     |
[INFO] [stdout] 187 |           *heap.node.get_unchecked(host + j).as_ptr() = ptr;
[INFO] [stdout]     |                                              ^^^^^^
[INFO] [stdout]     |
[INFO] [stdout]     = note: see issue #66893 <https://github.com/rust-lang/rust/issues/66893> for more information
[INFO] [stdout] 
[INFO] [stdout] 
[INFO] [stdout] error[E0658]: use of unstable library feature 'atomic_mut_ptr': recently added
[INFO] [stdout]    --> /opt/rustwide/cargo-home/registry/src/github.com-1ecc6299db9ec823/hvm-1.0.6/src/runtime/base/program.rs:192:16
[INFO] [stdout]     |
[INFO] [stdout] 192 |     *lvar.dups.as_ptr() += dupk;
[INFO] [stdout]     |                ^^^^^^
[INFO] [stdout]     |
[INFO] [stdout]     = note: see issue #66893 <https://github.com/rust-lang/rust/issues/66893> for more information
[INFO] [stdout] 
[INFO] [stdout] 
[INFO] [stdout] error[E0658]: use of unstable library feature 'atomic_mut_ptr': recently added
[INFO] [stdout]    --> /opt/rustwide/cargo-home/registry/src/github.com-1ecc6299db9ec823/hvm-1.0.6/src/runtime/base/program.rs:158:69
[INFO] [stdout]     |
[INFO] [stdout] 158 |           let mut val = value + *aloc.get_unchecked(*targ as usize).as_ptr() + slot;
[INFO] [stdout]     |                                                                     ^^^^^^
[INFO] [stdout]     |
[INFO] [stdout]     = note: see issue #66893 <https://github.com/rust-lang/rust/issues/66893> for more information
[INFO] [stdout] 
[INFO] [stdout] 
[INFO] [stdout] error[E0658]: use of unstable library feature 'atomic_mut_ptr': recently added
[INFO] [stdout]    --> /opt/rustwide/cargo-home/registry/src/github.com-1ecc6299db9ec823/hvm-1.0.6/src/runtime/base/program.rs:161:32
[INFO] [stdout]     |
[INFO] [stdout] 161 |             val += (*lvar.dups.as_ptr() & 0xFFF_FFFF) * EXT;
[INFO] [stdout]     |                                ^^^^^^
[INFO] [stdout]     |
[INFO] [stdout]     = note: see issue #66893 <https://github.com/rust-lang/rust/issues/66893> for more information
[INFO] [stdout] 
[INFO] [stdout] 
[INFO] [stdout] error: aborting due to 16 previous errors
[INFO] [stdout] 
[INFO] [stdout] 
[INFO] [stdout] Some errors have detailed explanations: E0554, E0658.
[INFO] [stdout] 
[INFO] [stdout] For more information about an error, try `rustc --explain E0554`.
[INFO] [stdout] 
[INFO] [stderr] error: could not compile `hvm` due to 17 previous errors
[INFO] [stderr] warning: build failed, waiting for other jobs to finish...
[INFO] running `Command { std: "docker" "inspect" "f0288523637382ae7b2696388343e8f7be749648b91333d0d20005f88b128de2", kill_on_drop: false }`
[INFO] running `Command { std: "docker" "rm" "-f" "f0288523637382ae7b2696388343e8f7be749648b91333d0d20005f88b128de2", kill_on_drop: false }`
[INFO] [stdout] f0288523637382ae7b2696388343e8f7be749648b91333d0d20005f88b128de2
