[INFO] fetching crate interledger-settlement-engines 0.2.0...
[INFO] documenting interledger-settlement-engines-0.2.0 against beta-2023-04-20 for beta-1.70-rustdoc-1
[INFO] extracting crate interledger-settlement-engines 0.2.0 into /workspace/builds/worker-6-tc2/source
[INFO] validating manifest of crates.io crate interledger-settlement-engines 0.2.0 on toolchain beta-2023-04-20
[INFO] running `Command { std: CARGO_HOME="/workspace/cargo-home" RUSTUP_HOME="/workspace/rustup-home" "/workspace/cargo-home/bin/cargo" "+beta-2023-04-20" "metadata" "--manifest-path" "Cargo.toml" "--no-deps", kill_on_drop: false }`
[INFO] started tweaking crates.io crate interledger-settlement-engines 0.2.0
[INFO] finished tweaking crates.io crate interledger-settlement-engines 0.2.0
[INFO] tweaked toml for crates.io crate interledger-settlement-engines 0.2.0 written to /workspace/builds/worker-6-tc2/source/Cargo.toml
[INFO] crate crates.io crate interledger-settlement-engines 0.2.0 already has a lockfile, it will not be regenerated
[INFO] running `Command { std: CARGO_HOME="/workspace/cargo-home" RUSTUP_HOME="/workspace/rustup-home" "/workspace/cargo-home/bin/cargo" "+beta-2023-04-20" "fetch" "--manifest-path" "Cargo.toml", kill_on_drop: false }`
[INFO] [stderr]     Updating crates.io index
[INFO] [stderr]  Downloading crates ...
[INFO] [stderr]   Downloaded impl-serde v0.2.1
[INFO] [stderr]   Downloaded impl-rlp v0.2.0
[INFO] [stderr]   Downloaded static_assertions v0.2.5
[INFO] [stderr]   Downloaded error-chain v0.12.1
[INFO] [stderr]   Downloaded tungstenite v0.9.1
[INFO] [stderr]   Downloaded iovec v0.1.2
[INFO] [stderr]   Downloaded warp v0.1.20
[INFO] [stderr]   Downloaded interledger v0.5.0
[INFO] [stderr]   Downloaded zeroize v1.0.0
[INFO] [stderr]   Downloaded tokio-retry v0.2.0
[INFO] [stderr]   Downloaded headers-core v0.1.1
[INFO] [stderr]   Downloaded unicase v2.5.1
[INFO] [stderr]   Downloaded stream-cancel v0.4.4
[INFO] [stderr]   Downloaded web3 v0.8.0
[INFO] [stderr]   Downloaded interledger-spsp v0.3.0
[INFO] [stderr]   Downloaded tokio-tls v0.2.1
[INFO] [stderr]   Downloaded openssl-sys v0.9.50
[INFO] [stderr]   Downloaded ilp-node v0.5.0
[INFO] [stderr]   Downloaded redis v0.13.0
[INFO] [stderr]   Downloaded quanta v0.3.1
[INFO] [stderr]   Downloaded interledger-btp v0.3.0
[INFO] [stderr]   Downloaded interledger-api v0.2.0
[INFO] [stderr]   Downloaded tracing-subscriber v0.1.6
[INFO] [stderr]   Downloaded interledger-stream v0.3.0
[INFO] [stderr]   Downloaded serde_bytes v0.10.5
[INFO] [stderr]   Downloaded metrics v0.12.0
[INFO] [stderr]   Downloaded sized-chunks v0.1.3
[INFO] [stderr]   Downloaded bytecount v0.6.0
[INFO] [stderr]   Downloaded interledger-service-util v0.3.0
[INFO] [stderr]   Downloaded wasm-bindgen-macro v0.2.53
[INFO] [stderr]   Downloaded serde-rlp v0.1.4
[INFO] [stderr]   Downloaded tracing-log v0.1.1
[INFO] [stderr]   Downloaded sha3 v0.8.2
[INFO] [stderr]   Downloaded interledger-store-redis v0.3.0
[INFO] [stderr]   Downloaded secp256k1 v0.15.5
[INFO] [stderr]   Downloaded ring v0.16.9
[INFO] [stderr]   Downloaded tokio-timer v0.1.2
[INFO] [stderr]   Downloaded arc-swap v0.3.11
[INFO] [stderr]   Downloaded web-sys v0.3.30
[INFO] [stderr]   Downloaded headers v0.2.3
[INFO] [stderr]   Downloaded ethabi v8.0.1
[INFO] [stderr]   Downloaded ethbloom v0.6.4
[INFO] [stderr]   Downloaded num256 v0.2.11
[INFO] [stderr]   Downloaded error v0.1.9
[INFO] [stderr]   Downloaded clarity v0.1.23
[INFO] [stderr]   Downloaded serde-hjson v0.8.2
[INFO] [stderr]   Downloaded im v12.3.4
[INFO] [stderr]   Downloaded wasm-bindgen v0.2.53
[INFO] [stderr]   Downloaded wasm-bindgen-backend v0.2.53
[INFO] [stderr]   Downloaded fixed-hash v0.3.2
[INFO] [stderr]   Downloaded uint v0.7.1
[INFO] [stderr]   Downloaded metrics-util v0.3.0
[INFO] [stderr]   Downloaded interledger-http v0.3.0
[INFO] [stderr]   Downloaded tracing-futures v0.1.1
[INFO] [stderr]   Downloaded interledger-settlement v0.2.0
[INFO] [stderr]   Downloaded wasm-bindgen-macro-support v0.2.53
[INFO] [stderr]   Downloaded wasm-bindgen-shared v0.2.53
[INFO] [stderr]   Downloaded rlp v0.4.2
[INFO] [stderr]   Downloaded string v0.2.1
[INFO] [stderr]   Downloaded tokio-uds v0.1.7
[INFO] [stderr]   Downloaded tokio-current-thread v0.1.6
[INFO] [stderr]   Downloaded hdrhistogram v6.3.4
[INFO] [stderr]   Downloaded metrics-core v0.5.1
[INFO] [stderr]   Downloaded metrics-observer-prometheus v0.1.1
[INFO] [stderr]   Downloaded futures-retry v0.3.3
[INFO] [stderr]   Downloaded interledger-ildcp v0.3.0
[INFO] [stderr]   Downloaded serde_path_to_error v0.1.2
[INFO] [stderr]   Downloaded interledger-packet v0.3.0
[INFO] [stderr]   Downloaded tracing-attributes v0.1.5
[INFO] [stderr]   Downloaded tracing v0.1.10
[INFO] [stderr]   Downloaded assert-json-diff v1.0.0
[INFO] [stderr]   Downloaded try_from v0.3.2
[INFO] [stderr]   Downloaded reqwest v0.9.22
[INFO] [stderr]   Downloaded block-padding v0.1.4
[INFO] [stderr]   Downloaded sha-1 v0.8.1
[INFO] [stderr]   Downloaded impl-codec v0.2.0
[INFO] [stderr]   Downloaded ethereum-types v0.6.0
[INFO] [stderr]   Downloaded indexmap v1.2.0
[INFO] [stderr]   Downloaded tokio-buf v0.1.1
[INFO] [stderr]   Downloaded want v0.2.0
[INFO] [stderr]   Downloaded scoped-tls v0.1.2
[INFO] [stderr]   Downloaded config v0.9.3
[INFO] [stderr]   Downloaded interledger-service v0.3.0
[INFO] [stderr]   Downloaded json v0.11.15
[INFO] [stderr]   Downloaded bitflags v0.9.1
[INFO] [stderr]   Downloaded tracing-core v0.1.7
[INFO] [stderr]   Downloaded primitive-types v0.3.0
[INFO] [stderr]   Downloaded cookie v0.12.0
[INFO] [stderr]   Downloaded mockito v0.20.0
[INFO] [stderr]   Downloaded redis v0.12.0
[INFO] [stderr]   Downloaded tokio-io v0.1.12
[INFO] [stderr]   Downloaded interledger-ccp v0.2.0
[INFO] [stderr]   Downloaded hex v0.4.0
[INFO] [stderr]   Downloaded publicsuffix v1.5.3
[INFO] [stderr]   Downloaded cookie_store v0.7.0
[INFO] [stderr]   Downloaded serde_urlencoded v0.5.5
[INFO] [stderr]   Downloaded js-sys v0.3.30
[INFO] [stderr]   Downloaded wasm-bindgen-webidl v0.2.53
[INFO] [stderr]   Downloaded metrics-runtime v0.12.0
[INFO] [stderr]   Downloaded unicode-segmentation v1.4.0
[INFO] [stderr]   Downloaded secrecy v0.5.0
[INFO] [stderr]   Downloaded mime_guess v1.8.7
[INFO] [stderr]   Downloaded input_buffer v0.2.0
[INFO] [stderr]   Downloaded h2 v0.1.26
[INFO] [stderr]   Downloaded http v0.1.18
[INFO] [stderr]   Downloaded http-body v0.1.0
[INFO] [stderr]   Downloaded hyper v0.12.35
[INFO] [stderr]   Downloaded hyper-tls v0.3.2
[INFO] [stderr]   Downloaded jsonrpc-core v11.0.0
[INFO] [stderr]   Downloaded rustc-hex v2.0.1
[INFO] [stderr]   Downloaded tokio-fs v0.1.6
[INFO] [stderr]   Downloaded tokio-tcp v0.1.3
[INFO] [stderr]   Downloaded tokio-threadpool v0.1.16
[INFO] [stderr]   Downloaded tokio-udp v0.1.5
[INFO] [stderr]   Downloaded tokio-codec v0.1.1
[INFO] [stderr]   Downloaded tokio-uds v0.2.5
[INFO] [stderr]   Downloaded tokio v0.1.22
[INFO] [stderr]   Downloaded tokio-sync v0.1.6
[INFO] [stderr]   Downloaded derive_more v0.15.0
[INFO] [stderr]   Downloaded tokio-reactor v0.1.10
[INFO] [stderr]   Downloaded tokio-executor v0.1.8
[INFO] [stderr]   Downloaded tokio-timer v0.2.11
[INFO] [stderr]   Downloaded tokio-core v0.1.17
[INFO] [stderr]   Downloaded openssl v0.10.25
[INFO] [stderr]   Downloaded zeroize v0.10.1
[INFO] [stderr]   Downloaded interledger-router v0.3.0
[INFO] [stderr]   Downloaded futures v0.1.29
[INFO] [stderr]   Downloaded websocket v0.21.1
[INFO] [stderr]   Downloaded tokio-dns-unofficial v0.3.1
[INFO] [stderr]   Downloaded tokio-tungstenite v0.9.0
[INFO] [stderr]   Downloaded tiny-keccak v1.5.0
[INFO] [stderr]   Downloaded parity-codec v3.5.4
[INFO] [stderr]   Downloaded slab v0.3.0
[INFO] running `Command { std: "docker" "create" "-v" "/var/lib/crater-agent-workspace/builds/worker-6-tc2/target:/opt/rustwide/target:rw,Z" "-v" "/var/lib/crater-agent-workspace/builds/worker-6-tc2/source:/opt/rustwide/workdir:ro,Z" "-v" "/var/lib/crater-agent-workspace/cargo-home:/opt/rustwide/cargo-home:ro,Z" "-v" "/var/lib/crater-agent-workspace/rustup-home:/opt/rustwide/rustup-home:ro,Z" "-e" "SOURCE_DIR=/opt/rustwide/workdir" "-e" "CARGO_TARGET_DIR=/opt/rustwide/target" "-e" "CARGO_HOME=/opt/rustwide/cargo-home" "-e" "RUSTUP_HOME=/opt/rustwide/rustup-home" "-w" "/opt/rustwide/workdir" "-m" "1610612736" "--user" "0:0" "--network" "none" "ghcr.io/rust-lang/crates-build-env/linux@sha256:5ff2268d62e97bff2cde7d5815dd6ed5b47097566f13b8d0ca110b04b60e07ed" "/opt/rustwide/cargo-home/bin/cargo" "+beta-2023-04-20" "metadata" "--no-deps" "--format-version=1", kill_on_drop: false }`
[INFO] [stdout] 70cadf6d2804dadbed51da06410147c249813610119ce0dfdde5b68b33d88d95
[INFO] running `Command { std: "docker" "start" "-a" "70cadf6d2804dadbed51da06410147c249813610119ce0dfdde5b68b33d88d95", kill_on_drop: false }`
[INFO] running `Command { std: "docker" "inspect" "70cadf6d2804dadbed51da06410147c249813610119ce0dfdde5b68b33d88d95", kill_on_drop: false }`
[INFO] running `Command { std: "docker" "rm" "-f" "70cadf6d2804dadbed51da06410147c249813610119ce0dfdde5b68b33d88d95", kill_on_drop: false }`
[INFO] [stdout] 70cadf6d2804dadbed51da06410147c249813610119ce0dfdde5b68b33d88d95
[INFO] running `Command { std: "docker" "create" "-v" "/var/lib/crater-agent-workspace/builds/worker-6-tc2/target:/opt/rustwide/target:rw,Z" "-v" "/var/lib/crater-agent-workspace/builds/worker-6-tc2/source:/opt/rustwide/workdir:ro,Z" "-v" "/var/lib/crater-agent-workspace/cargo-home:/opt/rustwide/cargo-home:ro,Z" "-v" "/var/lib/crater-agent-workspace/rustup-home:/opt/rustwide/rustup-home:ro,Z" "-e" "SOURCE_DIR=/opt/rustwide/workdir" "-e" "CARGO_TARGET_DIR=/opt/rustwide/target" "-e" "CARGO_INCREMENTAL=0" "-e" "RUST_BACKTRACE=full" "-e" "RUSTFLAGS=--cap-lints=warn" "-e" "RUSTDOCFLAGS=--cap-lints=warn" "-e" "CARGO_HOME=/opt/rustwide/cargo-home" "-e" "RUSTUP_HOME=/opt/rustwide/rustup-home" "-w" "/opt/rustwide/workdir" "-m" "1610612736" "--user" "0:0" "--network" "none" "ghcr.io/rust-lang/crates-build-env/linux@sha256:5ff2268d62e97bff2cde7d5815dd6ed5b47097566f13b8d0ca110b04b60e07ed" "/opt/rustwide/cargo-home/bin/cargo" "+beta-2023-04-20" "doc" "--frozen" "--no-deps" "--document-private-items" "--message-format=json", kill_on_drop: false }`
[INFO] [stdout] 36e71623e02fba61596b2d77371082699c9086a97031dd5891e948c5e27e26d4
[INFO] running `Command { std: "docker" "start" "-a" "36e71623e02fba61596b2d77371082699c9086a97031dd5891e948c5e27e26d4", kill_on_drop: false }`
[INFO] [stderr]     Blocking waiting for file lock on package cache
[INFO] [stderr]    Compiling libc v0.2.62
[INFO] [stderr]     Checking cfg-if v0.1.10
[INFO] [stderr]    Compiling proc-macro2 v1.0.5
[INFO] [stderr]    Compiling unicode-xid v0.2.0
[INFO] [stderr]    Compiling syn v1.0.5
[INFO] [stderr]    Compiling autocfg v0.1.6
[INFO] [stderr]    Compiling serde v1.0.101
[INFO] [stderr]    Compiling byteorder v1.3.2
[INFO] [stderr]     Checking spin v0.5.2
[INFO] [stderr]    Compiling semver-parser v0.7.0
[INFO] [stderr]     Checking lazy_static v1.4.0
[INFO] [stderr]    Compiling log v0.4.8
[INFO] [stderr]    Compiling semver v0.9.0
[INFO] [stderr]    Compiling version_check v0.1.5
[INFO] [stderr]     Checking either v1.5.3
[INFO] [stderr]     Checking futures v0.1.29
[INFO] [stderr]    Compiling rustc_version v0.2.3
[INFO] [stderr]     Checking smallvec v0.6.10
[INFO] [stderr]    Compiling cc v1.0.41
[INFO] [stderr]     Checking crossbeam-utils v0.6.6
[INFO] [stderr]     Checking rand_core v0.4.2
[INFO] [stderr]    Compiling quote v1.0.2
[INFO] [stderr]     Checking iovec v0.1.2
[INFO] [stderr]     Checking scopeguard v1.0.0
[INFO] [stderr]    Compiling memchr v2.2.1
[INFO] [stderr]     Checking slab v0.4.2
[INFO] [stderr]     Checking fnv v1.0.6
[INFO] [stderr]    Compiling arrayvec v0.4.11
[INFO] [stderr]     Checking rand_core v0.3.1
[INFO] [stderr]     Checking nodrop v0.1.13
[INFO] [stderr]     Checking num_cpus v1.10.1
[INFO] [stderr]    Compiling parking_lot_core v0.6.2
[INFO] [stderr]    Compiling rand_pcg v0.1.2
[INFO] [stderr]    Compiling rand_chacha v0.1.1
[INFO] [stderr]    Compiling parking_lot v0.9.0
[INFO] [stderr]     Checking tokio-executor v0.1.8
[INFO] [stderr]     Checking net2 v0.2.33
[INFO] [stderr]     Checking itoa v0.4.4
[INFO] [stderr]     Checking lock_api v0.3.1
[INFO] [stderr]     Checking mio v0.6.19
[INFO] [stderr]    Compiling memoffset v0.5.1
[INFO] [stderr]     Checking unicode-normalization v0.1.8
[INFO] [stderr]    Compiling rand v0.6.5
[INFO] [stderr]    Compiling num-traits v0.2.8
[INFO] [stderr]     Checking tokio-sync v0.1.6
[INFO] [stderr]     Checking matches v0.1.8
[INFO] [stderr]    Compiling unicase v1.4.2
[INFO] [stderr]     Checking unicode-bidi v0.3.4
[INFO] [stderr]     Checking crossbeam-epoch v0.7.2
[INFO] [stderr]     Checking mio-uds v0.6.7
[INFO] [stderr]     Checking crossbeam-queue v0.1.2
[INFO] [stderr]     Checking time v0.1.42
[INFO] [stderr]    Compiling pkg-config v0.3.16
[INFO] [stderr]     Checking crossbeam-deque v0.7.1
[INFO] [stderr]    Compiling proc-macro2 v0.4.30
[INFO] [stderr]     Checking tokio-timer v0.2.11
[INFO] [stderr]    Compiling num-integer v0.1.41
[INFO] [stderr]    Compiling bitflags v1.2.0
[INFO] [stderr]     Checking tokio-threadpool v0.1.16
[INFO] [stderr]    Compiling unicode-xid v0.1.0
[INFO] [stderr]    Compiling backtrace-sys v0.1.31
[INFO] [stderr]     Checking tokio-current-thread v0.1.6
[INFO] [stderr]    Compiling openssl-sys v0.9.50
[INFO] [stderr]    Compiling syn v0.15.44
[INFO] [stderr]     Checking rand_xorshift v0.1.1
[INFO] [stderr]     Checking rand_hc v0.1.0
[INFO] [stderr]    Compiling quote v0.6.13
[INFO] [stderr]     Checking rand_isaac v0.1.1
[INFO] [stderr]     Checking rand_jitter v0.1.4
[INFO] [stderr]     Checking rand_os v0.1.3
[INFO] [stderr]    Compiling httparse v1.3.4
[INFO] [stderr]    Compiling typenum v1.11.2
[INFO] [stderr]     Checking aho-corasick v0.7.6
[INFO] [stderr] The following warnings were emitted during compilation:
[INFO] [stderr] 
[INFO] [stderr] warning: build/expando.c:4:24: error: pasting "RUST_VERSION_OPENSSL_" and "(" does not give a valid preprocessing token
[INFO] [stderr] warning:     4 | #define VERSION2(n, v) RUST_VERSION_##n##_##v
[INFO] [stderr] warning:       |                        ^~~~~~~~~~~~~
[INFO] [stderr] warning: build/expando.c:5:23: note: in expansion of macro 'VERSION2'
[INFO] [stderr] warning:     5 | #define VERSION(n, v) VERSION2(n, v)
[INFO] [stderr] warning:       |                       ^~~~~~~~
[INFO] [stderr] warning: build/expando.c:10:1: note: in expansion of macro 'VERSION'
[INFO] [stderr] warning:    10 | VERSION(OPENSSL, OPENSSL_VERSION_NUMBER)
[INFO] [stderr] warning:       | ^~~~~~~
[INFO] [stderr] 
[INFO] [stderr] error: failed to run custom build command for `openssl-sys v0.9.50`
[INFO] [stderr] note: To improve backtraces for build dependencies, set the CARGO_PROFILE_DEV_BUILD_OVERRIDE_DEBUG=true environment variable to enable debug information generation.
[INFO] [stderr] 
[INFO] [stderr] Caused by:
[INFO] [stderr]   process didn't exit successfully: `/opt/rustwide/target/debug/build/openssl-sys-503a081b1e63ae14/build-script-main` (exit status: 101)
[INFO] [stderr]   --- stdout
[INFO] [stderr]   cargo:rustc-cfg=const_fn
[INFO] [stderr]   cargo:rerun-if-env-changed=X86_64_UNKNOWN_LINUX_GNU_OPENSSL_LIB_DIR
[INFO] [stderr]   X86_64_UNKNOWN_LINUX_GNU_OPENSSL_LIB_DIR unset
[INFO] [stderr]   cargo:rerun-if-env-changed=OPENSSL_LIB_DIR
[INFO] [stderr]   OPENSSL_LIB_DIR unset
[INFO] [stderr]   cargo:rerun-if-env-changed=X86_64_UNKNOWN_LINUX_GNU_OPENSSL_INCLUDE_DIR
[INFO] [stderr]   X86_64_UNKNOWN_LINUX_GNU_OPENSSL_INCLUDE_DIR unset
[INFO] [stderr]   cargo:rerun-if-env-changed=OPENSSL_INCLUDE_DIR
[INFO] [stderr]   OPENSSL_INCLUDE_DIR unset
[INFO] [stderr]   cargo:rerun-if-env-changed=X86_64_UNKNOWN_LINUX_GNU_OPENSSL_DIR
[INFO] [stderr]   X86_64_UNKNOWN_LINUX_GNU_OPENSSL_DIR unset
[INFO] [stderr]   cargo:rerun-if-env-changed=OPENSSL_DIR
[INFO] [stderr]   OPENSSL_DIR unset
[INFO] [stderr]   cargo:rustc-link-lib=ssl
[INFO] [stderr]   cargo:rustc-link-lib=crypto
[INFO] [stderr]   OPT_LEVEL = Some("0")
[INFO] [stderr]   TARGET = Some("x86_64-unknown-linux-gnu")
[INFO] [stderr]   HOST = Some("x86_64-unknown-linux-gnu")
[INFO] [stderr]   CC_x86_64-unknown-linux-gnu = None
[INFO] [stderr]   CC_x86_64_unknown_linux_gnu = None
[INFO] [stderr]   HOST_CC = None
[INFO] [stderr]   CC = None
[INFO] [stderr]   CFLAGS_x86_64-unknown-linux-gnu = None
[INFO] [stderr]   CFLAGS_x86_64_unknown_linux_gnu = None
[INFO] [stderr]   HOST_CFLAGS = None
[INFO] [stderr]   CFLAGS = None
[INFO] [stderr]   CRATE_CC_NO_DEFAULTS = None
[INFO] [stderr]   DEBUG = Some("true")
[INFO] [stderr]   CARGO_CFG_TARGET_FEATURE = Some("fxsr,sse,sse2")
[INFO] [stderr]   running: "cc" "-O0" "-ffunction-sections" "-fdata-sections" "-fPIC" "-g" "-fno-omit-frame-pointer" "-m64" "-I" "/usr/include" "-Wall" "-Wextra" "-E" "build/expando.c"
[INFO] [stderr]   cargo:warning=build/expando.c:4:24: error: pasting "RUST_VERSION_OPENSSL_" and "(" does not give a valid preprocessing token
[INFO] [stderr]   cargo:warning=    4 | #define VERSION2(n, v) RUST_VERSION_##n##_##v
[INFO] [stderr]   cargo:warning=      |                        ^~~~~~~~~~~~~
[INFO] [stderr]   cargo:warning=build/expando.c:5:23: note: in expansion of macro 'VERSION2'
[INFO] [stderr]   cargo:warning=    5 | #define VERSION(n, v) VERSION2(n, v)
[INFO] [stderr]   cargo:warning=      |                       ^~~~~~~~
[INFO] [stderr]   cargo:warning=build/expando.c:10:1: note: in expansion of macro 'VERSION'
[INFO] [stderr]   cargo:warning=   10 | VERSION(OPENSSL, OPENSSL_VERSION_NUMBER)
[INFO] [stderr]   cargo:warning=      | ^~~~~~~
[INFO] [stderr]   exit status: 1
[INFO] [stderr] 
[INFO] [stderr]   --- stderr
[INFO] [stderr]   thread 'main' panicked at '
[INFO] [stderr]   Header expansion error:
[INFO] [stderr]   Error { kind: ToolExecError, message: "Command \"cc\" \"-O0\" \"-ffunction-sections\" \"-fdata-sections\" \"-fPIC\" \"-g\" \"-fno-omit-frame-pointer\" \"-m64\" \"-I\" \"/usr/include\" \"-Wall\" \"-Wextra\" \"-E\" \"build/expando.c\" with args \"cc\" did not execute successfully (status code exit status: 1)." }
[INFO] [stderr] 
[INFO] [stderr]   Failed to find OpenSSL development headers.
[INFO] [stderr] 
[INFO] [stderr]   You can try fixing this setting the `OPENSSL_DIR` environment variable
[INFO] [stderr]   pointing to your OpenSSL installation or installing OpenSSL headers package
[INFO] [stderr]   specific to your distribution:
[INFO] [stderr] 
[INFO] [stderr]       # On Ubuntu
[INFO] [stderr]       sudo apt-get install libssl-dev
[INFO] [stderr]       # On Arch Linux
[INFO] [stderr]       sudo pacman -S openssl
[INFO] [stderr]       # On Fedora
[INFO] [stderr]       sudo dnf install openssl-devel
[INFO] [stderr] 
[INFO] [stderr]   See rust-openssl README for more information:
[INFO] [stderr] 
[INFO] [stderr]       https://github.com/sfackler/rust-openssl#linux
[INFO] [stderr]   ', /opt/rustwide/cargo-home/registry/src/index.crates.io-6f17d22bba15001f/openssl-sys-0.9.50/build/main.rs:126:13
[INFO] [stderr]   stack backtrace:
[INFO] [stderr]      0:     0x5580d30f517a - std::backtrace_rs::backtrace::libunwind::trace::h2f05d0192276a8f6
[INFO] [stderr]                                  at /rustc/1b7dd2252b99671ce5d1cb9664c5f8636329436d/library/std/src/../../backtrace/src/backtrace/libunwind.rs:93:5
[INFO] [stderr]      1:     0x5580d30f517a - std::backtrace_rs::backtrace::trace_unsynchronized::hedc23dff7a1af150
[INFO] [stderr]                                  at /rustc/1b7dd2252b99671ce5d1cb9664c5f8636329436d/library/std/src/../../backtrace/src/backtrace/mod.rs:66:5
[INFO] [stderr]      2:     0x5580d30f517a - std::sys_common::backtrace::_print_fmt::h17541ef7592f3ce2
[INFO] [stderr]                                  at /rustc/1b7dd2252b99671ce5d1cb9664c5f8636329436d/library/std/src/sys_common/backtrace.rs:65:5
[INFO] [stderr]      3:     0x5580d30f517a - <std::sys_common::backtrace::_print::DisplayBacktrace as core::fmt::Display>::fmt::h20f75df5ab0c0792
[INFO] [stderr]                                  at /rustc/1b7dd2252b99671ce5d1cb9664c5f8636329436d/library/std/src/sys_common/backtrace.rs:44:22
[INFO] [stderr]      4:     0x5580d311590f - core::fmt::write::h78109e6f466b3af6
[INFO] [stderr]                                  at /rustc/1b7dd2252b99671ce5d1cb9664c5f8636329436d/library/core/src/fmt/mod.rs:1254:17
[INFO] [stderr]      5:     0x5580d30f2395 - std::io::Write::write_fmt::hc59e1b02dd273c8a
[INFO] [stderr]                                  at /rustc/1b7dd2252b99671ce5d1cb9664c5f8636329436d/library/std/src/io/mod.rs:1698:15
[INFO] [stderr]      6:     0x5580d30f4f45 - std::sys_common::backtrace::_print::h8dac57a9f8fbf9a5
[INFO] [stderr]                                  at /rustc/1b7dd2252b99671ce5d1cb9664c5f8636329436d/library/std/src/sys_common/backtrace.rs:47:5
[INFO] [stderr]      7:     0x5580d30f4f45 - std::sys_common::backtrace::print::hf9ecbf41d1aa712f
[INFO] [stderr]                                  at /rustc/1b7dd2252b99671ce5d1cb9664c5f8636329436d/library/std/src/sys_common/backtrace.rs:34:9
[INFO] [stderr]      8:     0x5580d30f680e - std::panicking::default_hook::{{closure}}::h04c07acfc84ca028
[INFO] [stderr]                                  at /rustc/1b7dd2252b99671ce5d1cb9664c5f8636329436d/library/std/src/panicking.rs:269:22
[INFO] [stderr]      9:     0x5580d30f65b5 - std::panicking::default_hook::h01f6bb23e1eceb2c
[INFO] [stderr]                                  at /rustc/1b7dd2252b99671ce5d1cb9664c5f8636329436d/library/std/src/panicking.rs:288:9
[INFO] [stderr]     10:     0x5580d30f6d6e - std::panicking::rust_panic_with_hook::h2bb3722bbaf2f6df
[INFO] [stderr]                                  at /rustc/1b7dd2252b99671ce5d1cb9664c5f8636329436d/library/std/src/panicking.rs:691:13
[INFO] [stderr]     11:     0x5580d30f6c69 - std::panicking::begin_panic_handler::{{closure}}::h91bc7f36a4be011b
[INFO] [stderr]                                  at /rustc/1b7dd2252b99671ce5d1cb9664c5f8636329436d/library/std/src/panicking.rs:582:13
[INFO] [stderr]     12:     0x5580d30f55e6 - std::sys_common::backtrace::__rust_end_short_backtrace::h8b3d3717114f9e59
[INFO] [stderr]                                  at /rustc/1b7dd2252b99671ce5d1cb9664c5f8636329436d/library/std/src/sys_common/backtrace.rs:150:18
[INFO] [stderr]     13:     0x5580d30f69c2 - rust_begin_unwind
[INFO] [stderr]                                  at /rustc/1b7dd2252b99671ce5d1cb9664c5f8636329436d/library/std/src/panicking.rs:578:5
[INFO] [stderr]     14:     0x5580d306a7f3 - core::panicking::panic_fmt::hfd368e3fbdabea26
[INFO] [stderr]                                  at /rustc/1b7dd2252b99671ce5d1cb9664c5f8636329436d/library/core/src/panicking.rs:67:14
[INFO] [stderr]     15:     0x5580d306d9f8 - build_script_main::validate_headers::h52da0ce932ff17d0
[INFO] [stderr]     16:     0x5580d3076b06 - build_script_main::find::try_pkg_config::h42e4acf48b07c269
[INFO] [stderr]     17:     0x5580d30758d6 - build_script_main::find::find_openssl_dir::h3f6f06ddb2b444d2
[INFO] [stderr]     18:     0x5580d3075722 - build_script_main::find::get_openssl::{{closure}}::h6360ea0342aa26f4
[INFO] [stderr]     19:     0x5580d3074b7a - core::option::Option<T>::unwrap_or_else::h25d47196869531c5
[INFO] [stderr]     20:     0x5580d3075420 - build_script_main::find::get_openssl::h29aa06d04142e4d8
[INFO] [stderr]     21:     0x5580d306c805 - build_script_main::main::hb2cbda4233716b5d
[INFO] [stderr]     22:     0x5580d3077103 - core::ops::function::FnOnce::call_once::hdacd83e4d96e69d9
[INFO] [stderr]     23:     0x5580d306f8f6 - std::sys_common::backtrace::__rust_begin_short_backtrace::h4f0ab2c756c960f6
[INFO] [stderr]     24:     0x5580d30737c9 - std::rt::lang_start::{{closure}}::h5fc08cd471c7beeb
[INFO] [stderr]     25:     0x5580d30eefee - core::ops::function::impls::<impl core::ops::function::FnOnce<A> for &F>::call_once::h2eb19b8ce4148df4
[INFO] [stderr]                                  at /rustc/1b7dd2252b99671ce5d1cb9664c5f8636329436d/library/core/src/ops/function.rs:287:13
[INFO] [stderr]     26:     0x5580d30eefee - std::panicking::try::do_call::h2e900feff5d504c5
[INFO] [stderr]                                  at /rustc/1b7dd2252b99671ce5d1cb9664c5f8636329436d/library/std/src/panicking.rs:485:40
[INFO] [stderr]     27:     0x5580d30eefee - std::panicking::try::h8854836cb85aa9f2
[INFO] [stderr]                                  at /rustc/1b7dd2252b99671ce5d1cb9664c5f8636329436d/library/std/src/panicking.rs:449:19
[INFO] [stderr]     28:     0x5580d30eefee - std::panic::catch_unwind::h706025dd4c48f64b
[INFO] [stderr]                                  at /rustc/1b7dd2252b99671ce5d1cb9664c5f8636329436d/library/std/src/panic.rs:140:14
[INFO] [stderr]     29:     0x5580d30eefee - std::rt::lang_start_internal::{{closure}}::h7be5b97f4a07a91a
[INFO] [stderr]                                  at /rustc/1b7dd2252b99671ce5d1cb9664c5f8636329436d/library/std/src/rt.rs:148:48
[INFO] [stderr]     30:     0x5580d30eefee - std::panicking::try::do_call::h59847e9d0a176965
[INFO] [stderr]                                  at /rustc/1b7dd2252b99671ce5d1cb9664c5f8636329436d/library/std/src/panicking.rs:485:40
[INFO] [stderr]     31:     0x5580d30eefee - std::panicking::try::h399a918ba8522823
[INFO] [stderr]                                  at /rustc/1b7dd2252b99671ce5d1cb9664c5f8636329436d/library/std/src/panicking.rs:449:19
[INFO] [stderr]     32:     0x5580d30eefee - std::panic::catch_unwind::hca7ca6c55b2a2e26
[INFO] [stderr]                                  at /rustc/1b7dd2252b99671ce5d1cb9664c5f8636329436d/library/std/src/panic.rs:140:14
[INFO] [stderr]     33:     0x5580d30eefee - std::rt::lang_start_internal::h2c807a81560459eb
[INFO] [stderr]                                  at /rustc/1b7dd2252b99671ce5d1cb9664c5f8636329436d/library/std/src/rt.rs:148:20
[INFO] [stderr]     34:     0x5580d30737a7 - std::rt::lang_start::h61a529e5e43fe353
[INFO] [stderr]     35:     0x5580d306f745 - main
[INFO] [stderr]     36:     0x7f78eb912d90 - <unknown>
[INFO] [stderr]     37:     0x7f78eb912e40 - __libc_start_main
[INFO] [stderr]     38:     0x5580d306ae65 - _start
[INFO] [stderr]     39:                0x0 - <unknown>
[INFO] [stderr] warning: build failed, waiting for other jobs to finish...
[INFO] running `Command { std: "docker" "inspect" "36e71623e02fba61596b2d77371082699c9086a97031dd5891e948c5e27e26d4", kill_on_drop: false }`
[INFO] running `Command { std: "docker" "rm" "-f" "36e71623e02fba61596b2d77371082699c9086a97031dd5891e948c5e27e26d4", kill_on_drop: false }`
[INFO] [stdout] 36e71623e02fba61596b2d77371082699c9086a97031dd5891e948c5e27e26d4
