[INFO] fetching crate ic-wasm 0.3.6...
[INFO] documenting ic-wasm-0.3.6 against 1.69.0 for beta-1.70-rustdoc-1
[INFO] extracting crate ic-wasm 0.3.6 into /workspace/builds/worker-0-tc1/source
[INFO] validating manifest of crates.io crate ic-wasm 0.3.6 on toolchain 1.69.0
[INFO] running `Command { std: CARGO_HOME="/workspace/cargo-home" RUSTUP_HOME="/workspace/rustup-home" "/workspace/cargo-home/bin/cargo" "+1.69.0" "metadata" "--manifest-path" "Cargo.toml" "--no-deps", kill_on_drop: false }`
[INFO] started tweaking crates.io crate ic-wasm 0.3.6
[INFO] finished tweaking crates.io crate ic-wasm 0.3.6
[INFO] tweaked toml for crates.io crate ic-wasm 0.3.6 written to /workspace/builds/worker-0-tc1/source/Cargo.toml
[INFO] crate crates.io crate ic-wasm 0.3.6 already has a lockfile, it will not be regenerated
[INFO] running `Command { std: CARGO_HOME="/workspace/cargo-home" RUSTUP_HOME="/workspace/rustup-home" "/workspace/cargo-home/bin/cargo" "+1.69.0" "fetch" "--manifest-path" "Cargo.toml", kill_on_drop: false }`
[INFO] [stderr]  Downloading crates ...
[INFO] [stderr]   Downloaded wasm-opt-cxx-sys v0.112.0
[INFO] [stderr]   Downloaded walrus-macro v0.19.0
[INFO] [stderr]   Downloaded binread_derive v2.1.0
[INFO] [stderr]   Downloaded candid_derive v0.6.0
[INFO] [stderr]   Downloaded predicates v3.0.2
[INFO] [stderr]   Downloaded binread v2.2.0
[INFO] [stderr]   Downloaded pretty v0.10.0
[INFO] [stderr]   Downloaded id-arena v2.2.1
[INFO] [stderr]   Downloaded walrus v0.19.0
[INFO] [stderr]   Downloaded candid v0.9.0-beta.2
[INFO] [stderr]   Downloaded wasmparser v0.77.0
[INFO] [stderr]   Downloaded rustix v0.37.8
[INFO] [stderr]   Downloaded wasm-opt v0.112.0
[INFO] [stderr]   Downloaded wasm-opt-sys v0.112.0
[INFO] running `Command { std: "docker" "create" "-v" "/var/lib/crater-agent-workspace/builds/worker-0-tc1/target:/opt/rustwide/target:rw,Z" "-v" "/var/lib/crater-agent-workspace/builds/worker-0-tc1/source:/opt/rustwide/workdir:ro,Z" "-v" "/var/lib/crater-agent-workspace/cargo-home:/opt/rustwide/cargo-home:ro,Z" "-v" "/var/lib/crater-agent-workspace/rustup-home:/opt/rustwide/rustup-home:ro,Z" "-e" "SOURCE_DIR=/opt/rustwide/workdir" "-e" "CARGO_TARGET_DIR=/opt/rustwide/target" "-e" "CARGO_HOME=/opt/rustwide/cargo-home" "-e" "RUSTUP_HOME=/opt/rustwide/rustup-home" "-w" "/opt/rustwide/workdir" "-m" "1610612736" "--user" "0:0" "--network" "none" "ghcr.io/rust-lang/crates-build-env/linux@sha256:5ff2268d62e97bff2cde7d5815dd6ed5b47097566f13b8d0ca110b04b60e07ed" "/opt/rustwide/cargo-home/bin/cargo" "+1.69.0" "metadata" "--no-deps" "--format-version=1", kill_on_drop: false }`
[INFO] [stdout] 36af88712ba62b8badc43cb06f0f8d68f028c502313e352af673ed7a4f751d68
[INFO] running `Command { std: "docker" "start" "-a" "36af88712ba62b8badc43cb06f0f8d68f028c502313e352af673ed7a4f751d68", kill_on_drop: false }`
[INFO] running `Command { std: "docker" "inspect" "36af88712ba62b8badc43cb06f0f8d68f028c502313e352af673ed7a4f751d68", kill_on_drop: false }`
[INFO] running `Command { std: "docker" "rm" "-f" "36af88712ba62b8badc43cb06f0f8d68f028c502313e352af673ed7a4f751d68", kill_on_drop: false }`
[INFO] [stdout] 36af88712ba62b8badc43cb06f0f8d68f028c502313e352af673ed7a4f751d68
[INFO] running `Command { std: "docker" "create" "-v" "/var/lib/crater-agent-workspace/builds/worker-0-tc1/target:/opt/rustwide/target:rw,Z" "-v" "/var/lib/crater-agent-workspace/builds/worker-0-tc1/source:/opt/rustwide/workdir:ro,Z" "-v" "/var/lib/crater-agent-workspace/cargo-home:/opt/rustwide/cargo-home:ro,Z" "-v" "/var/lib/crater-agent-workspace/rustup-home:/opt/rustwide/rustup-home:ro,Z" "-e" "SOURCE_DIR=/opt/rustwide/workdir" "-e" "CARGO_TARGET_DIR=/opt/rustwide/target" "-e" "CARGO_INCREMENTAL=0" "-e" "RUST_BACKTRACE=full" "-e" "RUSTFLAGS=--cap-lints=warn" "-e" "RUSTDOCFLAGS=--cap-lints=warn" "-e" "CARGO_HOME=/opt/rustwide/cargo-home" "-e" "RUSTUP_HOME=/opt/rustwide/rustup-home" "-w" "/opt/rustwide/workdir" "-m" "1610612736" "--user" "0:0" "--network" "none" "ghcr.io/rust-lang/crates-build-env/linux@sha256:5ff2268d62e97bff2cde7d5815dd6ed5b47097566f13b8d0ca110b04b60e07ed" "/opt/rustwide/cargo-home/bin/cargo" "+1.69.0" "doc" "--frozen" "--no-deps" "--document-private-items" "--message-format=json", kill_on_drop: false }`
[INFO] [stdout] 4e77b0f6867f0dcdbe1f9e2fa94700fab4931c3d91e634a449a6ef3b43e0db83
[INFO] running `Command { std: "docker" "start" "-a" "4e77b0f6867f0dcdbe1f9e2fa94700fab4931c3d91e634a449a6ef3b43e0db83", kill_on_drop: false }`
[INFO] [stderr]    Compiling libc v0.2.141
[INFO] [stderr]    Compiling anyhow v1.0.70
[INFO] [stderr]    Compiling syn v1.0.109
[INFO] [stderr]    Compiling scratch v1.0.5
[INFO] [stderr]    Compiling unicode-width v0.1.10
[INFO] [stderr]    Compiling io-lifetimes v1.0.10
[INFO] [stderr]    Compiling termcolor v1.2.0
[INFO] [stderr]    Compiling cxxbridge-flags v1.0.94
[INFO] [stderr]    Compiling rustix v0.37.8
[INFO] [stderr]    Compiling syn v2.0.13
[INFO] [stderr]    Compiling winnow v0.4.1
[INFO] [stderr]     Checking utf8parse v0.2.1
[INFO] [stderr]     Checking anstyle v0.3.5
[INFO] [stderr]     Checking concolor-override v1.0.0
[INFO] [stderr]    Compiling unicode-segmentation v1.10.1
[INFO] [stderr]     Checking concolor-query v0.3.3
[INFO] [stderr]     Checking typed-arena v2.0.2
[INFO] [stderr]     Checking anstyle-parse v0.1.1
[INFO] [stderr]     Checking cpufeatures v0.2.6
[INFO] [stderr]     Checking leb128 v0.2.5
[INFO] [stderr]     Checking clap_lex v0.4.1
[INFO] [stderr]    Compiling candid v0.9.0-beta.2
[INFO] [stderr]     Checking pretty v0.10.0
[INFO] [stderr]    Compiling codespan-reporting v0.11.1
[INFO] [stderr]     Checking sha2 v0.10.6
[INFO] [stderr]    Compiling heck v0.3.3
[INFO] [stderr]     Checking data-encoding v2.3.3
[INFO] [stderr]     Checking id-arena v2.2.1
[INFO] [stderr]     Checking wasmparser v0.77.0
[INFO] [stderr]     Checking rustc-demangle v0.1.22
[INFO] [stderr]    Compiling jobserver v0.1.26
[INFO] [stderr]    Compiling cc v1.0.79
[INFO] [stderr]    Compiling toml_edit v0.19.8
[INFO] [stderr]    Compiling link-cplusplus v1.0.8
[INFO] [stderr]    Compiling cxx v1.0.94
[INFO] [stderr]    Compiling cxx-build v1.0.94
[INFO] [stderr]    Compiling serde_derive v1.0.159
[INFO] [stderr]    Compiling cxxbridge-macro v1.0.94
[INFO] [stderr]    Compiling thiserror-impl v1.0.40
[INFO] [stderr]    Compiling clap_derive v4.2.0
[INFO] [stderr]    Compiling proc-macro-crate v1.3.1
[INFO] [stderr]     Checking is-terminal v0.4.7
[INFO] [stderr]     Checking tempfile v3.5.0
[INFO] [stderr]     Checking anstream v0.2.6
[INFO] [stderr]     Checking clap_builder v4.2.1
[INFO] [stderr]     Checking thiserror v1.0.40
[INFO] [stderr]    Compiling wasm-opt-sys v0.112.0
[INFO] [stderr]    Compiling wasm-opt-cxx-sys v0.112.0
[INFO] [stderr]    Compiling num_enum_derive v0.5.11
[INFO] [stderr]    Compiling binread_derive v2.1.0
[INFO] [stderr]    Compiling candid_derive v0.6.0
[INFO] [stderr]    Compiling walrus-macro v0.19.0
[INFO] [stderr]    Compiling strum_macros v0.24.3
[INFO] [stderr]     Checking clap v4.2.1
[INFO] [stderr]     Checking walrus v0.19.0
[INFO] [stderr]     Checking num_enum v0.5.11
[INFO] [stderr]     Checking serde v1.0.159
[INFO] [stderr] error: could not compile `walrus`
[INFO] [stderr] 
[INFO] [stderr] Caused by:
[INFO] [stderr]   process didn't exit successfully: `rustc --crate-name walrus --edition=2018 /opt/rustwide/cargo-home/registry/src/github.com-1ecc6299db9ec823/walrus-0.19.0/src/lib.rs --error-format=json --json=diagnostic-rendered-ansi,artifacts,future-incompat --crate-type lib --emit=dep-info,metadata -C embed-bitcode=no -C debuginfo=2 -C metadata=6052a3cc724198cb -C extra-filename=-6052a3cc724198cb --out-dir /opt/rustwide/target/debug/deps -L dependency=/opt/rustwide/target/debug/deps --extern anyhow=/opt/rustwide/target/debug/deps/libanyhow-bd46d31f09dc8c20.rmeta --extern id_arena=/opt/rustwide/target/debug/deps/libid_arena-fa3634bfd0a7dd7b.rmeta --extern leb128=/opt/rustwide/target/debug/deps/libleb128-3a77bb9172234744.rmeta --extern log=/opt/rustwide/target/debug/deps/liblog-43372439ad3c157d.rmeta --extern walrus_macro=/opt/rustwide/target/debug/deps/libwalrus_macro-c3b88366bd39a06b.so --extern wasmparser=/opt/rustwide/target/debug/deps/libwasmparser-791b7433fbb25a97.rmeta --cap-lints allow --cap-lints=warn` (signal: 9, SIGKILL: kill)
[INFO] [stderr] warning: build failed, waiting for other jobs to finish...
[INFO] [stderr] The following warnings were emitted during compilation:
[INFO] [stderr] 
[INFO] [stderr] warning: c++: fatal error: Killed signal terminated program cc1plus
[INFO] [stderr] warning: compilation terminated.
[INFO] [stderr] warning: c++: fatal error: Killed signal terminated program cc1plus
[INFO] [stderr] warning: compilation terminated.
[INFO] [stderr] warning: c++: fatal error: Killed signal terminated program cc1plus
[INFO] [stderr] warning: compilation terminated.
[INFO] [stderr] warning: c++: fatal error: Killed signal terminated program cc1plus
[INFO] [stderr] warning: compilation terminated.
[INFO] [stderr] warning: c++: fatal error: Killed signal terminated program cc1plus
[INFO] [stderr] warning: compilation terminated.
[INFO] [stderr] warning: c++: fatal error: Killed signal terminated program cc1plus
[INFO] [stderr] warning: compilation terminated.
[INFO] [stderr] warning: c++: fatal error: Killed signal terminated program cc1plus
[INFO] [stderr] warning: compilation terminated.
[INFO] [stderr] warning: c++: fatal error: Killed signal terminated program cc1plus
[INFO] [stderr] warning: compilation terminated.
[INFO] [stderr] warning: c++: fatal error: Killed signal terminated program cc1plus
[INFO] [stderr] warning: compilation terminated.
[INFO] [stderr] warning: c++: fatal error: Killed signal terminated program cc1plus
[INFO] [stderr] warning: compilation terminated.
[INFO] [stderr] 
[INFO] [stderr] error: failed to run custom build command for `wasm-opt-sys v0.112.0`
[INFO] [stderr] note: To improve backtraces for build dependencies, set the CARGO_PROFILE_DEV_BUILD_OVERRIDE_DEBUG=true environment variable to enable debug information generation.
[INFO] [stderr] 
[INFO] [stderr] Caused by:
[INFO] [stderr]   process didn't exit successfully: `/opt/rustwide/target/debug/build/wasm-opt-sys-fb7c0d513404e328/build-script-build` (exit status: 1)
[INFO] [stderr]   --- stdout
[INFO] [stderr]   TARGET = Some("x86_64-unknown-linux-gnu")
[INFO] [stderr]   HOST = Some("x86_64-unknown-linux-gnu")
[INFO] [stderr]   cargo:rerun-if-env-changed=CXX_x86_64-unknown-linux-gnu
[INFO] [stderr]   CXX_x86_64-unknown-linux-gnu = None
[INFO] [stderr]   cargo:rerun-if-env-changed=CXX_x86_64_unknown_linux_gnu
[INFO] [stderr]   CXX_x86_64_unknown_linux_gnu = None
[INFO] [stderr]   cargo:rerun-if-env-changed=HOST_CXX
[INFO] [stderr]   HOST_CXX = None
[INFO] [stderr]   cargo:rerun-if-env-changed=CXX
[INFO] [stderr]   CXX = None
[INFO] [stderr]   cargo:rerun-if-env-changed=CXXFLAGS_x86_64-unknown-linux-gnu
[INFO] [stderr]   CXXFLAGS_x86_64-unknown-linux-gnu = None
[INFO] [stderr]   cargo:rerun-if-env-changed=CXXFLAGS_x86_64_unknown_linux_gnu
[INFO] [stderr]   CXXFLAGS_x86_64_unknown_linux_gnu = None
[INFO] [stderr]   cargo:rerun-if-env-changed=HOST_CXXFLAGS
[INFO] [stderr]   HOST_CXXFLAGS = None
[INFO] [stderr]   cargo:rerun-if-env-changed=CXXFLAGS
[INFO] [stderr]   CXXFLAGS = None
[INFO] [stderr]   cargo:rerun-if-env-changed=CRATE_CC_NO_DEFAULTS
[INFO] [stderr]   CRATE_CC_NO_DEFAULTS = None
[INFO] [stderr]   CARGO_CFG_TARGET_FEATURE = Some("fxsr,sse,sse2")
[INFO] [stderr]   cargo:CXXBRIDGE_PREFIX=wasm-opt-sys
[INFO] [stderr]   cargo:CXXBRIDGE_LINKS=binaryen
[INFO] [stderr]   cargo:CXXBRIDGE_DIR0=/opt/rustwide/target/debug/build/wasm-opt-sys-f9367dc80165dad7/out/cxxbridge/include
[INFO] [stderr]   cargo:CXXBRIDGE_DIR1=/opt/rustwide/target/debug/build/wasm-opt-sys-f9367dc80165dad7/out/cxxbridge/crate
[INFO] [stderr]   cargo:CXXBRIDGE_DIR2=/opt/rustwide/cargo-home/registry/src/github.com-1ecc6299db9ec823/wasm-opt-sys-0.112.0/binaryen/src
[INFO] [stderr]   cargo:CXXBRIDGE_DIR3=/opt/rustwide/cargo-home/registry/src/github.com-1ecc6299db9ec823/wasm-opt-sys-0.112.0/binaryen/src/tools
[INFO] [stderr]   cargo:CXXBRIDGE_DIR4=/opt/rustwide/target/debug/build/wasm-opt-sys-f9367dc80165dad7/out
[INFO] [stderr]   TARGET = Some("x86_64-unknown-linux-gnu")
[INFO] [stderr]   OPT_LEVEL = Some("0")
[INFO] [stderr]   HOST = Some("x86_64-unknown-linux-gnu")
[INFO] [stderr]   cargo:rerun-if-env-changed=CXX_x86_64-unknown-linux-gnu
[INFO] [stderr]   CXX_x86_64-unknown-linux-gnu = None
[INFO] [stderr]   cargo:rerun-if-env-changed=CXX_x86_64_unknown_linux_gnu
[INFO] [stderr]   CXX_x86_64_unknown_linux_gnu = None
[INFO] [stderr]   cargo:rerun-if-env-changed=HOST_CXX
[INFO] [stderr]   HOST_CXX = None
[INFO] [stderr]   cargo:rerun-if-env-changed=CXX
[INFO] [stderr]   CXX = None
[INFO] [stderr]   cargo:rerun-if-env-changed=CXXFLAGS_x86_64-unknown-linux-gnu
[INFO] [stderr]   CXXFLAGS_x86_64-unknown-linux-gnu = None
[INFO] [stderr]   cargo:rerun-if-env-changed=CXXFLAGS_x86_64_unknown_linux_gnu
[INFO] [stderr]   CXXFLAGS_x86_64_unknown_linux_gnu = None
[INFO] [stderr]   cargo:rerun-if-env-changed=HOST_CXXFLAGS
[INFO] [stderr]   HOST_CXXFLAGS = None
[INFO] [stderr]   cargo:rerun-if-env-changed=CXXFLAGS
[INFO] [stderr]   CXXFLAGS = None
[INFO] [stderr]   cargo:rerun-if-env-changed=CRATE_CC_NO_DEFAULTS
[INFO] [stderr]   CRATE_CC_NO_DEFAULTS = None
[INFO] [stderr]   DEBUG = Some("true")
[INFO] [stderr]   CARGO_CFG_TARGET_FEATURE = Some("fxsr,sse,sse2")
[INFO] [stderr]   running: "c++" "-O0" "-ffunction-sections" "-fdata-sections" "-fPIC" "-gdwarf-4" "-fno-omit-frame-pointer" "-m64" "-I" "/opt/rustwide/target/debug/build/wasm-opt-sys-f9367dc80165dad7/out/cxxbridge/include" "-I" "/opt/rustwide/target/debug/build/wasm-opt-sys-f9367dc80165dad7/out/cxxbridge/crate" "-I" "/opt/rustwide/cargo-home/registry/src/github.com-1ecc6299db9ec823/wasm-opt-sys-0.112.0/binaryen/src" "-I" "/opt/rustwide/cargo-home/registry/src/github.com-1ecc6299db9ec823/wasm-opt-sys-0.112.0/binaryen/src/tools" "-I" "/opt/rustwide/target/debug/build/wasm-opt-sys-f9367dc80165dad7/out" "-Wall" "-Wextra" "-std=c++17" "-Wno-unused-parameter" "-DTHROW_ON_FATAL" "-o" "/opt/rustwide/target/debug/build/wasm-opt-sys-f9367dc80165dad7/out/e156f48f60ad2f95-lib.rs.o" "-c" "/opt/rustwide/target/debug/build/wasm-opt-sys-f9367dc80165dad7/out/cxxbridge/sources/wasm-opt-sys/src/lib.rs.cc"
[INFO] [stderr]   exit status: 0
[INFO] [stderr]   running: "c++" "-O0" "-ffunction-sections" "-fdata-sections" "-fPIC" "-gdwarf-4" "-fno-omit-frame-pointer" "-m64" "-I" "/opt/rustwide/target/debug/build/wasm-opt-sys-f9367dc80165dad7/out/cxxbridge/include" "-I" "/opt/rustwide/target/debug/build/wasm-opt-sys-f9367dc80165dad7/out/cxxbridge/crate" "-I" "/opt/rustwide/cargo-home/registry/src/github.com-1ecc6299db9ec823/wasm-opt-sys-0.112.0/binaryen/src" "-I" "/opt/rustwide/cargo-home/registry/src/github.com-1ecc6299db9ec823/wasm-opt-sys-0.112.0/binaryen/src/tools" "-I" "/opt/rustwide/target/debug/build/wasm-opt-sys-f9367dc80165dad7/out" "-Wall" "-Wextra" "-std=c++17" "-Wno-unused-parameter" "-DTHROW_ON_FATAL" "-o" "/opt/rustwide/target/debug/build/wasm-opt-sys-f9367dc80165dad7/out/0927737ee629299f-wasm-opt-main-shim.o" "-c" "/opt/rustwide/cargo-home/registry/src/github.com-1ecc6299db9ec823/wasm-opt-sys-0.112.0/src/wasm-opt-main-shim.cpp"
[INFO] [stderr]   running: "c++" "-O0" "-ffunction-sections" "-fdata-sections" "-fPIC" "-gdwarf-4" "-fno-omit-frame-pointer" "-m64" "-I" "/opt/rustwide/target/debug/build/wasm-opt-sys-f9367dc80165dad7/out/cxxbridge/include" "-I" "/opt/rustwide/target/debug/build/wasm-opt-sys-f9367dc80165dad7/out/cxxbridge/crate" "-I" "/opt/rustwide/cargo-home/registry/src/github.com-1ecc6299db9ec823/wasm-opt-sys-0.112.0/binaryen/src" "-I" "/opt/rustwide/cargo-home/registry/src/github.com-1ecc6299db9ec823/wasm-opt-sys-0.112.0/binaryen/src/tools" "-I" "/opt/rustwide/target/debug/build/wasm-opt-sys-f9367dc80165dad7/out" "-Wall" "-Wextra" "-std=c++17" "-Wno-unused-parameter" "-DTHROW_ON_FATAL" "-o" "/opt/rustwide/target/debug/build/wasm-opt-sys-f9367dc80165dad7/out/7c6dfcbe5f0361db-literal.o" "-c" "/opt/rustwide/cargo-home/registry/src/github.com-1ecc6299db9ec823/wasm-opt-sys-0.112.0/binaryen/src/wasm/literal.cpp"
[INFO] [stderr]   running: "c++" "-O0" "-ffunction-sections" "-fdata-sections" "-fPIC" "-gdwarf-4" "-fno-omit-frame-pointer" "-m64" "-I" "/opt/rustwide/target/debug/build/wasm-opt-sys-f9367dc80165dad7/out/cxxbridge/include" "-I" "/opt/rustwide/target/debug/build/wasm-opt-sys-f9367dc80165dad7/out/cxxbridge/crate" "-I" "/opt/rustwide/cargo-home/registry/src/github.com-1ecc6299db9ec823/wasm-opt-sys-0.112.0/binaryen/src" "-I" "/opt/rustwide/cargo-home/registry/src/github.com-1ecc6299db9ec823/wasm-opt-sys-0.112.0/binaryen/src/tools" "-I" "/opt/rustwide/target/debug/build/wasm-opt-sys-f9367dc80165dad7/out" "-Wall" "-Wextra" "-std=c++17" "-Wno-unused-parameter" "-DTHROW_ON_FATAL" "-o" "/opt/rustwide/target/debug/build/wasm-opt-sys-f9367dc80165dad7/out/7c6dfcbe5f0361db-wasm-binary.o" "-c" "/opt/rustwide/cargo-home/registry/src/github.com-1ecc6299db9ec823/wasm-opt-sys-0.112.0/binaryen/src/wasm/wasm-binary.cpp"
[INFO] [stderr]   running: "c++" "-O0" "-ffunction-sections" "-fdata-sections" "-fPIC" "-gdwarf-4" "-fno-omit-frame-pointer" "-m64" "-I" "/opt/rustwide/target/debug/build/wasm-opt-sys-f9367dc80165dad7/out/cxxbridge/include" "-I" "/opt/rustwide/target/debug/build/wasm-opt-sys-f9367dc80165dad7/out/cxxbridge/crate" "-I" "/opt/rustwide/cargo-home/registry/src/github.com-1ecc6299db9ec823/wasm-opt-sys-0.112.0/binaryen/src" "-I" "/opt/rustwide/cargo-home/registry/src/github.com-1ecc6299db9ec823/wasm-opt-sys-0.112.0/binaryen/src/tools" "-I" "/opt/rustwide/target/debug/build/wasm-opt-sys-f9367dc80165dad7/out" "-Wall" "-Wextra" "-std=c++17" "-Wno-unused-parameter" "-DTHROW_ON_FATAL" "-o" "/opt/rustwide/target/debug/build/wasm-opt-sys-f9367dc80165dad7/out/7c6dfcbe5f0361db-wasm-debug.o" "-c" "/opt/rustwide/cargo-home/registry/src/github.com-1ecc6299db9ec823/wasm-opt-sys-0.112.0/binaryen/src/wasm/wasm-debug.cpp"
[INFO] [stderr]   running: "c++" "-O0" "-ffunction-sections" "-fdata-sections" "-fPIC" "-gdwarf-4" "-fno-omit-frame-pointer" "-m64" "-I" "/opt/rustwide/target/debug/build/wasm-opt-sys-f9367dc80165dad7/out/cxxbridge/include" "-I" "/opt/rustwide/target/debug/build/wasm-opt-sys-f9367dc80165dad7/out/cxxbridge/crate" "-I" "/opt/rustwide/cargo-home/registry/src/github.com-1ecc6299db9ec823/wasm-opt-sys-0.112.0/binaryen/src" "-I" "/opt/rustwide/cargo-home/registry/src/github.com-1ecc6299db9ec823/wasm-opt-sys-0.112.0/binaryen/src/tools" "-I" "/opt/rustwide/target/debug/build/wasm-opt-sys-f9367dc80165dad7/out" "-Wall" "-Wextra" "-std=c++17" "-Wno-unused-parameter" "-DTHROW_ON_FATAL" "-o" "/opt/rustwide/target/debug/build/wasm-opt-sys-f9367dc80165dad7/out/7c6dfcbe5f0361db-parsing.o" "-c" "/opt/rustwide/cargo-home/registry/src/github.com-1ecc6299db9ec823/wasm-opt-sys-0.112.0/binaryen/src/wasm/parsing.cpp"
[INFO] [stderr]   running: "c++" "-O0" "-ffunction-sections" "-fdata-sections" "-fPIC" "-gdwarf-4" "-fno-omit-frame-pointer" "-m64" "-I" "/opt/rustwide/target/debug/build/wasm-opt-sys-f9367dc80165dad7/out/cxxbridge/include" "-I" "/opt/rustwide/target/debug/build/wasm-opt-sys-f9367dc80165dad7/out/cxxbridge/crate" "-I" "/opt/rustwide/cargo-home/registry/src/github.com-1ecc6299db9ec823/wasm-opt-sys-0.112.0/binaryen/src" "-I" "/opt/rustwide/cargo-home/registry/src/github.com-1ecc6299db9ec823/wasm-opt-sys-0.112.0/binaryen/src/tools" "-I" "/opt/rustwide/target/debug/build/wasm-opt-sys-f9367dc80165dad7/out" "-Wall" "-Wextra" "-std=c++17" "-Wno-unused-parameter" "-DTHROW_ON_FATAL" "-o" "/opt/rustwide/target/debug/build/wasm-opt-sys-f9367dc80165dad7/out/7c6dfcbe5f0361db-wasm-emscripten.o" "-c" "/opt/rustwide/cargo-home/registry/src/github.com-1ecc6299db9ec823/wasm-opt-sys-0.112.0/binaryen/src/wasm/wasm-emscripten.cpp"
[INFO] [stderr]   running: "c++" "-O0" "-ffunction-sections" "-fdata-sections" "-fPIC" "-gdwarf-4" "-fno-omit-frame-pointer" "-m64" "-I" "/opt/rustwide/target/debug/build/wasm-opt-sys-f9367dc80165dad7/out/cxxbridge/include" "-I" "/opt/rustwide/target/debug/build/wasm-opt-sys-f9367dc80165dad7/out/cxxbridge/crate" "-I" "/opt/rustwide/cargo-home/registry/src/github.com-1ecc6299db9ec823/wasm-opt-sys-0.112.0/binaryen/src" "-I" "/opt/rustwide/cargo-home/registry/src/github.com-1ecc6299db9ec823/wasm-opt-sys-0.112.0/binaryen/src/tools" "-I" "/opt/rustwide/target/debug/build/wasm-opt-sys-f9367dc80165dad7/out" "-Wall" "-Wextra" "-std=c++17" "-Wno-unused-parameter" "-DTHROW_ON_FATAL" "-o" "/opt/rustwide/target/debug/build/wasm-opt-sys-f9367dc80165dad7/out/7c6dfcbe5f0361db-wasm-interpreter.o" "-c" "/opt/rustwide/cargo-home/registry/src/github.com-1ecc6299db9ec823/wasm-opt-sys-0.112.0/binaryen/src/wasm/wasm-interpreter.cpp"
[INFO] [stderr]   running: "c++" "-O0" "-ffunction-sections" "-fdata-sections" "-fPIC" "-gdwarf-4" "-fno-omit-frame-pointer" "-m64" "-I" "/opt/rustwide/target/debug/build/wasm-opt-sys-f9367dc80165dad7/out/cxxbridge/include" "-I" "/opt/rustwide/target/debug/build/wasm-opt-sys-f9367dc80165dad7/out/cxxbridge/crate" "-I" "/opt/rustwide/cargo-home/registry/src/github.com-1ecc6299db9ec823/wasm-opt-sys-0.112.0/binaryen/src" "-I" "/opt/rustwide/cargo-home/registry/src/github.com-1ecc6299db9ec823/wasm-opt-sys-0.112.0/binaryen/src/tools" "-I" "/opt/rustwide/target/debug/build/wasm-opt-sys-f9367dc80165dad7/out" "-Wall" "-Wextra" "-std=c++17" "-Wno-unused-parameter" "-DTHROW_ON_FATAL" "-o" "/opt/rustwide/target/debug/build/wasm-opt-sys-f9367dc80165dad7/out/7c6dfcbe5f0361db-wasm-io.o" "-c" "/opt/rustwide/cargo-home/registry/src/github.com-1ecc6299db9ec823/wasm-opt-sys-0.112.0/binaryen/src/wasm/wasm-io.cpp"
[INFO] [stderr]   running: "c++" "-O0" "-ffunction-sections" "-fdata-sections" "-fPIC" "-gdwarf-4" "-fno-omit-frame-pointer" "-m64" "-I" "/opt/rustwide/target/debug/build/wasm-opt-sys-f9367dc80165dad7/out/cxxbridge/include" "-I" "/opt/rustwide/target/debug/build/wasm-opt-sys-f9367dc80165dad7/out/cxxbridge/crate" "-I" "/opt/rustwide/cargo-home/registry/src/github.com-1ecc6299db9ec823/wasm-opt-sys-0.112.0/binaryen/src" "-I" "/opt/rustwide/cargo-home/registry/src/github.com-1ecc6299db9ec823/wasm-opt-sys-0.112.0/binaryen/src/tools" "-I" "/opt/rustwide/target/debug/build/wasm-opt-sys-f9367dc80165dad7/out" "-Wall" "-Wextra" "-std=c++17" "-Wno-unused-parameter" "-DTHROW_ON_FATAL" "-o" "/opt/rustwide/target/debug/build/wasm-opt-sys-f9367dc80165dad7/out/7c6dfcbe5f0361db-wasm-stack.o" "-c" "/opt/rustwide/cargo-home/registry/src/github.com-1ecc6299db9ec823/wasm-opt-sys-0.112.0/binaryen/src/wasm/wasm-stack.cpp"
[INFO] [stderr]   exit status: 0
[INFO] [stderr]   running: "c++" "-O0" "-ffunction-sections" "-fdata-sections" "-fPIC" "-gdwarf-4" "-fno-omit-frame-pointer" "-m64" "-I" "/opt/rustwide/target/debug/build/wasm-opt-sys-f9367dc80165dad7/out/cxxbridge/include" "-I" "/opt/rustwide/target/debug/build/wasm-opt-sys-f9367dc80165dad7/out/cxxbridge/crate" "-I" "/opt/rustwide/cargo-home/registry/src/github.com-1ecc6299db9ec823/wasm-opt-sys-0.112.0/binaryen/src" "-I" "/opt/rustwide/cargo-home/registry/src/github.com-1ecc6299db9ec823/wasm-opt-sys-0.112.0/binaryen/src/tools" "-I" "/opt/rustwide/target/debug/build/wasm-opt-sys-f9367dc80165dad7/out" "-Wall" "-Wextra" "-std=c++17" "-Wno-unused-parameter" "-DTHROW_ON_FATAL" "-o" "/opt/rustwide/target/debug/build/wasm-opt-sys-f9367dc80165dad7/out/7c6dfcbe5f0361db-wasm-s-parser.o" "-c" "/opt/rustwide/cargo-home/registry/src/github.com-1ecc6299db9ec823/wasm-opt-sys-0.112.0/binaryen/src/wasm/wasm-s-parser.cpp"
[INFO] [stderr]   running: "c++" "-O0" "-ffunction-sections" "-fdata-sections" "-fPIC" "-gdwarf-4" "-fno-omit-frame-pointer" "-m64" "-I" "/opt/rustwide/target/debug/build/wasm-opt-sys-f9367dc80165dad7/out/cxxbridge/include" "-I" "/opt/rustwide/target/debug/build/wasm-opt-sys-f9367dc80165dad7/out/cxxbridge/crate" "-I" "/opt/rustwide/cargo-home/registry/src/github.com-1ecc6299db9ec823/wasm-opt-sys-0.112.0/binaryen/src" "-I" "/opt/rustwide/cargo-home/registry/src/github.com-1ecc6299db9ec823/wasm-opt-sys-0.112.0/binaryen/src/tools" "-I" "/opt/rustwide/target/debug/build/wasm-opt-sys-f9367dc80165dad7/out" "-Wall" "-Wextra" "-std=c++17" "-Wno-unused-parameter" "-DTHROW_ON_FATAL" "-o" "/opt/rustwide/target/debug/build/wasm-opt-sys-f9367dc80165dad7/out/7c6dfcbe5f0361db-wasm-type.o" "-c" "/opt/rustwide/cargo-home/registry/src/github.com-1ecc6299db9ec823/wasm-opt-sys-0.112.0/binaryen/src/wasm/wasm-type.cpp"
[INFO] [stderr]   running: "c++" "-O0" "-ffunction-sections" "-fdata-sections" "-fPIC" "-gdwarf-4" "-fno-omit-frame-pointer" "-m64" "-I" "/opt/rustwide/target/debug/build/wasm-opt-sys-f9367dc80165dad7/out/cxxbridge/include" "-I" "/opt/rustwide/target/debug/build/wasm-opt-sys-f9367dc80165dad7/out/cxxbridge/crate" "-I" "/opt/rustwide/cargo-home/registry/src/github.com-1ecc6299db9ec823/wasm-opt-sys-0.112.0/binaryen/src" "-I" "/opt/rustwide/cargo-home/registry/src/github.com-1ecc6299db9ec823/wasm-opt-sys-0.112.0/binaryen/src/tools" "-I" "/opt/rustwide/target/debug/build/wasm-opt-sys-f9367dc80165dad7/out" "-Wall" "-Wextra" "-std=c++17" "-Wno-unused-parameter" "-DTHROW_ON_FATAL" "-o" "/opt/rustwide/target/debug/build/wasm-opt-sys-f9367dc80165dad7/out/7c6dfcbe5f0361db-wasm-validator.o" "-c" "/opt/rustwide/cargo-home/registry/src/github.com-1ecc6299db9ec823/wasm-opt-sys-0.112.0/binaryen/src/wasm/wasm-validator.cpp"
[INFO] [stderr]   running: "c++" "-O0" "-ffunction-sections" "-fdata-sections" "-fPIC" "-gdwarf-4" "-fno-omit-frame-pointer" "-m64" "-I" "/opt/rustwide/target/debug/build/wasm-opt-sys-f9367dc80165dad7/out/cxxbridge/include" "-I" "/opt/rustwide/target/debug/build/wasm-opt-sys-f9367dc80165dad7/out/cxxbridge/crate" "-I" "/opt/rustwide/cargo-home/registry/src/github.com-1ecc6299db9ec823/wasm-opt-sys-0.112.0/binaryen/src" "-I" "/opt/rustwide/cargo-home/registry/src/github.com-1ecc6299db9ec823/wasm-opt-sys-0.112.0/binaryen/src/tools" "-I" "/opt/rustwide/target/debug/build/wasm-opt-sys-f9367dc80165dad7/out" "-Wall" "-Wextra" "-std=c++17" "-Wno-unused-parameter" "-DTHROW_ON_FATAL" "-o" "/opt/rustwide/target/debug/build/wasm-opt-sys-f9367dc80165dad7/out/7c6dfcbe5f0361db-wasm.o" "-c" "/opt/rustwide/cargo-home/registry/src/github.com-1ecc6299db9ec823/wasm-opt-sys-0.112.0/binaryen/src/wasm/wasm.cpp"
[INFO] [stderr]   running: "c++" "-O0" "-ffunction-sections" "-fdata-sections" "-fPIC" "-gdwarf-4" "-fno-omit-frame-pointer" "-m64" "-I" "/opt/rustwide/target/debug/build/wasm-opt-sys-f9367dc80165dad7/out/cxxbridge/include" "-I" "/opt/rustwide/target/debug/build/wasm-opt-sys-f9367dc80165dad7/out/cxxbridge/crate" "-I" "/opt/rustwide/cargo-home/registry/src/github.com-1ecc6299db9ec823/wasm-opt-sys-0.112.0/binaryen/src" "-I" "/opt/rustwide/cargo-home/registry/src/github.com-1ecc6299db9ec823/wasm-opt-sys-0.112.0/binaryen/src/tools" "-I" "/opt/rustwide/target/debug/build/wasm-opt-sys-f9367dc80165dad7/out" "-Wall" "-Wextra" "-std=c++17" "-Wno-unused-parameter" "-DTHROW_ON_FATAL" "-o" "/opt/rustwide/target/debug/build/wasm-opt-sys-f9367dc80165dad7/out/7c6dfcbe5f0361db-wat-lexer.o" "-c" "/opt/rustwide/cargo-home/registry/src/github.com-1ecc6299db9ec823/wasm-opt-sys-0.112.0/binaryen/src/wasm/wat-lexer.cpp"
[INFO] [stderr]   cargo:warning=c++: fatal error: Killed signal terminated program cc1plus
[INFO] [stderr]   cargo:warning=compilation terminated.
[INFO] [stderr]   exit status: 1
[INFO] [stderr]   running: "c++" "-O0" "-ffunction-sections" "-fdata-sections" "-fPIC" "-gdwarf-4" "-fno-omit-frame-pointer" "-m64" "-I" "/opt/rustwide/target/debug/build/wasm-opt-sys-f9367dc80165dad7/out/cxxbridge/include" "-I" "/opt/rustwide/target/debug/build/wasm-opt-sys-f9367dc80165dad7/out/cxxbridge/crate" "-I" "/opt/rustwide/cargo-home/registry/src/github.com-1ecc6299db9ec823/wasm-opt-sys-0.112.0/binaryen/src" "-I" "/opt/rustwide/cargo-home/registry/src/github.com-1ecc6299db9ec823/wasm-opt-sys-0.112.0/binaryen/src/tools" "-I" "/opt/rustwide/target/debug/build/wasm-opt-sys-f9367dc80165dad7/out" "-Wall" "-Wextra" "-std=c++17" "-Wno-unused-parameter" "-DTHROW_ON_FATAL" "-o" "/opt/rustwide/target/debug/build/wasm-opt-sys-f9367dc80165dad7/out/7c6dfcbe5f0361db-wat-parser.o" "-c" "/opt/rustwide/cargo-home/registry/src/github.com-1ecc6299db9ec823/wasm-opt-sys-0.112.0/binaryen/src/wasm/wat-parser.cpp"
[INFO] [stderr]   cargo:warning=c++: fatal error: Killed signal terminated program cc1plus
[INFO] [stderr]   cargo:warning=compilation terminated.
[INFO] [stderr]   exit status: 1
[INFO] [stderr]   cargo:warning=c++: fatal error: Killed signal terminated program cc1plus
[INFO] [stderr]   cargo:warning=compilation terminated.
[INFO] [stderr]   exit status: 1
[INFO] [stderr]   cargo:warning=c++: fatal error: Killed signal terminated program cc1plus
[INFO] [stderr]   cargo:warning=compilation terminated.
[INFO] [stderr]   exit status: 1
[INFO] [stderr]   cargo:warning=c++: fatal error: Killed signal terminated program cc1plus
[INFO] [stderr]   cargo:warning=compilation terminated.
[INFO] [stderr]   exit status: 1
[INFO] [stderr]   cargo:warning=c++: fatal error: Killed signal terminated program cc1plus
[INFO] [stderr]   cargo:warning=compilation terminated.
[INFO] [stderr]   exit status: 1
[INFO] [stderr]   cargo:warning=c++: fatal error: Killed signal terminated program cc1plus
[INFO] [stderr]   cargo:warning=compilation terminated.
[INFO] [stderr]   exit status: 1
[INFO] [stderr]   cargo:warning=c++: fatal error: Killed signal terminated program cc1plus
[INFO] [stderr]   cargo:warning=compilation terminated.
[INFO] [stderr]   exit status: 1
[INFO] [stderr]   cargo:warning=c++: fatal error: Killed signal terminated program cc1plus
[INFO] [stderr]   cargo:warning=compilation terminated.
[INFO] [stderr]   exit status: 1
[INFO] [stderr]   exit status: 0
[INFO] [stderr]   cargo:warning=c++: fatal error: Killed signal terminated program cc1plus
[INFO] [stderr]   cargo:warning=compilation terminated.
[INFO] [stderr]   exit status: 1
[INFO] [stderr]   exit status: 0
[INFO] [stderr]   exit status: 0
[INFO] [stderr]   exit status: 0
[INFO] [stderr] 
[INFO] [stderr]   --- stderr
[INFO] [stderr] 
[INFO] [stderr]   CXX include path:
[INFO] [stderr]     /opt/rustwide/target/debug/build/wasm-opt-sys-f9367dc80165dad7/out/cxxbridge/include
[INFO] [stderr]     /opt/rustwide/target/debug/build/wasm-opt-sys-f9367dc80165dad7/out/cxxbridge/crate
[INFO] [stderr]     /opt/rustwide/cargo-home/registry/src/github.com-1ecc6299db9ec823/wasm-opt-sys-0.112.0/binaryen/src
[INFO] [stderr]     /opt/rustwide/cargo-home/registry/src/github.com-1ecc6299db9ec823/wasm-opt-sys-0.112.0/binaryen/src/tools
[INFO] [stderr]     /opt/rustwide/target/debug/build/wasm-opt-sys-f9367dc80165dad7/out
[INFO] [stderr] 
[INFO] [stderr] 
[INFO] [stderr]   error occurred: Command "c++" "-O0" "-ffunction-sections" "-fdata-sections" "-fPIC" "-gdwarf-4" "-fno-omit-frame-pointer" "-m64" "-I" "/opt/rustwide/target/debug/build/wasm-opt-sys-f9367dc80165dad7/out/cxxbridge/include" "-I" "/opt/rustwide/target/debug/build/wasm-opt-sys-f9367dc80165dad7/out/cxxbridge/crate" "-I" "/opt/rustwide/cargo-home/registry/src/github.com-1ecc6299db9ec823/wasm-opt-sys-0.112.0/binaryen/src" "-I" "/opt/rustwide/cargo-home/registry/src/github.com-1ecc6299db9ec823/wasm-opt-sys-0.112.0/binaryen/src/tools" "-I" "/opt/rustwide/target/debug/build/wasm-opt-sys-f9367dc80165dad7/out" "-Wall" "-Wextra" "-std=c++17" "-Wno-unused-parameter" "-DTHROW_ON_FATAL" "-o" "/opt/rustwide/target/debug/build/wasm-opt-sys-f9367dc80165dad7/out/7c6dfcbe5f0361db-literal.o" "-c" "/opt/rustwide/cargo-home/registry/src/github.com-1ecc6299db9ec823/wasm-opt-sys-0.112.0/binaryen/src/wasm/literal.cpp" with args "c++" did not execute successfully (status code exit status: 1).
[INFO] [stderr] 
[INFO] [stderr] 
[INFO] running `Command { std: "docker" "inspect" "4e77b0f6867f0dcdbe1f9e2fa94700fab4931c3d91e634a449a6ef3b43e0db83", kill_on_drop: false }`
[INFO] running `Command { std: "docker" "rm" "-f" "4e77b0f6867f0dcdbe1f9e2fa94700fab4931c3d91e634a449a6ef3b43e0db83", kill_on_drop: false }`
[INFO] [stdout] 4e77b0f6867f0dcdbe1f9e2fa94700fab4931c3d91e634a449a6ef3b43e0db83
