[INFO] fetching crate hacspec 0.2.0-beta.4...
[INFO] documenting hacspec-0.2.0-beta.4 against 1.69.0 for beta-1.70-rustdoc-1
[INFO] extracting crate hacspec 0.2.0-beta.4 into /workspace/builds/worker-5-tc1/source
[INFO] validating manifest of crates.io crate hacspec 0.2.0-beta.4 on toolchain 1.69.0
[INFO] running `Command { std: CARGO_HOME="/workspace/cargo-home" RUSTUP_HOME="/workspace/rustup-home" "/workspace/cargo-home/bin/cargo" "+1.69.0" "metadata" "--manifest-path" "Cargo.toml" "--no-deps", kill_on_drop: false }`
[INFO] removed /workspace/builds/worker-5-tc1/source/rust-toolchain
[INFO] started tweaking crates.io crate hacspec 0.2.0-beta.4
[INFO] finished tweaking crates.io crate hacspec 0.2.0-beta.4
[INFO] tweaked toml for crates.io crate hacspec 0.2.0-beta.4 written to /workspace/builds/worker-5-tc1/source/Cargo.toml
[INFO] crate crates.io crate hacspec 0.2.0-beta.4 already has a lockfile, it will not be regenerated
[INFO] running `Command { std: CARGO_HOME="/workspace/cargo-home" RUSTUP_HOME="/workspace/rustup-home" "/workspace/cargo-home/bin/cargo" "+1.69.0" "fetch" "--manifest-path" "Cargo.toml", kill_on_drop: false }`
[INFO] [stderr]  Downloading crates ...
[INFO] [stderr]   Downloaded hacspec-util v0.1.0-beta.1
[INFO] [stderr]   Downloaded rand_xoshiro v0.4.0
[INFO] [stderr]   Downloaded predicates-tree v1.0.2
[INFO] [stderr]   Downloaded assert_cmd v1.0.3
[INFO] [stderr]   Downloaded sized-chunks v0.6.4
[INFO] [stderr]   Downloaded im v15.0.0
[INFO] [stderr]   Downloaded predicates v1.0.7
[INFO] [stderr]   Downloaded syn v1.0.64
[INFO] [stderr]   Downloaded libc v0.2.90
[INFO] running `Command { std: "docker" "create" "-v" "/var/lib/crater-agent-workspace/builds/worker-5-tc1/target:/opt/rustwide/target:rw,Z" "-v" "/var/lib/crater-agent-workspace/builds/worker-5-tc1/source:/opt/rustwide/workdir:ro,Z" "-v" "/var/lib/crater-agent-workspace/cargo-home:/opt/rustwide/cargo-home:ro,Z" "-v" "/var/lib/crater-agent-workspace/rustup-home:/opt/rustwide/rustup-home:ro,Z" "-e" "SOURCE_DIR=/opt/rustwide/workdir" "-e" "CARGO_TARGET_DIR=/opt/rustwide/target" "-e" "CARGO_HOME=/opt/rustwide/cargo-home" "-e" "RUSTUP_HOME=/opt/rustwide/rustup-home" "-w" "/opt/rustwide/workdir" "-m" "1610612736" "--user" "0:0" "--network" "none" "ghcr.io/rust-lang/crates-build-env/linux@sha256:5ff2268d62e97bff2cde7d5815dd6ed5b47097566f13b8d0ca110b04b60e07ed" "/opt/rustwide/cargo-home/bin/cargo" "+1.69.0" "metadata" "--no-deps" "--format-version=1", kill_on_drop: false }`
[INFO] [stdout] e097053752cf8008117306199502eb536787e4496d180276644941273cec1243
[INFO] running `Command { std: "docker" "start" "-a" "e097053752cf8008117306199502eb536787e4496d180276644941273cec1243", kill_on_drop: false }`
[INFO] running `Command { std: "docker" "inspect" "e097053752cf8008117306199502eb536787e4496d180276644941273cec1243", kill_on_drop: false }`
[INFO] running `Command { std: "docker" "rm" "-f" "e097053752cf8008117306199502eb536787e4496d180276644941273cec1243", kill_on_drop: false }`
[INFO] [stdout] e097053752cf8008117306199502eb536787e4496d180276644941273cec1243
[INFO] running `Command { std: "docker" "create" "-v" "/var/lib/crater-agent-workspace/builds/worker-5-tc1/target:/opt/rustwide/target:rw,Z" "-v" "/var/lib/crater-agent-workspace/builds/worker-5-tc1/source:/opt/rustwide/workdir:ro,Z" "-v" "/var/lib/crater-agent-workspace/cargo-home:/opt/rustwide/cargo-home:ro,Z" "-v" "/var/lib/crater-agent-workspace/rustup-home:/opt/rustwide/rustup-home:ro,Z" "-e" "SOURCE_DIR=/opt/rustwide/workdir" "-e" "CARGO_TARGET_DIR=/opt/rustwide/target" "-e" "CARGO_INCREMENTAL=0" "-e" "RUST_BACKTRACE=full" "-e" "RUSTFLAGS=--cap-lints=warn" "-e" "RUSTDOCFLAGS=--cap-lints=warn" "-e" "CARGO_HOME=/opt/rustwide/cargo-home" "-e" "RUSTUP_HOME=/opt/rustwide/rustup-home" "-w" "/opt/rustwide/workdir" "-m" "1610612736" "--user" "0:0" "--network" "none" "ghcr.io/rust-lang/crates-build-env/linux@sha256:5ff2268d62e97bff2cde7d5815dd6ed5b47097566f13b8d0ca110b04b60e07ed" "/opt/rustwide/cargo-home/bin/cargo" "+1.69.0" "doc" "--frozen" "--no-deps" "--document-private-items" "--message-format=json", kill_on_drop: false }`
[INFO] [stdout] 18e1af7a3f0c86cb0215cebc03ad7923c84fc0ebe040b8ab473982a0237ab218
[INFO] running `Command { std: "docker" "start" "-a" "18e1af7a3f0c86cb0215cebc03ad7923c84fc0ebe040b8ab473982a0237ab218", kill_on_drop: false }`
[INFO] [stderr]    Compiling proc-macro2 v1.0.24
[INFO] [stderr]    Compiling syn v1.0.64
[INFO] [stderr]    Compiling serde_derive v1.0.124
[INFO] [stderr]    Compiling typenum v1.13.0
[INFO] [stderr]     Checking unicode-xid v0.2.1
[INFO] [stderr]    Compiling serde v1.0.124
[INFO] [stderr]     Checking rand_core v0.5.1
[INFO] [stderr]     Checking arrayvec v0.5.2
[INFO] [stderr]     Checking unicode-segmentation v1.7.1
[INFO] [stderr]     Checking typed-arena v2.0.1
[INFO] [stderr]    Compiling im v15.0.0
[INFO] [stderr]     Checking walkdir v2.3.1
[INFO] [stderr]     Checking itertools v0.10.0
[INFO] [stderr]     Checking rand_xoshiro v0.4.0
[INFO] [stderr]     Checking pretty v0.10.0
[INFO] [stderr]     Checking heck v0.3.2
[INFO] [stderr]     Checking quote v1.0.9
[INFO] [stderr]     Checking bitmaps v2.1.0
[INFO] [stderr]     Checking sized-chunks v0.6.4
[INFO] [stderr]     Checking hacspec-util v0.1.0-beta.1
[INFO] [stderr]     Checking serde_json v1.0.64
[INFO] [stderr]  Documenting hacspec v0.2.0-beta.4 (/opt/rustwide/workdir)
[INFO] [stdout] error[E0463]: can't find crate for `rustc_ast`
[INFO] [stdout]  --> src/main.rs:4:1
[INFO] [stdout]   |
[INFO] [stdout] 4 | extern crate rustc_ast;
[INFO] [stdout]   | ^^^^^^^^^^^^^^^^^^^^^^^ can't find crate
[INFO] [stdout]   |
[INFO] [stdout]   = help: maybe you need to install the missing components with: `rustup component add rust-src rustc-dev llvm-tools-preview`
[INFO] [stdout] 
[INFO] [stdout] 
[INFO] [stdout] error[E0463]: can't find crate for `rustc_driver`
[INFO] [stdout]  --> src/main.rs:5:1
[INFO] [stdout]   |
[INFO] [stdout] 5 | extern crate rustc_driver;
[INFO] [stdout]   | ^^^^^^^^^^^^^^^^^^^^^^^^^^ can't find crate
[INFO] [stdout]   |
[INFO] [stdout]   = help: maybe you need to install the missing components with: `rustup component add rust-src rustc-dev llvm-tools-preview`
[INFO] [stdout] 
[INFO] [stdout] 
[INFO] [stdout] error[E0463]: can't find crate for `rustc_errors`
[INFO] [stdout]  --> src/main.rs:6:1
[INFO] [stdout]   |
[INFO] [stdout] 6 | extern crate rustc_errors;
[INFO] [stdout]   | ^^^^^^^^^^^^^^^^^^^^^^^^^^ can't find crate
[INFO] [stdout]   |
[INFO] [stdout]   = help: maybe you need to install the missing components with: `rustup component add rust-src rustc-dev llvm-tools-preview`
[INFO] [stdout] 
[INFO] [stdout] 
[INFO] [stdout] error[E0463]: can't find crate for `rustc_hir`
[INFO] [stdout]  --> src/main.rs:7:1
[INFO] [stdout]   |
[INFO] [stdout] 7 | extern crate rustc_hir;
[INFO] [stdout]   | ^^^^^^^^^^^^^^^^^^^^^^^ can't find crate
[INFO] [stdout]   |
[INFO] [stdout]   = help: maybe you need to install the missing components with: `rustup component add rust-src rustc-dev llvm-tools-preview`
[INFO] [stdout] 
[INFO] [stdout] 
[INFO] [stdout] error[E0463]: can't find crate for `rustc_interface`
[INFO] [stdout]  --> src/main.rs:8:1
[INFO] [stdout]   |
[INFO] [stdout] 8 | extern crate rustc_interface;
[INFO] [stdout]   | ^^^^^^^^^^^^^^^^^^^^^^^^^^^^^ can't find crate
[INFO] [stdout]   |
[INFO] [stdout]   = help: maybe you need to install the missing components with: `rustup component add rust-src rustc-dev llvm-tools-preview`
[INFO] [stdout] 
[INFO] [stdout] 
[INFO] [stdout] error[E0463]: can't find crate for `rustc_metadata`
[INFO] [stdout]  --> src/main.rs:9:1
[INFO] [stdout]   |
[INFO] [stdout] 9 | extern crate rustc_metadata;
[INFO] [stdout]   | ^^^^^^^^^^^^^^^^^^^^^^^^^^^^ can't find crate
[INFO] [stdout]   |
[INFO] [stdout]   = help: maybe you need to install the missing components with: `rustup component add rust-src rustc-dev llvm-tools-preview`
[INFO] [stdout] 
[INFO] [stdout] 
[INFO] [stdout] error[E0463]: can't find crate for `rustc_middle`
[INFO] [stdout]   --> src/main.rs:10:1
[INFO] [stdout]    |
[INFO] [stdout] 10 | extern crate rustc_middle;
[INFO] [stdout]    | ^^^^^^^^^^^^^^^^^^^^^^^^^^ can't find crate
[INFO] [stdout]    |
[INFO] [stdout]    = help: maybe you need to install the missing components with: `rustup component add rust-src rustc-dev llvm-tools-preview`
[INFO] [stdout] 
[INFO] [stdout] 
[INFO] [stdout] error[E0463]: can't find crate for `rustc_session`
[INFO] [stdout]   --> src/main.rs:11:1
[INFO] [stdout]    |
[INFO] [stdout] 11 | extern crate rustc_session;
[INFO] [stdout]    | ^^^^^^^^^^^^^^^^^^^^^^^^^^^ can't find crate
[INFO] [stdout]    |
[INFO] [stdout]    = help: maybe you need to install the missing components with: `rustup component add rust-src rustc-dev llvm-tools-preview`
[INFO] [stdout] 
[INFO] [stdout] 
[INFO] [stdout] error[E0463]: can't find crate for `rustc_span`
[INFO] [stdout]   --> src/main.rs:12:1
[INFO] [stdout]    |
[INFO] [stdout] 12 | extern crate rustc_span;
[INFO] [stdout]    | ^^^^^^^^^^^^^^^^^^^^^^^^ can't find crate
[INFO] [stdout]    |
[INFO] [stdout]    = help: maybe you need to install the missing components with: `rustup component add rust-src rustc-dev llvm-tools-preview`
[INFO] [stdout] 
[INFO] [stdout] 
[INFO] [stdout] error[E0554]: `#![feature]` may not be used on the stable release channel
[INFO] [stdout]  --> src/main.rs:1:1
[INFO] [stdout]   |
[INFO] [stdout] 1 | #![feature(rustc_private)]
[INFO] [stdout]   | ^^^^^^^^^^^^^^^^^^^^^^^^^^
[INFO] [stdout] 
[INFO] [stdout] 
[INFO] [stdout] error[E0433]: failed to resolve: could not resolve path `ErrorOutputType::HumanReadable`
[INFO] [stdout]   --> src/main.rs:49:5
[INFO] [stdout]    |
[INFO] [stdout] 49 |     ErrorOutputType::HumanReadable(HumanReadableErrorType::Default(ColorConfig::Auto));
[INFO] [stdout]    |     ^^^^^^^^^^^^^^^^^^^^^^^^^^^^^^ could not resolve path `ErrorOutputType::HumanReadable`
[INFO] [stdout]    |
[INFO] [stdout]    = note: this error was originally ignored because you are running `rustdoc`
[INFO] [stdout]    = note: try running again with `rustc` or `cargo check` and you may get a more detailed error
[INFO] [stdout] 
[INFO] [stdout] 
[INFO] [stdout] error[E0433]: failed to resolve: could not resolve path `HumanReadableErrorType::Default`
[INFO] [stdout]   --> src/main.rs:49:36
[INFO] [stdout]    |
[INFO] [stdout] 49 |     ErrorOutputType::HumanReadable(HumanReadableErrorType::Default(ColorConfig::Auto));
[INFO] [stdout]    |                                    ^^^^^^^^^^^^^^^^^^^^^^^^^^^^^^^ could not resolve path `HumanReadableErrorType::Default`
[INFO] [stdout]    |
[INFO] [stdout]    = note: this error was originally ignored because you are running `rustdoc`
[INFO] [stdout]    = note: try running again with `rustc` or `cargo check` and you may get a more detailed error
[INFO] [stdout] 
[INFO] [stdout] 
[INFO] [stdout] error[E0433]: failed to resolve: could not resolve path `ColorConfig::Auto`
[INFO] [stdout]   --> src/main.rs:49:68
[INFO] [stdout]    |
[INFO] [stdout] 49 |     ErrorOutputType::HumanReadable(HumanReadableErrorType::Default(ColorConfig::Auto));
[INFO] [stdout]    |                                                                    ^^^^^^^^^^^^^^^^^ could not resolve path `ColorConfig::Auto`
[INFO] [stdout]    |
[INFO] [stdout]    = note: this error was originally ignored because you are running `rustdoc`
[INFO] [stdout]    = note: try running again with `rustc` or `cargo check` and you may get a more detailed error
[INFO] [stdout] 
[INFO] [stdout] 
[INFO] [stdout] error: aborting due to 13 previous errors
[INFO] [stdout] 
[INFO] [stdout] 
[INFO] [stdout] Some errors have detailed explanations: E0433, E0463, E0554.
[INFO] [stdout] 
[INFO] [stdout] For more information about an error, try `rustc --explain E0433`.
[INFO] [stdout] 
[INFO] [stderr] error: could not document `hacspec`
[INFO] [stderr] 
[INFO] [stderr] Caused by:
[INFO] [stderr]   process didn't exit successfully: `rustdoc --edition=2018 --crate-type bin --crate-name hacspec_driver src/main.rs -o /opt/rustwide/target/doc --error-format=json --json=diagnostic-rendered-ansi,artifacts,future-incompat --document-private-items '-Arustdoc::private-intra-doc-links' -C metadata=e751bbeca717d3f4 -L dependency=/opt/rustwide/target/debug/deps --extern hacspec_util=/opt/rustwide/target/debug/deps/libhacspec_util-df7f6f2d2a791596.rmeta --extern heck=/opt/rustwide/target/debug/deps/libheck-afa7f1fe9010316e.rmeta --extern im=/opt/rustwide/target/debug/deps/libim-ec633f5372833935.rmeta --extern itertools=/opt/rustwide/target/debug/deps/libitertools-4786d14927215e71.rmeta --extern lazy_static=/opt/rustwide/target/debug/deps/liblazy_static-9c7d51f549cf58b7.rmeta --extern pretty=/opt/rustwide/target/debug/deps/libpretty-ec8d57160fd110ca.rmeta --extern regex=/opt/rustwide/target/debug/deps/libregex-af14a6e4bd2347a9.rmeta --extern serde=/opt/rustwide/target/debug/deps/libserde-85e53b266eb13f12.rmeta --extern serde_json=/opt/rustwide/target/debug/deps/libserde_json-7690518a4fa43246.rmeta --extern walkdir=/opt/rustwide/target/debug/deps/libwalkdir-b1a9cda19b14ee0d.rmeta --cap-lints=warn --crate-version 0.2.0-beta.4` (exit status: 1)
[INFO] [stderr] warning: build failed, waiting for other jobs to finish...
[INFO] running `Command { std: "docker" "inspect" "18e1af7a3f0c86cb0215cebc03ad7923c84fc0ebe040b8ab473982a0237ab218", kill_on_drop: false }`
[INFO] running `Command { std: "docker" "rm" "-f" "18e1af7a3f0c86cb0215cebc03ad7923c84fc0ebe040b8ab473982a0237ab218", kill_on_drop: false }`
[INFO] [stdout] 18e1af7a3f0c86cb0215cebc03ad7923c84fc0ebe040b8ab473982a0237ab218
