[INFO] fetching crate gqlmapi-rs 0.11.0...
[INFO] documenting gqlmapi-rs-0.11.0 against 1.69.0 for beta-1.70-rustdoc-1
[INFO] extracting crate gqlmapi-rs 0.11.0 into /workspace/builds/worker-2-tc1/source
[INFO] validating manifest of crates.io crate gqlmapi-rs 0.11.0 on toolchain 1.69.0
[INFO] running `Command { std: CARGO_HOME="/workspace/cargo-home" RUSTUP_HOME="/workspace/rustup-home" "/workspace/cargo-home/bin/cargo" "+1.69.0" "metadata" "--manifest-path" "Cargo.toml" "--no-deps", kill_on_drop: false }`
[INFO] removed /workspace/builds/worker-2-tc1/source/.cargo/config.toml
[INFO] started tweaking crates.io crate gqlmapi-rs 0.11.0
[INFO] finished tweaking crates.io crate gqlmapi-rs 0.11.0
[INFO] tweaked toml for crates.io crate gqlmapi-rs 0.11.0 written to /workspace/builds/worker-2-tc1/source/Cargo.toml
[INFO] crate crates.io crate gqlmapi-rs 0.11.0 already has a lockfile, it will not be regenerated
[INFO] running `Command { std: CARGO_HOME="/workspace/cargo-home" RUSTUP_HOME="/workspace/rustup-home" "/workspace/cargo-home/bin/cargo" "+1.69.0" "fetch" "--manifest-path" "Cargo.toml", kill_on_drop: false }`
[INFO] [stderr]  Downloading crates ...
[INFO] [stderr]   Downloaded syn v1.0.93
[INFO] [stderr]   Downloaded cxx-build v1.0.67
[INFO] [stderr]   Downloaded cxxbridge-flags v1.0.67
[INFO] [stderr]   Downloaded link-cplusplus v1.0.6
[INFO] [stderr]   Downloaded scratch v1.0.1
[INFO] [stderr]   Downloaded cxxbridge-macro v1.0.67
[INFO] [stderr]   Downloaded cxx v1.0.67
[INFO] [stderr]   Downloaded proc-macro2 v1.0.38
[INFO] running `Command { std: "docker" "create" "-v" "/var/lib/crater-agent-workspace/builds/worker-2-tc1/target:/opt/rustwide/target:rw,Z" "-v" "/var/lib/crater-agent-workspace/builds/worker-2-tc1/source:/opt/rustwide/workdir:ro,Z" "-v" "/var/lib/crater-agent-workspace/cargo-home:/opt/rustwide/cargo-home:ro,Z" "-v" "/var/lib/crater-agent-workspace/rustup-home:/opt/rustwide/rustup-home:ro,Z" "-e" "SOURCE_DIR=/opt/rustwide/workdir" "-e" "CARGO_TARGET_DIR=/opt/rustwide/target" "-e" "CARGO_HOME=/opt/rustwide/cargo-home" "-e" "RUSTUP_HOME=/opt/rustwide/rustup-home" "-w" "/opt/rustwide/workdir" "-m" "1610612736" "--user" "0:0" "--network" "none" "ghcr.io/rust-lang/crates-build-env/linux@sha256:5ff2268d62e97bff2cde7d5815dd6ed5b47097566f13b8d0ca110b04b60e07ed" "/opt/rustwide/cargo-home/bin/cargo" "+1.69.0" "metadata" "--no-deps" "--format-version=1", kill_on_drop: false }`
[INFO] [stdout] 04ed97dcdc963a697a6a45caaa848e917655d26d61cb89e9435bbed6a044748c
[INFO] running `Command { std: "docker" "start" "-a" "04ed97dcdc963a697a6a45caaa848e917655d26d61cb89e9435bbed6a044748c", kill_on_drop: false }`
[INFO] running `Command { std: "docker" "inspect" "04ed97dcdc963a697a6a45caaa848e917655d26d61cb89e9435bbed6a044748c", kill_on_drop: false }`
[INFO] running `Command { std: "docker" "rm" "-f" "04ed97dcdc963a697a6a45caaa848e917655d26d61cb89e9435bbed6a044748c", kill_on_drop: false }`
[INFO] [stdout] 04ed97dcdc963a697a6a45caaa848e917655d26d61cb89e9435bbed6a044748c
[INFO] running `Command { std: "docker" "create" "-v" "/var/lib/crater-agent-workspace/builds/worker-2-tc1/target:/opt/rustwide/target:rw,Z" "-v" "/var/lib/crater-agent-workspace/builds/worker-2-tc1/source:/opt/rustwide/workdir:ro,Z" "-v" "/var/lib/crater-agent-workspace/cargo-home:/opt/rustwide/cargo-home:ro,Z" "-v" "/var/lib/crater-agent-workspace/rustup-home:/opt/rustwide/rustup-home:ro,Z" "-e" "SOURCE_DIR=/opt/rustwide/workdir" "-e" "CARGO_TARGET_DIR=/opt/rustwide/target" "-e" "CARGO_INCREMENTAL=0" "-e" "RUST_BACKTRACE=full" "-e" "RUSTFLAGS=--cap-lints=warn" "-e" "RUSTDOCFLAGS=--cap-lints=warn" "-e" "CARGO_HOME=/opt/rustwide/cargo-home" "-e" "RUSTUP_HOME=/opt/rustwide/rustup-home" "-w" "/opt/rustwide/workdir" "-m" "1610612736" "--user" "0:0" "--network" "none" "ghcr.io/rust-lang/crates-build-env/linux@sha256:5ff2268d62e97bff2cde7d5815dd6ed5b47097566f13b8d0ca110b04b60e07ed" "/opt/rustwide/cargo-home/bin/cargo" "+1.69.0" "doc" "--frozen" "--no-deps" "--document-private-items" "--message-format=json", kill_on_drop: false }`
[INFO] [stdout] dad96526c8a00ce15106312189144586c21cdf6c90879f101a156b67d6a3597c
[INFO] running `Command { std: "docker" "start" "-a" "dad96526c8a00ce15106312189144586c21cdf6c90879f101a156b67d6a3597c", kill_on_drop: false }`
[INFO] [stderr]    Compiling cc v1.0.73
[INFO] [stderr]    Compiling proc-macro2 v1.0.38
[INFO] [stderr]    Compiling unicode-xid v0.2.3
[INFO] [stderr]    Compiling syn v1.0.93
[INFO] [stderr]    Compiling scratch v1.0.1
[INFO] [stderr]    Compiling unicode-width v0.1.9
[INFO] [stderr]    Compiling cxxbridge-flags v1.0.67
[INFO] [stderr]    Compiling termcolor v1.1.3
[INFO] [stderr]    Compiling once_cell v1.10.0
[INFO] [stderr]     Checking windows v0.37.0
[INFO] [stderr]    Compiling codespan-reporting v0.11.1
[INFO] [stderr]    Compiling cmake v0.1.48
[INFO] [stdout] error[E0433]: failed to resolve: could not find `windows` in `os`
[INFO] [stdout]   --> /opt/rustwide/cargo-home/registry/src/github.com-1ecc6299db9ec823/windows-0.37.0/src/core/hstring.rs:53:18
[INFO] [stdout]    |
[INFO] [stdout] 53 |         std::os::windows::ffi::OsStringExt::from_wide(self.as_wide())
[INFO] [stdout]    |                  ^^^^^^^ could not find `windows` in `os`
[INFO] [stdout]    |
[INFO] [stdout] help: consider importing this trait
[INFO] [stdout]    |
[INFO] [stdout] 1  | use std::os::unix::prelude::OsStringExt;
[INFO] [stdout]    |
[INFO] [stdout] help: if you import `OsStringExt`, refer to it directly
[INFO] [stdout]    |
[INFO] [stdout] 53 -         std::os::windows::ffi::OsStringExt::from_wide(self.as_wide())
[INFO] [stdout] 53 +         OsStringExt::from_wide(self.as_wide())
[INFO] [stdout]    |
[INFO] [stdout] 
[INFO] [stdout] 
[INFO] [stdout] error[E0433]: failed to resolve: could not find `windows` in `os`
[INFO] [stdout]    --> /opt/rustwide/cargo-home/registry/src/github.com-1ecc6299db9ec823/windows-0.37.0/src/core/hstring.rs:173:48
[INFO] [stdout]     |
[INFO] [stdout] 173 |         unsafe { Self::from_wide_iter(std::os::windows::ffi::OsStrExt::encode_wide(value), value.len() as u32) }
[INFO] [stdout]     |                                                ^^^^^^^ could not find `windows` in `os`
[INFO] [stdout]     |
[INFO] [stdout] help: consider importing this trait
[INFO] [stdout]     |
[INFO] [stdout] 1   | use std::os::unix::prelude::OsStrExt;
[INFO] [stdout]     |
[INFO] [stdout] help: if you import `OsStrExt`, refer to it directly
[INFO] [stdout]     |
[INFO] [stdout] 173 -         unsafe { Self::from_wide_iter(std::os::windows::ffi::OsStrExt::encode_wide(value), value.len() as u32) }
[INFO] [stdout] 173 +         unsafe { Self::from_wide_iter(OsStrExt::encode_wide(value), value.len() as u32) }
[INFO] [stdout]     |
[INFO] [stdout] 
[INFO] [stdout] 
[INFO] [stdout] error[E0433]: failed to resolve: could not find `windows` in `os`
[INFO] [stdout]    --> /opt/rustwide/cargo-home/registry/src/github.com-1ecc6299db9ec823/windows-0.37.0/src/core/hstring.rs:287:52
[INFO] [stdout]     |
[INFO] [stdout] 287 |         self.as_wide().iter().copied().eq(std::os::windows::ffi::OsStrExt::encode_wide(other))
[INFO] [stdout]     |                                                    ^^^^^^^ could not find `windows` in `os`
[INFO] [stdout]     |
[INFO] [stdout] help: consider importing this trait
[INFO] [stdout]     |
[INFO] [stdout] 1   | use std::os::unix::prelude::OsStrExt;
[INFO] [stdout]     |
[INFO] [stdout] help: if you import `OsStrExt`, refer to it directly
[INFO] [stdout]     |
[INFO] [stdout] 287 -         self.as_wide().iter().copied().eq(std::os::windows::ffi::OsStrExt::encode_wide(other))
[INFO] [stdout] 287 +         self.as_wide().iter().copied().eq(OsStrExt::encode_wide(other))
[INFO] [stdout]     |
[INFO] [stdout] 
[INFO] [stdout] 
[INFO] [stderr]    Compiling link-cplusplus v1.0.6
[INFO] [stderr]    Compiling cxx v1.0.67
[INFO] [stderr]    Compiling quote v1.0.18
[INFO] [stdout] error: aborting due to 3 previous errors
[INFO] [stdout] 
[INFO] [stdout] 
[INFO] [stdout] For more information about this error, try `rustc --explain E0433`.
[INFO] [stdout] 
[INFO] [stderr] error: could not compile `windows` due to 4 previous errors
[INFO] [stderr] warning: build failed, waiting for other jobs to finish...
[INFO] running `Command { std: "docker" "inspect" "dad96526c8a00ce15106312189144586c21cdf6c90879f101a156b67d6a3597c", kill_on_drop: false }`
[INFO] running `Command { std: "docker" "rm" "-f" "dad96526c8a00ce15106312189144586c21cdf6c90879f101a156b67d6a3597c", kill_on_drop: false }`
[INFO] [stdout] dad96526c8a00ce15106312189144586c21cdf6c90879f101a156b67d6a3597c
