[INFO] fetching crate enarx-exec-wasmtime 0.6.3...
[INFO] documenting enarx-exec-wasmtime-0.6.3 against 1.69.0 for beta-1.70-rustdoc-1
[INFO] extracting crate enarx-exec-wasmtime 0.6.3 into /workspace/builds/worker-0-tc1/source
[INFO] validating manifest of crates.io crate enarx-exec-wasmtime 0.6.3 on toolchain 1.69.0
[INFO] running `Command { std: CARGO_HOME="/workspace/cargo-home" RUSTUP_HOME="/workspace/rustup-home" "/workspace/cargo-home/bin/cargo" "+1.69.0" "metadata" "--manifest-path" "Cargo.toml" "--no-deps", kill_on_drop: false }`
[INFO] started tweaking crates.io crate enarx-exec-wasmtime 0.6.3
[INFO] finished tweaking crates.io crate enarx-exec-wasmtime 0.6.3
[INFO] tweaked toml for crates.io crate enarx-exec-wasmtime 0.6.3 written to /workspace/builds/worker-0-tc1/source/Cargo.toml
[INFO] crate crates.io crate enarx-exec-wasmtime 0.6.3 already has a lockfile, it will not be regenerated
[INFO] running `Command { std: CARGO_HOME="/workspace/cargo-home" RUSTUP_HOME="/workspace/rustup-home" "/workspace/cargo-home/bin/cargo" "+1.69.0" "fetch" "--manifest-path" "Cargo.toml", kill_on_drop: false }`
[INFO] [stderr]  Downloading crates ...
[INFO] [stderr]   Downloaded flagset v0.4.3
[INFO] [stderr]   Downloaded const-oid v0.9.0
[INFO] [stderr]   Downloaded x509-cert v0.1.0
[INFO] [stderr]   Downloaded der v0.6.0
[INFO] [stderr]   Downloaded der_derive v0.6.0
[INFO] [stderr]   Downloaded target-lexicon v0.12.4
[INFO] [stderr]   Downloaded wast v35.0.2
[INFO] [stderr]   Downloaded either v1.7.0
[INFO] [stderr]   Downloaded more-asserts v0.2.2
[INFO] [stderr]   Downloaded cpp_demangle v0.3.5
[INFO] [stderr]   Downloaded paste v1.0.8
[INFO] [stderr]   Downloaded leb128 v0.2.5
[INFO] [stderr]   Downloaded cranelift-codegen-meta v0.86.1
[INFO] [stderr]   Downloaded wasmparser v0.86.0
[INFO] [stderr]   Downloaded cranelift-entity v0.86.1
[INFO] [stderr]   Downloaded cranelift-isle v0.86.1
[INFO] [stderr]   Downloaded winx v0.33.0
[INFO] [stderr]   Downloaded wat v1.0.47
[INFO] [stderr]   Downloaded goblin v0.5.3
[INFO] [stderr]   Downloaded io-extras v0.15.0
[INFO] [stderr]   Downloaded fs-set-times v0.17.1
[INFO] [stderr]   Downloaded hermit-abi v0.2.5
[INFO] [stderr]   Downloaded wasm-encoder v0.15.0
[INFO] [stderr]   Downloaded ambient-authority v0.0.1
[INFO] [stderr]   Downloaded sallyport v0.6.3
[INFO] [stderr]   Downloaded is-terminal v0.3.0
[INFO] [stderr]   Downloaded slice-group-by v0.3.0
[INFO] [stderr]   Downloaded cranelift-frontend v0.86.1
[INFO] [stderr]   Downloaded webpki-roots v0.22.4
[INFO] [stderr]   Downloaded semver v1.0.13
[INFO] [stderr]   Downloaded mediatype v0.19.5
[INFO] [stderr]   Downloaded enarx-config v0.6.3
[INFO] [stderr]   Downloaded cap-fs-ext v0.25.2
[INFO] [stderr]   Downloaded system-interface v0.21.0
[INFO] [stderr]   Downloaded linux-raw-sys v0.0.46
[INFO] [stderr]   Downloaded cap-std v0.25.2
[INFO] [stderr]   Downloaded cranelift-codegen v0.86.1
[INFO] [stderr]   Downloaded wasi-cap-std-sync v0.39.1
[INFO] [stderr]   Downloaded rustix v0.35.7
[INFO] [stderr]   Downloaded drawbridge-byte v0.2.0
[INFO] [stderr]   Downloaded wasmtime-jit v0.39.1
[INFO] [stderr]   Downloaded wast v45.0.0
[INFO] [stderr]   Downloaded wiggle-generate v0.39.1
[INFO] [stderr]   Downloaded cap-primitives v0.25.2
[INFO] [stderr]   Downloaded serde_derive v1.0.142
[INFO] [stderr]   Downloaded maybe-owned v0.3.4
[INFO] [stderr]   Downloaded io-lifetimes v0.7.2
[INFO] [stderr]   Downloaded witx v0.9.1
[INFO] [stderr]   Downloaded anyhow v1.0.60
[INFO] [stderr]   Downloaded cranelift-bforest v0.86.1
[INFO] [stderr]   Downloaded psm v0.1.20
[INFO] [stderr]   Downloaded cranelift-codegen-shared v0.86.1
[INFO] [stderr]   Downloaded regalloc2 v0.3.2
[INFO] [stderr]   Downloaded cranelift-native v0.86.1
[INFO] [stderr]   Downloaded base64ct v1.5.1
[INFO] [stderr]   Downloaded wasmtime-environ v0.39.1
[INFO] [stderr]   Downloaded cap-rand v0.25.2
[INFO] [stderr]   Downloaded wasmtime-types v0.39.1
[INFO] [stderr]   Downloaded drawbridge-client v0.2.2
[INFO] [stderr]   Downloaded wasmtime-jit-debug v0.39.1
[INFO] [stderr]   Downloaded wasmtime-wasi v0.39.1
[INFO] [stderr]   Downloaded cap-time-ext v0.25.2
[INFO] [stderr]   Downloaded wiggle-macro v0.39.1
[INFO] [stderr]   Downloaded wiggle v0.39.1
[INFO] [stderr]   Downloaded drawbridge-jose v0.2.0
[INFO] [stderr]   Downloaded drawbridge-type v0.2.0
[INFO] [stderr]   Downloaded wasmtime-runtime v0.39.1
[INFO] [stderr]   Downloaded wasmtime v0.39.1
[INFO] [stderr]   Downloaded wasi-common v0.39.1
[INFO] [stderr]   Downloaded wasmtime-cranelift v0.39.1
[INFO] [stderr]   Downloaded cranelift-wasm v0.86.1
[INFO] running `Command { std: "docker" "create" "-v" "/var/lib/crater-agent-workspace/builds/worker-0-tc1/target:/opt/rustwide/target:rw,Z" "-v" "/var/lib/crater-agent-workspace/builds/worker-0-tc1/source:/opt/rustwide/workdir:ro,Z" "-v" "/var/lib/crater-agent-workspace/cargo-home:/opt/rustwide/cargo-home:ro,Z" "-v" "/var/lib/crater-agent-workspace/rustup-home:/opt/rustwide/rustup-home:ro,Z" "-e" "SOURCE_DIR=/opt/rustwide/workdir" "-e" "CARGO_TARGET_DIR=/opt/rustwide/target" "-e" "CARGO_HOME=/opt/rustwide/cargo-home" "-e" "RUSTUP_HOME=/opt/rustwide/rustup-home" "-w" "/opt/rustwide/workdir" "-m" "1610612736" "--user" "0:0" "--network" "none" "ghcr.io/rust-lang/crates-build-env/linux@sha256:5ff2268d62e97bff2cde7d5815dd6ed5b47097566f13b8d0ca110b04b60e07ed" "/opt/rustwide/cargo-home/bin/cargo" "+1.69.0" "metadata" "--no-deps" "--format-version=1", kill_on_drop: false }`
[INFO] [stdout] e3246dc4b5208a7876c8fdc8ff24d705bafba6e0dceb145da46a00b17f4be7f0
[INFO] running `Command { std: "docker" "start" "-a" "e3246dc4b5208a7876c8fdc8ff24d705bafba6e0dceb145da46a00b17f4be7f0", kill_on_drop: false }`
[INFO] running `Command { std: "docker" "inspect" "e3246dc4b5208a7876c8fdc8ff24d705bafba6e0dceb145da46a00b17f4be7f0", kill_on_drop: false }`
[INFO] running `Command { std: "docker" "rm" "-f" "e3246dc4b5208a7876c8fdc8ff24d705bafba6e0dceb145da46a00b17f4be7f0", kill_on_drop: false }`
[INFO] [stdout] e3246dc4b5208a7876c8fdc8ff24d705bafba6e0dceb145da46a00b17f4be7f0
[INFO] running `Command { std: "docker" "create" "-v" "/var/lib/crater-agent-workspace/builds/worker-0-tc1/target:/opt/rustwide/target:rw,Z" "-v" "/var/lib/crater-agent-workspace/builds/worker-0-tc1/source:/opt/rustwide/workdir:ro,Z" "-v" "/var/lib/crater-agent-workspace/cargo-home:/opt/rustwide/cargo-home:ro,Z" "-v" "/var/lib/crater-agent-workspace/rustup-home:/opt/rustwide/rustup-home:ro,Z" "-e" "SOURCE_DIR=/opt/rustwide/workdir" "-e" "CARGO_TARGET_DIR=/opt/rustwide/target" "-e" "CARGO_INCREMENTAL=0" "-e" "RUST_BACKTRACE=full" "-e" "RUSTFLAGS=--cap-lints=warn" "-e" "RUSTDOCFLAGS=--cap-lints=warn" "-e" "CARGO_HOME=/opt/rustwide/cargo-home" "-e" "RUSTUP_HOME=/opt/rustwide/rustup-home" "-w" "/opt/rustwide/workdir" "-m" "1610612736" "--user" "0:0" "--network" "none" "ghcr.io/rust-lang/crates-build-env/linux@sha256:5ff2268d62e97bff2cde7d5815dd6ed5b47097566f13b8d0ca110b04b60e07ed" "/opt/rustwide/cargo-home/bin/cargo" "+1.69.0" "doc" "--frozen" "--no-deps" "--document-private-items" "--message-format=json", kill_on_drop: false }`
[INFO] [stdout] 5e35e9ad233789bf401931f638be1622fc20b78c4bdfabcaf85fb71e8612a688
[INFO] running `Command { std: "docker" "start" "-a" "5e35e9ad233789bf401931f638be1622fc20b78c4bdfabcaf85fb71e8612a688", kill_on_drop: false }`
[INFO] [stderr]    Compiling syn v1.0.99
[INFO] [stderr]    Compiling libc v0.2.127
[INFO] [stderr]    Compiling serde_derive v1.0.142
[INFO] [stderr]    Compiling serde v1.0.142
[INFO] [stderr]    Compiling cc v1.0.73
[INFO] [stderr]    Compiling indexmap v1.9.1
[INFO] [stderr]    Compiling log v0.4.17
[INFO] [stderr]     Checking itoa v1.0.3
[INFO] [stderr]    Compiling io-lifetimes v0.7.2
[INFO] [stderr]    Compiling anyhow v1.0.60
[INFO] [stderr]     Checking fallible-iterator v0.2.0
[INFO] [stderr]    Compiling rustix v0.35.7
[INFO] [stderr]     Checking stable_deref_trait v1.2.0
[INFO] [stderr]     Checking linux-raw-sys v0.0.46
[INFO] [stderr]    Compiling target-lexicon v0.12.4
[INFO] [stderr]    Compiling cranelift-isle v0.86.1
[INFO] [stderr]    Compiling ahash v0.7.6
[INFO] [stderr]    Compiling cranelift-codegen-shared v0.86.1
[INFO] [stderr]     Checking getrandom v0.2.7
[INFO] [stderr]    Compiling cranelift-codegen-meta v0.86.1
[INFO] [stderr]    Compiling crc32fast v1.3.2
[INFO] [stderr]     Checking fxhash v0.2.1
[INFO] [stderr]     Checking slice-group-by v0.3.0
[INFO] [stderr]     Checking smallvec v1.9.0
[INFO] [stderr]     Checking hashbrown v0.11.2
[INFO] [stderr]     Checking rand_core v0.6.3
[INFO] [stderr]     Checking regalloc2 v0.3.2
[INFO] [stderr]    Compiling io-extras v0.15.0
[INFO] [stderr]     Checking ppv-lite86 v0.2.16
[INFO] [stderr]    Compiling backtrace v0.3.66
[INFO] [stderr]     Checking rand_chacha v0.3.1
[INFO] [stderr]    Compiling ring v0.16.20
[INFO] [stderr]     Checking tinyvec_macros v0.1.0
[INFO] [stderr]    Compiling cap-primitives v0.25.2
[INFO] [stderr]    Compiling typenum v1.15.0
[INFO] [stderr]     Checking ambient-authority v0.0.1
[INFO] [stderr]     Checking more-asserts v0.2.2
[INFO] [stderr]     Checking miniz_oxide v0.5.3
[INFO] [stderr]    Compiling dirs-sys v0.3.7
[INFO] [stderr]     Checking fs-set-times v0.17.1
[INFO] [stderr]     Checking tinyvec v1.6.0
[INFO] [stderr]     Checking rand v0.8.5
[INFO] [stderr]    Compiling wasmtime-runtime v0.39.1
[INFO] [stderr]     Checking object v0.29.0
[INFO] [stderr]    Compiling generic-array v0.14.6
[INFO] [stderr]     Checking either v1.7.0
[INFO] [stderr]     Checking maybe-owned v0.3.4
[INFO] [stderr]     Checking ipnet v2.5.0
[INFO] [stderr]    Compiling leb128 v0.2.5
[INFO] [stderr]    Compiling cpp_demangle v0.3.5
[INFO] [stderr]     Checking rustc-demangle v0.1.21
[INFO] [stderr]     Checking matches v0.1.9
[INFO] [stderr]     Checking wasmtime-jit-debug v0.39.1
[INFO] [stderr]    Compiling wast v35.0.2
[INFO] [stderr]    Compiling cranelift-codegen v0.86.1
[INFO] [stderr]     Checking unicode-normalization v0.1.21
[INFO] [stderr]     Checking itertools v0.10.3
[INFO] [stderr]    Compiling dirs v4.0.0
[INFO] [stderr]    Compiling psm v0.1.20
[INFO] [stderr]     Checking region v2.2.0
[INFO] [stderr]     Checking untrusted v0.7.1
[INFO] [stderr]     Checking percent-encoding v2.1.0
[INFO] [stderr]     Checking spin v0.5.2
[INFO] [stderr]    Compiling cap-std v0.25.2
[INFO] [stderr]     Checking unicode-bidi v0.3.8
[INFO] [stderr]    Compiling futures-core v0.3.21
[INFO] [stderr]     Checking form_urlencoded v1.0.1
[INFO] [stderr]     Checking idna v0.2.3
[INFO] [stderr]    Compiling shellexpand v2.1.2
[INFO] [stderr]    Compiling proc-macro-error v1.0.4
[INFO] [stderr]    Compiling slab v0.4.7
[INFO] [stderr]    Compiling futures-task v0.3.21
[INFO] [stderr]    Compiling async-trait v0.1.57
[INFO] [stderr]    Compiling serde_json v1.0.83
[INFO] [stderr]    Compiling futures-channel v0.3.21
[INFO] [stderr]    Compiling wasmtime v0.39.1
[INFO] [stderr]     Checking tracing-core v0.1.29
[INFO] [stderr]    Compiling wasi-common v0.39.1
[INFO] [stderr]     Checking ryu v1.0.11
[INFO] [stderr]    Compiling thiserror-impl v1.0.32
[INFO] [stderr]    Compiling der_derive v0.6.0
[INFO] [stderr]    Compiling tracing-attributes v0.1.22
[INFO] [stderr]     Checking flagset v0.4.3
[INFO] [stderr]     Checking base64 v0.13.0
[INFO] [stderr]    Compiling mediatype v0.19.5
[INFO] [stderr]     Checking const-oid v0.9.0
[INFO] [stderr]    Compiling futures-util v0.3.21
[INFO] [stderr]    Compiling paste v1.0.8
[INFO] [stderr]     Checking futures-sink v0.3.21
[INFO] [stderr]     Checking webpki v0.22.0
[INFO] [stderr]     Checking der v0.6.0
[INFO] [stderr]     Checking crypto-common v0.1.6
[INFO] [stderr]     Checking block-buffer v0.10.2
[INFO] [stderr]    Compiling rustls v0.20.6
[INFO] [stderr]    Compiling system-interface v0.21.0
[INFO] [stderr]     Checking tracing v0.1.36
[INFO] [stderr]    Compiling cap-fs-ext v0.25.2
[INFO] [stderr]    Compiling encoding_rs v0.8.31
[INFO] [stderr]     Checking thiserror v1.0.32
[INFO] [stderr]     Checking futures-io v0.3.21
[INFO] [stderr]    Compiling semver v1.0.13
[INFO] [stderr]    Compiling witx v0.9.1
[INFO] [stderr]     Checking digest v0.10.3
[INFO] [stderr]     Checking sct v0.7.0
[INFO] [stderr]     Checking cap-rand v0.25.2
[INFO] [stderr]     Checking same-file v1.0.6
[INFO] [stderr]     Checking zeroize v1.5.7
[INFO] [stderr]     Checking cpufeatures v0.2.2
[INFO] [stderr]     Checking base64ct v1.5.1
[INFO] [stderr]     Checking walkdir v2.3.2
[INFO] [stderr]     Checking sha2 v0.10.2
[INFO] [stderr]     Checking spki v0.6.0
[INFO] [stderr]     Checking webpki-roots v0.22.4
[INFO] [stderr]     Checking cap-time-ext v0.25.2
[INFO] [stderr]     Checking is-terminal v0.3.0
[INFO] [stderr]     Checking scroll v0.11.0
[INFO] [stderr]     Checking plain v0.2.3
[INFO] [stderr]    Compiling wiggle-generate v0.39.1
[INFO] [stderr]     Checking bytes v1.2.1
[INFO] [stderr]    Compiling wasmtime-wasi v0.39.1
[INFO] [stderr]     Checking chunked_transfer v1.4.0
[INFO] [stderr]     Checking mime v0.3.16
[INFO] [stderr]     Checking http v0.2.8
[INFO] [stderr]     Checking goblin v0.5.3
[INFO] [stderr]     Checking x509-cert v0.1.0
[INFO] [stderr]     Checking pkcs8 v0.9.0
[INFO] [stderr]     Checking sallyport v0.6.3
[INFO] [stderr]     Checking sec1 v0.3.0
[INFO] [stdout] error[E0554]: `#![feature]` may not be used on the stable release channel
[INFO] [stdout]   --> /opt/rustwide/cargo-home/registry/src/github.com-1ecc6299db9ec823/sallyport-0.6.3/src/lib.rs:11:12
[INFO] [stdout]    |
[INFO] [stdout] 11 | #![feature(c_size_t)]
[INFO] [stdout]    |            ^^^^^^^^
[INFO] [stdout] 
[INFO] [stdout] 
[INFO] [stdout] error[E0554]: `#![feature]` may not be used on the stable release channel
[INFO] [stdout]   --> /opt/rustwide/cargo-home/registry/src/github.com-1ecc6299db9ec823/sallyport-0.6.3/src/lib.rs:12:12
[INFO] [stdout]    |
[INFO] [stdout] 12 | #![feature(nonnull_slice_from_raw_parts)]
[INFO] [stdout]    |            ^^^^^^^^^^^^^^^^^^^^^^^^^^^^
[INFO] [stdout] 
[INFO] [stdout] 
[INFO] [stdout] error[E0554]: `#![feature]` may not be used on the stable release channel
[INFO] [stdout]   --> /opt/rustwide/cargo-home/registry/src/github.com-1ecc6299db9ec823/sallyport-0.6.3/src/lib.rs:13:12
[INFO] [stdout]    |
[INFO] [stdout] 13 | #![feature(slice_ptr_get)]
[INFO] [stdout]    |            ^^^^^^^^^^^^^
[INFO] [stdout] 
[INFO] [stdout] 
[INFO] [stdout] error[E0554]: `#![feature]` may not be used on the stable release channel
[INFO] [stdout]   --> /opt/rustwide/cargo-home/registry/src/github.com-1ecc6299db9ec823/sallyport-0.6.3/src/lib.rs:14:12
[INFO] [stdout]    |
[INFO] [stdout] 14 | #![feature(slice_ptr_len)]
[INFO] [stdout]    |            ^^^^^^^^^^^^^
[INFO] [stdout] 
[INFO] [stdout] 
[INFO] [stderr]     Checking futures v0.3.21
[INFO] [stderr]     Checking env_logger v0.9.0
[INFO] [stdout] error: aborting due to 4 previous errors
[INFO] [stdout] 
[INFO] [stdout] 
[INFO] [stdout] For more information about this error, try `rustc --explain E0554`.
[INFO] [stdout] 
[INFO] [stderr] error: could not compile `sallyport` due to 5 previous errors
[INFO] [stderr] warning: build failed, waiting for other jobs to finish...
[INFO] running `Command { std: "docker" "inspect" "5e35e9ad233789bf401931f638be1622fc20b78c4bdfabcaf85fb71e8612a688", kill_on_drop: false }`
[INFO] running `Command { std: "docker" "rm" "-f" "5e35e9ad233789bf401931f638be1622fc20b78c4bdfabcaf85fb71e8612a688", kill_on_drop: false }`
[INFO] [stdout] 5e35e9ad233789bf401931f638be1622fc20b78c4bdfabcaf85fb71e8612a688
