[INFO] fetching crate electrs 0.9.13...
[INFO] documenting electrs-0.9.13 against beta-2023-04-20 for beta-1.70-rustdoc-1
[INFO] extracting crate electrs 0.9.13 into /workspace/builds/worker-0-tc2/source
[INFO] validating manifest of crates.io crate electrs 0.9.13 on toolchain beta-2023-04-20
[INFO] running `Command { std: CARGO_HOME="/workspace/cargo-home" RUSTUP_HOME="/workspace/rustup-home" "/workspace/cargo-home/bin/cargo" "+beta-2023-04-20" "metadata" "--manifest-path" "Cargo.toml" "--no-deps", kill_on_drop: false }`
[INFO] removed /workspace/builds/worker-0-tc2/source/rust-toolchain
[INFO] started tweaking crates.io crate electrs 0.9.13
[INFO] finished tweaking crates.io crate electrs 0.9.13
[INFO] tweaked toml for crates.io crate electrs 0.9.13 written to /workspace/builds/worker-0-tc2/source/Cargo.toml
[INFO] crate crates.io crate electrs 0.9.13 already has a lockfile, it will not be regenerated
[INFO] running `Command { std: CARGO_HOME="/workspace/cargo-home" RUSTUP_HOME="/workspace/rustup-home" "/workspace/cargo-home/bin/cargo" "+beta-2023-04-20" "fetch" "--manifest-path" "Cargo.toml", kill_on_drop: false }`
[INFO] [stderr]     Updating crates.io index
[INFO] [stderr]  Downloading crates ...
[INFO] [stderr]   Downloaded fastrand v1.6.0
[INFO] [stderr]   Downloaded electrs-bitcoincore-rpc v0.17.0-e3
[INFO] [stderr]   Downloaded jsonrpc v0.14.0
[INFO] [stderr]   Downloaded electrs-bitcoincore-rpc-json v0.17.0-e3
[INFO] [stderr]   Downloaded bitcoin-private v0.1.0
[INFO] [stderr]   Downloaded bitcoin v0.30.0
[INFO] [stderr]   Downloaded secp256k1 v0.27.0
[INFO] [stderr]   Downloaded ascii v1.0.0
[INFO] [stderr]   Downloaded proc-macro2 v1.0.32
[INFO] [stderr]   Downloaded hex_lit v0.1.1
[INFO] [stderr]   Downloaded protobuf v2.25.2
[INFO] [stderr]   Downloaded anyhow v1.0.59
[INFO] [stderr]   Downloaded bitcoin_hashes v0.12.0
[INFO] [stderr]   Downloaded cargo_toml v0.12.0
[INFO] [stderr]   Downloaded configure_me_codegen v0.4.4
[INFO] [stderr]   Downloaded syn v1.0.92
[INFO] [stderr]   Downloaded procfs v0.10.1
[INFO] [stderr]   Downloaded libloading v0.7.1
[INFO] [stderr]   Downloaded secp256k1-sys v0.8.1
[INFO] [stderr]   Downloaded clang-sys v1.2.1
[INFO] [stderr]   Downloaded bindgen v0.55.1
[INFO] [stderr]   Downloaded electrs-rocksdb v0.15.0-e3
[INFO] [stderr]   Downloaded prometheus v0.13.0
[INFO] [stderr]   Downloaded cc v1.0.71
[INFO] [stderr]   Downloaded electrs-librocksdb-sys v6.11.4-e3
[INFO] running `Command { std: "docker" "create" "-v" "/var/lib/crater-agent-workspace/builds/worker-0-tc2/target:/opt/rustwide/target:rw,Z" "-v" "/var/lib/crater-agent-workspace/builds/worker-0-tc2/source:/opt/rustwide/workdir:ro,Z" "-v" "/var/lib/crater-agent-workspace/cargo-home:/opt/rustwide/cargo-home:ro,Z" "-v" "/var/lib/crater-agent-workspace/rustup-home:/opt/rustwide/rustup-home:ro,Z" "-e" "SOURCE_DIR=/opt/rustwide/workdir" "-e" "CARGO_TARGET_DIR=/opt/rustwide/target" "-e" "CARGO_HOME=/opt/rustwide/cargo-home" "-e" "RUSTUP_HOME=/opt/rustwide/rustup-home" "-w" "/opt/rustwide/workdir" "-m" "1610612736" "--user" "0:0" "--network" "none" "ghcr.io/rust-lang/crates-build-env/linux@sha256:5ff2268d62e97bff2cde7d5815dd6ed5b47097566f13b8d0ca110b04b60e07ed" "/opt/rustwide/cargo-home/bin/cargo" "+beta-2023-04-20" "metadata" "--no-deps" "--format-version=1", kill_on_drop: false }`
[INFO] [stdout] 3b45c4ab0ac0a34d2b012850d78652a83478b9edfb5d17af0f69bb734a3e45de
[INFO] running `Command { std: "docker" "start" "-a" "3b45c4ab0ac0a34d2b012850d78652a83478b9edfb5d17af0f69bb734a3e45de", kill_on_drop: false }`
[INFO] running `Command { std: "docker" "inspect" "3b45c4ab0ac0a34d2b012850d78652a83478b9edfb5d17af0f69bb734a3e45de", kill_on_drop: false }`
[INFO] running `Command { std: "docker" "rm" "-f" "3b45c4ab0ac0a34d2b012850d78652a83478b9edfb5d17af0f69bb734a3e45de", kill_on_drop: false }`
[INFO] [stdout] 3b45c4ab0ac0a34d2b012850d78652a83478b9edfb5d17af0f69bb734a3e45de
[INFO] running `Command { std: "docker" "create" "-v" "/var/lib/crater-agent-workspace/builds/worker-0-tc2/target:/opt/rustwide/target:rw,Z" "-v" "/var/lib/crater-agent-workspace/builds/worker-0-tc2/source:/opt/rustwide/workdir:ro,Z" "-v" "/var/lib/crater-agent-workspace/cargo-home:/opt/rustwide/cargo-home:ro,Z" "-v" "/var/lib/crater-agent-workspace/rustup-home:/opt/rustwide/rustup-home:ro,Z" "-e" "SOURCE_DIR=/opt/rustwide/workdir" "-e" "CARGO_TARGET_DIR=/opt/rustwide/target" "-e" "CARGO_INCREMENTAL=0" "-e" "RUST_BACKTRACE=full" "-e" "RUSTFLAGS=--cap-lints=warn" "-e" "RUSTDOCFLAGS=--cap-lints=warn" "-e" "CARGO_HOME=/opt/rustwide/cargo-home" "-e" "RUSTUP_HOME=/opt/rustwide/rustup-home" "-w" "/opt/rustwide/workdir" "-m" "1610612736" "--user" "0:0" "--network" "none" "ghcr.io/rust-lang/crates-build-env/linux@sha256:5ff2268d62e97bff2cde7d5815dd6ed5b47097566f13b8d0ca110b04b60e07ed" "/opt/rustwide/cargo-home/bin/cargo" "+beta-2023-04-20" "doc" "--frozen" "--no-deps" "--document-private-items" "--message-format=json", kill_on_drop: false }`
[INFO] [stdout] 486ba8380b43b8db568d6aa4d91930972458908fdd4a086a660c9c29dfb1da68
[INFO] running `Command { std: "docker" "start" "-a" "486ba8380b43b8db568d6aa4d91930972458908fdd4a086a660c9c29dfb1da68", kill_on_drop: false }`
[INFO] [stderr]    Compiling proc-macro2 v1.0.32
[INFO] [stderr]    Compiling syn v1.0.92
[INFO] [stderr]    Compiling serde_derive v1.0.144
[INFO] [stderr]    Compiling serde v1.0.144
[INFO] [stderr]    Compiling memchr v2.4.1
[INFO] [stderr]    Compiling glob v0.3.0
[INFO] [stderr]    Compiling bitcoin-private v0.1.0
[INFO] [stderr]    Compiling cfg-if v1.0.0
[INFO] [stderr]    Compiling crossbeam-utils v0.8.8
[INFO] [stderr]    Compiling libc v0.2.139
[INFO] [stderr]    Compiling nom v5.1.2
[INFO] [stderr]    Compiling memoffset v0.6.4
[INFO] [stderr]     Checking ppv-lite86 v0.2.17
[INFO] [stderr]    Compiling regex-syntax v0.6.26
[INFO] [stderr]     Checking getrandom v0.2.3
[INFO] [stderr]    Compiling bitflags v1.2.1
[INFO] [stderr]    Compiling libloading v0.7.1
[INFO] [stderr]    Compiling bindgen v0.55.1
[INFO] [stderr]     Checking rand_core v0.6.3
[INFO] [stderr]    Compiling shlex v0.1.1
[INFO] [stderr]    Compiling lazycell v1.3.0
[INFO] [stderr]    Compiling rustc-hash v1.1.0
[INFO] [stderr]    Compiling hex_lit v0.1.1
[INFO] [stderr]     Checking rand_chacha v0.3.1
[INFO] [stderr]    Compiling cfg-if v0.1.10
[INFO] [stderr]    Compiling peeking_take_while v0.1.2
[INFO] [stderr]    Compiling crossbeam-epoch v0.9.5
[INFO] [stderr]    Compiling serde_json v1.0.94
[INFO] [stderr]    Compiling lazy_static v1.4.0
[INFO] [stderr]    Compiling clang-sys v1.2.1
[INFO] [stderr]    Compiling configure_me_codegen v0.4.4
[INFO] [stderr]    Compiling parking_lot_core v0.8.5
[INFO] [stderr]    Compiling rayon-core v1.9.2
[INFO] [stderr]    Compiling bitcoin v0.30.0
[INFO] [stderr]     Checking instant v0.1.12
[INFO] [stderr]     Checking rand v0.8.5
[INFO] [stderr]    Compiling void v1.0.2
[INFO] [stderr]     Checking smallvec v1.7.0
[INFO] [stderr]     Checking bech32 v0.9.1
[INFO] [stderr]    Compiling protobuf v2.25.2
[INFO] [stderr]    Compiling aho-corasick v0.7.18
[INFO] [stderr]    Compiling quote v1.0.10
[INFO] [stderr]    Compiling fmt2io v0.1.0
[INFO] [stderr]     Checking crossbeam-channel v0.5.7
[INFO] [stderr]     Checking num_cpus v1.13.0
[INFO] [stderr]     Checking crossbeam-deque v0.8.1
[INFO] [stderr]     Checking lock_api v0.4.5
[INFO] [stderr]    Compiling rayon v1.5.3
[INFO] [stderr]    Compiling anyhow v1.0.59
[INFO] [stderr]    Compiling prometheus v0.13.0
[INFO] [stderr]    Compiling signal-hook v0.3.15
[INFO] [stderr]     Checking parking_lot v0.11.2
[INFO] [stderr]     Checking either v1.6.1
[INFO] [stderr]     Checking ascii v1.0.0
[INFO] [stderr]     Checking parse_arg v0.1.4
[INFO] [stderr]     Checking chunked_transfer v1.4.0
[INFO] [stderr]    Compiling jobserver v0.1.24
[INFO] [stderr]    Compiling cc v1.0.71
[INFO] [stderr]     Checking tiny_http v0.12.0
[INFO] [stderr]    Compiling regex v1.5.6
[INFO] [stderr]    Compiling secp256k1-sys v0.8.1
[INFO] [stderr]    Compiling cexpr v0.4.0
[INFO] [stderr]    Compiling thiserror-impl v1.0.30
[INFO] [stderr]     Checking env_logger v0.9.3
[INFO] [stderr]     Checking thiserror v1.0.30
[INFO] [stderr]    Compiling electrs-librocksdb-sys v6.11.4-e3
[INFO] [stderr]     Checking bitcoin_hashes v0.12.0
[INFO] [stderr]     Checking toml v0.5.8
[INFO] [stderr]     Checking configure_me v0.4.0
[INFO] [stderr]     Checking jsonrpc v0.14.0
[INFO] [stderr]     Checking secp256k1 v0.27.0
[INFO] [stderr]    Compiling cargo_toml v0.12.0
[INFO] [stderr]    Compiling electrs v0.9.13 (/opt/rustwide/workdir)
[INFO] [stderr] The following warnings were emitted during compilation:
[INFO] [stderr] 
[INFO] [stderr] warning: c++: fatal error: Killed signal terminated program cc1plus
[INFO] [stderr] warning: compilation terminated.
[INFO] [stderr] warning: c++: fatal error: Killed signal terminated program cc1plus
[INFO] [stderr] warning: compilation terminated.
[INFO] [stderr] warning: c++: fatal error: Killed signal terminated program cc1plus
[INFO] [stderr] warning: compilation terminated.
[INFO] [stderr] warning: c++: fatal error: Killed signal terminated program cc1plus
[INFO] [stderr] warning: compilation terminated.
[INFO] [stderr] warning: c++: fatal error: Killed signal terminated program cc1plus
[INFO] [stderr] warning: compilation terminated.
[INFO] [stderr] warning: c++: fatal error: Killed signal terminated program cc1plus
[INFO] [stderr] warning: compilation terminated.
[INFO] [stderr] warning: c++: fatal error: Killed signal terminated program cc1plus
[INFO] [stderr] warning: compilation terminated.
[INFO] [stderr] warning: c++: fatal error: Killed signal terminated program cc1plus
[INFO] [stderr] warning: compilation terminated.
[INFO] [stderr] warning: c++: fatal error: Killed signal terminated program cc1plus
[INFO] [stderr] warning: compilation terminated.
[INFO] [stderr] warning: c++: fatal error: Killed signal terminated program cc1plus
[INFO] [stderr] warning: compilation terminated.
[INFO] [stderr] warning: c++: fatal error: Killed signal terminated program cc1plus
[INFO] [stderr] warning: compilation terminated.
[INFO] [stderr] warning: c++: fatal error: Killed signal terminated program cc1plus
[INFO] [stderr] warning: compilation terminated.
[INFO] [stderr] 
[INFO] [stderr] error: failed to run custom build command for `electrs-librocksdb-sys v6.11.4-e3`
[INFO] [stderr] note: To improve backtraces for build dependencies, set the CARGO_PROFILE_DEV_BUILD_OVERRIDE_DEBUG=true environment variable to enable debug information generation.
[INFO] [stderr] 
[INFO] [stderr] Caused by:
[INFO] [stderr]   process didn't exit successfully: `/opt/rustwide/target/debug/build/electrs-librocksdb-sys-b83ae94d9a84dc59/build-script-build` (exit status: 1)
[INFO] [stderr]   --- stdout
[INFO] [stderr]   cargo:rerun-if-changed=rocksdb/
[INFO] [stderr]   TARGET = Some("x86_64-unknown-linux-gnu")
[INFO] [stderr]   OPT_LEVEL = Some("0")
[INFO] [stderr]   HOST = Some("x86_64-unknown-linux-gnu")
[INFO] [stderr]   CXX_x86_64-unknown-linux-gnu = None
[INFO] [stderr]   CXX_x86_64_unknown_linux_gnu = None
[INFO] [stderr]   HOST_CXX = None
[INFO] [stderr]   CXX = None
[INFO] [stderr]   CXXFLAGS_x86_64-unknown-linux-gnu = None
[INFO] [stderr]   CXXFLAGS_x86_64_unknown_linux_gnu = None
[INFO] [stderr]   HOST_CXXFLAGS = None
[INFO] [stderr]   CXXFLAGS = None
[INFO] [stderr]   CRATE_CC_NO_DEFAULTS = None
[INFO] [stderr]   DEBUG = Some("true")
[INFO] [stderr]   CARGO_CFG_TARGET_FEATURE = Some("fxsr,sse,sse2")
[INFO] [stderr]   CXX_x86_64-unknown-linux-gnu = None
[INFO] [stderr]   CXX_x86_64_unknown_linux_gnu = None
[INFO] [stderr]   HOST_CXX = None
[INFO] [stderr]   CXX = None
[INFO] [stderr]   CXXFLAGS_x86_64-unknown-linux-gnu = None
[INFO] [stderr]   CXXFLAGS_x86_64_unknown_linux_gnu = None
[INFO] [stderr]   HOST_CXXFLAGS = None
[INFO] [stderr]   CXXFLAGS = None
[INFO] [stderr]   CRATE_CC_NO_DEFAULTS = None
[INFO] [stderr]   CARGO_CFG_TARGET_FEATURE = Some("fxsr,sse,sse2")
[INFO] [stderr]   running: "c++" "-O0" "-ffunction-sections" "-fdata-sections" "-fPIC" "-g" "-fno-omit-frame-pointer" "-m64" "-I" "rocksdb/include/" "-I" "rocksdb/" "-I" "rocksdb/third-party/gtest-1.8.1/fused-src/" "-I" "snappy/" "-I" "zstd/lib/" "-I" "zstd/lib/dictBuilder/" "-I" "." "-Wall" "-Wextra" "-std=c++11" "-Wno-unused-parameter" "-msse2" "-DSNAPPY=1" "-DZSTD=1" "-DNDEBUG=1" "-DOS_LINUX=1" "-DROCKSDB_PLATFORM_POSIX=1" "-DROCKSDB_LIB_IO_POSIX=1" "-o" "/opt/rustwide/target/debug/build/electrs-librocksdb-sys-f9ce640090aa6559/out/rocksdb/cache/cache.o" "-c" "rocksdb/cache/cache.cc"
[INFO] [stderr]   running: "c++" "-O0" "-ffunction-sections" "-fdata-sections" "-fPIC" "-g" "-fno-omit-frame-pointer" "-m64" "-I" "rocksdb/include/" "-I" "rocksdb/" "-I" "rocksdb/third-party/gtest-1.8.1/fused-src/" "-I" "snappy/" "-I" "zstd/lib/" "-I" "zstd/lib/dictBuilder/" "-I" "." "-Wall" "-Wextra" "-std=c++11" "-Wno-unused-parameter" "-msse2" "-DSNAPPY=1" "-DZSTD=1" "-DNDEBUG=1" "-DOS_LINUX=1" "-DROCKSDB_PLATFORM_POSIX=1" "-DROCKSDB_LIB_IO_POSIX=1" "-o" "/opt/rustwide/target/debug/build/electrs-librocksdb-sys-f9ce640090aa6559/out/rocksdb/db/arena_wrapped_db_iter.o" "-c" "rocksdb/db/arena_wrapped_db_iter.cc"
[INFO] [stderr]   running: "c++" "-O0" "-ffunction-sections" "-fdata-sections" "-fPIC" "-g" "-fno-omit-frame-pointer" "-m64" "-I" "rocksdb/include/" "-I" "rocksdb/" "-I" "rocksdb/third-party/gtest-1.8.1/fused-src/" "-I" "snappy/" "-I" "zstd/lib/" "-I" "zstd/lib/dictBuilder/" "-I" "." "-Wall" "-Wextra" "-std=c++11" "-Wno-unused-parameter" "-msse2" "-DSNAPPY=1" "-DZSTD=1" "-DNDEBUG=1" "-DOS_LINUX=1" "-DROCKSDB_PLATFORM_POSIX=1" "-DROCKSDB_LIB_IO_POSIX=1" "-o" "/opt/rustwide/target/debug/build/electrs-librocksdb-sys-f9ce640090aa6559/out/rocksdb/cache/sharded_cache.o" "-c" "rocksdb/cache/sharded_cache.cc"
[INFO] [stderr]   running: "c++" "-O0" "-ffunction-sections" "-fdata-sections" "-fPIC" "-g" "-fno-omit-frame-pointer" "-m64" "-I" "rocksdb/include/" "-I" "rocksdb/" "-I" "rocksdb/third-party/gtest-1.8.1/fused-src/" "-I" "snappy/" "-I" "zstd/lib/" "-I" "zstd/lib/dictBuilder/" "-I" "." "-Wall" "-Wextra" "-std=c++11" "-Wno-unused-parameter" "-msse2" "-DSNAPPY=1" "-DZSTD=1" "-DNDEBUG=1" "-DOS_LINUX=1" "-DROCKSDB_PLATFORM_POSIX=1" "-DROCKSDB_LIB_IO_POSIX=1" "-o" "/opt/rustwide/target/debug/build/electrs-librocksdb-sys-f9ce640090aa6559/out/rocksdb/cache/lru_cache.o" "-c" "rocksdb/cache/lru_cache.cc"
[INFO] [stderr]   running: "c++" "-O0" "-ffunction-sections" "-fdata-sections" "-fPIC" "-g" "-fno-omit-frame-pointer" "-m64" "-I" "rocksdb/include/" "-I" "rocksdb/" "-I" "rocksdb/third-party/gtest-1.8.1/fused-src/" "-I" "snappy/" "-I" "zstd/lib/" "-I" "zstd/lib/dictBuilder/" "-I" "." "-Wall" "-Wextra" "-std=c++11" "-Wno-unused-parameter" "-msse2" "-DSNAPPY=1" "-DZSTD=1" "-DNDEBUG=1" "-DOS_LINUX=1" "-DROCKSDB_PLATFORM_POSIX=1" "-DROCKSDB_LIB_IO_POSIX=1" "-o" "/opt/rustwide/target/debug/build/electrs-librocksdb-sys-f9ce640090aa6559/out/rocksdb/db/blob/blob_file_meta.o" "-c" "rocksdb/db/blob/blob_file_meta.cc"
[INFO] [stderr]   running: "c++" "-O0" "-ffunction-sections" "-fdata-sections" "-fPIC" "-g" "-fno-omit-frame-pointer" "-m64" "-I" "rocksdb/include/" "-I" "rocksdb/" "-I" "rocksdb/third-party/gtest-1.8.1/fused-src/" "-I" "snappy/" "-I" "zstd/lib/" "-I" "zstd/lib/dictBuilder/" "-I" "." "-Wall" "-Wextra" "-std=c++11" "-Wno-unused-parameter" "-msse2" "-DSNAPPY=1" "-DZSTD=1" "-DNDEBUG=1" "-DOS_LINUX=1" "-DROCKSDB_PLATFORM_POSIX=1" "-DROCKSDB_LIB_IO_POSIX=1" "-o" "/opt/rustwide/target/debug/build/electrs-librocksdb-sys-f9ce640090aa6559/out/rocksdb/db/blob/blob_file_garbage.o" "-c" "rocksdb/db/blob/blob_file_garbage.cc"
[INFO] [stderr]   running: "c++" "-O0" "-ffunction-sections" "-fdata-sections" "-fPIC" "-g" "-fno-omit-frame-pointer" "-m64" "-I" "rocksdb/include/" "-I" "rocksdb/" "-I" "rocksdb/third-party/gtest-1.8.1/fused-src/" "-I" "snappy/" "-I" "zstd/lib/" "-I" "zstd/lib/dictBuilder/" "-I" "." "-Wall" "-Wextra" "-std=c++11" "-Wno-unused-parameter" "-msse2" "-DSNAPPY=1" "-DZSTD=1" "-DNDEBUG=1" "-DOS_LINUX=1" "-DROCKSDB_PLATFORM_POSIX=1" "-DROCKSDB_LIB_IO_POSIX=1" "-o" "/opt/rustwide/target/debug/build/electrs-librocksdb-sys-f9ce640090aa6559/out/rocksdb/db/blob/blob_file_addition.o" "-c" "rocksdb/db/blob/blob_file_addition.cc"
[INFO] [stderr]   running: "c++" "-O0" "-ffunction-sections" "-fdata-sections" "-fPIC" "-g" "-fno-omit-frame-pointer" "-m64" "-I" "rocksdb/include/" "-I" "rocksdb/" "-I" "rocksdb/third-party/gtest-1.8.1/fused-src/" "-I" "snappy/" "-I" "zstd/lib/" "-I" "zstd/lib/dictBuilder/" "-I" "." "-Wall" "-Wextra" "-std=c++11" "-Wno-unused-parameter" "-msse2" "-DSNAPPY=1" "-DZSTD=1" "-DNDEBUG=1" "-DOS_LINUX=1" "-DROCKSDB_PLATFORM_POSIX=1" "-DROCKSDB_LIB_IO_POSIX=1" "-o" "/opt/rustwide/target/debug/build/electrs-librocksdb-sys-f9ce640090aa6559/out/rocksdb/db/blob/blob_log_format.o" "-c" "rocksdb/db/blob/blob_log_format.cc"
[INFO] [stderr]   running: "c++" "-O0" "-ffunction-sections" "-fdata-sections" "-fPIC" "-g" "-fno-omit-frame-pointer" "-m64" "-I" "rocksdb/include/" "-I" "rocksdb/" "-I" "rocksdb/third-party/gtest-1.8.1/fused-src/" "-I" "snappy/" "-I" "zstd/lib/" "-I" "zstd/lib/dictBuilder/" "-I" "." "-Wall" "-Wextra" "-std=c++11" "-Wno-unused-parameter" "-msse2" "-DSNAPPY=1" "-DZSTD=1" "-DNDEBUG=1" "-DOS_LINUX=1" "-DROCKSDB_PLATFORM_POSIX=1" "-DROCKSDB_LIB_IO_POSIX=1" "-o" "/opt/rustwide/target/debug/build/electrs-librocksdb-sys-f9ce640090aa6559/out/rocksdb/cache/clock_cache.o" "-c" "rocksdb/cache/clock_cache.cc"
[INFO] [stderr]   running: "c++" "-O0" "-ffunction-sections" "-fdata-sections" "-fPIC" "-g" "-fno-omit-frame-pointer" "-m64" "-I" "rocksdb/include/" "-I" "rocksdb/" "-I" "rocksdb/third-party/gtest-1.8.1/fused-src/" "-I" "snappy/" "-I" "zstd/lib/" "-I" "zstd/lib/dictBuilder/" "-I" "." "-Wall" "-Wextra" "-std=c++11" "-Wno-unused-parameter" "-msse2" "-DSNAPPY=1" "-DZSTD=1" "-DNDEBUG=1" "-DOS_LINUX=1" "-DROCKSDB_PLATFORM_POSIX=1" "-DROCKSDB_LIB_IO_POSIX=1" "-o" "/opt/rustwide/target/debug/build/electrs-librocksdb-sys-f9ce640090aa6559/out/rocksdb/db/blob/blob_log_reader.o" "-c" "rocksdb/db/blob/blob_log_reader.cc"
[INFO] [stderr]   running: "c++" "-O0" "-ffunction-sections" "-fdata-sections" "-fPIC" "-g" "-fno-omit-frame-pointer" "-m64" "-I" "rocksdb/include/" "-I" "rocksdb/" "-I" "rocksdb/third-party/gtest-1.8.1/fused-src/" "-I" "snappy/" "-I" "zstd/lib/" "-I" "zstd/lib/dictBuilder/" "-I" "." "-Wall" "-Wextra" "-std=c++11" "-Wno-unused-parameter" "-msse2" "-DSNAPPY=1" "-DZSTD=1" "-DNDEBUG=1" "-DOS_LINUX=1" "-DROCKSDB_PLATFORM_POSIX=1" "-DROCKSDB_LIB_IO_POSIX=1" "-o" "/opt/rustwide/target/debug/build/electrs-librocksdb-sys-f9ce640090aa6559/out/rocksdb/db/blob/blob_log_writer.o" "-c" "rocksdb/db/blob/blob_log_writer.cc"
[INFO] [stderr]   running: "c++" "-O0" "-ffunction-sections" "-fdata-sections" "-fPIC" "-g" "-fno-omit-frame-pointer" "-m64" "-I" "rocksdb/include/" "-I" "rocksdb/" "-I" "rocksdb/third-party/gtest-1.8.1/fused-src/" "-I" "snappy/" "-I" "zstd/lib/" "-I" "zstd/lib/dictBuilder/" "-I" "." "-Wall" "-Wextra" "-std=c++11" "-Wno-unused-parameter" "-msse2" "-DSNAPPY=1" "-DZSTD=1" "-DNDEBUG=1" "-DOS_LINUX=1" "-DROCKSDB_PLATFORM_POSIX=1" "-DROCKSDB_LIB_IO_POSIX=1" "-o" "/opt/rustwide/target/debug/build/electrs-librocksdb-sys-f9ce640090aa6559/out/rocksdb/db/builder.o" "-c" "rocksdb/db/builder.cc"
[INFO] [stderr]   exit status: 0
[INFO] [stderr]   running: "c++" "-O0" "-ffunction-sections" "-fdata-sections" "-fPIC" "-g" "-fno-omit-frame-pointer" "-m64" "-I" "rocksdb/include/" "-I" "rocksdb/" "-I" "rocksdb/third-party/gtest-1.8.1/fused-src/" "-I" "snappy/" "-I" "zstd/lib/" "-I" "zstd/lib/dictBuilder/" "-I" "." "-Wall" "-Wextra" "-std=c++11" "-Wno-unused-parameter" "-msse2" "-DSNAPPY=1" "-DZSTD=1" "-DNDEBUG=1" "-DOS_LINUX=1" "-DROCKSDB_PLATFORM_POSIX=1" "-DROCKSDB_LIB_IO_POSIX=1" "-o" "/opt/rustwide/target/debug/build/electrs-librocksdb-sys-f9ce640090aa6559/out/rocksdb/db/c.o" "-c" "rocksdb/db/c.cc"
[INFO] [stderr]   running: "c++" "-O0" "-ffunction-sections" "-fdata-sections" "-fPIC" "-g" "-fno-omit-frame-pointer" "-m64" "-I" "rocksdb/include/" "-I" "rocksdb/" "-I" "rocksdb/third-party/gtest-1.8.1/fused-src/" "-I" "snappy/" "-I" "zstd/lib/" "-I" "zstd/lib/dictBuilder/" "-I" "." "-Wall" "-Wextra" "-std=c++11" "-Wno-unused-parameter" "-msse2" "-DSNAPPY=1" "-DZSTD=1" "-DNDEBUG=1" "-DOS_LINUX=1" "-DROCKSDB_PLATFORM_POSIX=1" "-DROCKSDB_LIB_IO_POSIX=1" "-o" "/opt/rustwide/target/debug/build/electrs-librocksdb-sys-f9ce640090aa6559/out/rocksdb/db/column_family.o" "-c" "rocksdb/db/column_family.cc"
[INFO] [stderr]   exit status: 0
[INFO] [stderr]   running: "c++" "-O0" "-ffunction-sections" "-fdata-sections" "-fPIC" "-g" "-fno-omit-frame-pointer" "-m64" "-I" "rocksdb/include/" "-I" "rocksdb/" "-I" "rocksdb/third-party/gtest-1.8.1/fused-src/" "-I" "snappy/" "-I" "zstd/lib/" "-I" "zstd/lib/dictBuilder/" "-I" "." "-Wall" "-Wextra" "-std=c++11" "-Wno-unused-parameter" "-msse2" "-DSNAPPY=1" "-DZSTD=1" "-DNDEBUG=1" "-DOS_LINUX=1" "-DROCKSDB_PLATFORM_POSIX=1" "-DROCKSDB_LIB_IO_POSIX=1" "-o" "/opt/rustwide/target/debug/build/electrs-librocksdb-sys-f9ce640090aa6559/out/rocksdb/db/compacted_db_impl.o" "-c" "rocksdb/db/compacted_db_impl.cc"
[INFO] [stderr]   running: "c++" "-O0" "-ffunction-sections" "-fdata-sections" "-fPIC" "-g" "-fno-omit-frame-pointer" "-m64" "-I" "rocksdb/include/" "-I" "rocksdb/" "-I" "rocksdb/third-party/gtest-1.8.1/fused-src/" "-I" "snappy/" "-I" "zstd/lib/" "-I" "zstd/lib/dictBuilder/" "-I" "." "-Wall" "-Wextra" "-std=c++11" "-Wno-unused-parameter" "-msse2" "-DSNAPPY=1" "-DZSTD=1" "-DNDEBUG=1" "-DOS_LINUX=1" "-DROCKSDB_PLATFORM_POSIX=1" "-DROCKSDB_LIB_IO_POSIX=1" "-o" "/opt/rustwide/target/debug/build/electrs-librocksdb-sys-f9ce640090aa6559/out/rocksdb/db/compaction/compaction.o" "-c" "rocksdb/db/compaction/compaction.cc"
[INFO] [stderr]   exit status: 0
[INFO] [stderr]   exit status: 0
[INFO] [stderr]   running: "c++" "-O0" "-ffunction-sections" "-fdata-sections" "-fPIC" "-g" "-fno-omit-frame-pointer" "-m64" "-I" "rocksdb/include/" "-I" "rocksdb/" "-I" "rocksdb/third-party/gtest-1.8.1/fused-src/" "-I" "snappy/" "-I" "zstd/lib/" "-I" "zstd/lib/dictBuilder/" "-I" "." "-Wall" "-Wextra" "-std=c++11" "-Wno-unused-parameter" "-msse2" "-DSNAPPY=1" "-DZSTD=1" "-DNDEBUG=1" "-DOS_LINUX=1" "-DROCKSDB_PLATFORM_POSIX=1" "-DROCKSDB_LIB_IO_POSIX=1" "-o" "/opt/rustwide/target/debug/build/electrs-librocksdb-sys-f9ce640090aa6559/out/rocksdb/db/compaction/compaction_iterator.o" "-c" "rocksdb/db/compaction/compaction_iterator.cc"
[INFO] [stderr]   running: "c++" "-O0" "-ffunction-sections" "-fdata-sections" "-fPIC" "-g" "-fno-omit-frame-pointer" "-m64" "-I" "rocksdb/include/" "-I" "rocksdb/" "-I" "rocksdb/third-party/gtest-1.8.1/fused-src/" "-I" "snappy/" "-I" "zstd/lib/" "-I" "zstd/lib/dictBuilder/" "-I" "." "-Wall" "-Wextra" "-std=c++11" "-Wno-unused-parameter" "-msse2" "-DSNAPPY=1" "-DZSTD=1" "-DNDEBUG=1" "-DOS_LINUX=1" "-DROCKSDB_PLATFORM_POSIX=1" "-DROCKSDB_LIB_IO_POSIX=1" "-o" "/opt/rustwide/target/debug/build/electrs-librocksdb-sys-f9ce640090aa6559/out/rocksdb/db/compaction/compaction_job.o" "-c" "rocksdb/db/compaction/compaction_job.cc"
[INFO] [stderr]   exit status: 0
[INFO] [stderr]   running: "c++" "-O0" "-ffunction-sections" "-fdata-sections" "-fPIC" "-g" "-fno-omit-frame-pointer" "-m64" "-I" "rocksdb/include/" "-I" "rocksdb/" "-I" "rocksdb/third-party/gtest-1.8.1/fused-src/" "-I" "snappy/" "-I" "zstd/lib/" "-I" "zstd/lib/dictBuilder/" "-I" "." "-Wall" "-Wextra" "-std=c++11" "-Wno-unused-parameter" "-msse2" "-DSNAPPY=1" "-DZSTD=1" "-DNDEBUG=1" "-DOS_LINUX=1" "-DROCKSDB_PLATFORM_POSIX=1" "-DROCKSDB_LIB_IO_POSIX=1" "-o" "/opt/rustwide/target/debug/build/electrs-librocksdb-sys-f9ce640090aa6559/out/rocksdb/db/compaction/compaction_picker.o" "-c" "rocksdb/db/compaction/compaction_picker.cc"
[INFO] [stderr]   exit status: 0
[INFO] [stderr]   running: "c++" "-O0" "-ffunction-sections" "-fdata-sections" "-fPIC" "-g" "-fno-omit-frame-pointer" "-m64" "-I" "rocksdb/include/" "-I" "rocksdb/" "-I" "rocksdb/third-party/gtest-1.8.1/fused-src/" "-I" "snappy/" "-I" "zstd/lib/" "-I" "zstd/lib/dictBuilder/" "-I" "." "-Wall" "-Wextra" "-std=c++11" "-Wno-unused-parameter" "-msse2" "-DSNAPPY=1" "-DZSTD=1" "-DNDEBUG=1" "-DOS_LINUX=1" "-DROCKSDB_PLATFORM_POSIX=1" "-DROCKSDB_LIB_IO_POSIX=1" "-o" "/opt/rustwide/target/debug/build/electrs-librocksdb-sys-f9ce640090aa6559/out/rocksdb/db/compaction/compaction_picker_fifo.o" "-c" "rocksdb/db/compaction/compaction_picker_fifo.cc"
[INFO] [stderr]   exit status: 0
[INFO] [stderr]   running: "c++" "-O0" "-ffunction-sections" "-fdata-sections" "-fPIC" "-g" "-fno-omit-frame-pointer" "-m64" "-I" "rocksdb/include/" "-I" "rocksdb/" "-I" "rocksdb/third-party/gtest-1.8.1/fused-src/" "-I" "snappy/" "-I" "zstd/lib/" "-I" "zstd/lib/dictBuilder/" "-I" "." "-Wall" "-Wextra" "-std=c++11" "-Wno-unused-parameter" "-msse2" "-DSNAPPY=1" "-DZSTD=1" "-DNDEBUG=1" "-DOS_LINUX=1" "-DROCKSDB_PLATFORM_POSIX=1" "-DROCKSDB_LIB_IO_POSIX=1" "-o" "/opt/rustwide/target/debug/build/electrs-librocksdb-sys-f9ce640090aa6559/out/rocksdb/db/compaction/compaction_picker_level.o" "-c" "rocksdb/db/compaction/compaction_picker_level.cc"
[INFO] [stderr]   exit status: 0
[INFO] [stderr]   running: "c++" "-O0" "-ffunction-sections" "-fdata-sections" "-fPIC" "-g" "-fno-omit-frame-pointer" "-m64" "-I" "rocksdb/include/" "-I" "rocksdb/" "-I" "rocksdb/third-party/gtest-1.8.1/fused-src/" "-I" "snappy/" "-I" "zstd/lib/" "-I" "zstd/lib/dictBuilder/" "-I" "." "-Wall" "-Wextra" "-std=c++11" "-Wno-unused-parameter" "-msse2" "-DSNAPPY=1" "-DZSTD=1" "-DNDEBUG=1" "-DOS_LINUX=1" "-DROCKSDB_PLATFORM_POSIX=1" "-DROCKSDB_LIB_IO_POSIX=1" "-o" "/opt/rustwide/target/debug/build/electrs-librocksdb-sys-f9ce640090aa6559/out/rocksdb/db/compaction/compaction_picker_universal.o" "-c" "rocksdb/db/compaction/compaction_picker_universal.cc"
[INFO] [stderr]   cargo:warning=c++: fatal error: Killed signal terminated program cc1plus
[INFO] [stderr]   cargo:warning=compilation terminated.
[INFO] [stderr]   exit status: 1
[INFO] [stderr]   running: "c++" "-O0" "-ffunction-sections" "-fdata-sections" "-fPIC" "-g" "-fno-omit-frame-pointer" "-m64" "-I" "rocksdb/include/" "-I" "rocksdb/" "-I" "rocksdb/third-party/gtest-1.8.1/fused-src/" "-I" "snappy/" "-I" "zstd/lib/" "-I" "zstd/lib/dictBuilder/" "-I" "." "-Wall" "-Wextra" "-std=c++11" "-Wno-unused-parameter" "-msse2" "-DSNAPPY=1" "-DZSTD=1" "-DNDEBUG=1" "-DOS_LINUX=1" "-DROCKSDB_PLATFORM_POSIX=1" "-DROCKSDB_LIB_IO_POSIX=1" "-o" "/opt/rustwide/target/debug/build/electrs-librocksdb-sys-f9ce640090aa6559/out/rocksdb/db/convenience.o" "-c" "rocksdb/db/convenience.cc"
[INFO] [stderr]   cargo:warning=c++: fatal error: Killed signal terminated program cc1plus
[INFO] [stderr]   cargo:warning=compilation terminated.
[INFO] [stderr]   exit status: 1
[INFO] [stderr]   cargo:warning=c++: fatal error: Killed signal terminated program cc1plus
[INFO] [stderr]   cargo:warning=compilation terminated.
[INFO] [stderr]   exit status: 1
[INFO] [stderr]   cargo:warning=c++: fatal error: Killed signal terminated program cc1plus
[INFO] [stderr]   cargo:warning=compilation terminated.
[INFO] [stderr]   exit status: 1
[INFO] [stderr]   cargo:warning=c++: fatal error: Killed signal terminated program cc1plus
[INFO] [stderr]   cargo:warning=compilation terminated.
[INFO] [stderr]   exit status: 1
[INFO] [stderr]   cargo:warning=c++: fatal error: Killed signal terminated program cc1plus
[INFO] [stderr]   cargo:warning=compilation terminated.
[INFO] [stderr]   exit status: 1
[INFO] [stderr]   cargo:warning=c++: fatal error: Killed signal terminated program cc1plus
[INFO] [stderr]   cargo:warning=compilation terminated.
[INFO] [stderr]   exit status: 1
[INFO] [stderr]   cargo:warning=c++: fatal error: Killed signal terminated program cc1plus
[INFO] [stderr]   cargo:warning=compilation terminated.
[INFO] [stderr]   exit status: 1
[INFO] [stderr]   cargo:warning=c++: fatal error: Killed signal terminated program cc1plus
[INFO] [stderr]   cargo:warning=compilation terminated.
[INFO] [stderr]   exit status: 1
[INFO] [stderr]   cargo:warning=c++: fatal error: Killed signal terminated program cc1plus
[INFO] [stderr]   cargo:warning=compilation terminated.
[INFO] [stderr]   exit status: 1
[INFO] [stderr]   cargo:warning=c++: fatal error: Killed signal terminated program cc1plus
[INFO] [stderr]   cargo:warning=compilation terminated.
[INFO] [stderr]   exit status: 1
[INFO] [stderr]   cargo:warning=c++: fatal error: Killed signal terminated program cc1plus
[INFO] [stderr]   cargo:warning=compilation terminated.
[INFO] [stderr]   exit status: 1
[INFO] [stderr]   exit status: 0
[INFO] [stderr]   exit status: 0
[INFO] [stderr]   exit status: 0
[INFO] [stderr] 
[INFO] [stderr]   --- stderr
[INFO] [stderr] 
[INFO] [stderr] 
[INFO] [stderr]   error occurred: Command "c++" "-O0" "-ffunction-sections" "-fdata-sections" "-fPIC" "-g" "-fno-omit-frame-pointer" "-m64" "-I" "rocksdb/include/" "-I" "rocksdb/" "-I" "rocksdb/third-party/gtest-1.8.1/fused-src/" "-I" "snappy/" "-I" "zstd/lib/" "-I" "zstd/lib/dictBuilder/" "-I" "." "-Wall" "-Wextra" "-std=c++11" "-Wno-unused-parameter" "-msse2" "-DSNAPPY=1" "-DZSTD=1" "-DNDEBUG=1" "-DOS_LINUX=1" "-DROCKSDB_PLATFORM_POSIX=1" "-DROCKSDB_LIB_IO_POSIX=1" "-o" "/opt/rustwide/target/debug/build/electrs-librocksdb-sys-f9ce640090aa6559/out/rocksdb/cache/cache.o" "-c" "rocksdb/cache/cache.cc" with args "c++" did not execute successfully (status code exit status: 1).
[INFO] [stderr] 
[INFO] [stderr] 
[INFO] [stderr] warning: build failed, waiting for other jobs to finish...
[INFO] running `Command { std: "docker" "inspect" "486ba8380b43b8db568d6aa4d91930972458908fdd4a086a660c9c29dfb1da68", kill_on_drop: false }`
[INFO] running `Command { std: "docker" "rm" "-f" "486ba8380b43b8db568d6aa4d91930972458908fdd4a086a660c9c29dfb1da68", kill_on_drop: false }`
[INFO] [stdout] 486ba8380b43b8db568d6aa4d91930972458908fdd4a086a660c9c29dfb1da68
