[INFO] fetching crate egui_glow_tao 0.22.0...
[INFO] documenting egui_glow_tao-0.22.0 against 1.69.0 for beta-1.70-rustdoc-1
[INFO] extracting crate egui_glow_tao 0.22.0 into /workspace/builds/worker-3-tc1/source
[INFO] validating manifest of crates.io crate egui_glow_tao 0.22.0 on toolchain 1.69.0
[INFO] running `Command { std: CARGO_HOME="/workspace/cargo-home" RUSTUP_HOME="/workspace/rustup-home" "/workspace/cargo-home/bin/cargo" "+1.69.0" "metadata" "--manifest-path" "Cargo.toml" "--no-deps", kill_on_drop: false }`
[INFO] started tweaking crates.io crate egui_glow_tao 0.22.0
[INFO] removed 0 missing examples
[INFO] finished tweaking crates.io crate egui_glow_tao 0.22.0
[INFO] tweaked toml for crates.io crate egui_glow_tao 0.22.0 written to /workspace/builds/worker-3-tc1/source/Cargo.toml
[INFO] crate crates.io crate egui_glow_tao 0.22.0 already has a lockfile, it will not be regenerated
[INFO] running `Command { std: CARGO_HOME="/workspace/cargo-home" RUSTUP_HOME="/workspace/rustup-home" "/workspace/cargo-home/bin/cargo" "+1.69.0" "fetch" "--manifest-path" "Cargo.toml", kill_on_drop: false }`
[INFO] [stderr]  Downloading crates ...
[INFO] [stderr]   Downloaded glutin_tao v0.32.0
[INFO] [stderr]   Downloaded gdkx11-sys v0.16.0
[INFO] [stderr]   Downloaded gdkwayland-sys v0.16.0
[INFO] [stderr]   Downloaded egui-tao v0.22.0
[INFO] [stderr]   Downloaded serde v1.0.157
[INFO] [stderr]   Downloaded speech-dispatcher-sys v0.7.0
[INFO] [stderr]   Downloaded speech-dispatcher v0.12.0
[INFO] [stderr]   Downloaded tao-macros v0.1.1
[INFO] [stderr]   Downloaded document-features v0.2.7
[INFO] [stderr]   Downloaded winnow v0.3.6
[INFO] [stderr]   Downloaded puffin v0.13.3
[INFO] [stderr]   Downloaded field-offset v0.3.5
[INFO] [stderr]   Downloaded litrs v0.2.3
[INFO] [stderr]   Downloaded tts v0.20.4
[INFO] [stderr]   Downloaded toml_edit v0.19.7
[INFO] [stderr]   Downloaded unicode-bidi v0.3.12
[INFO] [stderr]   Downloaded syn v2.0.0
[INFO] [stderr]   Downloaded dyn-clonable-impl v0.9.0
[INFO] [stderr]   Downloaded dyn-clonable v0.9.0
[INFO] [stderr]   Downloaded windows_x86_64_msvc v0.33.0
[INFO] [stderr]   Downloaded windows_aarch64_msvc v0.33.0
[INFO] [stderr]   Downloaded windows_x86_64_gnu v0.33.0
[INFO] [stderr]   Downloaded windows_i686_msvc v0.33.0
[INFO] [stderr]   Downloaded windows_i686_gnu v0.33.0
[INFO] [stderr]   Downloaded tao v0.18.1
[INFO] [stderr]   Downloaded windows v0.33.0
[INFO] running `Command { std: "docker" "create" "-v" "/var/lib/crater-agent-workspace/builds/worker-3-tc1/target:/opt/rustwide/target:rw,Z" "-v" "/var/lib/crater-agent-workspace/builds/worker-3-tc1/source:/opt/rustwide/workdir:ro,Z" "-v" "/var/lib/crater-agent-workspace/cargo-home:/opt/rustwide/cargo-home:ro,Z" "-v" "/var/lib/crater-agent-workspace/rustup-home:/opt/rustwide/rustup-home:ro,Z" "-e" "SOURCE_DIR=/opt/rustwide/workdir" "-e" "CARGO_TARGET_DIR=/opt/rustwide/target" "-e" "CARGO_HOME=/opt/rustwide/cargo-home" "-e" "RUSTUP_HOME=/opt/rustwide/rustup-home" "-w" "/opt/rustwide/workdir" "-m" "1610612736" "--user" "0:0" "--network" "none" "ghcr.io/rust-lang/crates-build-env/linux@sha256:5ff2268d62e97bff2cde7d5815dd6ed5b47097566f13b8d0ca110b04b60e07ed" "/opt/rustwide/cargo-home/bin/cargo" "+1.69.0" "metadata" "--no-deps" "--format-version=1", kill_on_drop: false }`
[INFO] [stdout] 18bad9084be2f20c06c5d5264658b1970fe0ed0e71863f116648d20b221412e1
[INFO] running `Command { std: "docker" "start" "-a" "18bad9084be2f20c06c5d5264658b1970fe0ed0e71863f116648d20b221412e1", kill_on_drop: false }`
[INFO] running `Command { std: "docker" "inspect" "18bad9084be2f20c06c5d5264658b1970fe0ed0e71863f116648d20b221412e1", kill_on_drop: false }`
[INFO] running `Command { std: "docker" "rm" "-f" "18bad9084be2f20c06c5d5264658b1970fe0ed0e71863f116648d20b221412e1", kill_on_drop: false }`
[INFO] [stdout] 18bad9084be2f20c06c5d5264658b1970fe0ed0e71863f116648d20b221412e1
[INFO] running `Command { std: "docker" "create" "-v" "/var/lib/crater-agent-workspace/builds/worker-3-tc1/target:/opt/rustwide/target:rw,Z" "-v" "/var/lib/crater-agent-workspace/builds/worker-3-tc1/source:/opt/rustwide/workdir:ro,Z" "-v" "/var/lib/crater-agent-workspace/cargo-home:/opt/rustwide/cargo-home:ro,Z" "-v" "/var/lib/crater-agent-workspace/rustup-home:/opt/rustwide/rustup-home:ro,Z" "-e" "SOURCE_DIR=/opt/rustwide/workdir" "-e" "CARGO_TARGET_DIR=/opt/rustwide/target" "-e" "CARGO_INCREMENTAL=0" "-e" "RUST_BACKTRACE=full" "-e" "RUSTFLAGS=--cap-lints=warn" "-e" "RUSTDOCFLAGS=--cap-lints=warn" "-e" "CARGO_HOME=/opt/rustwide/cargo-home" "-e" "RUSTUP_HOME=/opt/rustwide/rustup-home" "-w" "/opt/rustwide/workdir" "-m" "1610612736" "--user" "0:0" "--network" "none" "ghcr.io/rust-lang/crates-build-env/linux@sha256:5ff2268d62e97bff2cde7d5815dd6ed5b47097566f13b8d0ca110b04b60e07ed" "/opt/rustwide/cargo-home/bin/cargo" "+1.69.0" "doc" "--frozen" "--no-deps" "--document-private-items" "--message-format=json", kill_on_drop: false }`
[INFO] [stdout] e6e50427313575806e2b84aeaf4b888c1f5be6e31ed90dd991e99f0dc9402354
[INFO] running `Command { std: "docker" "start" "-a" "e6e50427313575806e2b84aeaf4b888c1f5be6e31ed90dd991e99f0dc9402354", kill_on_drop: false }`
[INFO] [stderr]    Compiling proc-macro2 v1.0.52
[INFO] [stderr]    Compiling autocfg v1.1.0
[INFO] [stderr]    Compiling unicode-ident v1.0.8
[INFO] [stderr]    Compiling quote v1.0.26
[INFO] [stderr]    Compiling libc v0.2.140
[INFO] [stderr]    Compiling syn v1.0.109
[INFO] [stderr]     Checking cfg-if v1.0.0
[INFO] [stderr]    Compiling version_check v0.9.4
[INFO] [stderr]    Compiling parking_lot_core v0.9.7
[INFO] [stderr]     Checking once_cell v1.17.1
[INFO] [stderr]     Checking ttf-parser v0.18.1
[INFO] [stderr]    Compiling lock_api v0.4.9
[INFO] [stderr]     Checking scopeguard v1.1.0
[INFO] [stderr]    Compiling ahash v0.8.3
[INFO] [stderr]     Checking smallvec v1.10.0
[INFO] [stderr]     Checking ab_glyph_rasterizer v0.1.8
[INFO] [stderr]    Compiling memoffset v0.6.5
[INFO] [stderr]     Checking nohash-hasher v0.2.0
[INFO] [stderr]     Checking tracing-core v0.1.30
[INFO] [stderr]     Checking pin-project-lite v0.2.9
[INFO] [stderr]     Checking glow v0.11.2
[INFO] [stderr]     Checking tracing v0.1.37
[INFO] [stderr]     Checking getrandom v0.2.8
[INFO] [stderr]     Checking parking_lot v0.12.1
[INFO] [stderr]     Checking owned_ttf_parser v0.18.1
[INFO] [stderr]     Checking ab_glyph v0.2.20
[INFO] [stderr]    Compiling bytemuck_derive v1.4.0
[INFO] [stderr]     Checking bytemuck v1.13.1
[INFO] [stderr]     Checking emath v0.19.0
[INFO] [stderr]     Checking epaint v0.19.0
[INFO] [stderr]     Checking egui v0.19.0
[INFO] [stderr]  Documenting egui_glow_tao v0.22.0 (/opt/rustwide/workdir)
[INFO] [stdout] warning: unresolved link to `EguiGlow`
[INFO] [stdout]  --> src/lib.rs:3:63
[INFO] [stdout]   |
[INFO] [stdout] 3 | //! The main types you want to look are are [`Painter`] and [`EguiGlow`].
[INFO] [stdout]   |                                                               ^^^^^^^^ no item named `EguiGlow` in scope
[INFO] [stdout]   |
[INFO] [stdout]   = help: to escape `[` and `]` characters, add '\' before them like `\[` or `\]`
[INFO] [stdout]   = note: `#[warn(rustdoc::broken_intra_doc_links)]` on by default
[INFO] [stdout] 
[INFO] [stdout] 
[INFO] [stdout] warning: 1 warning emitted
[INFO] [stdout] 
[INFO] [stdout] 
[INFO] [stderr]     Finished dev [unoptimized + debuginfo] target(s) in 9.52s
[INFO] running `Command { std: "docker" "inspect" "e6e50427313575806e2b84aeaf4b888c1f5be6e31ed90dd991e99f0dc9402354", kill_on_drop: false }`
[INFO] running `Command { std: "docker" "rm" "-f" "e6e50427313575806e2b84aeaf4b888c1f5be6e31ed90dd991e99f0dc9402354", kill_on_drop: false }`
[INFO] [stdout] e6e50427313575806e2b84aeaf4b888c1f5be6e31ed90dd991e99f0dc9402354
[INFO] running `Command { std: "docker" "create" "-v" "/var/lib/crater-agent-workspace/builds/worker-3-tc1/target:/opt/rustwide/target:rw,Z" "-v" "/var/lib/crater-agent-workspace/builds/worker-3-tc1/source:/opt/rustwide/workdir:ro,Z" "-v" "/var/lib/crater-agent-workspace/cargo-home:/opt/rustwide/cargo-home:ro,Z" "-v" "/var/lib/crater-agent-workspace/rustup-home:/opt/rustwide/rustup-home:ro,Z" "-e" "SOURCE_DIR=/opt/rustwide/workdir" "-e" "CARGO_TARGET_DIR=/opt/rustwide/target" "-e" "CARGO_INCREMENTAL=0" "-e" "RUST_BACKTRACE=full" "-e" "RUSTFLAGS=--cap-lints=warn" "-e" "RUSTDOCFLAGS=--cap-lints=warn" "-e" "DOCS_RS=1" "-e" "RUSTC_BOOTSTRAP=1" "-e" "CARGO_HOME=/opt/rustwide/cargo-home" "-e" "RUSTUP_HOME=/opt/rustwide/rustup-home" "-w" "/opt/rustwide/workdir" "-m" "1610612736" "--user" "0:0" "--network" "none" "ghcr.io/rust-lang/crates-build-env/linux@sha256:5ff2268d62e97bff2cde7d5815dd6ed5b47097566f13b8d0ca110b04b60e07ed" "/opt/rustwide/cargo-home/bin/cargo" "+1.69.0" "rustdoc" "--lib" "-Zrustdoc-map" "--all-features" "-Z" "unstable-options" "--config" "build.rustdocflags=[\"-Z\", \"unstable-options\", \"--document-private-items\"]" "--frozen" "--message-format=json", kill_on_drop: false }`
[INFO] [stdout] 39d1afda837c484c8c8946723a9e7dec61da7be82c4f1c6bee596b5279c571f0
[INFO] running `Command { std: "docker" "start" "-a" "39d1afda837c484c8c8946723a9e7dec61da7be82c4f1c6bee596b5279c571f0", kill_on_drop: false }`
[INFO] [stderr]    Compiling pkg-config v0.3.26
[INFO] [stderr]    Compiling serde v1.0.157
[INFO] [stderr]    Compiling heck v0.4.1
[INFO] [stderr]    Compiling smallvec v1.10.0
[INFO] [stderr]    Compiling libc v0.2.140
[INFO] [stderr]    Compiling version-compare v0.1.1
[INFO] [stderr]    Compiling syn v1.0.109
[INFO] [stderr]     Checking bitflags v1.3.2
[INFO] [stderr]    Compiling memchr v2.5.0
[INFO] [stderr]    Compiling cfg-expr v0.11.0
[INFO] [stderr]    Compiling indexmap v1.9.2
[INFO] [stderr]    Compiling proc-macro-error-attr v1.0.4
[INFO] [stderr]    Compiling hashbrown v0.12.3
[INFO] [stderr]    Compiling futures-core v0.3.27
[INFO] [stderr]    Compiling proc-macro-error v1.0.4
[INFO] [stderr]    Compiling syn v2.0.0
[INFO] [stderr]    Compiling slab v0.4.8
[INFO] [stderr]    Compiling futures-task v0.3.27
[INFO] [stderr]    Compiling thiserror v1.0.40
[INFO] [stderr]    Compiling toml_datetime v0.6.1
[INFO] [stderr]    Compiling anyhow v1.0.70
[INFO] [stderr]    Compiling log v0.4.17
[INFO] [stderr]    Compiling winnow v0.3.6
[INFO] [stderr]    Compiling once_cell v1.17.1
[INFO] [stderr]    Compiling futures-util v0.3.27
[INFO] [stderr]    Compiling futures-channel v0.3.27
[INFO] [stderr]     Checking pin-utils v0.1.0
[INFO] [stderr]    Compiling xml-rs v0.8.4
[INFO] [stderr]    Compiling glob v0.3.1
[INFO] [stderr]    Compiling cfg-if v1.0.0
[INFO] [stderr]    Compiling wayland-sys v0.29.5
[INFO] [stderr]    Compiling clang-sys v1.6.0
[INFO] [stderr]    Compiling wayland-scanner v0.29.5
[INFO] [stderr]    Compiling toml v0.5.11
[INFO] [stderr]    Compiling thiserror-impl v1.0.40
[INFO] [stderr]     Checking libloading v0.7.4
[INFO] [stderr]    Compiling minimal-lexical v0.2.1
[INFO] [stderr]    Compiling semver v1.0.17
[INFO] [stderr]    Compiling toml_edit v0.19.7
[INFO] [stderr]    Compiling nom v7.1.3
[INFO] [stderr]     Checking dlib v0.5.0
[INFO] [stderr]    Compiling system-deps v6.0.3
[INFO] [stderr]    Compiling either v1.8.1
[INFO] [stderr]    Compiling regex-syntax v0.6.28
[INFO] [stderr]    Compiling bindgen v0.64.0
[INFO] [stderr]    Compiling gio v0.16.7
[INFO] [stderr]    Compiling which v4.4.0
[INFO] [stderr]    Compiling glib-sys v0.16.3
[INFO] [stderr]    Compiling gobject-sys v0.16.3
[INFO] [stderr]    Compiling gio-sys v0.16.3
[INFO] [stderr]    Compiling gdk-sys v0.16.0
[INFO] [stderr]    Compiling proc-macro-crate v1.3.1
[INFO] [stderr]    Compiling gdk-pixbuf-sys v0.16.3
[INFO] [stderr]    Compiling cairo-sys-rs v0.16.3
[INFO] [stderr]    Compiling pango-sys v0.16.3
[INFO] [stderr]    Compiling atk-sys v0.16.0
[INFO] [stderr]    Compiling regex v1.7.1
[INFO] [stderr]    Compiling futures-macro v0.3.27
[INFO] [stderr]    Compiling cexpr v0.6.0
[INFO] [stderr]    Compiling wayland-client v0.29.5
[INFO] [stderr]    Compiling glib-macros v0.16.3
[INFO] [stderr]     Checking nix v0.24.3
[INFO] [stderr]    Compiling lazy_static v1.4.0
[INFO] [stderr]    Compiling peeking_take_while v0.1.2
[INFO] [stderr]    Compiling rustc-hash v1.1.0
[INFO] [stderr]    Compiling lazycell v1.3.0
[INFO] [stderr]    Compiling shlex v1.1.0
[INFO] [stderr]     Checking futures-io v0.3.27
[INFO] [stderr]    Compiling rustc_version v0.4.0
[INFO] [stderr]    Compiling gtk-sys v0.16.0
[INFO] [stderr]     Checking parking_lot_core v0.9.7
[INFO] [stderr]     Checking getrandom v0.2.8
[INFO] [stderr]    Compiling memoffset v0.8.0
[INFO] [stderr]     Checking tinyvec_macros v0.1.1
[INFO] [stderr]     Checking downcast-rs v1.2.0
[INFO] [stderr]     Checking scoped-tls v1.0.1
[INFO] [stderr]     Checking wayland-commons v0.29.5
[INFO] [stderr]    Compiling crc32fast v1.3.2
[INFO] [stderr]     Checking tinyvec v1.6.0
[INFO] [stderr]     Checking futures-executor v0.3.27
[INFO] [stderr]     Checking parking_lot v0.12.1
[INFO] [stderr]    Compiling field-offset v0.3.5
[INFO] [stderr]    Compiling bytemuck_derive v1.4.0
[INFO] [stderr]    Compiling wayland-protocols v0.29.5
[INFO] [stderr]    Compiling x11 v2.21.0
[INFO] [stderr]     Checking glib v0.16.7
[INFO] [stderr]     Checking adler v1.0.2
[INFO] [stderr]    Compiling crossbeam-utils v0.8.15
[INFO] [stderr]     Checking miniz_oxide v0.6.2
[INFO] [stderr]     Checking xcursor v0.3.4
[INFO] [stderr]     Checking unicode-normalization v0.1.22
[INFO] [stderr]     Checking bytemuck v1.13.1
[INFO] [stderr]    Compiling gdkx11-sys v0.16.0
[INFO] [stderr]    Compiling smithay-client-toolkit v0.16.0
[INFO] [stderr]    Compiling x11-dl v2.21.0
[INFO] [stderr]    Compiling gtk v0.16.2
[INFO] [stderr]     Checking percent-encoding v2.2.0
[INFO] [stderr]     Checking unicode-bidi v0.3.12
[INFO] [stderr]    Compiling cc v1.0.79
[INFO] [stderr]     Checking form_urlencoded v1.1.0
[INFO] [stderr]     Checking emath v0.19.0
[INFO] [stderr]     Checking flate2 v1.0.25
[INFO] [stderr]     Checking idna v0.3.0
[INFO] [stderr]     Checking wayland-cursor v0.29.5
[INFO] [stderr]     Checking ahash v0.8.3
[INFO] [stderr]    Compiling gtk3-macros v0.16.0
[INFO] [stderr]    Compiling dyn-clonable-impl v0.9.0
[INFO] [stderr]     Checking nix v0.22.3
[INFO] [stderr]    Compiling tao v0.18.1
[INFO] [stderr]     Checking gethostname v0.2.3
[INFO] [stderr]     Checking memmap2 v0.5.10
[INFO] [stderr]     Checking dyn-clone v1.0.11
[INFO] [stderr]    Compiling tts v0.20.4
[INFO] [stderr]     Checking epaint v0.19.0
[INFO] [stderr]     Checking dyn-clonable v0.9.0
[INFO] [stderr]     Checking crossbeam-channel v0.5.7
[INFO] [stderr]     Checking url v2.3.1
[INFO] [stderr]     Checking png v0.17.7
[INFO] [stderr]     Checking uuid v1.3.0
[INFO] [stderr]     Checking gdkwayland-sys v0.16.0
[INFO] [stderr]     Checking instant v0.1.12
[INFO] [stderr]     Checking byteorder v1.4.3
[INFO] [stderr]     Checking raw-window-handle v0.5.1
[INFO] [stderr]     Checking webbrowser v0.7.1
[INFO] [stderr]     Checking puffin v0.13.3
[INFO] [stderr]     Checking egui v0.19.0
[INFO] [stderr]    Compiling litrs v0.2.3
[INFO] [stderr]    Compiling speech-dispatcher-sys v0.7.0
[INFO] [stderr]    Compiling document-features v0.2.7
[INFO] [stderr]     Checking cairo-rs v0.16.7
[INFO] [stderr]     Checking atk v0.16.0
[INFO] [stderr]     Checking x11rb v0.9.0
[INFO] [stderr]     Checking speech-dispatcher v0.12.0
[INFO] [stdout] error[E0308]: mismatched types
[INFO] [stdout]   --> /opt/rustwide/cargo-home/registry/src/github.com-1ecc6299db9ec823/speech-dispatcher-0.12.0/src/lib.rs:35:13
[INFO] [stdout]    |
[INFO] [stdout] 35 |     Male1 = SPDVoiceType::SPD_MALE1,
[INFO] [stdout]    |             ^^^^^^^^^^^^^^^^^^^^^^^ expected `u32`, found `i32`
[INFO] [stdout] 
[INFO] [stdout] 
[INFO] [stdout] error[E0308]: mismatched types
[INFO] [stdout]   --> /opt/rustwide/cargo-home/registry/src/github.com-1ecc6299db9ec823/speech-dispatcher-0.12.0/src/lib.rs:36:13
[INFO] [stdout]    |
[INFO] [stdout] 36 |     Male2 = SPDVoiceType::SPD_MALE2,
[INFO] [stdout]    |             ^^^^^^^^^^^^^^^^^^^^^^^ expected `u32`, found `i32`
[INFO] [stdout] 
[INFO] [stdout] 
[INFO] [stdout] error[E0308]: mismatched types
[INFO] [stdout]   --> /opt/rustwide/cargo-home/registry/src/github.com-1ecc6299db9ec823/speech-dispatcher-0.12.0/src/lib.rs:37:13
[INFO] [stdout]    |
[INFO] [stdout] 37 |     Male3 = SPDVoiceType::SPD_MALE3,
[INFO] [stdout]    |             ^^^^^^^^^^^^^^^^^^^^^^^ expected `u32`, found `i32`
[INFO] [stdout] 
[INFO] [stdout] 
[INFO] [stdout] error[E0308]: mismatched types
[INFO] [stdout]   --> /opt/rustwide/cargo-home/registry/src/github.com-1ecc6299db9ec823/speech-dispatcher-0.12.0/src/lib.rs:38:15
[INFO] [stdout]    |
[INFO] [stdout] 38 |     Female1 = SPDVoiceType::SPD_FEMALE1,
[INFO] [stdout]    |               ^^^^^^^^^^^^^^^^^^^^^^^^^ expected `u32`, found `i32`
[INFO] [stdout] 
[INFO] [stdout] 
[INFO] [stdout] error[E0308]: mismatched types
[INFO] [stdout]   --> /opt/rustwide/cargo-home/registry/src/github.com-1ecc6299db9ec823/speech-dispatcher-0.12.0/src/lib.rs:39:15
[INFO] [stdout]    |
[INFO] [stdout] 39 |     Female2 = SPDVoiceType::SPD_FEMALE2,
[INFO] [stdout]    |               ^^^^^^^^^^^^^^^^^^^^^^^^^ expected `u32`, found `i32`
[INFO] [stdout] 
[INFO] [stdout] 
[INFO] [stdout] error[E0308]: mismatched types
[INFO] [stdout]   --> /opt/rustwide/cargo-home/registry/src/github.com-1ecc6299db9ec823/speech-dispatcher-0.12.0/src/lib.rs:40:15
[INFO] [stdout]    |
[INFO] [stdout] 40 |     Female3 = SPDVoiceType::SPD_FEMALE3,
[INFO] [stdout]    |               ^^^^^^^^^^^^^^^^^^^^^^^^^ expected `u32`, found `i32`
[INFO] [stdout] 
[INFO] [stdout] 
[INFO] [stdout] error[E0308]: mismatched types
[INFO] [stdout]   --> /opt/rustwide/cargo-home/registry/src/github.com-1ecc6299db9ec823/speech-dispatcher-0.12.0/src/lib.rs:41:17
[INFO] [stdout]    |
[INFO] [stdout] 41 |     ChildMale = SPDVoiceType::SPD_CHILD_MALE,
[INFO] [stdout]    |                 ^^^^^^^^^^^^^^^^^^^^^^^^^^^^ expected `u32`, found `i32`
[INFO] [stdout] 
[INFO] [stdout] 
[INFO] [stdout] error[E0308]: mismatched types
[INFO] [stdout]   --> /opt/rustwide/cargo-home/registry/src/github.com-1ecc6299db9ec823/speech-dispatcher-0.12.0/src/lib.rs:42:19
[INFO] [stdout]    |
[INFO] [stdout] 42 |     ChildFemale = SPDVoiceType::SPD_CHILD_FEMALE,
[INFO] [stdout]    |                   ^^^^^^^^^^^^^^^^^^^^^^^^^^^^^^ expected `u32`, found `i32`
[INFO] [stdout] 
[INFO] [stdout] 
[INFO] [stdout] error: aborting due to 8 previous errors
[INFO] [stdout] 
[INFO] [stdout] 
[INFO] [stdout] For more information about this error, try `rustc --explain E0308`.
[INFO] [stdout] 
[INFO] [stderr] error: could not compile `speech-dispatcher` due to 9 previous errors
[INFO] [stderr] warning: build failed, waiting for other jobs to finish...
[INFO] running `Command { std: "docker" "inspect" "39d1afda837c484c8c8946723a9e7dec61da7be82c4f1c6bee596b5279c571f0", kill_on_drop: false }`
[INFO] running `Command { std: "docker" "rm" "-f" "39d1afda837c484c8c8946723a9e7dec61da7be82c4f1c6bee596b5279c571f0", kill_on_drop: false }`
[INFO] [stdout] 39d1afda837c484c8c8946723a9e7dec61da7be82c4f1c6bee596b5279c571f0
