[INFO] fetching crate egui_glow 0.21.0...
[INFO] documenting egui_glow-0.21.0 against 1.69.0 for beta-1.70-rustdoc-1
[INFO] extracting crate egui_glow 0.21.0 into /workspace/builds/worker-1-tc1/source
[INFO] validating manifest of crates.io crate egui_glow 0.21.0 on toolchain 1.69.0
[INFO] running `Command { std: CARGO_HOME="/workspace/cargo-home" RUSTUP_HOME="/workspace/rustup-home" "/workspace/cargo-home/bin/cargo" "+1.69.0" "metadata" "--manifest-path" "Cargo.toml" "--no-deps", kill_on_drop: false }`
[INFO] started tweaking crates.io crate egui_glow 0.21.0
[INFO] removed 0 missing examples
[INFO] finished tweaking crates.io crate egui_glow 0.21.0
[INFO] tweaked toml for crates.io crate egui_glow 0.21.0 written to /workspace/builds/worker-1-tc1/source/Cargo.toml
[INFO] crate crates.io crate egui_glow 0.21.0 already has a lockfile, it will not be regenerated
[INFO] running `Command { std: CARGO_HOME="/workspace/cargo-home" RUSTUP_HOME="/workspace/rustup-home" "/workspace/cargo-home/bin/cargo" "+1.69.0" "fetch" "--manifest-path" "Cargo.toml", kill_on_drop: false }`
[INFO] [stderr]  Downloading crates ...
[INFO] [stderr]   Downloaded glutin-winit v0.3.0
[INFO] [stderr]   Downloaded wayland-sys v0.30.1
[INFO] [stderr]   Downloaded glutin_egl_sys v0.4.0
[INFO] [stderr]   Downloaded atomic_refcell v0.1.9
[INFO] [stderr]   Downloaded emath v0.21.0
[INFO] [stderr]   Downloaded epaint v0.21.0
[INFO] [stderr]   Downloaded litrs v0.2.3
[INFO] [stderr]   Downloaded puffin v0.14.2
[INFO] [stderr]   Downloaded document-features v0.2.7
[INFO] [stderr]   Downloaded android-activity v0.4.0
[INFO] [stderr]   Downloaded glutin_glx_sys v0.4.0
[INFO] [stderr]   Downloaded glutin_wgl_sys v0.4.0
[INFO] [stderr]   Downloaded glutin v0.30.4
[INFO] [stderr]   Downloaded glow v0.12.0
[INFO] [stderr]   Downloaded webbrowser v0.8.7
[INFO] [stderr]   Downloaded egui v0.21.0
[INFO] [stderr]   Downloaded gethostname v0.2.3
[INFO] [stderr]   Downloaded nohash-hasher v0.2.0
[INFO] [stderr]   Downloaded egui-winit v0.21.0
[INFO] [stderr]   Downloaded memmap2 v0.5.8
[INFO] [stderr]   Downloaded winapi-wsapoll v0.1.1
[INFO] [stderr]   Downloaded ecolor v0.21.0
[INFO] [stderr]   Downloaded x11rb v0.10.1
[INFO] [stderr]   Downloaded num_enum v0.5.9
[INFO] [stderr]   Downloaded arboard v3.2.0
[INFO] [stderr]   Downloaded num_enum_derive v0.5.9
[INFO] [stderr]   Downloaded x11rb-protocol v0.10.0
[INFO] running `Command { std: "docker" "create" "-v" "/var/lib/crater-agent-workspace/builds/worker-1-tc1/target:/opt/rustwide/target:rw,Z" "-v" "/var/lib/crater-agent-workspace/builds/worker-1-tc1/source:/opt/rustwide/workdir:ro,Z" "-v" "/var/lib/crater-agent-workspace/cargo-home:/opt/rustwide/cargo-home:ro,Z" "-v" "/var/lib/crater-agent-workspace/rustup-home:/opt/rustwide/rustup-home:ro,Z" "-e" "SOURCE_DIR=/opt/rustwide/workdir" "-e" "CARGO_TARGET_DIR=/opt/rustwide/target" "-e" "CARGO_HOME=/opt/rustwide/cargo-home" "-e" "RUSTUP_HOME=/opt/rustwide/rustup-home" "-w" "/opt/rustwide/workdir" "-m" "1610612736" "--user" "0:0" "--network" "none" "ghcr.io/rust-lang/crates-build-env/linux@sha256:5ff2268d62e97bff2cde7d5815dd6ed5b47097566f13b8d0ca110b04b60e07ed" "/opt/rustwide/cargo-home/bin/cargo" "+1.69.0" "metadata" "--no-deps" "--format-version=1", kill_on_drop: false }`
[INFO] [stdout] fdce545305764ec6634c4f05929a374a4d86858dfc70c96fa8cd98c0bc106f7b
[INFO] running `Command { std: "docker" "start" "-a" "fdce545305764ec6634c4f05929a374a4d86858dfc70c96fa8cd98c0bc106f7b", kill_on_drop: false }`
[INFO] running `Command { std: "docker" "inspect" "fdce545305764ec6634c4f05929a374a4d86858dfc70c96fa8cd98c0bc106f7b", kill_on_drop: false }`
[INFO] running `Command { std: "docker" "rm" "-f" "fdce545305764ec6634c4f05929a374a4d86858dfc70c96fa8cd98c0bc106f7b", kill_on_drop: false }`
[INFO] [stdout] fdce545305764ec6634c4f05929a374a4d86858dfc70c96fa8cd98c0bc106f7b
[INFO] running `Command { std: "docker" "create" "-v" "/var/lib/crater-agent-workspace/builds/worker-1-tc1/target:/opt/rustwide/target:rw,Z" "-v" "/var/lib/crater-agent-workspace/builds/worker-1-tc1/source:/opt/rustwide/workdir:ro,Z" "-v" "/var/lib/crater-agent-workspace/cargo-home:/opt/rustwide/cargo-home:ro,Z" "-v" "/var/lib/crater-agent-workspace/rustup-home:/opt/rustwide/rustup-home:ro,Z" "-e" "SOURCE_DIR=/opt/rustwide/workdir" "-e" "CARGO_TARGET_DIR=/opt/rustwide/target" "-e" "CARGO_INCREMENTAL=0" "-e" "RUST_BACKTRACE=full" "-e" "RUSTFLAGS=--cap-lints=warn" "-e" "RUSTDOCFLAGS=--cap-lints=warn" "-e" "CARGO_HOME=/opt/rustwide/cargo-home" "-e" "RUSTUP_HOME=/opt/rustwide/rustup-home" "-w" "/opt/rustwide/workdir" "-m" "1610612736" "--user" "0:0" "--network" "none" "ghcr.io/rust-lang/crates-build-env/linux@sha256:5ff2268d62e97bff2cde7d5815dd6ed5b47097566f13b8d0ca110b04b60e07ed" "/opt/rustwide/cargo-home/bin/cargo" "+1.69.0" "doc" "--frozen" "--no-deps" "--document-private-items" "--message-format=json", kill_on_drop: false }`
[INFO] [stdout] 468888ea79ced6d873d0649092c74b3df8d4152cd312d8debff4f985929bfdd3
[INFO] running `Command { std: "docker" "start" "-a" "468888ea79ced6d873d0649092c74b3df8d4152cd312d8debff4f985929bfdd3", kill_on_drop: false }`
[INFO] [stderr]    Compiling proc-macro2 v1.0.51
[INFO] [stderr]    Compiling unicode-ident v1.0.6
[INFO] [stderr]    Compiling quote v1.0.23
[INFO] [stderr]    Compiling syn v1.0.107
[INFO] [stderr]    Compiling libc v0.2.139
[INFO] [stderr]     Checking once_cell v1.17.0
[INFO] [stderr]     Checking ttf-parser v0.18.1
[INFO] [stderr]     Checking ab_glyph_rasterizer v0.1.8
[INFO] [stderr]     Checking nohash-hasher v0.2.0
[INFO] [stderr]    Compiling ahash v0.8.3
[INFO] [stderr]    Compiling memoffset v0.6.5
[INFO] [stderr]     Checking glow v0.12.0
[INFO] [stderr]     Checking tracing-core v0.1.30
[INFO] [stderr]     Checking tracing v0.1.37
[INFO] [stderr]     Checking parking_lot_core v0.9.7
[INFO] [stderr]     Checking parking_lot v0.12.1
[INFO] [stderr]     Checking owned_ttf_parser v0.18.1
[INFO] [stderr]     Checking ab_glyph v0.2.20
[INFO] [stderr]    Compiling bytemuck_derive v1.4.0
[INFO] [stderr]     Checking bytemuck v1.13.0
[INFO] [stderr]     Checking emath v0.21.0
[INFO] [stderr]     Checking ecolor v0.21.0
[INFO] [stderr]     Checking epaint v0.21.0
[INFO] [stderr]     Checking egui v0.21.0
[INFO] [stderr]  Documenting egui_glow v0.21.0 (/opt/rustwide/workdir)
[INFO] [stdout] warning: unresolved link to `EguiGlow`
[INFO] [stdout]  --> src/lib.rs:3:63
[INFO] [stdout]   |
[INFO] [stdout] 3 | //! The main types you want to look are are [`Painter`] and [`EguiGlow`].
[INFO] [stdout]   |                                                               ^^^^^^^^ no item named `EguiGlow` in scope
[INFO] [stdout]   |
[INFO] [stdout]   = help: to escape `[` and `]` characters, add '\' before them like `\[` or `\]`
[INFO] [stdout]   = note: `#[warn(rustdoc::broken_intra_doc_links)]` on by default
[INFO] [stdout] 
[INFO] [stdout] 
[INFO] [stdout] warning: 1 warning emitted
[INFO] [stdout] 
[INFO] [stdout] 
[INFO] [stderr]     Finished dev [unoptimized + debuginfo] target(s) in 6.83s
[INFO] running `Command { std: "docker" "inspect" "468888ea79ced6d873d0649092c74b3df8d4152cd312d8debff4f985929bfdd3", kill_on_drop: false }`
[INFO] running `Command { std: "docker" "rm" "-f" "468888ea79ced6d873d0649092c74b3df8d4152cd312d8debff4f985929bfdd3", kill_on_drop: false }`
[INFO] [stdout] 468888ea79ced6d873d0649092c74b3df8d4152cd312d8debff4f985929bfdd3
[INFO] running `Command { std: "docker" "create" "-v" "/var/lib/crater-agent-workspace/builds/worker-1-tc1/target:/opt/rustwide/target:rw,Z" "-v" "/var/lib/crater-agent-workspace/builds/worker-1-tc1/source:/opt/rustwide/workdir:ro,Z" "-v" "/var/lib/crater-agent-workspace/cargo-home:/opt/rustwide/cargo-home:ro,Z" "-v" "/var/lib/crater-agent-workspace/rustup-home:/opt/rustwide/rustup-home:ro,Z" "-e" "SOURCE_DIR=/opt/rustwide/workdir" "-e" "CARGO_TARGET_DIR=/opt/rustwide/target" "-e" "CARGO_INCREMENTAL=0" "-e" "RUST_BACKTRACE=full" "-e" "RUSTFLAGS=--cap-lints=warn" "-e" "RUSTDOCFLAGS=--cap-lints=warn" "-e" "RUSTC_BOOTSTRAP=1" "-e" "DOCS_RS=1" "-e" "CARGO_HOME=/opt/rustwide/cargo-home" "-e" "RUSTUP_HOME=/opt/rustwide/rustup-home" "-w" "/opt/rustwide/workdir" "-m" "1610612736" "--user" "0:0" "--network" "none" "ghcr.io/rust-lang/crates-build-env/linux@sha256:5ff2268d62e97bff2cde7d5815dd6ed5b47097566f13b8d0ca110b04b60e07ed" "/opt/rustwide/cargo-home/bin/cargo" "+1.69.0" "rustdoc" "--lib" "-Zrustdoc-map" "--all-features" "-Z" "unstable-options" "--config" "build.rustdocflags=[\"-Z\", \"unstable-options\", \"--document-private-items\"]" "--frozen" "--message-format=json", kill_on_drop: false }`
[INFO] [stdout] 2e78d6e0093c46d89227bc92515a88a9b906e46f16bbcc7658783c70160e4003
[INFO] running `Command { std: "docker" "start" "-a" "2e78d6e0093c46d89227bc92515a88a9b906e46f16bbcc7658783c70160e4003", kill_on_drop: false }`
[INFO] [stderr]    Compiling libc v0.2.139
[INFO] [stderr]    Compiling xml-rs v0.8.4
[INFO] [stderr]    Compiling pkg-config v0.3.26
[INFO] [stderr]    Compiling memchr v2.5.0
[INFO] [stderr]     Checking lazy_static v1.4.0
[INFO] [stderr]     Checking libloading v0.7.4
[INFO] [stderr]     Checking tinyvec_macros v0.1.1
[INFO] [stderr]     Checking minimal-lexical v0.2.1
[INFO] [stderr]     Checking downcast-rs v1.2.0
[INFO] [stderr]     Checking scoped-tls v1.0.1
[INFO] [stderr]     Checking percent-encoding v2.2.0
[INFO] [stderr]     Checking unicode-bidi v0.3.10
[INFO] [stderr]    Compiling cfg_aliases v0.1.1
[INFO] [stderr]    Compiling thiserror v1.0.38
[INFO] [stderr]    Compiling thiserror-impl v1.0.38
[INFO] [stderr]     Checking instant v0.1.12
[INFO] [stderr]     Checking tinyvec v1.6.0
[INFO] [stderr]     Checking cty v0.2.2
[INFO] [stderr]     Checking byteorder v1.4.3
[INFO] [stderr]    Compiling litrs v0.2.3
[INFO] [stderr]     Checking form_urlencoded v1.1.0
[INFO] [stderr]     Checking dlib v0.5.0
[INFO] [stderr]     Checking raw-window-handle v0.5.0
[INFO] [stderr]     Checking puffin v0.14.2
[INFO] [stderr]    Compiling wayland-sys v0.29.5
[INFO] [stderr]    Compiling smithay-client-toolkit v0.16.0
[INFO] [stderr]    Compiling wayland-scanner v0.29.5
[INFO] [stderr]    Compiling document-features v0.2.7
[INFO] [stderr]     Checking nom v7.1.3
[INFO] [stderr]     Checking unicode-normalization v0.1.22
[INFO] [stderr]     Checking idna v0.3.0
[INFO] [stderr]    Compiling wayland-client v0.29.5
[INFO] [stderr]    Compiling wayland-protocols v0.29.5
[INFO] [stderr]    Compiling winit v0.28.1
[INFO] [stderr]     Checking nix v0.24.3
[INFO] [stderr]     Checking parking_lot_core v0.9.7
[INFO] [stderr]     Checking dirs-sys v0.3.7
[INFO] [stderr]     Checking memmap2 v0.5.8
[INFO] [stderr]     Checking gethostname v0.2.3
[INFO] [stderr]     Checking dirs v4.0.0
[INFO] [stderr]     Checking parking_lot v0.12.1
[INFO] [stdout] error: The platform you're compiling for is not supported by winit
[INFO] [stdout]   --> /opt/rustwide/cargo-home/registry/src/github.com-1ecc6299db9ec823/winit-0.28.1/src/platform_impl/mod.rs:67:1
[INFO] [stdout]    |
[INFO] [stdout] 67 | compile_error!("The platform you're compiling for is not supported by winit");
[INFO] [stdout]    | ^^^^^^^^^^^^^^^^^^^^^^^^^^^^^^^^^^^^^^^^^^^^^^^^^^^^^^^^^^^^^^^^^^^^^^^^^^^^^
[INFO] [stdout] 
[INFO] [stdout] 
[INFO] [stdout] error[E0432]: unresolved import `self::platform`
[INFO] [stdout]   --> /opt/rustwide/cargo-home/registry/src/github.com-1ecc6299db9ec823/winit-0.28.1/src/platform_impl/mod.rs:26:15
[INFO] [stdout]    |
[INFO] [stdout] 26 | pub use self::platform::*;
[INFO] [stdout]    |               ^^^^^^^^ could not find `platform` in `self`
[INFO] [stdout] 
[INFO] [stdout] 
[INFO] [stdout] error[E0432]: unresolved import `crate::platform_impl::PlatformIcon`
[INFO] [stdout]  --> /opt/rustwide/cargo-home/registry/src/github.com-1ecc6299db9ec823/winit-0.28.1/src/icon.rs:1:5
[INFO] [stdout]   |
[INFO] [stdout] 1 | use crate::platform_impl::PlatformIcon;
[INFO] [stdout]   |     ^^^^^^^^^^^^^^^^^^^^^^^^^^^^^^^^^^ no `PlatformIcon` in `platform_impl`
[INFO] [stdout] 
[INFO] [stdout] 
[INFO] [stdout] error[E0433]: failed to resolve: could not find `DeviceId` in `platform_impl`
[INFO] [stdout]    --> /opt/rustwide/cargo-home/registry/src/github.com-1ecc6299db9ec823/winit-0.28.1/src/event.rs:789:33
[INFO] [stdout]     |
[INFO] [stdout] 789 |         DeviceId(platform_impl::DeviceId::dummy())
[INFO] [stdout]     |                                 ^^^^^^^^ could not find `DeviceId` in `platform_impl`
[INFO] [stdout] 
[INFO] [stdout] 
[INFO] [stderr]     Checking url v2.3.1
[INFO] [stdout] error[E0433]: failed to resolve: could not find `WindowId` in `platform_impl`
[INFO] [stdout]   --> /opt/rustwide/cargo-home/registry/src/github.com-1ecc6299db9ec823/winit-0.28.1/src/window.rs:86:33
[INFO] [stdout]    |
[INFO] [stdout] 86 |         WindowId(platform_impl::WindowId::dummy())
[INFO] [stdout]    |                                 ^^^^^^^^ could not find `WindowId` in `platform_impl`
[INFO] [stdout] 
[INFO] [stdout] 
[INFO] [stdout] error[E0433]: failed to resolve: could not find `Window` in `platform_impl`
[INFO] [stdout]    --> /opt/rustwide/cargo-home/registry/src/github.com-1ecc6299db9ec823/winit-0.28.1/src/window.rs:465:24
[INFO] [stdout]     |
[INFO] [stdout] 465 |         platform_impl::Window::new(&window_target.p, self.window, self.platform_specific).map(
[INFO] [stdout]     |                        ^^^^^^ could not find `Window` in `platform_impl`
[INFO] [stdout] 
[INFO] [stdout] 
[INFO] [stdout] error[E0412]: cannot find type `OsError` in module `platform_impl`
[INFO] [stdout]   --> /opt/rustwide/cargo-home/registry/src/github.com-1ecc6299db9ec823/winit-0.28.1/src/error.rs:25:27
[INFO] [stdout]    |
[INFO] [stdout] 25 |     error: platform_impl::OsError,
[INFO] [stdout]    |                           ^^^^^^^ not found in `platform_impl`
[INFO] [stdout]    |
[INFO] [stdout] help: there is an enum variant `crate::window::BadIcon::OsError`; try using the variant's enum
[INFO] [stdout]    |
[INFO] [stdout] 25 |     error: crate::window::BadIcon,
[INFO] [stdout]    |            ~~~~~~~~~~~~~~~~~~~~~~
[INFO] [stdout] 
[INFO] [stdout] 
[INFO] [stdout] error[E0412]: cannot find type `OsError` in module `platform_impl`
[INFO] [stdout]   --> /opt/rustwide/cargo-home/registry/src/github.com-1ecc6299db9ec823/winit-0.28.1/src/error.rs:38:76
[INFO] [stdout]    |
[INFO] [stdout] 38 |     pub(crate) fn new(line: u32, file: &'static str, error: platform_impl::OsError) -> OsError {
[INFO] [stdout]    |                                                                            ^^^^^^^ not found in `platform_impl`
[INFO] [stdout]    |
[INFO] [stdout] help: there is an enum variant `crate::window::BadIcon::OsError`; try using the variant's enum
[INFO] [stdout]    |
[INFO] [stdout] 38 |     pub(crate) fn new(line: u32, file: &'static str, error: crate::window::BadIcon) -> OsError {
[INFO] [stdout]    |                                                             ~~~~~~~~~~~~~~~~~~~~~~
[INFO] [stdout] 
[INFO] [stdout] 
[INFO] [stdout] error[E0412]: cannot find type `DeviceId` in module `platform_impl`
[INFO] [stdout]    --> /opt/rustwide/cargo-home/registry/src/github.com-1ecc6299db9ec823/winit-0.28.1/src/event.rs:776:47
[INFO] [stdout]     |
[INFO] [stdout] 776 | pub struct DeviceId(pub(crate) platform_impl::DeviceId);
[INFO] [stdout]     |                                               ^^^^^^^^ not found in `platform_impl`
[INFO] [stdout] 
[INFO] [stdout] 
[INFO] [stdout] error[E0412]: cannot find type `EventLoop` in module `platform_impl`
[INFO] [stdout]   --> /opt/rustwide/cargo-home/registry/src/github.com-1ecc6299db9ec823/winit-0.28.1/src/event_loop.rs:36:43
[INFO] [stdout]    |
[INFO] [stdout] 36 |     pub(crate) event_loop: platform_impl::EventLoop<T>,
[INFO] [stdout]    |                                           ^^^^^^^^^ not found in `platform_impl`
[INFO] [stdout] 
[INFO] [stdout] 
[INFO] [stdout] error[E0412]: cannot find type `EventLoopWindowTarget` in module `platform_impl`
[INFO] [stdout]   --> /opt/rustwide/cargo-home/registry/src/github.com-1ecc6299db9ec823/winit-0.28.1/src/event_loop.rs:47:34
[INFO] [stdout]    |
[INFO] [stdout] 47 |     pub(crate) p: platform_impl::EventLoopWindowTarget<T>,
[INFO] [stdout]    |                                  ^^^^^^^^^^^^^^^^^^^^^ not found in `platform_impl`
[INFO] [stdout] 
[INFO] [stdout] 
[INFO] [stdout] error[E0412]: cannot find type `PlatformSpecificEventLoopAttributes` in module `platform_impl`
[INFO] [stdout]   --> /opt/rustwide/cargo-home/registry/src/github.com-1ecc6299db9ec823/winit-0.28.1/src/event_loop.rs:57:50
[INFO] [stdout]    |
[INFO] [stdout] 57 |     pub(crate) platform_specific: platform_impl::PlatformSpecificEventLoopAttributes,
[INFO] [stdout]    |                                                  ^^^^^^^^^^^^^^^^^^^^^^^^^^^^^^^^^^^ not found in `platform_impl`
[INFO] [stdout] 
[INFO] [stdout] 
[INFO] [stdout] error[E0433]: failed to resolve: could not find `EventLoop` in `platform_impl`
[INFO] [stdout]    --> /opt/rustwide/cargo-home/registry/src/github.com-1ecc6299db9ec823/winit-0.28.1/src/event_loop.rs:121:40
[INFO] [stdout]     |
[INFO] [stdout] 121 |             event_loop: platform_impl::EventLoop::new(&mut self.platform_specific),
[INFO] [stdout]     |                                        ^^^^^^^^^ could not find `EventLoop` in `platform_impl`
[INFO] [stdout]     |
[INFO] [stdout] help: consider importing this struct
[INFO] [stdout]     |
[INFO] [stdout] 10  | use crate::event_loop::EventLoop;
[INFO] [stdout]     |
[INFO] [stdout] help: if you import `EventLoop`, refer to it directly
[INFO] [stdout]     |
[INFO] [stdout] 121 -             event_loop: platform_impl::EventLoop::new(&mut self.platform_specific),
[INFO] [stdout] 121 +             event_loop: EventLoop::new(&mut self.platform_specific),
[INFO] [stdout]     |
[INFO] [stdout] 
[INFO] [stdout] 
[INFO] [stdout] error[E0412]: cannot find type `EventLoopProxy` in module `platform_impl`
[INFO] [stdout]    --> /opt/rustwide/cargo-home/registry/src/github.com-1ecc6299db9ec823/winit-0.28.1/src/event_loop.rs:373:38
[INFO] [stdout]     |
[INFO] [stdout] 373 |     event_loop_proxy: platform_impl::EventLoopProxy<T>,
[INFO] [stdout]     |                                      ^^^^^^^^^^^^^^ not found in `platform_impl`
[INFO] [stdout] 
[INFO] [stdout] 
[INFO] [stdout] error[E0412]: cannot find type `VideoMode` in module `platform_impl`
[INFO] [stdout]   --> /opt/rustwide/cargo-home/registry/src/github.com-1ecc6299db9ec823/winit-0.28.1/src/monitor.rs:18:43
[INFO] [stdout]    |
[INFO] [stdout] 18 |     pub(crate) video_mode: platform_impl::VideoMode,
[INFO] [stdout]    |                                           ^^^^^^^^^ not found in `platform_impl`
[INFO] [stdout] 
[INFO] [stdout] 
[INFO] [stdout] error[E0412]: cannot find type `MonitorHandle` in module `platform_impl`
[INFO] [stdout]    --> /opt/rustwide/cargo-home/registry/src/github.com-1ecc6299db9ec823/winit-0.28.1/src/monitor.rs:107:38
[INFO] [stdout]     |
[INFO] [stdout] 107 |     pub(crate) inner: platform_impl::MonitorHandle,
[INFO] [stdout]     |                                      ^^^^^^^^^^^^^ not found in `platform_impl`
[INFO] [stdout] 
[INFO] [stdout] 
[INFO] [stdout] error[E0412]: cannot find type `VideoMode` in this scope
[INFO] [stdout]   --> /opt/rustwide/cargo-home/registry/src/github.com-1ecc6299db9ec823/winit-0.28.1/src/platform_impl/mod.rs:31:15
[INFO] [stdout]    |
[INFO] [stdout] 31 |     Exclusive(VideoMode),
[INFO] [stdout]    |               ^^^^^^^^^ not found in this scope
[INFO] [stdout]    |
[INFO] [stdout] help: consider importing this struct
[INFO] [stdout]    |
[INFO] [stdout] 1  | use crate::monitor::VideoMode;
[INFO] [stdout]    |
[INFO] [stdout] 
[INFO] [stdout] 
[INFO] [stdout] error[E0412]: cannot find type `MonitorHandle` in this scope
[INFO] [stdout]    --> /opt/rustwide/cargo-home/registry/src/github.com-1ecc6299db9ec823/winit-0.28.1/src/platform_impl/mod.rs:32:23
[INFO] [stdout]     |
[INFO] [stdout] 32  |     Borderless(Option<MonitorHandle>),
[INFO] [stdout]     |                       ^^^^^^^^^^^^^
[INFO] [stdout]     |
[INFO] [stdout]    ::: /opt/rustwide/cargo-home/registry/src/github.com-1ecc6299db9ec823/winit-0.28.1/src/monitor.rs:106:1
[INFO] [stdout]     |
[INFO] [stdout] 106 | pub struct MonitorHandle {
[INFO] [stdout]     | ------------------------ similarly named struct `RootMonitorHandle` defined here
[INFO] [stdout]     |
[INFO] [stdout] help: a struct with a similar name exists
[INFO] [stdout]     |
[INFO] [stdout] 32  |     Borderless(Option<RootMonitorHandle>),
[INFO] [stdout]     |                       ~~~~~~~~~~~~~~~~~
[INFO] [stdout] help: consider importing this struct
[INFO] [stdout]     |
[INFO] [stdout] 1   | use crate::monitor::MonitorHandle;
[INFO] [stdout]     |
[INFO] [stdout] 
[INFO] [stdout] 
[INFO] [stdout] error[E0412]: cannot find type `Window` in module `platform_impl`
[INFO] [stdout]   --> /opt/rustwide/cargo-home/registry/src/github.com-1ecc6299db9ec823/winit-0.28.1/src/window.rs:45:39
[INFO] [stdout]    |
[INFO] [stdout] 45 |     pub(crate) window: platform_impl::Window,
[INFO] [stdout]    |                                       ^^^^^^ not found in `platform_impl`
[INFO] [stdout] 
[INFO] [stdout] 
[INFO] [stdout] error[E0412]: cannot find type `WindowId` in module `platform_impl`
[INFO] [stdout]   --> /opt/rustwide/cargo-home/registry/src/github.com-1ecc6299db9ec823/winit-0.28.1/src/window.rs:73:47
[INFO] [stdout]    |
[INFO] [stdout] 73 | pub struct WindowId(pub(crate) platform_impl::WindowId);
[INFO] [stdout]    |                                               ^^^^^^^^ not found in `platform_impl`
[INFO] [stdout] 
[INFO] [stdout] 
[INFO] [stdout] error[E0412]: cannot find type `PlatformSpecificWindowBuilderAttributes` in module `platform_impl`
[INFO] [stdout]    --> /opt/rustwide/cargo-home/registry/src/github.com-1ecc6299db9ec823/winit-0.28.1/src/window.rs:110:50
[INFO] [stdout]     |
[INFO] [stdout] 110 |     pub(crate) platform_specific: platform_impl::PlatformSpecificWindowBuilderAttributes,
[INFO] [stdout]     |                                                  ^^^^^^^^^^^^^^^^^^^^^^^^^^^^^^^^^^^^^^^ not found in `platform_impl`
[INFO] [stdout] 
[INFO] [stdout] 
[INFO] [stderr]     Checking epaint v0.21.0
[INFO] [stdout] error[E0282]: type annotations needed
[INFO] [stdout]    --> /opt/rustwide/cargo-home/registry/src/github.com-1ecc6299db9ec823/winit-0.28.1/src/window.rs:492:17
[INFO] [stdout]     |
[INFO] [stdout] 492 |         builder.build(event_loop)
[INFO] [stdout]     |                 ^^^^^ cannot infer type of the type parameter `T` declared on the method `build`
[INFO] [stdout]     |
[INFO] [stdout] help: consider specifying the generic argument
[INFO] [stdout]     |
[INFO] [stdout] 492 |         builder.build::<T>(event_loop)
[INFO] [stdout]     |                      +++++
[INFO] [stdout] 
[INFO] [stdout] 
[INFO] [stdout] error: aborting due to 22 previous errors
[INFO] [stdout] 
[INFO] [stdout] 
[INFO] [stdout] Some errors have detailed explanations: E0282, E0412, E0432, E0433.
[INFO] [stdout] 
[INFO] [stdout] For more information about an error, try `rustc --explain E0282`.
[INFO] [stdout] 
[INFO] [stderr] error: could not compile `winit` due to 23 previous errors
[INFO] [stderr] warning: build failed, waiting for other jobs to finish...
[INFO] running `Command { std: "docker" "inspect" "2e78d6e0093c46d89227bc92515a88a9b906e46f16bbcc7658783c70160e4003", kill_on_drop: false }`
[INFO] running `Command { std: "docker" "rm" "-f" "2e78d6e0093c46d89227bc92515a88a9b906e46f16bbcc7658783c70160e4003", kill_on_drop: false }`
[INFO] [stdout] 2e78d6e0093c46d89227bc92515a88a9b906e46f16bbcc7658783c70160e4003
