[INFO] fetching crate edma 0.1.0-beta.5...
[INFO] documenting edma-0.1.0-beta.5 against 1.69.0 for beta-1.70-rustdoc-1
[INFO] extracting crate edma 0.1.0-beta.5 into /workspace/builds/worker-0-tc1/source
[INFO] validating manifest of crates.io crate edma 0.1.0-beta.5 on toolchain 1.69.0
[INFO] running `Command { std: CARGO_HOME="/workspace/cargo-home" RUSTUP_HOME="/workspace/rustup-home" "/workspace/cargo-home/bin/cargo" "+1.69.0" "metadata" "--manifest-path" "Cargo.toml" "--no-deps", kill_on_drop: false }`
[INFO] started tweaking crates.io crate edma 0.1.0-beta.5
[INFO] finished tweaking crates.io crate edma 0.1.0-beta.5
[INFO] tweaked toml for crates.io crate edma 0.1.0-beta.5 written to /workspace/builds/worker-0-tc1/source/Cargo.toml
[INFO] crate crates.io crate edma 0.1.0-beta.5 already has a lockfile, it will not be regenerated
[INFO] running `Command { std: CARGO_HOME="/workspace/cargo-home" RUSTUP_HOME="/workspace/rustup-home" "/workspace/cargo-home/bin/cargo" "+1.69.0" "fetch" "--manifest-path" "Cargo.toml", kill_on_drop: false }`
[INFO] [stderr]  Downloading crates ...
[INFO] [stderr]   Downloaded rocksdb v0.19.0
[INFO] [stderr]   Downloaded path-dedot v3.0.18
[INFO] [stderr]   Downloaded path-absolutize v3.0.14
[INFO] [stderr]   Downloaded crossterm_winapi v0.7.0
[INFO] [stderr]   Downloaded signal-hook v0.1.17
[INFO] [stderr]   Downloaded tui-textarea v0.2.0
[INFO] [stderr]   Downloaded crossterm v0.19.0
[INFO] [stderr]   Downloaded ntapi v0.3.7
[INFO] [stderr]   Downloaded zstd-sys v2.0.5+zstd.1.5.2
[INFO] [stderr]   Downloaded librocksdb-sys v0.8.0+7.4.4
[INFO] [stderr]   Downloaded edma_storage v0.0.2
[INFO] [stderr]   Downloaded redb v0.10.0
[INFO] running `Command { std: "docker" "create" "-v" "/var/lib/crater-agent-workspace/builds/worker-0-tc1/target:/opt/rustwide/target:rw,Z" "-v" "/var/lib/crater-agent-workspace/builds/worker-0-tc1/source:/opt/rustwide/workdir:ro,Z" "-v" "/var/lib/crater-agent-workspace/cargo-home:/opt/rustwide/cargo-home:ro,Z" "-v" "/var/lib/crater-agent-workspace/rustup-home:/opt/rustwide/rustup-home:ro,Z" "-e" "SOURCE_DIR=/opt/rustwide/workdir" "-e" "CARGO_TARGET_DIR=/opt/rustwide/target" "-e" "CARGO_HOME=/opt/rustwide/cargo-home" "-e" "RUSTUP_HOME=/opt/rustwide/rustup-home" "-w" "/opt/rustwide/workdir" "-m" "1610612736" "--user" "0:0" "--network" "none" "ghcr.io/rust-lang/crates-build-env/linux@sha256:5ff2268d62e97bff2cde7d5815dd6ed5b47097566f13b8d0ca110b04b60e07ed" "/opt/rustwide/cargo-home/bin/cargo" "+1.69.0" "metadata" "--no-deps" "--format-version=1", kill_on_drop: false }`
[INFO] [stdout] 7998af1fd202d022b2a2076df3ee59eb4f3d30cfb659233ade7f3f8f517365ff
[INFO] running `Command { std: "docker" "start" "-a" "7998af1fd202d022b2a2076df3ee59eb4f3d30cfb659233ade7f3f8f517365ff", kill_on_drop: false }`
[INFO] running `Command { std: "docker" "inspect" "7998af1fd202d022b2a2076df3ee59eb4f3d30cfb659233ade7f3f8f517365ff", kill_on_drop: false }`
[INFO] running `Command { std: "docker" "rm" "-f" "7998af1fd202d022b2a2076df3ee59eb4f3d30cfb659233ade7f3f8f517365ff", kill_on_drop: false }`
[INFO] [stdout] 7998af1fd202d022b2a2076df3ee59eb4f3d30cfb659233ade7f3f8f517365ff
[INFO] running `Command { std: "docker" "create" "-v" "/var/lib/crater-agent-workspace/builds/worker-0-tc1/target:/opt/rustwide/target:rw,Z" "-v" "/var/lib/crater-agent-workspace/builds/worker-0-tc1/source:/opt/rustwide/workdir:ro,Z" "-v" "/var/lib/crater-agent-workspace/cargo-home:/opt/rustwide/cargo-home:ro,Z" "-v" "/var/lib/crater-agent-workspace/rustup-home:/opt/rustwide/rustup-home:ro,Z" "-e" "SOURCE_DIR=/opt/rustwide/workdir" "-e" "CARGO_TARGET_DIR=/opt/rustwide/target" "-e" "CARGO_INCREMENTAL=0" "-e" "RUST_BACKTRACE=full" "-e" "RUSTFLAGS=--cap-lints=warn" "-e" "RUSTDOCFLAGS=--cap-lints=warn" "-e" "CARGO_HOME=/opt/rustwide/cargo-home" "-e" "RUSTUP_HOME=/opt/rustwide/rustup-home" "-w" "/opt/rustwide/workdir" "-m" "1610612736" "--user" "0:0" "--network" "none" "ghcr.io/rust-lang/crates-build-env/linux@sha256:5ff2268d62e97bff2cde7d5815dd6ed5b47097566f13b8d0ca110b04b60e07ed" "/opt/rustwide/cargo-home/bin/cargo" "+1.69.0" "doc" "--frozen" "--no-deps" "--document-private-items" "--message-format=json", kill_on_drop: false }`
[INFO] [stdout] fa13d52bb6fb3bbd1ac35165812f80bbfcda4f43d50660c6eb37fed6bc7f06a4
[INFO] running `Command { std: "docker" "start" "-a" "fa13d52bb6fb3bbd1ac35165812f80bbfcda4f43d50660c6eb37fed6bc7f06a4", kill_on_drop: false }`
[INFO] [stderr]    Compiling libc v0.2.139
[INFO] [stderr]    Compiling proc-macro2 v1.0.50
[INFO] [stderr]    Compiling syn v1.0.107
[INFO] [stderr]    Compiling target-lexicon v0.12.5
[INFO] [stderr]    Compiling clang-sys v1.4.0
[INFO] [stderr]    Compiling futures-core v0.3.25
[INFO] [stderr]    Compiling regex-syntax v0.6.28
[INFO] [stderr]    Compiling bindgen v0.60.1
[INFO] [stderr]    Compiling parking_lot_core v0.9.6
[INFO] [stderr]    Compiling futures-channel v0.3.25
[INFO] [stderr]    Compiling futures-task v0.3.25
[INFO] [stderr]    Compiling nom v7.1.3
[INFO] [stderr]    Compiling signal-hook v0.3.14
[INFO] [stderr]    Compiling memoffset v0.7.1
[INFO] [stderr]    Compiling futures-util v0.3.25
[INFO] [stderr]    Compiling once_cell v1.17.0
[INFO] [stderr]    Compiling serde_derive v1.0.152
[INFO] [stderr]    Compiling crossbeam-utils v0.8.14
[INFO] [stderr]     Checking futures-sink v0.3.25
[INFO] [stderr]    Compiling num-traits v0.2.15
[INFO] [stderr]    Compiling crossbeam-epoch v0.9.13
[INFO] [stderr]     Checking futures-io v0.3.25
[INFO] [stderr]    Compiling serde v1.0.152
[INFO] [stderr]    Compiling async-trait v0.1.63
[INFO] [stderr]    Compiling unicode-segmentation v1.10.0
[INFO] [stderr]    Compiling serde_json v1.0.91
[INFO] [stderr]    Compiling thiserror v1.0.38
[INFO] [stderr]    Compiling tokio v1.24.2
[INFO] [stderr]     Checking path-dedot v3.0.18
[INFO] [stderr]    Compiling heck v0.3.3
[INFO] [stderr]     Checking itoa v1.0.5
[INFO] [stderr]     Checking iana-time-zone v0.1.53
[INFO] [stderr]     Checking cassowary v0.3.0
[INFO] [stderr]    Compiling anyhow v1.0.68
[INFO] [stderr]    Compiling quote v1.0.23
[INFO] [stderr]     Checking ryu v1.0.12
[INFO] [stderr]    Compiling pyo3-build-config v0.17.3
[INFO] [stderr]     Checking signal-hook-registry v1.4.0
[INFO] [stderr]    Compiling jobserver v0.1.25
[INFO] [stderr]     Checking mio v0.8.5
[INFO] [stderr]     Checking getrandom v0.2.8
[INFO] [stderr]     Checking parking_lot_core v0.8.6
[INFO] [stderr]     Checking mio v0.7.14
[INFO] [stderr]    Compiling cc v1.0.78
[INFO] [stderr]     Checking time v0.1.45
[INFO] [stderr]     Checking parking_lot v0.12.1
[INFO] [stderr]     Checking rand_core v0.6.4
[INFO] [stderr]    Compiling proc-macro-error-attr v1.0.4
[INFO] [stderr]     Checking parking_lot v0.11.2
[INFO] [stderr]     Checking atty v0.2.14
[INFO] [stderr]     Checking signal-hook-mio v0.2.3
[INFO] [stderr]     Checking fs2 v0.4.3
[INFO] [stderr]     Checking signal-hook v0.1.17
[INFO] [stderr]     Checking rand_chacha v0.3.1
[INFO] [stderr]     Checking clap v2.34.0
[INFO] [stderr]     Checking num_cpus v1.15.0
[INFO] [stderr]     Checking crossterm v0.25.0
[INFO] [stderr]     Checking socket2 v0.4.7
[INFO] [stderr]     Checking num-integer v0.1.45
[INFO] [stderr]     Checking sled v0.34.7
[INFO] [stderr]     Checking path-absolutize v3.0.14
[INFO] [stderr]     Checking bytes v1.3.0
[INFO] [stderr]     Checking rand v0.8.5
[INFO] [stderr]     Checking crossterm v0.19.0
[INFO] [stderr]    Compiling regex v1.7.1
[INFO] [stderr]     Checking chrono v0.4.23
[INFO] [stderr]    Compiling cexpr v0.6.0
[INFO] [stderr]     Checking uuid v1.2.2
[INFO] [stderr]     Checking tui v0.19.0
[INFO] [stderr]    Compiling libz-sys v1.1.8
[INFO] [stderr]    Compiling bzip2-sys v0.1.11+1.0.8
[INFO] [stderr]    Compiling zstd-sys v2.0.5+zstd.1.5.2
[INFO] [stderr]    Compiling redb v0.10.0
[INFO] [stderr]     Checking tui-textarea v0.2.0
[INFO] [stderr]    Compiling proc-macro-error v1.0.4
[INFO] [stderr]    Compiling futures-macro v0.3.25
[INFO] [stderr]    Compiling thiserror-impl v1.0.38
[INFO] [stderr]    Compiling tokio-macros v1.8.2
[INFO] [stderr]    Compiling structopt-derive v0.4.18
[INFO] [stderr]     Checking structopt v0.3.26
[INFO] [stderr]    Compiling librocksdb-sys v0.8.0+7.4.4
[INFO] [stderr]     Checking futures-executor v0.3.25
[INFO] [stderr]     Checking futures v0.3.25
[INFO] [stderr] error: could not compile `serde_json`
[INFO] [stderr] 
[INFO] [stderr] Caused by:
[INFO] [stderr]   process didn't exit successfully: `rustc --crate-name serde_json --edition=2018 /opt/rustwide/cargo-home/registry/src/github.com-1ecc6299db9ec823/serde_json-1.0.91/src/lib.rs --error-format=json --json=diagnostic-rendered-ansi,artifacts,future-incompat --crate-type lib --emit=dep-info,metadata -C embed-bitcode=no -C debuginfo=2 --cfg 'feature="default"' --cfg 'feature="std"' -C metadata=e5bd40f9d2f28931 -C extra-filename=-e5bd40f9d2f28931 --out-dir /opt/rustwide/target/debug/deps -L dependency=/opt/rustwide/target/debug/deps --extern itoa=/opt/rustwide/target/debug/deps/libitoa-b897819b7e4024b4.rmeta --extern ryu=/opt/rustwide/target/debug/deps/libryu-7bb33339c4be389c.rmeta --extern serde=/opt/rustwide/target/debug/deps/libserde-8a79ba41eb0b62b6.rmeta --cap-lints allow --cap-lints=warn --cfg limb_width_64` (signal: 9, SIGKILL: kill)
[INFO] [stderr] warning: build failed, waiting for other jobs to finish...
[INFO] [stderr] The following warnings were emitted during compilation:
[INFO] [stderr] 
[INFO] [stderr] warning: c++: fatal error: Killed signal terminated program cc1plus
[INFO] [stderr] warning: compilation terminated.
[INFO] [stderr] warning: c++: fatal error: Killed signal terminated program cc1plus
[INFO] [stderr] warning: compilation terminated.
[INFO] [stderr] warning: c++: fatal error: Killed signal terminated program cc1plus
[INFO] [stderr] warning: compilation terminated.
[INFO] [stderr] warning: c++: fatal error: Killed signal terminated program cc1plus
[INFO] [stderr] warning: compilation terminated.
[INFO] [stderr] warning: c++: fatal error: Killed signal terminated program cc1plus
[INFO] [stderr] warning: compilation terminated.
[INFO] [stderr] 
[INFO] [stderr] error: failed to run custom build command for `librocksdb-sys v0.8.0+7.4.4`
[INFO] [stderr] note: To improve backtraces for build dependencies, set the CARGO_PROFILE_DEV_BUILD_OVERRIDE_DEBUG=true environment variable to enable debug information generation.
[INFO] [stderr] 
[INFO] [stderr] Caused by:
[INFO] [stderr]   process didn't exit successfully: `/opt/rustwide/target/debug/build/librocksdb-sys-915d49d923a4ad6f/build-script-build` (exit status: 1)
[INFO] [stderr]   --- stdout
[INFO] [stderr]   cargo:rerun-if-changed=rocksdb/
[INFO] [stderr]   TARGET = Some("x86_64-unknown-linux-gnu")
[INFO] [stderr]   OPT_LEVEL = Some("0")
[INFO] [stderr]   HOST = Some("x86_64-unknown-linux-gnu")
[INFO] [stderr]   cargo:rerun-if-env-changed=CXX_x86_64-unknown-linux-gnu
[INFO] [stderr]   CXX_x86_64-unknown-linux-gnu = None
[INFO] [stderr]   cargo:rerun-if-env-changed=CXX_x86_64_unknown_linux_gnu
[INFO] [stderr]   CXX_x86_64_unknown_linux_gnu = None
[INFO] [stderr]   cargo:rerun-if-env-changed=HOST_CXX
[INFO] [stderr]   HOST_CXX = None
[INFO] [stderr]   cargo:rerun-if-env-changed=CXX
[INFO] [stderr]   CXX = None
[INFO] [stderr]   cargo:rerun-if-env-changed=CXXFLAGS_x86_64-unknown-linux-gnu
[INFO] [stderr]   CXXFLAGS_x86_64-unknown-linux-gnu = None
[INFO] [stderr]   cargo:rerun-if-env-changed=CXXFLAGS_x86_64_unknown_linux_gnu
[INFO] [stderr]   CXXFLAGS_x86_64_unknown_linux_gnu = None
[INFO] [stderr]   cargo:rerun-if-env-changed=HOST_CXXFLAGS
[INFO] [stderr]   HOST_CXXFLAGS = None
[INFO] [stderr]   cargo:rerun-if-env-changed=CXXFLAGS
[INFO] [stderr]   CXXFLAGS = None
[INFO] [stderr]   cargo:rerun-if-env-changed=CRATE_CC_NO_DEFAULTS
[INFO] [stderr]   CRATE_CC_NO_DEFAULTS = None
[INFO] [stderr]   DEBUG = Some("true")
[INFO] [stderr]   CARGO_CFG_TARGET_FEATURE = Some("fxsr,sse,sse2")
[INFO] [stderr]   cargo:rerun-if-env-changed=CXX_x86_64-unknown-linux-gnu
[INFO] [stderr]   CXX_x86_64-unknown-linux-gnu = None
[INFO] [stderr]   cargo:rerun-if-env-changed=CXX_x86_64_unknown_linux_gnu
[INFO] [stderr]   CXX_x86_64_unknown_linux_gnu = None
[INFO] [stderr]   cargo:rerun-if-env-changed=HOST_CXX
[INFO] [stderr]   HOST_CXX = None
[INFO] [stderr]   cargo:rerun-if-env-changed=CXX
[INFO] [stderr]   CXX = None
[INFO] [stderr]   cargo:rerun-if-env-changed=CXXFLAGS_x86_64-unknown-linux-gnu
[INFO] [stderr]   CXXFLAGS_x86_64-unknown-linux-gnu = None
[INFO] [stderr]   cargo:rerun-if-env-changed=CXXFLAGS_x86_64_unknown_linux_gnu
[INFO] [stderr]   CXXFLAGS_x86_64_unknown_linux_gnu = None
[INFO] [stderr]   cargo:rerun-if-env-changed=HOST_CXXFLAGS
[INFO] [stderr]   HOST_CXXFLAGS = None
[INFO] [stderr]   cargo:rerun-if-env-changed=CXXFLAGS
[INFO] [stderr]   CXXFLAGS = None
[INFO] [stderr]   cargo:rerun-if-env-changed=CRATE_CC_NO_DEFAULTS
[INFO] [stderr]   CRATE_CC_NO_DEFAULTS = None
[INFO] [stderr]   CARGO_CFG_TARGET_FEATURE = Some("fxsr,sse,sse2")
[INFO] [stderr]   cargo:rerun-if-env-changed=CXX_x86_64-unknown-linux-gnu
[INFO] [stderr]   CXX_x86_64-unknown-linux-gnu = None
[INFO] [stderr]   cargo:rerun-if-env-changed=CXX_x86_64_unknown_linux_gnu
[INFO] [stderr]   CXX_x86_64_unknown_linux_gnu = None
[INFO] [stderr]   cargo:rerun-if-env-changed=HOST_CXX
[INFO] [stderr]   HOST_CXX = None
[INFO] [stderr]   cargo:rerun-if-env-changed=CXX
[INFO] [stderr]   CXX = None
[INFO] [stderr]   cargo:rerun-if-env-changed=CXXFLAGS_x86_64-unknown-linux-gnu
[INFO] [stderr]   CXXFLAGS_x86_64-unknown-linux-gnu = None
[INFO] [stderr]   cargo:rerun-if-env-changed=CXXFLAGS_x86_64_unknown_linux_gnu
[INFO] [stderr]   CXXFLAGS_x86_64_unknown_linux_gnu = None
[INFO] [stderr]   cargo:rerun-if-env-changed=HOST_CXXFLAGS
[INFO] [stderr]   HOST_CXXFLAGS = None
[INFO] [stderr]   cargo:rerun-if-env-changed=CXXFLAGS
[INFO] [stderr]   CXXFLAGS = None
[INFO] [stderr]   cargo:rerun-if-env-changed=CRATE_CC_NO_DEFAULTS
[INFO] [stderr]   CRATE_CC_NO_DEFAULTS = None
[INFO] [stderr]   CARGO_CFG_TARGET_FEATURE = Some("fxsr,sse,sse2")
[INFO] [stderr]   running: "c++" "-O0" "-ffunction-sections" "-fdata-sections" "-fPIC" "-gdwarf-4" "-fno-omit-frame-pointer" "-m64" "-I" "rocksdb/include/" "-I" "rocksdb/" "-I" "rocksdb/third-party/gtest-1.8.1/fused-src/" "-I" "snappy/" "-I" "lz4/lib/" "-I" "/opt/rustwide/cargo-home/registry/src/github.com-1ecc6299db9ec823/zstd-sys-2.0.5+zstd.1.5.2/zstd/lib" "-I" "/opt/rustwide/target/debug/build/libz-sys-c6734e9f2496c5f1/out/include" "-I" "/opt/rustwide/target/debug/build/bzip2-sys-ecee00c8969d0541/out/include" "-I" "." "-Wall" "-Wextra" "-std=c++17" "-Wsign-compare" "-Wshadow" "-Wno-unused-parameter" "-Wno-unused-variable" "-Woverloaded-virtual" "-Wnon-virtual-dtor" "-Wno-missing-field-initializers" "-Wno-strict-aliasing" "-Wno-invalid-offsetof" "-msse2" "-std=c++17" "-DSNAPPY=1" "-DLZ4=1" "-DZSTD=1" "-DZLIB=1" "-DBZIP2=1" "-DNDEBUG=1" "-DOS_LINUX" "-DROCKSDB_PLATFORM_POSIX" "-DROCKSDB_LIB_IO_POSIX" "-DROCKSDB_SUPPORT_THREAD_LOCAL" "-DHAVE_UINT128_EXTENSION=1" "-o" "/opt/rustwide/target/debug/build/librocksdb-sys-e689f6117172a591/out/rocksdb/cache/cache.o" "-c" "rocksdb/cache/cache.cc"
[INFO] [stderr]   running: "c++" "-O0" "-ffunction-sections" "-fdata-sections" "-fPIC" "-gdwarf-4" "-fno-omit-frame-pointer" "-m64" "-I" "rocksdb/include/" "-I" "rocksdb/" "-I" "rocksdb/third-party/gtest-1.8.1/fused-src/" "-I" "snappy/" "-I" "lz4/lib/" "-I" "/opt/rustwide/cargo-home/registry/src/github.com-1ecc6299db9ec823/zstd-sys-2.0.5+zstd.1.5.2/zstd/lib" "-I" "/opt/rustwide/target/debug/build/libz-sys-c6734e9f2496c5f1/out/include" "-I" "/opt/rustwide/target/debug/build/bzip2-sys-ecee00c8969d0541/out/include" "-I" "." "-Wall" "-Wextra" "-std=c++17" "-Wsign-compare" "-Wshadow" "-Wno-unused-parameter" "-Wno-unused-variable" "-Woverloaded-virtual" "-Wnon-virtual-dtor" "-Wno-missing-field-initializers" "-Wno-strict-aliasing" "-Wno-invalid-offsetof" "-msse2" "-std=c++17" "-DSNAPPY=1" "-DLZ4=1" "-DZSTD=1" "-DZLIB=1" "-DBZIP2=1" "-DNDEBUG=1" "-DOS_LINUX" "-DROCKSDB_PLATFORM_POSIX" "-DROCKSDB_LIB_IO_POSIX" "-DROCKSDB_SUPPORT_THREAD_LOCAL" "-DHAVE_UINT128_EXTENSION=1" "-o" "/opt/rustwide/target/debug/build/librocksdb-sys-e689f6117172a591/out/rocksdb/cache/cache_entry_roles.o" "-c" "rocksdb/cache/cache_entry_roles.cc"
[INFO] [stderr]   running: "c++" "-O0" "-ffunction-sections" "-fdata-sections" "-fPIC" "-gdwarf-4" "-fno-omit-frame-pointer" "-m64" "-I" "rocksdb/include/" "-I" "rocksdb/" "-I" "rocksdb/third-party/gtest-1.8.1/fused-src/" "-I" "snappy/" "-I" "lz4/lib/" "-I" "/opt/rustwide/cargo-home/registry/src/github.com-1ecc6299db9ec823/zstd-sys-2.0.5+zstd.1.5.2/zstd/lib" "-I" "/opt/rustwide/target/debug/build/libz-sys-c6734e9f2496c5f1/out/include" "-I" "/opt/rustwide/target/debug/build/bzip2-sys-ecee00c8969d0541/out/include" "-I" "." "-Wall" "-Wextra" "-std=c++17" "-Wsign-compare" "-Wshadow" "-Wno-unused-parameter" "-Wno-unused-variable" "-Woverloaded-virtual" "-Wnon-virtual-dtor" "-Wno-missing-field-initializers" "-Wno-strict-aliasing" "-Wno-invalid-offsetof" "-msse2" "-std=c++17" "-DSNAPPY=1" "-DLZ4=1" "-DZSTD=1" "-DZLIB=1" "-DBZIP2=1" "-DNDEBUG=1" "-DOS_LINUX" "-DROCKSDB_PLATFORM_POSIX" "-DROCKSDB_LIB_IO_POSIX" "-DROCKSDB_SUPPORT_THREAD_LOCAL" "-DHAVE_UINT128_EXTENSION=1" "-o" "/opt/rustwide/target/debug/build/librocksdb-sys-e689f6117172a591/out/rocksdb/cache/clock_cache.o" "-c" "rocksdb/cache/clock_cache.cc"
[INFO] [stderr]   running: "c++" "-O0" "-ffunction-sections" "-fdata-sections" "-fPIC" "-gdwarf-4" "-fno-omit-frame-pointer" "-m64" "-I" "rocksdb/include/" "-I" "rocksdb/" "-I" "rocksdb/third-party/gtest-1.8.1/fused-src/" "-I" "snappy/" "-I" "lz4/lib/" "-I" "/opt/rustwide/cargo-home/registry/src/github.com-1ecc6299db9ec823/zstd-sys-2.0.5+zstd.1.5.2/zstd/lib" "-I" "/opt/rustwide/target/debug/build/libz-sys-c6734e9f2496c5f1/out/include" "-I" "/opt/rustwide/target/debug/build/bzip2-sys-ecee00c8969d0541/out/include" "-I" "." "-Wall" "-Wextra" "-std=c++17" "-Wsign-compare" "-Wshadow" "-Wno-unused-parameter" "-Wno-unused-variable" "-Woverloaded-virtual" "-Wnon-virtual-dtor" "-Wno-missing-field-initializers" "-Wno-strict-aliasing" "-Wno-invalid-offsetof" "-msse2" "-std=c++17" "-DSNAPPY=1" "-DLZ4=1" "-DZSTD=1" "-DZLIB=1" "-DBZIP2=1" "-DNDEBUG=1" "-DOS_LINUX" "-DROCKSDB_PLATFORM_POSIX" "-DROCKSDB_LIB_IO_POSIX" "-DROCKSDB_SUPPORT_THREAD_LOCAL" "-DHAVE_UINT128_EXTENSION=1" "-o" "/opt/rustwide/target/debug/build/librocksdb-sys-e689f6117172a591/out/rocksdb/cache/fast_lru_cache.o" "-c" "rocksdb/cache/fast_lru_cache.cc"
[INFO] [stderr]   running: "c++" "-O0" "-ffunction-sections" "-fdata-sections" "-fPIC" "-gdwarf-4" "-fno-omit-frame-pointer" "-m64" "-I" "rocksdb/include/" "-I" "rocksdb/" "-I" "rocksdb/third-party/gtest-1.8.1/fused-src/" "-I" "snappy/" "-I" "lz4/lib/" "-I" "/opt/rustwide/cargo-home/registry/src/github.com-1ecc6299db9ec823/zstd-sys-2.0.5+zstd.1.5.2/zstd/lib" "-I" "/opt/rustwide/target/debug/build/libz-sys-c6734e9f2496c5f1/out/include" "-I" "/opt/rustwide/target/debug/build/bzip2-sys-ecee00c8969d0541/out/include" "-I" "." "-Wall" "-Wextra" "-std=c++17" "-Wsign-compare" "-Wshadow" "-Wno-unused-parameter" "-Wno-unused-variable" "-Woverloaded-virtual" "-Wnon-virtual-dtor" "-Wno-missing-field-initializers" "-Wno-strict-aliasing" "-Wno-invalid-offsetof" "-msse2" "-std=c++17" "-DSNAPPY=1" "-DLZ4=1" "-DZSTD=1" "-DZLIB=1" "-DBZIP2=1" "-DNDEBUG=1" "-DOS_LINUX" "-DROCKSDB_PLATFORM_POSIX" "-DROCKSDB_LIB_IO_POSIX" "-DROCKSDB_SUPPORT_THREAD_LOCAL" "-DHAVE_UINT128_EXTENSION=1" "-o" "/opt/rustwide/target/debug/build/librocksdb-sys-e689f6117172a591/out/rocksdb/cache/cache_reservation_manager.o" "-c" "rocksdb/cache/cache_reservation_manager.cc"
[INFO] [stderr]   running: "c++" "-O0" "-ffunction-sections" "-fdata-sections" "-fPIC" "-gdwarf-4" "-fno-omit-frame-pointer" "-m64" "-I" "rocksdb/include/" "-I" "rocksdb/" "-I" "rocksdb/third-party/gtest-1.8.1/fused-src/" "-I" "snappy/" "-I" "lz4/lib/" "-I" "/opt/rustwide/cargo-home/registry/src/github.com-1ecc6299db9ec823/zstd-sys-2.0.5+zstd.1.5.2/zstd/lib" "-I" "/opt/rustwide/target/debug/build/libz-sys-c6734e9f2496c5f1/out/include" "-I" "/opt/rustwide/target/debug/build/bzip2-sys-ecee00c8969d0541/out/include" "-I" "." "-Wall" "-Wextra" "-std=c++17" "-Wsign-compare" "-Wshadow" "-Wno-unused-parameter" "-Wno-unused-variable" "-Woverloaded-virtual" "-Wnon-virtual-dtor" "-Wno-missing-field-initializers" "-Wno-strict-aliasing" "-Wno-invalid-offsetof" "-msse2" "-std=c++17" "-DSNAPPY=1" "-DLZ4=1" "-DZSTD=1" "-DZLIB=1" "-DBZIP2=1" "-DNDEBUG=1" "-DOS_LINUX" "-DROCKSDB_PLATFORM_POSIX" "-DROCKSDB_LIB_IO_POSIX" "-DROCKSDB_SUPPORT_THREAD_LOCAL" "-DHAVE_UINT128_EXTENSION=1" "-o" "/opt/rustwide/target/debug/build/librocksdb-sys-e689f6117172a591/out/rocksdb/cache/sharded_cache.o" "-c" "rocksdb/cache/sharded_cache.cc"
[INFO] [stderr]   running: "c++" "-O0" "-ffunction-sections" "-fdata-sections" "-fPIC" "-gdwarf-4" "-fno-omit-frame-pointer" "-m64" "-I" "rocksdb/include/" "-I" "rocksdb/" "-I" "rocksdb/third-party/gtest-1.8.1/fused-src/" "-I" "snappy/" "-I" "lz4/lib/" "-I" "/opt/rustwide/cargo-home/registry/src/github.com-1ecc6299db9ec823/zstd-sys-2.0.5+zstd.1.5.2/zstd/lib" "-I" "/opt/rustwide/target/debug/build/libz-sys-c6734e9f2496c5f1/out/include" "-I" "/opt/rustwide/target/debug/build/bzip2-sys-ecee00c8969d0541/out/include" "-I" "." "-Wall" "-Wextra" "-std=c++17" "-Wsign-compare" "-Wshadow" "-Wno-unused-parameter" "-Wno-unused-variable" "-Woverloaded-virtual" "-Wnon-virtual-dtor" "-Wno-missing-field-initializers" "-Wno-strict-aliasing" "-Wno-invalid-offsetof" "-msse2" "-std=c++17" "-DSNAPPY=1" "-DLZ4=1" "-DZSTD=1" "-DZLIB=1" "-DBZIP2=1" "-DNDEBUG=1" "-DOS_LINUX" "-DROCKSDB_PLATFORM_POSIX" "-DROCKSDB_LIB_IO_POSIX" "-DROCKSDB_SUPPORT_THREAD_LOCAL" "-DHAVE_UINT128_EXTENSION=1" "-o" "/opt/rustwide/target/debug/build/librocksdb-sys-e689f6117172a591/out/rocksdb/db/blob/blob_fetcher.o" "-c" "rocksdb/db/blob/blob_fetcher.cc"
[INFO] [stderr]   running: "c++" "-O0" "-ffunction-sections" "-fdata-sections" "-fPIC" "-gdwarf-4" "-fno-omit-frame-pointer" "-m64" "-I" "rocksdb/include/" "-I" "rocksdb/" "-I" "rocksdb/third-party/gtest-1.8.1/fused-src/" "-I" "snappy/" "-I" "lz4/lib/" "-I" "/opt/rustwide/cargo-home/registry/src/github.com-1ecc6299db9ec823/zstd-sys-2.0.5+zstd.1.5.2/zstd/lib" "-I" "/opt/rustwide/target/debug/build/libz-sys-c6734e9f2496c5f1/out/include" "-I" "/opt/rustwide/target/debug/build/bzip2-sys-ecee00c8969d0541/out/include" "-I" "." "-Wall" "-Wextra" "-std=c++17" "-Wsign-compare" "-Wshadow" "-Wno-unused-parameter" "-Wno-unused-variable" "-Woverloaded-virtual" "-Wnon-virtual-dtor" "-Wno-missing-field-initializers" "-Wno-strict-aliasing" "-Wno-invalid-offsetof" "-msse2" "-std=c++17" "-DSNAPPY=1" "-DLZ4=1" "-DZSTD=1" "-DZLIB=1" "-DBZIP2=1" "-DNDEBUG=1" "-DOS_LINUX" "-DROCKSDB_PLATFORM_POSIX" "-DROCKSDB_LIB_IO_POSIX" "-DROCKSDB_SUPPORT_THREAD_LOCAL" "-DHAVE_UINT128_EXTENSION=1" "-o" "/opt/rustwide/target/debug/build/librocksdb-sys-e689f6117172a591/out/rocksdb/cache/lru_cache.o" "-c" "rocksdb/cache/lru_cache.cc"
[INFO] [stderr]   running: "c++" "-O0" "-ffunction-sections" "-fdata-sections" "-fPIC" "-gdwarf-4" "-fno-omit-frame-pointer" "-m64" "-I" "rocksdb/include/" "-I" "rocksdb/" "-I" "rocksdb/third-party/gtest-1.8.1/fused-src/" "-I" "snappy/" "-I" "lz4/lib/" "-I" "/opt/rustwide/cargo-home/registry/src/github.com-1ecc6299db9ec823/zstd-sys-2.0.5+zstd.1.5.2/zstd/lib" "-I" "/opt/rustwide/target/debug/build/libz-sys-c6734e9f2496c5f1/out/include" "-I" "/opt/rustwide/target/debug/build/bzip2-sys-ecee00c8969d0541/out/include" "-I" "." "-Wall" "-Wextra" "-std=c++17" "-Wsign-compare" "-Wshadow" "-Wno-unused-parameter" "-Wno-unused-variable" "-Woverloaded-virtual" "-Wnon-virtual-dtor" "-Wno-missing-field-initializers" "-Wno-strict-aliasing" "-Wno-invalid-offsetof" "-msse2" "-std=c++17" "-DSNAPPY=1" "-DLZ4=1" "-DZSTD=1" "-DZLIB=1" "-DBZIP2=1" "-DNDEBUG=1" "-DOS_LINUX" "-DROCKSDB_PLATFORM_POSIX" "-DROCKSDB_LIB_IO_POSIX" "-DROCKSDB_SUPPORT_THREAD_LOCAL" "-DHAVE_UINT128_EXTENSION=1" "-o" "/opt/rustwide/target/debug/build/librocksdb-sys-e689f6117172a591/out/rocksdb/db/blob/blob_file_garbage.o" "-c" "rocksdb/db/blob/blob_file_garbage.cc"
[INFO] [stderr]   running: "c++" "-O0" "-ffunction-sections" "-fdata-sections" "-fPIC" "-gdwarf-4" "-fno-omit-frame-pointer" "-m64" "-I" "rocksdb/include/" "-I" "rocksdb/" "-I" "rocksdb/third-party/gtest-1.8.1/fused-src/" "-I" "snappy/" "-I" "lz4/lib/" "-I" "/opt/rustwide/cargo-home/registry/src/github.com-1ecc6299db9ec823/zstd-sys-2.0.5+zstd.1.5.2/zstd/lib" "-I" "/opt/rustwide/target/debug/build/libz-sys-c6734e9f2496c5f1/out/include" "-I" "/opt/rustwide/target/debug/build/bzip2-sys-ecee00c8969d0541/out/include" "-I" "." "-Wall" "-Wextra" "-std=c++17" "-Wsign-compare" "-Wshadow" "-Wno-unused-parameter" "-Wno-unused-variable" "-Woverloaded-virtual" "-Wnon-virtual-dtor" "-Wno-missing-field-initializers" "-Wno-strict-aliasing" "-Wno-invalid-offsetof" "-msse2" "-std=c++17" "-DSNAPPY=1" "-DLZ4=1" "-DZSTD=1" "-DZLIB=1" "-DBZIP2=1" "-DNDEBUG=1" "-DOS_LINUX" "-DROCKSDB_PLATFORM_POSIX" "-DROCKSDB_LIB_IO_POSIX" "-DROCKSDB_SUPPORT_THREAD_LOCAL" "-DHAVE_UINT128_EXTENSION=1" "-o" "/opt/rustwide/target/debug/build/librocksdb-sys-e689f6117172a591/out/rocksdb/db/blob/blob_file_cache.o" "-c" "rocksdb/db/blob/blob_file_cache.cc"
[INFO] [stderr]   running: "c++" "-O0" "-ffunction-sections" "-fdata-sections" "-fPIC" "-gdwarf-4" "-fno-omit-frame-pointer" "-m64" "-I" "rocksdb/include/" "-I" "rocksdb/" "-I" "rocksdb/third-party/gtest-1.8.1/fused-src/" "-I" "snappy/" "-I" "lz4/lib/" "-I" "/opt/rustwide/cargo-home/registry/src/github.com-1ecc6299db9ec823/zstd-sys-2.0.5+zstd.1.5.2/zstd/lib" "-I" "/opt/rustwide/target/debug/build/libz-sys-c6734e9f2496c5f1/out/include" "-I" "/opt/rustwide/target/debug/build/bzip2-sys-ecee00c8969d0541/out/include" "-I" "." "-Wall" "-Wextra" "-std=c++17" "-Wsign-compare" "-Wshadow" "-Wno-unused-parameter" "-Wno-unused-variable" "-Woverloaded-virtual" "-Wnon-virtual-dtor" "-Wno-missing-field-initializers" "-Wno-strict-aliasing" "-Wno-invalid-offsetof" "-msse2" "-std=c++17" "-DSNAPPY=1" "-DLZ4=1" "-DZSTD=1" "-DZLIB=1" "-DBZIP2=1" "-DNDEBUG=1" "-DOS_LINUX" "-DROCKSDB_PLATFORM_POSIX" "-DROCKSDB_LIB_IO_POSIX" "-DROCKSDB_SUPPORT_THREAD_LOCAL" "-DHAVE_UINT128_EXTENSION=1" "-o" "/opt/rustwide/target/debug/build/librocksdb-sys-e689f6117172a591/out/rocksdb/db/blob/blob_file_addition.o" "-c" "rocksdb/db/blob/blob_file_addition.cc"
[INFO] [stderr]   running: "c++" "-O0" "-ffunction-sections" "-fdata-sections" "-fPIC" "-gdwarf-4" "-fno-omit-frame-pointer" "-m64" "-I" "rocksdb/include/" "-I" "rocksdb/" "-I" "rocksdb/third-party/gtest-1.8.1/fused-src/" "-I" "snappy/" "-I" "lz4/lib/" "-I" "/opt/rustwide/cargo-home/registry/src/github.com-1ecc6299db9ec823/zstd-sys-2.0.5+zstd.1.5.2/zstd/lib" "-I" "/opt/rustwide/target/debug/build/libz-sys-c6734e9f2496c5f1/out/include" "-I" "/opt/rustwide/target/debug/build/bzip2-sys-ecee00c8969d0541/out/include" "-I" "." "-Wall" "-Wextra" "-std=c++17" "-Wsign-compare" "-Wshadow" "-Wno-unused-parameter" "-Wno-unused-variable" "-Woverloaded-virtual" "-Wnon-virtual-dtor" "-Wno-missing-field-initializers" "-Wno-strict-aliasing" "-Wno-invalid-offsetof" "-msse2" "-std=c++17" "-DSNAPPY=1" "-DLZ4=1" "-DZSTD=1" "-DZLIB=1" "-DBZIP2=1" "-DNDEBUG=1" "-DOS_LINUX" "-DROCKSDB_PLATFORM_POSIX" "-DROCKSDB_LIB_IO_POSIX" "-DROCKSDB_SUPPORT_THREAD_LOCAL" "-DHAVE_UINT128_EXTENSION=1" "-o" "/opt/rustwide/target/debug/build/librocksdb-sys-e689f6117172a591/out/rocksdb/cache/cache_key.o" "-c" "rocksdb/cache/cache_key.cc"
[INFO] [stderr]   running: "c++" "-O0" "-ffunction-sections" "-fdata-sections" "-fPIC" "-gdwarf-4" "-fno-omit-frame-pointer" "-m64" "-I" "rocksdb/include/" "-I" "rocksdb/" "-I" "rocksdb/third-party/gtest-1.8.1/fused-src/" "-I" "snappy/" "-I" "lz4/lib/" "-I" "/opt/rustwide/cargo-home/registry/src/github.com-1ecc6299db9ec823/zstd-sys-2.0.5+zstd.1.5.2/zstd/lib" "-I" "/opt/rustwide/target/debug/build/libz-sys-c6734e9f2496c5f1/out/include" "-I" "/opt/rustwide/target/debug/build/bzip2-sys-ecee00c8969d0541/out/include" "-I" "." "-Wall" "-Wextra" "-std=c++17" "-Wsign-compare" "-Wshadow" "-Wno-unused-parameter" "-Wno-unused-variable" "-Woverloaded-virtual" "-Wnon-virtual-dtor" "-Wno-missing-field-initializers" "-Wno-strict-aliasing" "-Wno-invalid-offsetof" "-msse2" "-std=c++17" "-DSNAPPY=1" "-DLZ4=1" "-DZSTD=1" "-DZLIB=1" "-DBZIP2=1" "-DNDEBUG=1" "-DOS_LINUX" "-DROCKSDB_PLATFORM_POSIX" "-DROCKSDB_LIB_IO_POSIX" "-DROCKSDB_SUPPORT_THREAD_LOCAL" "-DHAVE_UINT128_EXTENSION=1" "-o" "/opt/rustwide/target/debug/build/librocksdb-sys-e689f6117172a591/out/rocksdb/db/arena_wrapped_db_iter.o" "-c" "rocksdb/db/arena_wrapped_db_iter.cc"
[INFO] [stderr]   running: "c++" "-O0" "-ffunction-sections" "-fdata-sections" "-fPIC" "-gdwarf-4" "-fno-omit-frame-pointer" "-m64" "-I" "rocksdb/include/" "-I" "rocksdb/" "-I" "rocksdb/third-party/gtest-1.8.1/fused-src/" "-I" "snappy/" "-I" "lz4/lib/" "-I" "/opt/rustwide/cargo-home/registry/src/github.com-1ecc6299db9ec823/zstd-sys-2.0.5+zstd.1.5.2/zstd/lib" "-I" "/opt/rustwide/target/debug/build/libz-sys-c6734e9f2496c5f1/out/include" "-I" "/opt/rustwide/target/debug/build/bzip2-sys-ecee00c8969d0541/out/include" "-I" "." "-Wall" "-Wextra" "-std=c++17" "-Wsign-compare" "-Wshadow" "-Wno-unused-parameter" "-Wno-unused-variable" "-Woverloaded-virtual" "-Wnon-virtual-dtor" "-Wno-missing-field-initializers" "-Wno-strict-aliasing" "-Wno-invalid-offsetof" "-msse2" "-std=c++17" "-DSNAPPY=1" "-DLZ4=1" "-DZSTD=1" "-DZLIB=1" "-DBZIP2=1" "-DNDEBUG=1" "-DOS_LINUX" "-DROCKSDB_PLATFORM_POSIX" "-DROCKSDB_LIB_IO_POSIX" "-DROCKSDB_SUPPORT_THREAD_LOCAL" "-DHAVE_UINT128_EXTENSION=1" "-o" "/opt/rustwide/target/debug/build/librocksdb-sys-e689f6117172a591/out/rocksdb/cache/compressed_secondary_cache.o" "-c" "rocksdb/cache/compressed_secondary_cache.cc"
[INFO] [stderr]   running: "c++" "-O0" "-ffunction-sections" "-fdata-sections" "-fPIC" "-gdwarf-4" "-fno-omit-frame-pointer" "-m64" "-I" "rocksdb/include/" "-I" "rocksdb/" "-I" "rocksdb/third-party/gtest-1.8.1/fused-src/" "-I" "snappy/" "-I" "lz4/lib/" "-I" "/opt/rustwide/cargo-home/registry/src/github.com-1ecc6299db9ec823/zstd-sys-2.0.5+zstd.1.5.2/zstd/lib" "-I" "/opt/rustwide/target/debug/build/libz-sys-c6734e9f2496c5f1/out/include" "-I" "/opt/rustwide/target/debug/build/bzip2-sys-ecee00c8969d0541/out/include" "-I" "." "-Wall" "-Wextra" "-std=c++17" "-Wsign-compare" "-Wshadow" "-Wno-unused-parameter" "-Wno-unused-variable" "-Woverloaded-virtual" "-Wnon-virtual-dtor" "-Wno-missing-field-initializers" "-Wno-strict-aliasing" "-Wno-invalid-offsetof" "-msse2" "-std=c++17" "-DSNAPPY=1" "-DLZ4=1" "-DZSTD=1" "-DZLIB=1" "-DBZIP2=1" "-DNDEBUG=1" "-DOS_LINUX" "-DROCKSDB_PLATFORM_POSIX" "-DROCKSDB_LIB_IO_POSIX" "-DROCKSDB_SUPPORT_THREAD_LOCAL" "-DHAVE_UINT128_EXTENSION=1" "-o" "/opt/rustwide/target/debug/build/librocksdb-sys-e689f6117172a591/out/rocksdb/db/blob/blob_file_builder.o" "-c" "rocksdb/db/blob/blob_file_builder.cc"
[INFO] [stderr]   exit status: 0
[INFO] [stderr]   running: "c++" "-O0" "-ffunction-sections" "-fdata-sections" "-fPIC" "-gdwarf-4" "-fno-omit-frame-pointer" "-m64" "-I" "rocksdb/include/" "-I" "rocksdb/" "-I" "rocksdb/third-party/gtest-1.8.1/fused-src/" "-I" "snappy/" "-I" "lz4/lib/" "-I" "/opt/rustwide/cargo-home/registry/src/github.com-1ecc6299db9ec823/zstd-sys-2.0.5+zstd.1.5.2/zstd/lib" "-I" "/opt/rustwide/target/debug/build/libz-sys-c6734e9f2496c5f1/out/include" "-I" "/opt/rustwide/target/debug/build/bzip2-sys-ecee00c8969d0541/out/include" "-I" "." "-Wall" "-Wextra" "-std=c++17" "-Wsign-compare" "-Wshadow" "-Wno-unused-parameter" "-Wno-unused-variable" "-Woverloaded-virtual" "-Wnon-virtual-dtor" "-Wno-missing-field-initializers" "-Wno-strict-aliasing" "-Wno-invalid-offsetof" "-msse2" "-std=c++17" "-DSNAPPY=1" "-DLZ4=1" "-DZSTD=1" "-DZLIB=1" "-DBZIP2=1" "-DNDEBUG=1" "-DOS_LINUX" "-DROCKSDB_PLATFORM_POSIX" "-DROCKSDB_LIB_IO_POSIX" "-DROCKSDB_SUPPORT_THREAD_LOCAL" "-DHAVE_UINT128_EXTENSION=1" "-o" "/opt/rustwide/target/debug/build/librocksdb-sys-e689f6117172a591/out/rocksdb/db/blob/blob_file_meta.o" "-c" "rocksdb/db/blob/blob_file_meta.cc"
[INFO] [stderr]   exit status: 0
[INFO] [stderr]   running: "c++" "-O0" "-ffunction-sections" "-fdata-sections" "-fPIC" "-gdwarf-4" "-fno-omit-frame-pointer" "-m64" "-I" "rocksdb/include/" "-I" "rocksdb/" "-I" "rocksdb/third-party/gtest-1.8.1/fused-src/" "-I" "snappy/" "-I" "lz4/lib/" "-I" "/opt/rustwide/cargo-home/registry/src/github.com-1ecc6299db9ec823/zstd-sys-2.0.5+zstd.1.5.2/zstd/lib" "-I" "/opt/rustwide/target/debug/build/libz-sys-c6734e9f2496c5f1/out/include" "-I" "/opt/rustwide/target/debug/build/bzip2-sys-ecee00c8969d0541/out/include" "-I" "." "-Wall" "-Wextra" "-std=c++17" "-Wsign-compare" "-Wshadow" "-Wno-unused-parameter" "-Wno-unused-variable" "-Woverloaded-virtual" "-Wnon-virtual-dtor" "-Wno-missing-field-initializers" "-Wno-strict-aliasing" "-Wno-invalid-offsetof" "-msse2" "-std=c++17" "-DSNAPPY=1" "-DLZ4=1" "-DZSTD=1" "-DZLIB=1" "-DBZIP2=1" "-DNDEBUG=1" "-DOS_LINUX" "-DROCKSDB_PLATFORM_POSIX" "-DROCKSDB_LIB_IO_POSIX" "-DROCKSDB_SUPPORT_THREAD_LOCAL" "-DHAVE_UINT128_EXTENSION=1" "-o" "/opt/rustwide/target/debug/build/librocksdb-sys-e689f6117172a591/out/rocksdb/db/blob/blob_file_reader.o" "-c" "rocksdb/db/blob/blob_file_reader.cc"
[INFO] [stderr]   running: "c++" "-O0" "-ffunction-sections" "-fdata-sections" "-fPIC" "-gdwarf-4" "-fno-omit-frame-pointer" "-m64" "-I" "rocksdb/include/" "-I" "rocksdb/" "-I" "rocksdb/third-party/gtest-1.8.1/fused-src/" "-I" "snappy/" "-I" "lz4/lib/" "-I" "/opt/rustwide/cargo-home/registry/src/github.com-1ecc6299db9ec823/zstd-sys-2.0.5+zstd.1.5.2/zstd/lib" "-I" "/opt/rustwide/target/debug/build/libz-sys-c6734e9f2496c5f1/out/include" "-I" "/opt/rustwide/target/debug/build/bzip2-sys-ecee00c8969d0541/out/include" "-I" "." "-Wall" "-Wextra" "-std=c++17" "-Wsign-compare" "-Wshadow" "-Wno-unused-parameter" "-Wno-unused-variable" "-Woverloaded-virtual" "-Wnon-virtual-dtor" "-Wno-missing-field-initializers" "-Wno-strict-aliasing" "-Wno-invalid-offsetof" "-msse2" "-std=c++17" "-DSNAPPY=1" "-DLZ4=1" "-DZSTD=1" "-DZLIB=1" "-DBZIP2=1" "-DNDEBUG=1" "-DOS_LINUX" "-DROCKSDB_PLATFORM_POSIX" "-DROCKSDB_LIB_IO_POSIX" "-DROCKSDB_SUPPORT_THREAD_LOCAL" "-DHAVE_UINT128_EXTENSION=1" "-o" "/opt/rustwide/target/debug/build/librocksdb-sys-e689f6117172a591/out/rocksdb/db/blob/blob_garbage_meter.o" "-c" "rocksdb/db/blob/blob_garbage_meter.cc"
[INFO] [stderr]   cargo:warning=c++: fatal error: Killed signal terminated program cc1plus
[INFO] [stderr]   cargo:warning=compilation terminated.
[INFO] [stderr]   exit status: 1
[INFO] [stderr]   running: "c++" "-O0" "-ffunction-sections" "-fdata-sections" "-fPIC" "-gdwarf-4" "-fno-omit-frame-pointer" "-m64" "-I" "rocksdb/include/" "-I" "rocksdb/" "-I" "rocksdb/third-party/gtest-1.8.1/fused-src/" "-I" "snappy/" "-I" "lz4/lib/" "-I" "/opt/rustwide/cargo-home/registry/src/github.com-1ecc6299db9ec823/zstd-sys-2.0.5+zstd.1.5.2/zstd/lib" "-I" "/opt/rustwide/target/debug/build/libz-sys-c6734e9f2496c5f1/out/include" "-I" "/opt/rustwide/target/debug/build/bzip2-sys-ecee00c8969d0541/out/include" "-I" "." "-Wall" "-Wextra" "-std=c++17" "-Wsign-compare" "-Wshadow" "-Wno-unused-parameter" "-Wno-unused-variable" "-Woverloaded-virtual" "-Wnon-virtual-dtor" "-Wno-missing-field-initializers" "-Wno-strict-aliasing" "-Wno-invalid-offsetof" "-msse2" "-std=c++17" "-DSNAPPY=1" "-DLZ4=1" "-DZSTD=1" "-DZLIB=1" "-DBZIP2=1" "-DNDEBUG=1" "-DOS_LINUX" "-DROCKSDB_PLATFORM_POSIX" "-DROCKSDB_LIB_IO_POSIX" "-DROCKSDB_SUPPORT_THREAD_LOCAL" "-DHAVE_UINT128_EXTENSION=1" "-o" "/opt/rustwide/target/debug/build/librocksdb-sys-e689f6117172a591/out/rocksdb/db/blob/blob_log_format.o" "-c" "rocksdb/db/blob/blob_log_format.cc"
[INFO] [stderr]   cargo:warning=c++: fatal error: Killed signal terminated program cc1plus
[INFO] [stderr]   exit status: 0
[INFO] [stderr]   cargo:warning=compilation terminated.
[INFO] [stderr]   exit status: 1
[INFO] [stderr]   cargo:warning=c++: fatal error: Killed signal terminated program cc1plus
[INFO] [stderr]   cargo:warning=compilation terminated.
[INFO] [stderr]   exit status: 1
[INFO] [stderr]   cargo:warning=c++: fatal error: Killed signal terminated program cc1plus
[INFO] [stderr]   cargo:warning=compilation terminated.
[INFO] [stderr]   exit status: 1
[INFO] [stderr]   cargo:warning=c++: fatal error: Killed signal terminated program cc1plus
[INFO] [stderr]   cargo:warning=compilation terminated.
[INFO] [stderr]   exit status: 1
[INFO] [stderr]   exit status: 0
[INFO] [stderr]   exit status: 0
[INFO] [stderr]   exit status: 0
[INFO] [stderr]   exit status: 0
[INFO] [stderr]   exit status: 0
[INFO] [stderr]   exit status: 0
[INFO] [stderr]   exit status: 0
[INFO] [stderr]   exit status: 0
[INFO] [stderr]   exit status: 0
[INFO] [stderr]   exit status: 0
[INFO] [stderr]   exit status: 0
[INFO] [stderr] 
[INFO] [stderr]   --- stderr
[INFO] [stderr]   error: 'rustfmt' is not installed for the toolchain '1.69.0-x86_64-unknown-linux-gnu'
[INFO] [stderr]   To install, run `rustup component add rustfmt --toolchain 1.69.0-x86_64-unknown-linux-gnu`
[INFO] [stderr]   Failed to run rustfmt: Internal rustfmt error (non-fatal, continuing)
[INFO] [stderr] 
[INFO] [stderr] 
[INFO] [stderr]   error occurred: Command "c++" "-O0" "-ffunction-sections" "-fdata-sections" "-fPIC" "-gdwarf-4" "-fno-omit-frame-pointer" "-m64" "-I" "rocksdb/include/" "-I" "rocksdb/" "-I" "rocksdb/third-party/gtest-1.8.1/fused-src/" "-I" "snappy/" "-I" "lz4/lib/" "-I" "/opt/rustwide/cargo-home/registry/src/github.com-1ecc6299db9ec823/zstd-sys-2.0.5+zstd.1.5.2/zstd/lib" "-I" "/opt/rustwide/target/debug/build/libz-sys-c6734e9f2496c5f1/out/include" "-I" "/opt/rustwide/target/debug/build/bzip2-sys-ecee00c8969d0541/out/include" "-I" "." "-Wall" "-Wextra" "-std=c++17" "-Wsign-compare" "-Wshadow" "-Wno-unused-parameter" "-Wno-unused-variable" "-Woverloaded-virtual" "-Wnon-virtual-dtor" "-Wno-missing-field-initializers" "-Wno-strict-aliasing" "-Wno-invalid-offsetof" "-msse2" "-std=c++17" "-DSNAPPY=1" "-DLZ4=1" "-DZSTD=1" "-DZLIB=1" "-DBZIP2=1" "-DNDEBUG=1" "-DOS_LINUX" "-DROCKSDB_PLATFORM_POSIX" "-DROCKSDB_LIB_IO_POSIX" "-DROCKSDB_SUPPORT_THREAD_LOCAL" "-DHAVE_UINT128_EXTENSION=1" "-o" "/opt/rustwide/target/debug/build/librocksdb-sys-e689f6117172a591/out/rocksdb/cache/cache_reservation_manager.o" "-c" "rocksdb/cache/cache_reservation_manager.cc" with args "c++" did not execute successfully (status code exit status: 1).
[INFO] [stderr] 
[INFO] [stderr] 
[INFO] running `Command { std: "docker" "inspect" "fa13d52bb6fb3bbd1ac35165812f80bbfcda4f43d50660c6eb37fed6bc7f06a4", kill_on_drop: false }`
[INFO] running `Command { std: "docker" "rm" "-f" "fa13d52bb6fb3bbd1ac35165812f80bbfcda4f43d50660c6eb37fed6bc7f06a4", kill_on_drop: false }`
[INFO] [stdout] fa13d52bb6fb3bbd1ac35165812f80bbfcda4f43d50660c6eb37fed6bc7f06a4
