[INFO] fetching crate drgdfu 0.6.0...
[INFO] documenting drgdfu-0.6.0 against beta-2023-04-20 for beta-1.70-rustdoc-1
[INFO] extracting crate drgdfu 0.6.0 into /workspace/builds/worker-3-tc2/source
[INFO] validating manifest of crates.io crate drgdfu 0.6.0 on toolchain beta-2023-04-20
[INFO] running `Command { std: CARGO_HOME="/workspace/cargo-home" RUSTUP_HOME="/workspace/rustup-home" "/workspace/cargo-home/bin/cargo" "+beta-2023-04-20" "metadata" "--manifest-path" "Cargo.toml" "--no-deps", kill_on_drop: false }`
[INFO] removed /workspace/builds/worker-3-tc2/source/rust-toolchain.toml
[INFO] started tweaking crates.io crate drgdfu 0.6.0
[INFO] finished tweaking crates.io crate drgdfu 0.6.0
[INFO] tweaked toml for crates.io crate drgdfu 0.6.0 written to /workspace/builds/worker-3-tc2/source/Cargo.toml
[INFO] crate crates.io crate drgdfu 0.6.0 already has a lockfile, it will not be regenerated
[INFO] running `Command { std: CARGO_HOME="/workspace/cargo-home" RUSTUP_HOME="/workspace/rustup-home" "/workspace/cargo-home/bin/cargo" "+beta-2023-04-20" "fetch" "--manifest-path" "Cargo.toml", kill_on_drop: false }`
[INFO] [stderr]     Updating crates.io index
[INFO] [stderr]  Downloading crates ...
[INFO] [stderr]   Downloaded reqwless v0.1.3
[INFO] [stderr]   Downloaded embedded-hal v1.0.0-alpha.9
[INFO] [stderr]   Downloaded embedded-nal-async v0.2.0
[INFO] [stderr]   Downloaded ctr v0.8.0
[INFO] [stderr]   Downloaded serialport v4.2.0
[INFO] [stderr]   Downloaded thread_local v0.3.4
[INFO] [stderr]   Downloaded bluez-async v0.5.5
[INFO] [stderr]   Downloaded embedded-io v0.3.0
[INFO] [stderr]   Downloaded cobs v0.2.3
[INFO] [stderr]   Downloaded tokio-stream v0.1.10
[INFO] [stderr]   Downloaded anyhow v1.0.65
[INFO] [stderr]   Downloaded openssl-sys v0.9.76
[INFO] [stderr]   Downloaded heapless v0.7.16
[INFO] [stderr]   Downloaded cortex-m v0.7.6
[INFO] [stderr]   Downloaded reqwest v0.11.12
[INFO] [stderr]   Downloaded aes-gcm v0.9.4
[INFO] [stderr]   Downloaded btleplug v0.9.2
[INFO] [stderr]   Downloaded embedded-tls v0.8.0
[INFO] [stderr]   Downloaded postcard v1.0.2
[INFO] [stderr]   Downloaded mio-serial v5.0.2
[INFO] [stderr]   Downloaded tokio-serial v5.4.3
[INFO] [stderr]   Downloaded embedded-nal v0.6.0
[INFO] [stderr]   Downloaded no-std-net v0.5.0
[INFO] [stderr]   Downloaded embedded-update v0.8.0
[INFO] [stderr]   Downloaded atomic-polyfill v0.1.10
[INFO] [stderr]   Downloaded iana-time-zone v0.1.50
[INFO] [stderr]   Downloaded stderrlog v0.4.3
[INFO] [stderr]   Downloaded CoreFoundation-sys v0.1.4
[INFO] [stderr]   Downloaded mach v0.1.2
[INFO] [stderr]   Downloaded IOKit-sys v0.1.5
[INFO] [stderr]   Downloaded windows_x86_64_gnu v0.33.0
[INFO] [stderr]   Downloaded windows_x86_64_msvc v0.33.0
[INFO] [stderr]   Downloaded windows_aarch64_msvc v0.33.0
[INFO] [stderr]   Downloaded windows_i686_msvc v0.33.0
[INFO] [stderr]   Downloaded windows_i686_gnu v0.33.0
[INFO] [stderr]   Downloaded windows v0.33.0
[INFO] [stderr]   Downloaded embedded-hal-async v0.1.0-alpha.2
[INFO] running `Command { std: "docker" "create" "-v" "/var/lib/crater-agent-workspace/builds/worker-3-tc2/target:/opt/rustwide/target:rw,Z" "-v" "/var/lib/crater-agent-workspace/builds/worker-3-tc2/source:/opt/rustwide/workdir:ro,Z" "-v" "/var/lib/crater-agent-workspace/cargo-home:/opt/rustwide/cargo-home:ro,Z" "-v" "/var/lib/crater-agent-workspace/rustup-home:/opt/rustwide/rustup-home:ro,Z" "-e" "SOURCE_DIR=/opt/rustwide/workdir" "-e" "CARGO_TARGET_DIR=/opt/rustwide/target" "-e" "CARGO_HOME=/opt/rustwide/cargo-home" "-e" "RUSTUP_HOME=/opt/rustwide/rustup-home" "-w" "/opt/rustwide/workdir" "-m" "1610612736" "--user" "0:0" "--network" "none" "ghcr.io/rust-lang/crates-build-env/linux@sha256:5ff2268d62e97bff2cde7d5815dd6ed5b47097566f13b8d0ca110b04b60e07ed" "/opt/rustwide/cargo-home/bin/cargo" "+beta-2023-04-20" "metadata" "--no-deps" "--format-version=1", kill_on_drop: false }`
[INFO] [stdout] 79a718b63a43b830606a4b96c92dc15e203daafb02f8de9838fb81503c1840a3
[INFO] running `Command { std: "docker" "start" "-a" "79a718b63a43b830606a4b96c92dc15e203daafb02f8de9838fb81503c1840a3", kill_on_drop: false }`
[INFO] running `Command { std: "docker" "inspect" "79a718b63a43b830606a4b96c92dc15e203daafb02f8de9838fb81503c1840a3", kill_on_drop: false }`
[INFO] running `Command { std: "docker" "rm" "-f" "79a718b63a43b830606a4b96c92dc15e203daafb02f8de9838fb81503c1840a3", kill_on_drop: false }`
[INFO] [stdout] 79a718b63a43b830606a4b96c92dc15e203daafb02f8de9838fb81503c1840a3
[INFO] running `Command { std: "docker" "create" "-v" "/var/lib/crater-agent-workspace/builds/worker-3-tc2/target:/opt/rustwide/target:rw,Z" "-v" "/var/lib/crater-agent-workspace/builds/worker-3-tc2/source:/opt/rustwide/workdir:ro,Z" "-v" "/var/lib/crater-agent-workspace/cargo-home:/opt/rustwide/cargo-home:ro,Z" "-v" "/var/lib/crater-agent-workspace/rustup-home:/opt/rustwide/rustup-home:ro,Z" "-e" "SOURCE_DIR=/opt/rustwide/workdir" "-e" "CARGO_TARGET_DIR=/opt/rustwide/target" "-e" "CARGO_INCREMENTAL=0" "-e" "RUST_BACKTRACE=full" "-e" "RUSTFLAGS=--cap-lints=warn" "-e" "RUSTDOCFLAGS=--cap-lints=warn" "-e" "CARGO_HOME=/opt/rustwide/cargo-home" "-e" "RUSTUP_HOME=/opt/rustwide/rustup-home" "-w" "/opt/rustwide/workdir" "-m" "1610612736" "--user" "0:0" "--network" "none" "ghcr.io/rust-lang/crates-build-env/linux@sha256:5ff2268d62e97bff2cde7d5815dd6ed5b47097566f13b8d0ca110b04b60e07ed" "/opt/rustwide/cargo-home/bin/cargo" "+beta-2023-04-20" "doc" "--frozen" "--no-deps" "--document-private-items" "--message-format=json", kill_on_drop: false }`
[INFO] [stdout] e36cbe74b90348301e2a45c39af6eebe94fbca071e1d2c3494f8a4f4184504e4
[INFO] running `Command { std: "docker" "start" "-a" "e36cbe74b90348301e2a45c39af6eebe94fbca071e1d2c3494f8a4f4184504e4", kill_on_drop: false }`
[INFO] [stderr]    Compiling proc-macro2 v1.0.46
[INFO] [stderr]    Compiling quote v1.0.21
[INFO] [stderr]    Compiling unicode-ident v1.0.4
[INFO] [stderr]    Compiling syn v1.0.101
[INFO] [stderr]    Compiling libc v0.2.134
[INFO] [stderr]    Compiling log v0.4.17
[INFO] [stderr]    Compiling lock_api v0.4.9
[INFO] [stderr]    Compiling memchr v2.5.0
[INFO] [stderr]     Checking pin-project-lite v0.2.9
[INFO] [stderr]     Checking scopeguard v1.1.0
[INFO] [stderr]    Compiling typenum v1.15.0
[INFO] [stderr]    Compiling parking_lot_core v0.9.3
[INFO] [stderr]     Checking smallvec v1.9.0
[INFO] [stderr]     Checking bytes v1.2.1
[INFO] [stderr]    Compiling futures-core v0.3.24
[INFO] [stderr]    Compiling tokio v1.21.2
[INFO] [stderr]    Compiling pkg-config v0.3.25
[INFO] [stderr]     Checking futures-sink v0.3.24
[INFO] [stderr]    Compiling slab v0.4.7
[INFO] [stderr]     Checking subtle v2.4.1
[INFO] [stderr]    Compiling futures-task v0.3.24
[INFO] [stderr]    Compiling futures-channel v0.3.24
[INFO] [stderr]    Compiling futures-util v0.3.24
[INFO] [stderr]     Checking pin-utils v0.1.0
[INFO] [stderr]    Compiling serde_derive v1.0.145
[INFO] [stderr]     Checking once_cell v1.15.0
[INFO] [stderr]     Checking futures-io v0.3.24
[INFO] [stderr]    Compiling serde v1.0.145
[INFO] [stderr]     Checking bitflags v1.3.2
[INFO] [stderr]    Compiling semver v1.0.14
[INFO] [stderr]    Compiling cc v1.0.73
[INFO] [stderr]     Checking itoa v1.0.3
[INFO] [stderr]     Checking hashbrown v0.12.3
[INFO] [stderr]     Checking tracing-core v0.1.29
[INFO] [stderr]    Compiling indexmap v1.9.1
[INFO] [stderr]     Checking rand_core v0.6.4
[INFO] [stderr]     Checking byteorder v1.4.3
[INFO] [stderr]     Checking spin v0.9.4
[INFO] [stderr]    Compiling libdbus-sys v0.2.2
[INFO] [stderr]     Checking zeroize v1.5.7
[INFO] [stderr]     Checking fnv v1.0.7
[INFO] [stderr]     Checking const-oid v0.9.0
[INFO] [stderr]     Checking hash32 v0.2.1
[INFO] [stderr]     Checking stable_deref_trait v1.2.0
[INFO] [stderr]    Compiling openssl v0.10.42
[INFO] [stderr]     Checking foreign-types-shared v0.1.1
[INFO] [stderr]     Checking http v0.2.8
[INFO] [stderr]     Checking tracing v0.1.36
[INFO] [stderr]     Checking der v0.6.0
[INFO] [stderr]     Checking ff v0.12.0
[INFO] [stderr]    Compiling proc-macro-error-attr v1.0.4
[INFO] [stderr]     Checking foreign-types v0.3.2
[INFO] [stderr]    Compiling memoffset v0.6.5
[INFO] [stderr]    Compiling thiserror v1.0.37
[INFO] [stderr]     Checking base16ct v0.1.1
[INFO] [stderr]    Compiling native-tls v0.2.10
[INFO] [stderr]    Compiling rustc_version v0.4.0
[INFO] [stderr]     Checking tinyvec_macros v0.1.0
[INFO] [stderr]    Compiling httparse v1.8.0
[INFO] [stderr]     Checking generic-array v0.14.6
[INFO] [stderr]     Checking group v0.12.0
[INFO] [stderr]     Checking tinyvec v1.6.0
[INFO] [stderr]    Compiling proc-macro-error v1.0.4
[INFO] [stderr]    Compiling async-trait v0.1.57
[INFO] [stderr]     Checking openssl-probe v0.1.5
[INFO] [stderr]     Checking percent-encoding v2.2.0
[INFO] [stderr]     Checking try-lock v0.2.3
[INFO] [stderr]     Checking form_urlencoded v1.1.0
[INFO] [stderr]     Checking no-std-net v0.5.0
[INFO] [stderr]     Checking tower-service v0.3.2
[INFO] [stderr]     Checking mio v0.8.4
[INFO] [stderr]     Checking socket2 v0.4.7
[INFO] [stderr]     Checking num_cpus v1.13.1
[INFO] [stderr]     Checking signal-hook-registry v1.4.0
[INFO] [stderr]     Checking http-body v0.4.5
[INFO] [stderr]     Checking want v0.3.0
[INFO] [stderr]    Compiling heapless v0.7.16
[INFO] [stderr]     Checking getrandom v0.2.7
[INFO] [stderr]    Compiling openssl-sys v0.9.76
[INFO] [stderr]     Checking nix v0.24.2
[INFO] [stderr]     Checking ryu v1.0.11
[INFO] [stderr]     Checking parking_lot v0.12.1
[INFO] [stderr]     Checking crypto-common v0.1.6
[INFO] [stderr]     Checking block-buffer v0.10.3
[INFO] [stderr]     Checking universal-hash v0.4.1
[INFO] [stderr]     Checking cipher v0.3.0
[INFO] [stderr]     Checking crypto-bigint v0.4.8
[INFO] [stderr]     Checking sec1 v0.3.0
[INFO] [stderr]     Checking aead v0.4.3
[INFO] [stderr]     Checking httpdate v1.0.2
[INFO] [stderr]     Checking base64 v0.13.0
[INFO] [stderr]     Checking polyval v0.5.3
[INFO] [stderr]     Checking digest v0.10.5
[INFO] [stderr]     Checking xml-rs v0.8.4
[INFO] [stderr]     Checking aes v0.7.5
[INFO] [stderr]     Checking ctr v0.8.0
[INFO] [stderr]     Checking unicode-normalization v0.1.22
[INFO] [stderr]    Compiling serde_json v1.0.85
[INFO] [stderr]    Compiling encoding_rs v0.8.31
[INFO] [stderr]     Checking ghash v0.4.4
[INFO] [stderr]     Checking either v1.8.0
[INFO] [stderr]     Checking unicode-bidi v0.3.8
[INFO] [stderr]     Checking hmac v0.12.1
[INFO] [stderr]     Checking void v1.0.2
[INFO] [stderr]     Checking nb v1.0.0
[INFO] [stderr]     Checking sha2 v0.10.6
[INFO] [stderr]     Checking hkdf v0.12.3
[INFO] [stderr]     Checking unreachable v1.0.0
[INFO] [stderr]     Checking itertools v0.10.5
[INFO] [stderr]     Checking atty v0.2.11
[INFO] [stderr]     Checking nix v0.23.1
[INFO] [stderr]     Checking time v0.1.44
[INFO] [stderr]     Checking aes-gcm v0.9.4
[INFO] [stderr]     Checking half v1.8.2
[INFO] [stderr]     Checking os_str_bytes v6.3.0
[INFO] [stderr]     Checking cobs v0.2.3
[INFO] [stderr]     Checking lazy_static v0.2.11
[INFO] [stderr]    Compiling heck v0.4.0
[INFO] [stderr]     Checking iana-time-zone v0.1.50
[INFO] [stderr]     Checking elliptic-curve v0.12.3
[INFO] [stderr]     Checking idna v0.3.0
[INFO] [stderr]     Checking termcolor v1.1.3
[INFO] [stderr]     Checking embedded-nal v0.6.0
[INFO] [stderr]    Compiling anyhow v1.0.65
[INFO] [stderr]     Checking embedded-hal v1.0.0-alpha.9
[INFO] [stderr]     Checking clap_lex v0.2.4
[INFO] [stderr]     Checking thread_local v0.3.4
[INFO] [stderr]     Checking chrono v0.4.22
[INFO] [stderr]     Checking dashmap v5.4.0
[INFO] [stderr]     Checking mime v0.3.16
[INFO] [stderr]     Checking ipnet v2.5.0
[INFO] [stderr]     Checking embedded-hal-async v0.1.0-alpha.2
[INFO] [stderr]     Checking p256 v0.11.1
[INFO] [stderr]     Checking static_assertions v1.1.0
[INFO] [stderr]     Checking strsim v0.10.0
[INFO] [stdout] error[E0554]: `#![feature]` may not be used on the beta release channel
[INFO] [stdout]   --> /opt/rustwide/cargo-home/registry/src/index.crates.io-6f17d22bba15001f/embedded-hal-async-0.1.0-alpha.2/src/lib.rs:12:1
[INFO] [stdout]    |
[INFO] [stdout] 12 | #![feature(type_alias_impl_trait)]
[INFO] [stdout]    | ^^^^^^^^^^^^^^^^^^^^^^^^^^^^^^^^^^
[INFO] [stdout] 
[INFO] [stdout] 
[INFO] [stdout] error[E0658]: `impl Trait` in associated types is unstable
[INFO] [stdout]    --> /opt/rustwide/cargo-home/registry/src/index.crates.io-6f17d22bba15001f/embedded-hal-async-0.1.0-alpha.2/src/spi.rs:491:45
[INFO] [stdout]     |
[INFO] [stdout] 491 |     type TransactionFuture<'a, R, F, Fut> = impl Future<Output = Result<R, Self::Error>>
[INFO] [stdout]     |                                             ^^^^^^^^^^^^^^^^^^^^^^^^^^^^^^^^^^^^^^^^^^^^
[INFO] [stdout]     |
[INFO] [stdout]     = note: see issue #63063 <https://github.com/rust-lang/rust/issues/63063> for more information
[INFO] [stdout] 
[INFO] [stdout] 
[INFO] [stdout] error[E0310]: the associated type `<Self as spi::SpiDevice>::Bus` may not live long enough
[INFO] [stdout]    --> /opt/rustwide/cargo-home/registry/src/index.crates.io-6f17d22bba15001f/embedded-hal-async-0.1.0-alpha.2/src/spi.rs:84:9
[INFO] [stdout]     |
[INFO] [stdout] 84  | /         $crate::spi::SpiDevice::transaction($device, move |$bus| {
[INFO] [stdout] 85  | |             // Safety: Implementers of the `SpiDevice` trait guarantee that the pointer is
[INFO] [stdout] 86  | |             // valid and dereferencable for the entire duration of the closure.
[INFO] [stdout] 87  | |             let $bus = unsafe { &mut *$bus };
[INFO] [stdout] ...   |
[INFO] [stdout] 93  | |             }
[INFO] [stdout] 94  | |         })
[INFO] [stdout]     | |__________^
[INFO] [stdout] ...
[INFO] [stdout] 204 |           transaction!(self, move |bus| async move { bus.read(buf).await })
[INFO] [stdout]     |           ----------------------------------------------------------------- in this macro invocation
[INFO] [stdout]     |
[INFO] [stdout]     = help: consider adding an explicit lifetime bound `<Self as spi::SpiDevice>::Bus: 'static`...
[INFO] [stdout]     = note: ...so that the type `<Self as spi::SpiDevice>::Bus` will meet its required lifetime bounds
[INFO] [stdout]     = note: this error originates in the macro `transaction` (in Nightly builds, run with -Z macro-backtrace for more info)
[INFO] [stdout] 
[INFO] [stdout] 
[INFO] [stderr]     Checking textwrap v0.15.1
[INFO] [stdout] error[E0310]: the associated type `<Self as spi::SpiDevice>::Bus` may not live long enough
[INFO] [stdout]    --> /opt/rustwide/cargo-home/registry/src/index.crates.io-6f17d22bba15001f/embedded-hal-async-0.1.0-alpha.2/src/spi.rs:84:9
[INFO] [stdout]     |
[INFO] [stdout] 84  | /         $crate::spi::SpiDevice::transaction($device, move |$bus| {
[INFO] [stdout] 85  | |             // Safety: Implementers of the `SpiDevice` trait guarantee that the pointer is
[INFO] [stdout] 86  | |             // valid and dereferencable for the entire duration of the closure.
[INFO] [stdout] 87  | |             let $bus = unsafe { &mut *$bus };
[INFO] [stdout] ...   |
[INFO] [stdout] 93  | |             }
[INFO] [stdout] 94  | |         })
[INFO] [stdout]     | |__________^
[INFO] [stdout] ...
[INFO] [stdout] 217 |           transaction!(self, move |bus| async move { bus.write(buf).await })
[INFO] [stdout]     |           ------------------------------------------------------------------ in this macro invocation
[INFO] [stdout]     |
[INFO] [stdout]     = help: consider adding an explicit lifetime bound `<Self as spi::SpiDevice>::Bus: 'static`...
[INFO] [stdout]     = note: ...so that the type `<Self as spi::SpiDevice>::Bus` will meet its required lifetime bounds
[INFO] [stdout]     = note: this error originates in the macro `transaction` (in Nightly builds, run with -Z macro-backtrace for more info)
[INFO] [stdout] 
[INFO] [stdout] 
[INFO] [stderr]     Checking humantime v2.1.0
[INFO] [stdout] error[E0310]: the associated type `<Self as spi::SpiDevice>::Bus` may not live long enough
[INFO] [stdout]    --> /opt/rustwide/cargo-home/registry/src/index.crates.io-6f17d22bba15001f/embedded-hal-async-0.1.0-alpha.2/src/spi.rs:84:9
[INFO] [stdout]     |
[INFO] [stdout] 84  | /         $crate::spi::SpiDevice::transaction($device, move |$bus| {
[INFO] [stdout] 85  | |             // Safety: Implementers of the `SpiDevice` trait guarantee that the pointer is
[INFO] [stdout] 86  | |             // valid and dereferencable for the entire duration of the closure.
[INFO] [stdout] 87  | |             let $bus = unsafe { &mut *$bus };
[INFO] [stdout] ...   |
[INFO] [stdout] 93  | |             }
[INFO] [stdout] 94  | |         })
[INFO] [stdout]     | |__________^
[INFO] [stdout] ...
[INFO] [stdout] 234 | /         transaction!(
[INFO] [stdout] 235 | |             self,
[INFO] [stdout] 236 | |             move |bus| async move { bus.transfer(read, write).await }
[INFO] [stdout] 237 | |         )
[INFO] [stdout]     | |_________- in this macro invocation
[INFO] [stdout]     |
[INFO] [stdout]     = help: consider adding an explicit lifetime bound `<Self as spi::SpiDevice>::Bus: 'static`...
[INFO] [stdout]     = note: ...so that the type `<Self as spi::SpiDevice>::Bus` will meet its required lifetime bounds
[INFO] [stdout]     = note: this error originates in the macro `transaction` (in Nightly builds, run with -Z macro-backtrace for more info)
[INFO] [stdout] 
[INFO] [stdout] 
[INFO] [stdout] error[E0310]: the associated type `<Self as spi::SpiDevice>::Bus` may not live long enough
[INFO] [stdout]    --> /opt/rustwide/cargo-home/registry/src/index.crates.io-6f17d22bba15001f/embedded-hal-async-0.1.0-alpha.2/src/spi.rs:84:9
[INFO] [stdout]     |
[INFO] [stdout] 84  | /         $crate::spi::SpiDevice::transaction($device, move |$bus| {
[INFO] [stdout] 85  | |             // Safety: Implementers of the `SpiDevice` trait guarantee that the pointer is
[INFO] [stdout] 86  | |             // valid and dereferencable for the entire duration of the closure.
[INFO] [stdout] 87  | |             let $bus = unsafe { &mut *$bus };
[INFO] [stdout] ...   |
[INFO] [stdout] 93  | |             }
[INFO] [stdout] 94  | |         })
[INFO] [stdout]     | |__________^
[INFO] [stdout] ...
[INFO] [stdout] 253 | /         transaction!(
[INFO] [stdout] 254 | |             self,
[INFO] [stdout] 255 | |             move |bus| async move { bus.transfer_in_place(buf).await }
[INFO] [stdout] 256 | |         )
[INFO] [stdout]     | |_________- in this macro invocation
[INFO] [stdout]     |
[INFO] [stdout]     = help: consider adding an explicit lifetime bound `<Self as spi::SpiDevice>::Bus: 'static`...
[INFO] [stdout]     = note: ...so that the type `<Self as spi::SpiDevice>::Bus` will meet its required lifetime bounds
[INFO] [stdout]     = note: this error originates in the macro `transaction` (in Nightly builds, run with -Z macro-backtrace for more info)
[INFO] [stdout] 
[INFO] [stdout] 
[INFO] [stdout] error[E0700]: hidden type for `<ExclusiveDevice<BUS, CS> as spi::SpiDevice>::TransactionFuture<'a, R, F, Fut>` captures lifetime that does not appear in bounds
[INFO] [stdout]    --> /opt/rustwide/cargo-home/registry/src/index.crates.io-6f17d22bba15001f/embedded-hal-async-0.1.0-alpha.2/src/spi.rs:502:9
[INFO] [stdout]     |
[INFO] [stdout] 491 |       type TransactionFuture<'a, R, F, Fut> = impl Future<Output = Result<R, Self::Error>>
[INFO] [stdout]     |                                               -------------------------------------------- opaque type defined here
[INFO] [stdout] ...
[INFO] [stdout] 496 |       fn transaction<'a, R, F, Fut>(&'a mut self, f: F) -> Self::TransactionFuture<'a, R, F, Fut>
[INFO] [stdout]     |                      -- hidden type `[async block@/opt/rustwide/cargo-home/registry/src/index.crates.io-6f17d22bba15001f/embedded-hal-async-0.1.0-alpha.2/src/spi.rs:502:9: 516:10]` captures the lifetime `'a` as defined here
[INFO] [stdout] ...
[INFO] [stdout] 502 | /         async move {
[INFO] [stdout] 503 | |             self.cs.set_low().map_err(ExclusiveDeviceError::Cs)?;
[INFO] [stdout] 504 | |
[INFO] [stdout] 505 | |             let f_res = f(&mut self.bus).await;
[INFO] [stdout] ...   |
[INFO] [stdout] 515 | |             Ok(f_res)
[INFO] [stdout] 516 | |         }
[INFO] [stdout]     | |_________^
[INFO] [stdout] 
[INFO] [stdout] 
[INFO] [stdout] error: aborting due to 7 previous errors
[INFO] [stdout] 
[INFO] [stdout] 
[INFO] [stdout] Some errors have detailed explanations: E0310, E0554, E0658, E0700.
[INFO] [stdout] 
[INFO] [stdout] For more information about an error, try `rustc --explain E0310`.
[INFO] [stdout] 
[INFO] [stderr] error: could not compile `embedded-hal-async` (lib) due to 8 previous errors
[INFO] [stderr] warning: build failed, waiting for other jobs to finish...
[INFO] running `Command { std: "docker" "inspect" "e36cbe74b90348301e2a45c39af6eebe94fbca071e1d2c3494f8a4f4184504e4", kill_on_drop: false }`
[INFO] running `Command { std: "docker" "rm" "-f" "e36cbe74b90348301e2a45c39af6eebe94fbca071e1d2c3494f8a4f4184504e4", kill_on_drop: false }`
[INFO] [stdout] e36cbe74b90348301e2a45c39af6eebe94fbca071e1d2c3494f8a4f4184504e4
