[INFO] fetching crate datom 0.1.1-pre4...
[INFO] documenting datom-0.1.1-pre4 against beta-2023-04-20 for beta-1.70-rustdoc-1
[INFO] extracting crate datom 0.1.1-pre4 into /workspace/builds/worker-1-tc2/source
[INFO] validating manifest of crates.io crate datom 0.1.1-pre4 on toolchain beta-2023-04-20
[INFO] running `Command { std: CARGO_HOME="/workspace/cargo-home" RUSTUP_HOME="/workspace/rustup-home" "/workspace/cargo-home/bin/cargo" "+beta-2023-04-20" "metadata" "--manifest-path" "Cargo.toml" "--no-deps", kill_on_drop: false }`
[INFO] started tweaking crates.io crate datom 0.1.1-pre4
[INFO] finished tweaking crates.io crate datom 0.1.1-pre4
[INFO] tweaked toml for crates.io crate datom 0.1.1-pre4 written to /workspace/builds/worker-1-tc2/source/Cargo.toml
[INFO] crate crates.io crate datom 0.1.1-pre4 already has a lockfile, it will not be regenerated
[INFO] running `Command { std: CARGO_HOME="/workspace/cargo-home" RUSTUP_HOME="/workspace/rustup-home" "/workspace/cargo-home/bin/cargo" "+beta-2023-04-20" "fetch" "--manifest-path" "Cargo.toml", kill_on_drop: false }`
[INFO] [stderr] warning: the cargo feature `edition2021` has been stabilized in the 1.56 release and is no longer necessary to be listed in the manifest
[INFO] [stderr]   See https://doc.rust-lang.org/beta/cargo/reference/manifest.html#the-edition-field for more information about using this feature.
[INFO] [stderr]     Updating crates.io index
[INFO] [stderr]  Downloading crates ...
[INFO] [stderr]   Downloaded rpds v0.9.0
[INFO] [stderr]   Downloaded num-bigint v0.4.0
[INFO] [stderr]   Downloaded arc-swap v1.3.1
[INFO] [stderr]   Downloaded datom-bigdecimal v0.3.1
[INFO] [stderr]   Downloaded archery v0.4.0
[INFO] [stderr]   Downloaded libc v0.2.101
[INFO] running `Command { std: "docker" "create" "-v" "/var/lib/crater-agent-workspace/builds/worker-1-tc2/target:/opt/rustwide/target:rw,Z" "-v" "/var/lib/crater-agent-workspace/builds/worker-1-tc2/source:/opt/rustwide/workdir:ro,Z" "-v" "/var/lib/crater-agent-workspace/cargo-home:/opt/rustwide/cargo-home:ro,Z" "-v" "/var/lib/crater-agent-workspace/rustup-home:/opt/rustwide/rustup-home:ro,Z" "-e" "SOURCE_DIR=/opt/rustwide/workdir" "-e" "CARGO_TARGET_DIR=/opt/rustwide/target" "-e" "CARGO_HOME=/opt/rustwide/cargo-home" "-e" "RUSTUP_HOME=/opt/rustwide/rustup-home" "-w" "/opt/rustwide/workdir" "-m" "1610612736" "--user" "0:0" "--network" "none" "ghcr.io/rust-lang/crates-build-env/linux@sha256:5ff2268d62e97bff2cde7d5815dd6ed5b47097566f13b8d0ca110b04b60e07ed" "/opt/rustwide/cargo-home/bin/cargo" "+beta-2023-04-20" "metadata" "--no-deps" "--format-version=1", kill_on_drop: false }`
[INFO] [stdout] 647afbd8da99959356283239de0c0f2d07c388e143d39c6a55cb95bc095bd24f
[INFO] running `Command { std: "docker" "start" "-a" "647afbd8da99959356283239de0c0f2d07c388e143d39c6a55cb95bc095bd24f", kill_on_drop: false }`
[INFO] running `Command { std: "docker" "inspect" "647afbd8da99959356283239de0c0f2d07c388e143d39c6a55cb95bc095bd24f", kill_on_drop: false }`
[INFO] running `Command { std: "docker" "rm" "-f" "647afbd8da99959356283239de0c0f2d07c388e143d39c6a55cb95bc095bd24f", kill_on_drop: false }`
[INFO] [stdout] 647afbd8da99959356283239de0c0f2d07c388e143d39c6a55cb95bc095bd24f
[INFO] running `Command { std: "docker" "create" "-v" "/var/lib/crater-agent-workspace/builds/worker-1-tc2/target:/opt/rustwide/target:rw,Z" "-v" "/var/lib/crater-agent-workspace/builds/worker-1-tc2/source:/opt/rustwide/workdir:ro,Z" "-v" "/var/lib/crater-agent-workspace/cargo-home:/opt/rustwide/cargo-home:ro,Z" "-v" "/var/lib/crater-agent-workspace/rustup-home:/opt/rustwide/rustup-home:ro,Z" "-e" "SOURCE_DIR=/opt/rustwide/workdir" "-e" "CARGO_TARGET_DIR=/opt/rustwide/target" "-e" "CARGO_INCREMENTAL=0" "-e" "RUST_BACKTRACE=full" "-e" "RUSTFLAGS=--cap-lints=warn" "-e" "RUSTDOCFLAGS=--cap-lints=warn" "-e" "CARGO_HOME=/opt/rustwide/cargo-home" "-e" "RUSTUP_HOME=/opt/rustwide/rustup-home" "-w" "/opt/rustwide/workdir" "-m" "1610612736" "--user" "0:0" "--network" "none" "ghcr.io/rust-lang/crates-build-env/linux@sha256:5ff2268d62e97bff2cde7d5815dd6ed5b47097566f13b8d0ca110b04b60e07ed" "/opt/rustwide/cargo-home/bin/cargo" "+beta-2023-04-20" "doc" "--frozen" "--no-deps" "--document-private-items" "--message-format=json", kill_on_drop: false }`
[INFO] [stdout] f2247ed1bf888f42c196ef00d54d5bfd31524b61b9fa0621834af0e79974fccd
[INFO] running `Command { std: "docker" "start" "-a" "f2247ed1bf888f42c196ef00d54d5bfd31524b61b9fa0621834af0e79974fccd", kill_on_drop: false }`
[INFO] [stderr] warning: the cargo feature `edition2021` has been stabilized in the 1.56 release and is no longer necessary to be listed in the manifest
[INFO] [stderr]   See https://doc.rust-lang.org/beta/cargo/reference/manifest.html#the-edition-field for more information about using this feature.
[INFO] [stderr]    Compiling autocfg v1.0.1
[INFO] [stderr]    Compiling libc v0.2.101
[INFO] [stderr]     Checking cfg-if v1.0.0
[INFO] [stderr]    Compiling crossbeam-utils v0.8.5
[INFO] [stderr]     Checking scopeguard v1.1.0
[INFO] [stderr]     Checking lazy_static v1.4.0
[INFO] [stderr]     Checking smallvec v1.6.1
[INFO] [stderr]    Compiling crossbeam-epoch v0.9.5
[INFO] [stderr]    Compiling log v0.4.14
[INFO] [stderr]    Compiling crc32fast v1.2.1
[INFO] [stderr]     Checking byteorder v1.4.3
[INFO] [stderr]     Checking static_assertions v1.1.0
[INFO] [stderr]     Checking arc-swap v1.3.1
[INFO] [stderr]     Checking instant v0.1.10
[INFO] [stderr]     Checking lock_api v0.4.4
[INFO] [stderr]     Checking archery v0.4.0
[INFO] [stderr]     Checking rpds v0.9.0
[INFO] [stderr]    Compiling num-traits v0.2.14
[INFO] [stderr]    Compiling num-integer v0.1.44
[INFO] [stderr]    Compiling memoffset v0.6.4
[INFO] [stderr]    Compiling num-bigint v0.4.0
[INFO] [stderr]     Checking fxhash v0.2.1
[INFO] [stderr]     Checking parking_lot_core v0.8.3
[INFO] [stderr]     Checking fs2 v0.4.3
[INFO] [stderr]     Checking getrandom v0.2.3
[INFO] [stderr]     Checking time v0.1.43
[INFO] [stderr]     Checking uuid v0.8.2
[INFO] [stderr]     Checking parking_lot v0.11.1
[INFO] [stderr]     Checking sled v0.34.6
[INFO] [stderr]     Checking chrono v0.4.19
[INFO] [stderr]     Checking datom-bigdecimal v0.3.1
[INFO] [stderr]     Checking datom v0.1.1-pre4 (/opt/rustwide/workdir)
[INFO] [stderr]  Documenting datom v0.1.1-pre4 (/opt/rustwide/workdir)
[INFO] [stdout] error[E0432]: unresolved import `std::lazy`
[INFO] [stdout]  --> src/builtin_idents.rs:5:33
[INFO] [stdout]   |
[INFO] [stdout] 5 | use std::{collections::HashMap, lazy::SyncLazy};
[INFO] [stdout]   |                                 ^^^^ could not find `lazy` in `std`
[INFO] [stdout] 
[INFO] [stdout] 
[INFO] [stdout] error[E0432]: unresolved import `std::lazy`
[INFO] [stdout]  --> src/builtin_idents.rs:5:33
[INFO] [stdout]   |
[INFO] [stdout] 5 | use std::{collections::HashMap, lazy::SyncLazy};
[INFO] [stdout]   |                                 ^^^^ could not find `lazy` in `std`
[INFO] [stdout] 
[INFO] [stdout] 
[INFO] [stdout] error[E0554]: `#![feature]` may not be used on the beta release channel
[INFO] [stdout]  --> src/lib.rs:5:1
[INFO] [stdout]   |
[INFO] [stdout] 5 | #![feature(generic_associated_types, map_first_last, once_cell)]
[INFO] [stdout]   | ^^^^^^^^^^^^^^^^^^^^^^^^^^^^^^^^^^^^^^^^^^^^^^^^^^^^^^^^^^^^^^^^
[INFO] [stdout]   |
[INFO] [stdout]   = help: the feature `generic_associated_types` has been stable since `1.65.0` and no longer requires an attribute to enable
[INFO] [stdout] 
[INFO] [stdout] 
[INFO] [stdout] error[E0554]: `#![feature]` may not be used on the beta release channel
[INFO] [stdout]  --> src/lib.rs:5:1
[INFO] [stdout]   |
[INFO] [stdout] 5 | #![feature(generic_associated_types, map_first_last, once_cell)]
[INFO] [stdout]   | ^^^^^^^^^^^^^^^^^^^^^^^^^^^^^^^^^^^^^^^^^^^^^^^^^^^^^^^^^^^^^^^^
[INFO] [stdout]   |
[INFO] [stdout]   = help: the feature `generic_associated_types` has been stable since `1.65.0` and no longer requires an attribute to enable
[INFO] [stdout] 
[INFO] [stdout] 
[INFO] [stdout] warning: the feature `generic_associated_types` has been stable since 1.65.0 and no longer requires an attribute to enable
[INFO] [stdout]  --> src/lib.rs:5:12
[INFO] [stdout]   |
[INFO] [stdout] 5 | #![feature(generic_associated_types, map_first_last, once_cell)]
[INFO] [stdout]   |            ^^^^^^^^^^^^^^^^^^^^^^^^
[INFO] [stdout]   |
[INFO] [stdout]   = note: `#[warn(stable_features)]` on by default
[INFO] [stdout] 
[INFO] [stdout] 
[INFO] [stdout] error[E0554]: `#![feature]` may not be used on the beta release channel
[INFO] [stdout]  --> src/lib.rs:5:38
[INFO] [stdout]   |
[INFO] [stdout] 5 | #![feature(generic_associated_types, map_first_last, once_cell)]
[INFO] [stdout]   |                                      ^^^^^^^^^^^^^^
[INFO] [stdout] 
[INFO] [stdout] 
[INFO] [stdout] error[E0554]: `#![feature]` may not be used on the beta release channel
[INFO] [stdout]  --> src/lib.rs:5:54
[INFO] [stdout]   |
[INFO] [stdout] 5 | #![feature(generic_associated_types, map_first_last, once_cell)]
[INFO] [stdout]   |                                                      ^^^^^^^^^
[INFO] [stdout] 
[INFO] [stdout] 
[INFO] [stdout] warning: the feature `once_cell` has been stable since 1.70.0 and no longer requires an attribute to enable
[INFO] [stdout]  --> src/lib.rs:5:54
[INFO] [stdout]   |
[INFO] [stdout] 5 | #![feature(generic_associated_types, map_first_last, once_cell)]
[INFO] [stdout]   |                                                      ^^^^^^^^^
[INFO] [stdout] 
[INFO] [stdout] 
[INFO] [stdout] warning: the feature `map_first_last` has been stable since 1.66.0 and no longer requires an attribute to enable
[INFO] [stdout]  --> src/lib.rs:5:38
[INFO] [stdout]   |
[INFO] [stdout] 5 | #![feature(generic_associated_types, map_first_last, once_cell)]
[INFO] [stdout]   |                                      ^^^^^^^^^^^^^^
[INFO] [stdout] 
[INFO] [stdout] 
[INFO] [stdout] error[E0433]: failed to resolve: could not resolve path `SyncLazy::new`
[INFO] [stdout]   --> src/builtin_idents.rs:71:58
[INFO] [stdout]    |
[INFO] [stdout] 71 | pub static BUILTIN_ENTITIES: SyncLazy<BuiltinEntities> = SyncLazy::new(|| {
[INFO] [stdout]    |                                                          ^^^^^^^^^^^^^ could not resolve path `SyncLazy::new`
[INFO] [stdout]    |
[INFO] [stdout]    = note: this error was originally ignored because you are running `rustdoc`
[INFO] [stdout]    = note: try running again with `rustc` or `cargo check` and you may get a more detailed error
[INFO] [stdout] 
[INFO] [stdout] 
[INFO] [stdout] error[E0433]: failed to resolve: could not resolve path `SyncLazy::new`
[INFO] [stdout]    --> src/builtin_idents.rs:205:74
[INFO] [stdout]     |
[INFO] [stdout] 205 | pub static BUILTIN_ENTITIES_BY_IDENT: SyncLazy<BuiltinEntitiesByIdent> = SyncLazy::new(|| {
[INFO] [stdout]     |                                                                          ^^^^^^^^^^^^^ could not resolve path `SyncLazy::new`
[INFO] [stdout]     |
[INFO] [stdout]     = note: this error was originally ignored because you are running `rustdoc`
[INFO] [stdout]     = note: try running again with `rustc` or `cargo check` and you may get a more detailed error
[INFO] [stdout] 
[INFO] [stdout] 
[INFO] [stdout] error: aborting due to 4 previous errors
[INFO] [stdout] 
[INFO] [stdout] 
[INFO] [stdout] Some errors have detailed explanations: E0432, E0433, E0554.
[INFO] [stdout] 
[INFO] [stdout] For more information about an error, try `rustc --explain E0432`.
[INFO] [stdout] 
[INFO] [stderr] error: could not document `datom`
[INFO] [stderr] 
[INFO] [stderr] Caused by:
[INFO] [stderr]   process didn't exit successfully: `rustdoc --edition=2021 --crate-type lib --crate-name datom src/lib.rs -o /opt/rustwide/target/doc --cfg 'feature="arc-swap"' --cfg 'feature="archery"' --cfg 'feature="default"' --cfg 'feature="redblacktreeset"' --cfg 'feature="rpds"' --cfg 'feature="sled"' --error-format=json --json=diagnostic-rendered-ansi,artifacts,future-incompat --document-private-items -C metadata=60d4ddbf0d5d91b3 -L dependency=/opt/rustwide/target/debug/deps --extern arc_swap=/opt/rustwide/target/debug/deps/libarc_swap-da8195469ee51c73.rmeta --extern archery=/opt/rustwide/target/debug/deps/libarchery-696332f68e522142.rmeta --extern chrono=/opt/rustwide/target/debug/deps/libchrono-fbe3d0923bcbffd7.rmeta --extern datom_bigdecimal=/opt/rustwide/target/debug/deps/libdatom_bigdecimal-aa759f9f8b8ebf2e.rmeta --extern num_bigint=/opt/rustwide/target/debug/deps/libnum_bigint-766e1fef9fea4825.rmeta --extern rpds=/opt/rustwide/target/debug/deps/librpds-ef7c582a09314036.rmeta --extern sled=/opt/rustwide/target/debug/deps/libsled-8bb4c639fb7b23e0.rmeta --extern uuid=/opt/rustwide/target/debug/deps/libuuid-7439321be4b03d91.rmeta --cap-lints=warn --crate-version 0.1.1-pre4` (exit status: 1)
[INFO] [stderr] warning: build failed, waiting for other jobs to finish...
[INFO] [stdout] error: aborting due to 4 previous errors; 3 warnings emitted
[INFO] [stdout] 
[INFO] [stdout] 
[INFO] [stdout] Some errors have detailed explanations: E0432, E0554.
[INFO] [stdout] 
[INFO] [stdout] For more information about an error, try `rustc --explain E0432`.
[INFO] [stdout] 
[INFO] [stderr] error: could not compile `datom` (lib) due to 5 previous errors; 3 warnings emitted
[INFO] running `Command { std: "docker" "inspect" "f2247ed1bf888f42c196ef00d54d5bfd31524b61b9fa0621834af0e79974fccd", kill_on_drop: false }`
[INFO] running `Command { std: "docker" "rm" "-f" "f2247ed1bf888f42c196ef00d54d5bfd31524b61b9fa0621834af0e79974fccd", kill_on_drop: false }`
[INFO] [stdout] f2247ed1bf888f42c196ef00d54d5bfd31524b61b9fa0621834af0e79974fccd
