[INFO] fetching crate cw-optimizoor 0.9.3...
[INFO] documenting cw-optimizoor-0.9.3 against beta-2023-04-20 for beta-1.70-rustdoc-1
[INFO] extracting crate cw-optimizoor 0.9.3 into /workspace/builds/worker-5-tc2/source
[INFO] validating manifest of crates.io crate cw-optimizoor 0.9.3 on toolchain beta-2023-04-20
[INFO] running `Command { std: CARGO_HOME="/workspace/cargo-home" RUSTUP_HOME="/workspace/rustup-home" "/workspace/cargo-home/bin/cargo" "+beta-2023-04-20" "metadata" "--manifest-path" "Cargo.toml" "--no-deps", kill_on_drop: false }`
[INFO] removed /workspace/builds/worker-5-tc2/source/rust-toolchain.toml
[INFO] started tweaking crates.io crate cw-optimizoor 0.9.3
[INFO] removed 0 missing tests
[INFO] finished tweaking crates.io crate cw-optimizoor 0.9.3
[INFO] tweaked toml for crates.io crate cw-optimizoor 0.9.3 written to /workspace/builds/worker-5-tc2/source/Cargo.toml
[INFO] crate crates.io crate cw-optimizoor 0.9.3 already has a lockfile, it will not be regenerated
[INFO] running `Command { std: CARGO_HOME="/workspace/cargo-home" RUSTUP_HOME="/workspace/rustup-home" "/workspace/cargo-home/bin/cargo" "+beta-2023-04-20" "fetch" "--manifest-path" "Cargo.toml", kill_on_drop: false }`
[INFO] [stderr]     Updating crates.io index
[INFO] [stderr]  Downloading crates ...
[INFO] [stderr]   Downloaded typed-builder v0.10.0
[INFO] [stderr]   Downloaded gherkin v0.13.0
[INFO] [stderr]   Downloaded ctor v0.2.0
[INFO] [stderr]   Downloaded inventory v0.3.5
[INFO] [stderr]   Downloaded peg-runtime v0.6.3
[INFO] [stderr]   Downloaded peg v0.6.3
[INFO] [stderr]   Downloaded peg-macros v0.6.3
[INFO] [stderr]   Downloaded serde_ignored v0.1.7
[INFO] [stderr]   Downloaded synthez-core v0.2.0
[INFO] [stderr]   Downloaded petname v1.1.3
[INFO] [stderr]   Downloaded ghost v0.1.9
[INFO] [stderr]   Downloaded ordered-float v2.10.0
[INFO] [stderr]   Downloaded pathdiff v0.2.1
[INFO] [stderr]   Downloaded rustc-workspace-hack v1.0.0
[INFO] [stderr]   Downloaded miow v0.5.0
[INFO] [stderr]   Downloaded crates-io v0.34.0
[INFO] [stderr]   Downloaded binaryen v0.12.1
[INFO] [stderr]   Downloaded fwdansi v1.1.0
[INFO] [stderr]   Downloaded rand_xoshiro v0.6.0
[INFO] [stderr]   Downloaded git2-curl v0.17.0
[INFO] [stderr]   Downloaded bytesize v1.2.0
[INFO] [stderr]   Downloaded rustfix v0.6.1
[INFO] [stderr]   Downloaded sized-chunks v0.6.5
[INFO] [stderr]   Downloaded cargo-util v0.2.3
[INFO] [stderr]   Downloaded openssl-sys v0.9.83
[INFO] [stderr]   Downloaded cucumber-codegen v0.19.1
[INFO] [stderr]   Downloaded serde v1.0.158
[INFO] [stderr]   Downloaded commoncrypto-sys v0.2.0
[INFO] [stderr]   Downloaded serde_path_to_error v0.1.11
[INFO] [stderr]   Downloaded crates_io_api v0.8.1
[INFO] [stderr]   Downloaded synthez-codegen v0.2.0
[INFO] [stderr]   Downloaded commoncrypto v0.2.0
[INFO] [stderr]   Downloaded clap_derive v4.1.12
[INFO] [stderr]   Downloaded terminal_size v0.2.5
[INFO] [stderr]   Downloaded sealed v0.3.0
[INFO] [stderr]   Downloaded bitmaps v2.1.0
[INFO] [stderr]   Downloaded cucumber v0.19.1
[INFO] [stderr]   Downloaded colour v0.6.0
[INFO] [stderr]   Downloaded toml_edit v0.15.0
[INFO] [stderr]   Downloaded im-rc v15.1.0
[INFO] [stderr]   Downloaded reqwest v0.11.15
[INFO] [stderr]   Downloaded git2 v0.16.1
[INFO] [stderr]   Downloaded clap v4.1.13
[INFO] [stderr]   Downloaded predicates v2.1.5
[INFO] [stderr]   Downloaded openssl v0.10.48
[INFO] [stderr]   Downloaded syn v2.0.10
[INFO] [stderr]   Downloaded opener v0.5.2
[INFO] [stderr]   Downloaded synthez v0.2.0
[INFO] [stderr]   Downloaded bytecount v0.6.3
[INFO] [stderr]   Downloaded drain_filter_polyfill v0.1.3
[INFO] [stderr]   Downloaded serde-value v0.7.0
[INFO] [stderr]   Downloaded crypto-hash v0.3.4
[INFO] [stderr]   Downloaded nom_locate v4.1.0
[INFO] [stderr]   Downloaded sealed v0.4.0
[INFO] [stderr]   Downloaded libssh2-sys v0.2.23
[INFO] [stderr]   Downloaded cucumber-expressions v0.2.1
[INFO] [stderr]   Downloaded serde_derive v1.0.158
[INFO] [stderr]   Downloaded binaryen-sys v0.12.0
[INFO] [stderr]   Downloaded cargo v0.67.1
[INFO] [stderr]   Downloaded libnghttp2-sys v0.1.7+1.45.0
[INFO] running `Command { std: "docker" "create" "-v" "/var/lib/crater-agent-workspace/builds/worker-5-tc2/target:/opt/rustwide/target:rw,Z" "-v" "/var/lib/crater-agent-workspace/builds/worker-5-tc2/source:/opt/rustwide/workdir:ro,Z" "-v" "/var/lib/crater-agent-workspace/cargo-home:/opt/rustwide/cargo-home:ro,Z" "-v" "/var/lib/crater-agent-workspace/rustup-home:/opt/rustwide/rustup-home:ro,Z" "-e" "SOURCE_DIR=/opt/rustwide/workdir" "-e" "CARGO_TARGET_DIR=/opt/rustwide/target" "-e" "CARGO_HOME=/opt/rustwide/cargo-home" "-e" "RUSTUP_HOME=/opt/rustwide/rustup-home" "-w" "/opt/rustwide/workdir" "-m" "1610612736" "--user" "0:0" "--network" "none" "ghcr.io/rust-lang/crates-build-env/linux@sha256:5ff2268d62e97bff2cde7d5815dd6ed5b47097566f13b8d0ca110b04b60e07ed" "/opt/rustwide/cargo-home/bin/cargo" "+beta-2023-04-20" "metadata" "--no-deps" "--format-version=1", kill_on_drop: false }`
[INFO] [stdout] 42e0a5d87ecce5f3e0cca5cf3e6ed78e9cb4bf1e75069d87065b44309fbdd8b0
[INFO] running `Command { std: "docker" "start" "-a" "42e0a5d87ecce5f3e0cca5cf3e6ed78e9cb4bf1e75069d87065b44309fbdd8b0", kill_on_drop: false }`
[INFO] running `Command { std: "docker" "inspect" "42e0a5d87ecce5f3e0cca5cf3e6ed78e9cb4bf1e75069d87065b44309fbdd8b0", kill_on_drop: false }`
[INFO] running `Command { std: "docker" "rm" "-f" "42e0a5d87ecce5f3e0cca5cf3e6ed78e9cb4bf1e75069d87065b44309fbdd8b0", kill_on_drop: false }`
[INFO] [stdout] 42e0a5d87ecce5f3e0cca5cf3e6ed78e9cb4bf1e75069d87065b44309fbdd8b0
[INFO] running `Command { std: "docker" "create" "-v" "/var/lib/crater-agent-workspace/builds/worker-5-tc2/target:/opt/rustwide/target:rw,Z" "-v" "/var/lib/crater-agent-workspace/builds/worker-5-tc2/source:/opt/rustwide/workdir:ro,Z" "-v" "/var/lib/crater-agent-workspace/cargo-home:/opt/rustwide/cargo-home:ro,Z" "-v" "/var/lib/crater-agent-workspace/rustup-home:/opt/rustwide/rustup-home:ro,Z" "-e" "SOURCE_DIR=/opt/rustwide/workdir" "-e" "CARGO_TARGET_DIR=/opt/rustwide/target" "-e" "CARGO_INCREMENTAL=0" "-e" "RUST_BACKTRACE=full" "-e" "RUSTFLAGS=--cap-lints=warn" "-e" "RUSTDOCFLAGS=--cap-lints=warn" "-e" "CARGO_HOME=/opt/rustwide/cargo-home" "-e" "RUSTUP_HOME=/opt/rustwide/rustup-home" "-w" "/opt/rustwide/workdir" "-m" "1610612736" "--user" "0:0" "--network" "none" "ghcr.io/rust-lang/crates-build-env/linux@sha256:5ff2268d62e97bff2cde7d5815dd6ed5b47097566f13b8d0ca110b04b60e07ed" "/opt/rustwide/cargo-home/bin/cargo" "+beta-2023-04-20" "doc" "--frozen" "--no-deps" "--document-private-items" "--message-format=json", kill_on_drop: false }`
[INFO] [stdout] 74490bbf4bb799ca25c135ca984ea3ae23c0bb54af592e8d497f958a19a8cba3
[INFO] running `Command { std: "docker" "start" "-a" "74490bbf4bb799ca25c135ca984ea3ae23c0bb54af592e8d497f958a19a8cba3", kill_on_drop: false }`
[INFO] [stderr]    Compiling libc v0.2.140
[INFO] [stderr]    Compiling proc-macro2 v1.0.54
[INFO] [stderr]    Compiling serde_derive v1.0.158
[INFO] [stderr]    Compiling serde v1.0.158
[INFO] [stderr]    Compiling openssl v0.10.48
[INFO] [stderr]    Compiling tokio v1.26.0
[INFO] [stderr]    Compiling futures-util v0.3.27
[INFO] [stderr]    Compiling indexmap v1.9.3
[INFO] [stderr]    Compiling num-traits v0.2.15
[INFO] [stderr]     Checking futures-io v0.3.27
[INFO] [stderr]    Compiling io-lifetimes v1.0.9
[INFO] [stderr]    Compiling serde_json v1.0.94
[INFO] [stderr]    Compiling rustix v0.36.11
[INFO] [stderr]    Compiling memoffset v0.8.0
[INFO] [stderr]     Checking linux-raw-sys v0.1.4
[INFO] [stderr]    Compiling crossbeam-epoch v0.9.14
[INFO] [stderr]    Compiling parking_lot_core v0.8.6
[INFO] [stderr]     Checking regex-syntax v0.6.29
[INFO] [stderr]    Compiling curl v0.4.44
[INFO] [stderr]    Compiling unicode-segmentation v1.10.1
[INFO] [stderr]     Checking bstr v1.4.0
[INFO] [stderr]     Checking anyhow v1.0.70
[INFO] [stderr]    Compiling crc32fast v1.3.2
[INFO] [stderr]     Checking instant v0.1.12
[INFO] [stderr]    Compiling num-integer v0.1.45
[INFO] [stderr]     Checking either v1.8.1
[INFO] [stderr]     Checking bitmaps v2.1.0
[INFO] [stderr]     Checking filetime v0.2.20
[INFO] [stderr]     Checking signal-hook-registry v1.4.1
[INFO] [stderr]     Checking mio v0.7.14
[INFO] [stderr]    Compiling heck v0.3.3
[INFO] [stderr]    Compiling im-rc v15.1.0
[INFO] [stderr]     Checking os_str_bytes v6.5.0
[INFO] [stderr]     Checking rand_core v0.6.4
[INFO] [stderr]    Compiling rayon-core v1.11.0
[INFO] [stderr]     Checking cpufeatures v0.2.6
[INFO] [stderr]    Compiling semver v1.0.17
[INFO] [stderr]    Compiling quote v1.0.26
[INFO] [stderr]     Checking clap_lex v0.3.3
[INFO] [stderr]     Checking rand_xoshiro v0.6.0
[INFO] [stderr]     Checking kstring v2.0.0
[INFO] [stderr]     Checking signal-hook v0.1.17
[INFO] [stderr]     Checking crossbeam-deque v0.8.3
[INFO] [stderr]    Compiling jobserver v0.1.26
[INFO] [stderr]    Compiling syn v2.0.10
[INFO] [stderr]    Compiling syn v1.0.109
[INFO] [stderr]     Checking parking_lot v0.11.2
[INFO] [stderr]     Checking itertools v0.10.5
[INFO] [stderr]     Checking crossbeam-channel v0.5.7
[INFO] [stderr]    Compiling cc v1.0.79
[INFO] [stderr]    Compiling tar v0.4.38
[INFO] [stderr]     Checking sized-chunks v0.6.5
[INFO] [stderr]    Compiling vte_generate_state_changes v0.1.1
[INFO] [stderr]     Checking atty v0.2.14
[INFO] [stderr]     Checking combine v4.6.6
[INFO] [stderr]     Checking mime v0.3.17
[INFO] [stderr]     Checking hex v0.4.3
[INFO] [stderr]     Checking humantime v2.1.0
[INFO] [stderr]     Checking shell-escape v0.1.5
[INFO] [stderr]     Checking ordered-float v2.10.0
[INFO] [stderr]     Checking crossterm v0.19.0
[INFO] [stderr]     Checking sha1 v0.10.5
[INFO] [stderr]     Checking regex v1.7.3
[INFO] [stderr]    Compiling cmake v0.1.49
[INFO] [stderr]     Checking opener v0.5.2
[INFO] [stderr]     Checking vte v0.10.1
[INFO] [stderr]     Checking path-dedot v3.0.18
[INFO] [stderr]     Checking is-terminal v0.4.5
[INFO] [stderr]     Checking tempfile v3.4.0
[INFO] [stderr]     Checking home v0.5.4
[INFO] [stderr]     Checking bytesize v1.2.0
[INFO] [stderr]     Checking pathdiff v0.2.1
[INFO] [stderr]     Checking glob v0.3.1
[INFO] [stderr]     Checking rustc-workspace-hack v1.0.0
[INFO] [stderr]     Checking lazycell v1.3.0
[INFO] [stderr]     Checking path-absolutize v3.0.14
[INFO] [stderr]     Checking colour v0.6.0
[INFO] [stderr]     Checking rayon v1.7.0
[INFO] [stderr]     Checking sha2 v0.10.6
[INFO] [stderr]    Compiling openssl-sys v0.9.83
[INFO] [stderr]    Compiling libz-sys v1.1.8
[INFO] [stderr]    Compiling libnghttp2-sys v0.1.7+1.45.0
[INFO] [stderr]    Compiling libssh2-sys v0.2.23
[INFO] [stderr]    Compiling curl-sys v0.4.61+curl-8.0.1
[INFO] [stderr]    Compiling libgit2-sys v0.14.2+1.5.1
[INFO] [stderr]     Checking globset v0.4.10
[INFO] [stderr]     Checking env_logger v0.9.3
[INFO] [stderr]     Checking strip-ansi-escapes v0.1.1
[INFO] [stderr]     Checking ignore v0.4.20
[INFO] [stderr]     Checking flate2 v1.0.25
[INFO] [stderr]    Compiling native-tls v0.2.11
[INFO] [stderr]    Compiling binaryen-sys v0.12.0
[INFO] [stderr]    Compiling cargo v0.67.1
[INFO] [stderr]    Compiling clap_derive v4.1.12
[INFO] [stderr]    Compiling openssl-macros v0.1.0
[INFO] [stderr]    Compiling tokio-macros v1.8.2
[INFO] [stderr]    Compiling futures-macro v0.3.27
[INFO] [stderr]     Checking clap v4.1.13
[INFO] [stderr] error: could not compile `tokio` (lib)
[INFO] [stderr] 
[INFO] [stderr] Caused by:
[INFO] [stderr]   process didn't exit successfully: `rustc --crate-name tokio --edition=2018 /opt/rustwide/cargo-home/registry/src/index.crates.io-6f17d22bba15001f/tokio-1.26.0/src/lib.rs --error-format=json --json=diagnostic-rendered-ansi,artifacts,future-incompat --crate-type lib --emit=dep-info,metadata -C embed-bitcode=no -C debuginfo=2 --cfg 'feature="bytes"' --cfg 'feature="default"' --cfg 'feature="io-util"' --cfg 'feature="libc"' --cfg 'feature="macros"' --cfg 'feature="memchr"' --cfg 'feature="mio"' --cfg 'feature="net"' --cfg 'feature="num_cpus"' --cfg 'feature="rt"' --cfg 'feature="rt-multi-thread"' --cfg 'feature="socket2"' --cfg 'feature="sync"' --cfg 'feature="time"' --cfg 'feature="tokio-macros"' -C metadata=5eb671a7cf88be08 -C extra-filename=-5eb671a7cf88be08 --out-dir /opt/rustwide/target/debug/deps -L dependency=/opt/rustwide/target/debug/deps --extern bytes=/opt/rustwide/target/debug/deps/libbytes-1fc1fbcc850caeea.rmeta --extern libc=/opt/rustwide/target/debug/deps/liblibc-8957d1088afdc06b.rmeta --extern memchr=/opt/rustwide/target/debug/deps/libmemchr-aed752ef84a57a5d.rmeta --extern mio=/opt/rustwide/target/debug/deps/libmio-4962c281bb737ad5.rmeta --extern num_cpus=/opt/rustwide/target/debug/deps/libnum_cpus-7d05d156ad989450.rmeta --extern pin_project_lite=/opt/rustwide/target/debug/deps/libpin_project_lite-b06fb62b00d511df.rmeta --extern socket2=/opt/rustwide/target/debug/deps/libsocket2-0af038028de774e2.rmeta --extern tokio_macros=/opt/rustwide/target/debug/deps/libtokio_macros-421d7ebbd903a636.so --cap-lints allow --cap-lints=warn` (signal: 9, SIGKILL: kill)
[INFO] [stderr] warning: build failed, waiting for other jobs to finish...
[INFO] [stderr] error: could not compile `serde_derive` (lib)
[INFO] [stderr] 
[INFO] [stderr] Caused by:
[INFO] [stderr]   process didn't exit successfully: `rustc --crate-name serde_derive /opt/rustwide/cargo-home/registry/src/index.crates.io-6f17d22bba15001f/serde_derive-1.0.158/src/lib.rs --error-format=json --json=diagnostic-rendered-ansi,artifacts,future-incompat --crate-type proc-macro --emit=dep-info,link -C prefer-dynamic -C embed-bitcode=no --cfg 'feature="default"' -C metadata=0f27fc9616133f1e -C extra-filename=-0f27fc9616133f1e --out-dir /opt/rustwide/target/debug/deps -L dependency=/opt/rustwide/target/debug/deps --extern proc_macro2=/opt/rustwide/target/debug/deps/libproc_macro2-f5a11cefcdeff20c.rlib --extern quote=/opt/rustwide/target/debug/deps/libquote-a76cb587ba902e4a.rlib --extern syn=/opt/rustwide/target/debug/deps/libsyn-62f0cfc8c98ff869.rlib --extern proc_macro --cap-lints allow --cap-lints=warn` (signal: 9, SIGKILL: kill)
[INFO] [stderr] error: could not compile `openssl` (lib)
[INFO] [stderr] 
[INFO] [stderr] Caused by:
[INFO] [stderr]   process didn't exit successfully: `rustc --crate-name openssl --edition=2018 /opt/rustwide/cargo-home/registry/src/index.crates.io-6f17d22bba15001f/openssl-0.10.48/src/lib.rs --error-format=json --json=diagnostic-rendered-ansi,artifacts,future-incompat --crate-type lib --emit=dep-info,metadata -C embed-bitcode=no -C debuginfo=2 --cfg 'feature="default"' -C metadata=2d0b5f8f9bd13dd2 -C extra-filename=-2d0b5f8f9bd13dd2 --out-dir /opt/rustwide/target/debug/deps -L dependency=/opt/rustwide/target/debug/deps --extern bitflags=/opt/rustwide/target/debug/deps/libbitflags-885ae3214f28c119.rmeta --extern cfg_if=/opt/rustwide/target/debug/deps/libcfg_if-483f5a2788925099.rmeta --extern foreign_types=/opt/rustwide/target/debug/deps/libforeign_types-51d892e88000759b.rmeta --extern libc=/opt/rustwide/target/debug/deps/liblibc-8957d1088afdc06b.rmeta --extern once_cell=/opt/rustwide/target/debug/deps/libonce_cell-30963f262679d506.rmeta --extern openssl_macros=/opt/rustwide/target/debug/deps/libopenssl_macros-347c95dd3500be93.so --extern ffi=/opt/rustwide/target/debug/deps/libopenssl_sys-63ba936e6cef574a.rmeta --cap-lints allow --cap-lints=warn --cfg 'osslconf="OPENSSL_NO_IDEA"' --cfg 'osslconf="OPENSSL_NO_SSL3_METHOD"' --cfg ossl101 --cfg ossl102 --cfg ossl110 --cfg ossl110g --cfg ossl110h --cfg ossl111 --cfg ossl300` (signal: 9, SIGKILL: kill)
[INFO] [stderr] error: could not compile `futures-util` (lib)
[INFO] [stderr] 
[INFO] [stderr] Caused by:
[INFO] [stderr]   process didn't exit successfully: `rustc --crate-name futures_util --edition=2018 /opt/rustwide/cargo-home/registry/src/index.crates.io-6f17d22bba15001f/futures-util-0.3.27/src/lib.rs --error-format=json --json=diagnostic-rendered-ansi,artifacts,future-incompat --crate-type lib --emit=dep-info,metadata -C embed-bitcode=no -C debuginfo=2 --cfg 'feature="alloc"' --cfg 'feature="async-await"' --cfg 'feature="async-await-macro"' --cfg 'feature="channel"' --cfg 'feature="futures-channel"' --cfg 'feature="futures-io"' --cfg 'feature="futures-macro"' --cfg 'feature="futures-sink"' --cfg 'feature="io"' --cfg 'feature="memchr"' --cfg 'feature="sink"' --cfg 'feature="slab"' --cfg 'feature="std"' -C metadata=b693be699e63083b -C extra-filename=-b693be699e63083b --out-dir /opt/rustwide/target/debug/deps -L dependency=/opt/rustwide/target/debug/deps --extern futures_channel=/opt/rustwide/target/debug/deps/libfutures_channel-1b6ab96cd389f1dd.rmeta --extern futures_core=/opt/rustwide/target/debug/deps/libfutures_core-8dcd2009552b717b.rmeta --extern futures_io=/opt/rustwide/target/debug/deps/libfutures_io-1564c8abde1e4d9e.rmeta --extern futures_macro=/opt/rustwide/target/debug/deps/libfutures_macro-eb0954091a52bba7.so --extern futures_sink=/opt/rustwide/target/debug/deps/libfutures_sink-3cff5f5fd408b07f.rmeta --extern futures_task=/opt/rustwide/target/debug/deps/libfutures_task-f4d5b649f41edd20.rmeta --extern memchr=/opt/rustwide/target/debug/deps/libmemchr-aed752ef84a57a5d.rmeta --extern pin_project_lite=/opt/rustwide/target/debug/deps/libpin_project_lite-b06fb62b00d511df.rmeta --extern pin_utils=/opt/rustwide/target/debug/deps/libpin_utils-c17bf529103421a9.rmeta --extern slab=/opt/rustwide/target/debug/deps/libslab-4afad3aba3118cf3.rmeta --cap-lints allow --cap-lints=warn` (signal: 9, SIGKILL: kill)
[INFO] [stderr] error: failed to run custom build command for `binaryen-sys v0.12.0`
[INFO] [stderr] note: To improve backtraces for build dependencies, set the CARGO_PROFILE_DEV_BUILD_OVERRIDE_DEBUG=true environment variable to enable debug information generation.
[INFO] [stderr] 
[INFO] [stderr] Caused by:
[INFO] [stderr]   process didn't exit successfully: `/opt/rustwide/target/debug/build/binaryen-sys-95dcfc23e2ce2555/build-script-build` (exit status: 101)
[INFO] [stderr]   --- stdout
[INFO] [stderr]   CMAKE_TOOLCHAIN_FILE_x86_64-unknown-linux-gnu = None
[INFO] [stderr]   CMAKE_TOOLCHAIN_FILE_x86_64_unknown_linux_gnu = None
[INFO] [stderr]   HOST_CMAKE_TOOLCHAIN_FILE = None
[INFO] [stderr]   CMAKE_TOOLCHAIN_FILE = None
[INFO] [stderr]   CMAKE_GENERATOR_x86_64-unknown-linux-gnu = None
[INFO] [stderr]   CMAKE_GENERATOR_x86_64_unknown_linux_gnu = None
[INFO] [stderr]   HOST_CMAKE_GENERATOR = None
[INFO] [stderr]   CMAKE_GENERATOR = None
[INFO] [stderr]   CMAKE_PREFIX_PATH_x86_64-unknown-linux-gnu = None
[INFO] [stderr]   CMAKE_PREFIX_PATH_x86_64_unknown_linux_gnu = None
[INFO] [stderr]   HOST_CMAKE_PREFIX_PATH = None
[INFO] [stderr]   CMAKE_PREFIX_PATH = None
[INFO] [stderr]   CMAKE_x86_64-unknown-linux-gnu = None
[INFO] [stderr]   CMAKE_x86_64_unknown_linux_gnu = None
[INFO] [stderr]   HOST_CMAKE = None
[INFO] [stderr]   CMAKE = None
[INFO] [stderr]   running: cd "/opt/rustwide/target/debug/build/binaryen-sys-2ebe39e7d92ced10/out/build" && CMAKE_PREFIX_PATH="" "cmake" "/opt/rustwide/cargo-home/registry/src/index.crates.io-6f17d22bba15001f/binaryen-sys-0.12.0/binaryen" "-DBUILD_STATIC_LIB=ON" "-DENABLE_WERROR=OFF" "-DCMAKE_INSTALL_PREFIX=/opt/rustwide/target/debug/build/binaryen-sys-2ebe39e7d92ced10/out" "-DCMAKE_C_FLAGS= -ffunction-sections -fdata-sections -fPIC -m64" "-DCMAKE_C_COMPILER=/usr/bin/cc" "-DCMAKE_CXX_FLAGS= -ffunction-sections -fdata-sections -fPIC -m64" "-DCMAKE_CXX_COMPILER=/usr/bin/c++" "-DCMAKE_ASM_FLAGS= -ffunction-sections -fdata-sections -fPIC -m64" "-DCMAKE_ASM_COMPILER=/usr/bin/cc" "-DCMAKE_BUILD_TYPE=Debug"
[INFO] [stderr]   -- The C compiler identification is GNU 11.3.0
[INFO] [stderr]   -- The CXX compiler identification is GNU 11.3.0
[INFO] [stderr]   -- Detecting C compiler ABI info
[INFO] [stderr]   -- Detecting C compiler ABI info - done
[INFO] [stderr]   -- Check for working C compiler: /usr/bin/cc - skipped
[INFO] [stderr]   -- Detecting C compile features
[INFO] [stderr]   -- Detecting C compile features - done
[INFO] [stderr]   -- Detecting CXX compiler ABI info
[INFO] [stderr]   -- Detecting CXX compiler ABI info - done
[INFO] [stderr]   -- Check for working CXX compiler: /usr/bin/c++ - skipped
[INFO] [stderr]   -- Detecting CXX compile features
[INFO] [stderr]   -- Detecting CXX compile features - done
[INFO] [stderr]   -- Building with -DBUILD_LLVM_DWARF
[INFO] [stderr]   -- Looking for pthread.h
[INFO] [stderr]   -- Looking for pthread.h - found
[INFO] [stderr]   -- Performing Test CMAKE_HAVE_LIBC_PTHREAD
[INFO] [stderr]   -- Performing Test CMAKE_HAVE_LIBC_PTHREAD - Success
[INFO] [stderr]   -- Found Threads: TRUE  
[INFO] [stderr]   -- Building with -std=c++14
[INFO] [stderr]   -- Building with -Wall
[INFO] [stderr]   -- Building with -Wextra
[INFO] [stderr]   -- Building with -Wno-unused-parameter
[INFO] [stderr]   -- Building with -fno-omit-frame-pointer
[INFO] [stderr]   -- Building with -Wno-implicit-int-float-conversion
[INFO] [stderr]   -- Building with -Wno-unknown-warning-option
[INFO] [stderr]   -- Building with -Wswitch
[INFO] [stderr]   -- Building with -fPIC
[INFO] [stderr]   -- Building with -O0
[INFO] [stderr]   -- Building with -g3
[INFO] [stderr]   -- Found PythonInterp: /usr/bin/python3 (found suitable version "3.10.6", minimum required is "3.5") 
[INFO] [stderr]   -- Building libbinaryen as statically linked library.
[INFO] [stderr]   -- Configuring done
[INFO] [stderr]   -- Generating done
[INFO] [stderr]   -- Build files have been written to: /opt/rustwide/target/debug/build/binaryen-sys-2ebe39e7d92ced10/out/build
[INFO] [stderr]   running: cd "/opt/rustwide/target/debug/build/binaryen-sys-2ebe39e7d92ced10/out/build" && MAKEFLAGS="-j --jobserver-fds=7,8 --jobserver-auth=7,8" "cmake" "--build" "." "--target" "install" "--config" "Debug"
[INFO] [stderr]   [  0%] Building CXX object src/asmjs/CMakeFiles/asmjs.dir/asm_v_wasm.cpp.o
[INFO] [stderr]   [  0%] Building CXX object third_party/llvm-project/CMakeFiles/llvm_dwarf.dir/Binary.cpp.o
[INFO] [stderr]   [  1%] Building CXX object src/asmjs/CMakeFiles/asmjs.dir/asmangle.cpp.o
[INFO] [stderr]   [  2%] Building CXX object third_party/llvm-project/CMakeFiles/llvm_dwarf.dir/ConvertUTF.cpp.o
[INFO] [stderr]   [  3%] Building CXX object src/ir/CMakeFiles/ir.dir/ExpressionAnalyzer.cpp.o
[INFO] [stderr]   [  3%] Building CXX object src/asmjs/CMakeFiles/asmjs.dir/shared-constants.cpp.o
[INFO] [stderr]   [  3%] Building CXX object third_party/llvm-project/CMakeFiles/llvm_dwarf.dir/DataExtractor.cpp.o
[INFO] [stderr]   [  4%] Building CXX object third_party/llvm-project/CMakeFiles/llvm_dwarf.dir/Debug.cpp.o
[INFO] [stderr]   [  4%] Building CXX object third_party/llvm-project/CMakeFiles/llvm_dwarf.dir/DJB.cpp.o
[INFO] [stderr]   [  4%] Building CXX object src/ir/CMakeFiles/ir.dir/ExpressionManipulator.cpp.o
[INFO] [stderr]   [  5%] Building CXX object src/cfg/CMakeFiles/cfg.dir/Relooper.cpp.o
[INFO] [stderr]   [  6%] Building CXX object src/ir/CMakeFiles/ir.dir/LocalGraph.cpp.o
[INFO] [stderr]   [  7%] Building CXX object third_party/llvm-project/CMakeFiles/llvm_dwarf.dir/Dwarf.cpp.o
[INFO] [stderr]   [  7%] Building CXX object src/ir/CMakeFiles/ir.dir/ReFinalize.cpp.o
[INFO] [stderr]   [  7%] Building CXX object third_party/llvm-project/CMakeFiles/llvm_dwarf.dir/dwarf2yaml.cpp.o
[INFO] [stderr]   [  8%] Building CXX object third_party/llvm-project/CMakeFiles/llvm_dwarf.dir/DWARFAbbreviationDeclaration.cpp.o
[INFO] [stderr]   [  8%] Building CXX object src/emscripten-optimizer/CMakeFiles/emscripten-optimizer.dir/optimizer-shared.cpp.o
[INFO] [stderr]   [  9%] Building CXX object src/ir/CMakeFiles/ir.dir/stack-utils.cpp.o
[INFO] [stderr]   [ 10%] Building CXX object third_party/llvm-project/CMakeFiles/llvm_dwarf.dir/DWARFAcceleratorTable.cpp.o
[INFO] [stderr]   [ 10%] Built target asmjs
[INFO] [stderr]   [ 10%] Generating WasmIntrinsics.cpp
[INFO] [stderr]   [ 11%] Building CXX object src/emscripten-optimizer/CMakeFiles/emscripten-optimizer.dir/parser.cpp.o
[INFO] [stderr]   [ 12%] Building CXX object src/support/CMakeFiles/support.dir/archive.cpp.o
[INFO] [stderr]   [ 13%] Building CXX object src/passes/CMakeFiles/passes.dir/pass.cpp.o
[INFO] [stderr]   [ 13%] Building CXX object src/emscripten-optimizer/CMakeFiles/emscripten-optimizer.dir/simple_ast.cpp.o
[INFO] [stderr]   [ 14%] Building CXX object src/support/CMakeFiles/support.dir/colors.cpp.o
[INFO] [stderr]   [ 14%] Building CXX object src/support/CMakeFiles/support.dir/bits.cpp.o
[INFO] [stderr]   [ 14%] Building CXX object src/support/CMakeFiles/support.dir/command-line.cpp.o
[INFO] [stderr]   [ 15%] Building CXX object src/support/CMakeFiles/support.dir/debug.cpp.o
[INFO] [stderr]   [ 15%] Building CXX object third_party/llvm-project/CMakeFiles/llvm_dwarf.dir/DWARFAddressRange.cpp.o
[INFO] [stderr]   [ 15%] Building CXX object src/support/CMakeFiles/support.dir/file.cpp.o
[INFO] [stderr]   [ 16%] Building CXX object src/support/CMakeFiles/support.dir/path.cpp.o
[INFO] [stderr]   [ 16%] Building CXX object src/support/CMakeFiles/support.dir/safe_integer.cpp.o
[INFO] [stderr]   [ 16%] Building CXX object src/passes/CMakeFiles/passes.dir/AlignmentLowering.cpp.o
[INFO] [stderr]   [ 17%] Building CXX object src/support/CMakeFiles/support.dir/threads.cpp.o
[INFO] [stderr]   [ 17%] Building CXX object src/support/CMakeFiles/support.dir/utilities.cpp.o
[INFO] [stderr]   [ 18%] Building CXX object src/passes/CMakeFiles/passes.dir/Asyncify.cpp.o
[INFO] [stderr]   [ 18%] Building CXX object src/passes/CMakeFiles/passes.dir/AvoidReinterprets.cpp.o
[INFO] [stderr]   [ 19%] Building CXX object src/passes/CMakeFiles/passes.dir/CoalesceLocals.cpp.o
[INFO] [stderr]   [ 19%] Building CXX object src/passes/CMakeFiles/passes.dir/CodePushing.cpp.o
[INFO] [stderr]   [ 19%] Built target emscripten-optimizer
[INFO] [stderr]   [ 20%] Building CXX object src/passes/CMakeFiles/passes.dir/CodeFolding.cpp.o
[INFO] [stderr]   [ 21%] Building CXX object src/passes/CMakeFiles/passes.dir/ConstHoisting.cpp.o
[INFO] [stderr]   [ 21%] Building CXX object src/passes/CMakeFiles/passes.dir/DataFlowOpts.cpp.o
[INFO] [stderr]   [ 21%] Building CXX object src/passes/CMakeFiles/passes.dir/DeadCodeElimination.cpp.o
[INFO] [stderr]   [ 22%] Building CXX object src/passes/CMakeFiles/passes.dir/DeadArgumentElimination.cpp.o
[INFO] [stderr]   [ 23%] Building CXX object src/passes/CMakeFiles/passes.dir/DeAlign.cpp.o
[INFO] [stderr]   [ 23%] Built target support
[INFO] [stderr]   [ 23%] Building CXX object src/passes/CMakeFiles/passes.dir/DeNaN.cpp.o
[INFO] [stderr]   [ 24%] Building CXX object src/passes/CMakeFiles/passes.dir/Directize.cpp.o
[INFO] [stderr]   [ 24%] Building CXX object src/passes/CMakeFiles/passes.dir/DuplicateImportElimination.cpp.o
[INFO] [stderr] 
[INFO] [stderr]   --- stderr
[INFO] [stderr]   fatal: not a git repository (or any parent up to mount point /opt/rustwide)
[INFO] [stderr]   Stopping at filesystem boundary (GIT_DISCOVERY_ACROSS_FILESYSTEM not set).
[INFO] [stderr]   CMake Warning:
[INFO] [stderr]     Manually-specified variables were not used by the project:
[INFO] [stderr] 
[INFO] [stderr]       CMAKE_ASM_COMPILER
[INFO] [stderr]       CMAKE_ASM_FLAGS
[INFO] [stderr] 
[INFO] [stderr] 
[INFO] [stderr]   c++: fatal error: Killed signal terminated program cc1plus
[INFO] [stderr]   compilation terminated.
[INFO] [stderr]   gmake[2]: *** [src/ir/CMakeFiles/ir.dir/build.make:76: src/ir/CMakeFiles/ir.dir/ExpressionAnalyzer.cpp.o] Error 1
[INFO] [stderr]   gmake[2]: *** Waiting for unfinished jobs....
[INFO] [stderr]   c++: fatal error: Killed signal terminated program cc1plus
[INFO] [stderr]   compilation terminated.
[INFO] [stderr]   gmake[2]: *** [src/ir/CMakeFiles/ir.dir/build.make:90: src/ir/CMakeFiles/ir.dir/ExpressionManipulator.cpp.o] Error 1
[INFO] [stderr]   c++: fatal error: Killed signal terminated program cc1plus
[INFO] [stderr]   compilation terminated.
[INFO] [stderr]   gmake[2]: *** [src/cfg/CMakeFiles/cfg.dir/build.make:76: src/cfg/CMakeFiles/cfg.dir/Relooper.cpp.o] Error 1
[INFO] [stderr]   gmake[1]: *** [CMakeFiles/Makefile2:578: src/cfg/CMakeFiles/cfg.dir/all] Error 2
[INFO] [stderr]   gmake[1]: *** Waiting for unfinished jobs....
[INFO] [stderr]   c++: fatal error: Killed signal terminated program cc1plus
[INFO] [stderr]   compilation terminated.
[INFO] [stderr]   gmake[2]: *** [src/ir/CMakeFiles/ir.dir/build.make:104: src/ir/CMakeFiles/ir.dir/LocalGraph.cpp.o] Error 1
[INFO] [stderr]   c++: fatal error: Killed signal terminated program cc1plus
[INFO] [stderr]   compilation terminated.
[INFO] [stderr]   gmake[2]: *** [third_party/llvm-project/CMakeFiles/llvm_dwarf.dir/build.make:160: third_party/llvm-project/CMakeFiles/llvm_dwarf.dir/dwarf2yaml.cpp.o] Error 1
[INFO] [stderr]   gmake[2]: *** Waiting for unfinished jobs....
[INFO] [stderr]   c++: fatal error: Killed signal terminated program cc1plus
[INFO] [stderr]   compilation terminated.
[INFO] [stderr]   gmake[2]: *** [src/ir/CMakeFiles/ir.dir/build.make:118: src/ir/CMakeFiles/ir.dir/ReFinalize.cpp.o] Error 1
[INFO] [stderr]   c++: fatal error: Killed signal terminated program cc1plus
[INFO] [stderr]   compilation terminated.
[INFO] [stderr]   gmake[2]: *** [third_party/llvm-project/CMakeFiles/llvm_dwarf.dir/build.make:174: third_party/llvm-project/CMakeFiles/llvm_dwarf.dir/DWARFAbbreviationDeclaration.cpp.o] Error 1
[INFO] [stderr]   c++: fatal error: Killed signal terminated program cc1plus
[INFO] [stderr]   compilation terminated.
[INFO] [stderr]   gmake[2]: *** [third_party/llvm-project/CMakeFiles/llvm_dwarf.dir/build.make:188: third_party/llvm-project/CMakeFiles/llvm_dwarf.dir/DWARFAcceleratorTable.cpp.o] Error 1
[INFO] [stderr]   gmake[1]: *** [CMakeFiles/Makefile2:708: third_party/llvm-project/CMakeFiles/llvm_dwarf.dir/all] Error 2
[INFO] [stderr]   c++: fatal error: Killed signal terminated program cc1plus
[INFO] [stderr]   compilation terminated.
[INFO] [stderr]   gmake[2]: *** [src/passes/CMakeFiles/passes.dir/build.make:81: src/passes/CMakeFiles/passes.dir/pass.cpp.o] Error 1
[INFO] [stderr]   gmake[1]: *** [CMakeFiles/Makefile2:526: src/ir/CMakeFiles/ir.dir/all] Error 2
[INFO] [stderr]   gmake[2]: *** Waiting for unfinished jobs....
[INFO] [stderr]   c++: fatal error: Killed signal terminated program cc1plus
[INFO] [stderr]   compilation terminated.
[INFO] [stderr]   gmake[2]: *** [src/passes/CMakeFiles/passes.dir/build.make:95: src/passes/CMakeFiles/passes.dir/AlignmentLowering.cpp.o] Error 1
[INFO] [stderr]   c++: fatal error: Killed signal terminated program cc1plus
[INFO] [stderr]   compilation terminated.
[INFO] [stderr]   gmake[2]: *** [src/passes/CMakeFiles/passes.dir/build.make:109: src/passes/CMakeFiles/passes.dir/Asyncify.cpp.o] Error 1
[INFO] [stderr]   c++: fatal error: Killed signal terminated program cc1plus
[INFO] [stderr]   compilation terminated.
[INFO] [stderr]   gmake[2]: *** [src/passes/CMakeFiles/passes.dir/build.make:137: src/passes/CMakeFiles/passes.dir/CoalesceLocals.cpp.o] Error 1
[INFO] [stderr]   c++: fatal error: Killed signal terminated program cc1plus
[INFO] [stderr]   compilation terminated.
[INFO] [stderr]   gmake[2]: *** [src/passes/CMakeFiles/passes.dir/build.make:151: src/passes/CMakeFiles/passes.dir/CodePushing.cpp.o] Error 1
[INFO] [stderr]   c++: fatal error: Killed signal terminated program cc1plus
[INFO] [stderr]   compilation terminated.
[INFO] [stderr]   gmake[2]: *** [src/passes/CMakeFiles/passes.dir/build.make:123: src/passes/CMakeFiles/passes.dir/AvoidReinterprets.cpp.o] Error 1
[INFO] [stderr]   c++: fatal error: Killed signal terminated program cc1plus
[INFO] [stderr]   compilation terminated.
[INFO] [stderr]   gmake[2]: *** [src/passes/CMakeFiles/passes.dir/build.make:165: src/passes/CMakeFiles/passes.dir/CodeFolding.cpp.o] Error 1
[INFO] [stderr]   c++: fatal error: Killed signal terminated program cc1plus
[INFO] [stderr]   compilation terminated.
[INFO] [stderr]   gmake[2]: *** [src/passes/CMakeFiles/passes.dir/build.make:193: src/passes/CMakeFiles/passes.dir/DataFlowOpts.cpp.o] Error 1
[INFO] [stderr]   c++: fatal error: Killed signal terminated program cc1plus
[INFO] [stderr]   compilation terminated.
[INFO] [stderr]   gmake[2]: *** [src/passes/CMakeFiles/passes.dir/build.make:179: src/passes/CMakeFiles/passes.dir/ConstHoisting.cpp.o] Error 1
[INFO] [stderr]   gmake[1]: *** [CMakeFiles/Makefile2:630: src/passes/CMakeFiles/passes.dir/all] Error 2
[INFO] [stderr]   gmake: *** [Makefile:136: all] Error 2
[INFO] [stderr]   thread 'main' panicked at '
[INFO] [stderr]   command did not execute successfully, got: exit status: 2
[INFO] [stderr] 
[INFO] [stderr]   build script failed, must exit now', /opt/rustwide/cargo-home/registry/src/index.crates.io-6f17d22bba15001f/cmake-0.1.49/src/lib.rs:1104:5
[INFO] [stderr]   stack backtrace:
[INFO] [stderr]      0:     0x55656a615dea - std::backtrace_rs::backtrace::libunwind::trace::h2f05d0192276a8f6
[INFO] [stderr]                                  at /rustc/1b7dd2252b99671ce5d1cb9664c5f8636329436d/library/std/src/../../backtrace/src/backtrace/libunwind.rs:93:5
[INFO] [stderr]      1:     0x55656a615dea - std::backtrace_rs::backtrace::trace_unsynchronized::hedc23dff7a1af150
[INFO] [stderr]                                  at /rustc/1b7dd2252b99671ce5d1cb9664c5f8636329436d/library/std/src/../../backtrace/src/backtrace/mod.rs:66:5
[INFO] [stderr]      2:     0x55656a615dea - std::sys_common::backtrace::_print_fmt::h17541ef7592f3ce2
[INFO] [stderr]                                  at /rustc/1b7dd2252b99671ce5d1cb9664c5f8636329436d/library/std/src/sys_common/backtrace.rs:65:5
[INFO] [stderr]      3:     0x55656a615dea - <std::sys_common::backtrace::_print::DisplayBacktrace as core::fmt::Display>::fmt::h20f75df5ab0c0792
[INFO] [stderr]                                  at /rustc/1b7dd2252b99671ce5d1cb9664c5f8636329436d/library/std/src/sys_common/backtrace.rs:44:22
[INFO] [stderr]      4:     0x55656a63854f - core::fmt::write::h78109e6f466b3af6
[INFO] [stderr]                                  at /rustc/1b7dd2252b99671ce5d1cb9664c5f8636329436d/library/core/src/fmt/mod.rs:1254:17
[INFO] [stderr]      5:     0x55656a612555 - std::io::Write::write_fmt::hc59e1b02dd273c8a
[INFO] [stderr]                                  at /rustc/1b7dd2252b99671ce5d1cb9664c5f8636329436d/library/std/src/io/mod.rs:1698:15
[INFO] [stderr]      6:     0x55656a615bb5 - std::sys_common::backtrace::_print::h8dac57a9f8fbf9a5
[INFO] [stderr]                                  at /rustc/1b7dd2252b99671ce5d1cb9664c5f8636329436d/library/std/src/sys_common/backtrace.rs:47:5
[INFO] [stderr]      7:     0x55656a615bb5 - std::sys_common::backtrace::print::hf9ecbf41d1aa712f
[INFO] [stderr]                                  at /rustc/1b7dd2252b99671ce5d1cb9664c5f8636329436d/library/std/src/sys_common/backtrace.rs:34:9
[INFO] [stderr]      8:     0x55656a617aee - std::panicking::default_hook::{{closure}}::h04c07acfc84ca028
[INFO] [stderr]                                  at /rustc/1b7dd2252b99671ce5d1cb9664c5f8636329436d/library/std/src/panicking.rs:269:22
[INFO] [stderr]      9:     0x55656a617895 - std::panicking::default_hook::h01f6bb23e1eceb2c
[INFO] [stderr]                                  at /rustc/1b7dd2252b99671ce5d1cb9664c5f8636329436d/library/std/src/panicking.rs:288:9
[INFO] [stderr]     10:     0x55656a61804e - std::panicking::rust_panic_with_hook::h2bb3722bbaf2f6df
[INFO] [stderr]                                  at /rustc/1b7dd2252b99671ce5d1cb9664c5f8636329436d/library/std/src/panicking.rs:691:13
[INFO] [stderr]     11:     0x55656a617f49 - std::panicking::begin_panic_handler::{{closure}}::h91bc7f36a4be011b
[INFO] [stderr]                                  at /rustc/1b7dd2252b99671ce5d1cb9664c5f8636329436d/library/std/src/panicking.rs:582:13
[INFO] [stderr]     12:     0x55656a616256 - std::sys_common::backtrace::__rust_end_short_backtrace::h8b3d3717114f9e59
[INFO] [stderr]                                  at /rustc/1b7dd2252b99671ce5d1cb9664c5f8636329436d/library/std/src/sys_common/backtrace.rs:150:18
[INFO] [stderr]     13:     0x55656a617ca2 - rust_begin_unwind
[INFO] [stderr]                                  at /rustc/1b7dd2252b99671ce5d1cb9664c5f8636329436d/library/std/src/panicking.rs:578:5
[INFO] [stderr]     14:     0x55656a42fe83 - core::panicking::panic_fmt::hfd368e3fbdabea26
[INFO] [stderr]                                  at /rustc/1b7dd2252b99671ce5d1cb9664c5f8636329436d/library/core/src/panicking.rs:67:14
[INFO] [stderr]     15:     0x55656a58c03f - cmake::fail::ha81810c2366d3086
[INFO] [stderr]     16:     0x55656a58bb33 - cmake::run::h42fdc0c4917053e2
[INFO] [stderr]     17:     0x55656a58866e - cmake::Config::build::hc59616b36a0716ae
[INFO] [stderr]     18:     0x55656a4358ac - build_script_build::main::h9eecf5f91ff9a83d
[INFO] [stderr]     19:     0x55656a436d83 - core::ops::function::FnOnce::call_once::h74ea1a0898961c0c
[INFO] [stderr]     20:     0x55656a431ec6 - std::sys_common::backtrace::__rust_begin_short_backtrace::hca88c16b4266e1a2
[INFO] [stderr]     21:     0x55656a4375f9 - std::rt::lang_start::{{closure}}::h5a246638a2d6e14a
[INFO] [stderr]     22:     0x55656a60e1fe - core::ops::function::impls::<impl core::ops::function::FnOnce<A> for &F>::call_once::h2eb19b8ce4148df4
[INFO] [stderr]                                  at /rustc/1b7dd2252b99671ce5d1cb9664c5f8636329436d/library/core/src/ops/function.rs:287:13
[INFO] [stderr]     23:     0x55656a60e1fe - std::panicking::try::do_call::h2e900feff5d504c5
[INFO] [stderr]                                  at /rustc/1b7dd2252b99671ce5d1cb9664c5f8636329436d/library/std/src/panicking.rs:485:40
[INFO] [stderr]     24:     0x55656a60e1fe - std::panicking::try::h8854836cb85aa9f2
[INFO] [stderr]                                  at /rustc/1b7dd2252b99671ce5d1cb9664c5f8636329436d/library/std/src/panicking.rs:449:19
[INFO] [stderr]     25:     0x55656a60e1fe - std::panic::catch_unwind::h706025dd4c48f64b
[INFO] [stderr]                                  at /rustc/1b7dd2252b99671ce5d1cb9664c5f8636329436d/library/std/src/panic.rs:140:14
[INFO] [stderr]     26:     0x55656a60e1fe - std::rt::lang_start_internal::{{closure}}::h7be5b97f4a07a91a
[INFO] [stderr]                                  at /rustc/1b7dd2252b99671ce5d1cb9664c5f8636329436d/library/std/src/rt.rs:148:48
[INFO] [stderr]     27:     0x55656a60e1fe - std::panicking::try::do_call::h59847e9d0a176965
[INFO] [stderr]                                  at /rustc/1b7dd2252b99671ce5d1cb9664c5f8636329436d/library/std/src/panicking.rs:485:40
[INFO] [stderr]     28:     0x55656a60e1fe - std::panicking::try::h399a918ba8522823
[INFO] [stderr]                                  at /rustc/1b7dd2252b99671ce5d1cb9664c5f8636329436d/library/std/src/panicking.rs:449:19
[INFO] [stderr]     29:     0x55656a60e1fe - std::panic::catch_unwind::hca7ca6c55b2a2e26
[INFO] [stderr]                                  at /rustc/1b7dd2252b99671ce5d1cb9664c5f8636329436d/library/std/src/panic.rs:140:14
[INFO] [stderr]     30:     0x55656a60e1fe - std::rt::lang_start_internal::h2c807a81560459eb
[INFO] [stderr]                                  at /rustc/1b7dd2252b99671ce5d1cb9664c5f8636329436d/library/std/src/rt.rs:148:20
[INFO] [stderr]     31:     0x55656a4375d7 - std::rt::lang_start::h1789e83488acc1ed
[INFO] [stderr]     32:     0x55656a4360f5 - main
[INFO] [stderr]     33:     0x7efed1b33d90 - <unknown>
[INFO] [stderr]     34:     0x7efed1b33e40 - __libc_start_main
[INFO] [stderr]     35:     0x55656a4305a5 - _start
[INFO] [stderr]     36:                0x0 - <unknown>
[INFO] running `Command { std: "docker" "inspect" "74490bbf4bb799ca25c135ca984ea3ae23c0bb54af592e8d497f958a19a8cba3", kill_on_drop: false }`
[INFO] running `Command { std: "docker" "rm" "-f" "74490bbf4bb799ca25c135ca984ea3ae23c0bb54af592e8d497f958a19a8cba3", kill_on_drop: false }`
[INFO] [stdout] 74490bbf4bb799ca25c135ca984ea3ae23c0bb54af592e8d497f958a19a8cba3
