[INFO] fetching crate crypto 0.5.0...
[INFO] documenting crypto-0.5.0 against beta-2023-04-20 for beta-1.70-rustdoc-1
[INFO] extracting crate crypto 0.5.0 into /workspace/builds/worker-5-tc2/source
[INFO] validating manifest of crates.io crate crypto 0.5.0 on toolchain beta-2023-04-20
[INFO] running `Command { std: CARGO_HOME="/workspace/cargo-home" RUSTUP_HOME="/workspace/rustup-home" "/workspace/cargo-home/bin/cargo" "+beta-2023-04-20" "metadata" "--manifest-path" "Cargo.toml" "--no-deps", kill_on_drop: false }`
[INFO] started tweaking crates.io crate crypto 0.5.0
[INFO] finished tweaking crates.io crate crypto 0.5.0
[INFO] tweaked toml for crates.io crate crypto 0.5.0 written to /workspace/builds/worker-5-tc2/source/Cargo.toml
[INFO] running `Command { std: CARGO_HOME="/workspace/cargo-home" RUSTUP_HOME="/workspace/rustup-home" __CARGO_TEST_CHANNEL_OVERRIDE_DO_NOT_USE_THIS="nightly" "/workspace/cargo-home/bin/cargo" "+beta-2023-04-20" "generate-lockfile" "--manifest-path" "Cargo.toml" "-Zno-index-update", kill_on_drop: false }`
[INFO] running `Command { std: CARGO_HOME="/workspace/cargo-home" RUSTUP_HOME="/workspace/rustup-home" "/workspace/cargo-home/bin/cargo" "+beta-2023-04-20" "fetch" "--manifest-path" "Cargo.toml", kill_on_drop: false }`
[INFO] [stderr]  Downloading crates ...
[INFO] [stderr]   Downloaded universal-hash v0.5.0
[INFO] [stderr]   Downloaded signature v2.1.0
[INFO] [stderr]   Downloaded base16ct v0.2.0
[INFO] [stderr]   Downloaded pkcs8 v0.10.2
[INFO] [stderr]   Downloaded der v0.7.5
[INFO] [stderr]   Downloaded spki v0.7.1
[INFO] [stderr]   Downloaded aead v0.5.2
[INFO] [stderr]   Downloaded crypto-bigint v0.5.2
[INFO] [stderr]   Downloaded password-hash v0.5.0
[INFO] [stderr]   Downloaded elliptic-curve v0.13.4
[INFO] [stderr]   Downloaded block-padding v0.3.3
[INFO] [stderr]   Downloaded ff v0.13.0
[INFO] [stderr]   Downloaded group v0.13.0
[INFO] [stderr]   Downloaded sec1 v0.7.2
[INFO] running `Command { std: "docker" "create" "-v" "/var/lib/crater-agent-workspace/builds/worker-5-tc2/target:/opt/rustwide/target:rw,Z" "-v" "/var/lib/crater-agent-workspace/builds/worker-5-tc2/source:/opt/rustwide/workdir:ro,Z" "-v" "/var/lib/crater-agent-workspace/cargo-home:/opt/rustwide/cargo-home:ro,Z" "-v" "/var/lib/crater-agent-workspace/rustup-home:/opt/rustwide/rustup-home:ro,Z" "-e" "SOURCE_DIR=/opt/rustwide/workdir" "-e" "CARGO_TARGET_DIR=/opt/rustwide/target" "-e" "CARGO_HOME=/opt/rustwide/cargo-home" "-e" "RUSTUP_HOME=/opt/rustwide/rustup-home" "-w" "/opt/rustwide/workdir" "-m" "1610612736" "--user" "0:0" "--network" "none" "ghcr.io/rust-lang/crates-build-env/linux@sha256:5ff2268d62e97bff2cde7d5815dd6ed5b47097566f13b8d0ca110b04b60e07ed" "/opt/rustwide/cargo-home/bin/cargo" "+beta-2023-04-20" "metadata" "--no-deps" "--format-version=1", kill_on_drop: false }`
[INFO] [stdout] 8bc19ada0e860c35a4c6df2cb757505eba25406047f429cfe709d1f44ec4efbd
[INFO] running `Command { std: "docker" "start" "-a" "8bc19ada0e860c35a4c6df2cb757505eba25406047f429cfe709d1f44ec4efbd", kill_on_drop: false }`
[INFO] running `Command { std: "docker" "inspect" "8bc19ada0e860c35a4c6df2cb757505eba25406047f429cfe709d1f44ec4efbd", kill_on_drop: false }`
[INFO] running `Command { std: "docker" "rm" "-f" "8bc19ada0e860c35a4c6df2cb757505eba25406047f429cfe709d1f44ec4efbd", kill_on_drop: false }`
[INFO] [stdout] 8bc19ada0e860c35a4c6df2cb757505eba25406047f429cfe709d1f44ec4efbd
[INFO] running `Command { std: "docker" "create" "-v" "/var/lib/crater-agent-workspace/builds/worker-5-tc2/target:/opt/rustwide/target:rw,Z" "-v" "/var/lib/crater-agent-workspace/builds/worker-5-tc2/source:/opt/rustwide/workdir:ro,Z" "-v" "/var/lib/crater-agent-workspace/cargo-home:/opt/rustwide/cargo-home:ro,Z" "-v" "/var/lib/crater-agent-workspace/rustup-home:/opt/rustwide/rustup-home:ro,Z" "-e" "SOURCE_DIR=/opt/rustwide/workdir" "-e" "CARGO_TARGET_DIR=/opt/rustwide/target" "-e" "CARGO_INCREMENTAL=0" "-e" "RUST_BACKTRACE=full" "-e" "RUSTFLAGS=--cap-lints=warn" "-e" "RUSTDOCFLAGS=--cap-lints=warn" "-e" "CARGO_HOME=/opt/rustwide/cargo-home" "-e" "RUSTUP_HOME=/opt/rustwide/rustup-home" "-w" "/opt/rustwide/workdir" "-m" "1610612736" "--user" "0:0" "--network" "none" "ghcr.io/rust-lang/crates-build-env/linux@sha256:5ff2268d62e97bff2cde7d5815dd6ed5b47097566f13b8d0ca110b04b60e07ed" "/opt/rustwide/cargo-home/bin/cargo" "+beta-2023-04-20" "doc" "--frozen" "--no-deps" "--document-private-items" "--message-format=json", kill_on_drop: false }`
[INFO] [stdout] 4c6c249347fc866d8b5e2843ec27f6c611bcee4f9f3239548d11d9064739b7d8
[INFO] running `Command { std: "docker" "start" "-a" "4c6c249347fc866d8b5e2843ec27f6c611bcee4f9f3239548d11d9064739b7d8", kill_on_drop: false }`
[INFO] [stderr]    Compiling typenum v1.16.0
[INFO] [stderr]    Compiling generic-array v0.14.7
[INFO] [stderr]     Checking crypto-common v0.1.6
[INFO] [stderr]  Documenting crypto v0.5.0 (/opt/rustwide/workdir)
[INFO] [stderr]     Finished dev [unoptimized + debuginfo] target(s) in 1.33s
[INFO] running `Command { std: "docker" "inspect" "4c6c249347fc866d8b5e2843ec27f6c611bcee4f9f3239548d11d9064739b7d8", kill_on_drop: false }`
[INFO] running `Command { std: "docker" "rm" "-f" "4c6c249347fc866d8b5e2843ec27f6c611bcee4f9f3239548d11d9064739b7d8", kill_on_drop: false }`
[INFO] [stdout] 4c6c249347fc866d8b5e2843ec27f6c611bcee4f9f3239548d11d9064739b7d8
[INFO] running `Command { std: "docker" "create" "-v" "/var/lib/crater-agent-workspace/builds/worker-5-tc2/target:/opt/rustwide/target:rw,Z" "-v" "/var/lib/crater-agent-workspace/builds/worker-5-tc2/source:/opt/rustwide/workdir:ro,Z" "-v" "/var/lib/crater-agent-workspace/cargo-home:/opt/rustwide/cargo-home:ro,Z" "-v" "/var/lib/crater-agent-workspace/rustup-home:/opt/rustwide/rustup-home:ro,Z" "-e" "SOURCE_DIR=/opt/rustwide/workdir" "-e" "CARGO_TARGET_DIR=/opt/rustwide/target" "-e" "CARGO_INCREMENTAL=0" "-e" "RUST_BACKTRACE=full" "-e" "RUSTFLAGS=--cap-lints=warn" "-e" "RUSTDOCFLAGS=--cap-lints=warn" "-e" "RUSTC_BOOTSTRAP=1" "-e" "DOCS_RS=1" "-e" "CARGO_HOME=/opt/rustwide/cargo-home" "-e" "RUSTUP_HOME=/opt/rustwide/rustup-home" "-w" "/opt/rustwide/workdir" "-m" "1610612736" "--user" "0:0" "--network" "none" "ghcr.io/rust-lang/crates-build-env/linux@sha256:5ff2268d62e97bff2cde7d5815dd6ed5b47097566f13b8d0ca110b04b60e07ed" "/opt/rustwide/cargo-home/bin/cargo" "+beta-2023-04-20" "rustdoc" "--lib" "-Zrustdoc-map" "--all-features" "-Z" "unstable-options" "--config" "build.rustdocflags=[\"--cfg\", \"docsrs\", \"-Z\", \"unstable-options\", \"--document-private-items\"]" "--frozen" "--message-format=json", kill_on_drop: false }`
[INFO] [stdout] 82e0b31684f5ffe13ae990297d57ab90c9b65e4bcb21c1f2b5bfad7c2279599e
[INFO] running `Command { std: "docker" "start" "-a" "82e0b31684f5ffe13ae990297d57ab90c9b65e4bcb21c1f2b5bfad7c2279599e", kill_on_drop: false }`
[INFO] [stderr]    Compiling libc v0.2.142
[INFO] [stderr]     Checking zeroize v1.6.0
[INFO] [stderr]     Checking subtle v2.4.1
[INFO] [stderr]    Compiling generic-array v0.14.7
[INFO] [stderr]     Checking base16ct v0.2.0
[INFO] [stderr]     Checking base64ct v1.6.0
[INFO] [stderr]     Checking signature v2.1.0
[INFO] [stderr]     Checking block-padding v0.3.3
[INFO] [stderr]     Checking block-buffer v0.10.4
[INFO] [stderr]     Checking getrandom v0.2.9
[INFO] [stderr]     Checking inout v0.1.3
[INFO] [stderr]     Checking rand_core v0.6.4
[INFO] [stderr]     Checking crypto-common v0.1.6
[INFO] [stderr]     Checking ff v0.13.0
[INFO] [stderr]     Checking crypto-bigint v0.5.2
[INFO] [stderr]     Checking password-hash v0.5.0
[INFO] [stderr]     Checking cipher v0.4.4
[INFO] [stderr]     Checking aead v0.5.2
[INFO] [stderr]     Checking universal-hash v0.5.0
[INFO] [stderr]     Checking digest v0.10.6
[INFO] [stderr]     Checking group v0.13.0
[INFO] [stderr]     Checking elliptic-curve v0.13.4
[INFO] [stdout] error[E0432]: unresolved import `crate::sec1`
[INFO] [stdout]   --> /opt/rustwide/cargo-home/registry/src/index.crates.io-6f17d22bba15001f/elliptic-curve-0.13.4/src/secret_key.rs:20:9
[INFO] [stdout]    |
[INFO] [stdout] 20 |         sec1::{FromEncodedPoint, ToEncodedPoint},
[INFO] [stdout]    |         ^^^^ could not find `sec1` in the crate root
[INFO] [stdout] 
[INFO] [stdout] 
[INFO] [stdout] error[E0405]: cannot find trait `PointCompression` in this scope
[INFO] [stdout]    --> /opt/rustwide/cargo-home/registry/src/index.crates.io-6f17d22bba15001f/elliptic-curve-0.13.4/src/public_key.rs:144:12
[INFO] [stdout]     |
[INFO] [stdout] 144 |         C: PointCompression,
[INFO] [stdout]     |            ^^^^^^^^^^^^^^^^ not found in this scope
[INFO] [stdout]     |
[INFO] [stdout] help: consider importing this trait
[INFO] [stdout]     |
[INFO] [stdout] 3   + use crate::point::PointCompression;
[INFO] [stdout]     |
[INFO] [stdout] 
[INFO] [stdout] 
[INFO] [stdout] error[E0405]: cannot find trait `FromEncodedPoint` in this scope
[INFO] [stdout]    --> /opt/rustwide/cargo-home/registry/src/index.crates.io-6f17d22bba15001f/elliptic-curve-0.13.4/src/public_key.rs:145:25
[INFO] [stdout]     |
[INFO] [stdout] 145 |         AffinePoint<C>: FromEncodedPoint<C> + ToEncodedPoint<C>,
[INFO] [stdout]     |                         ^^^^^^^^^^^^^^^^ not found in this scope
[INFO] [stdout] 
[INFO] [stdout] 
[INFO] [stdout] error[E0405]: cannot find trait `ToEncodedPoint` in this scope
[INFO] [stdout]    --> /opt/rustwide/cargo-home/registry/src/index.crates.io-6f17d22bba15001f/elliptic-curve-0.13.4/src/public_key.rs:145:47
[INFO] [stdout]     |
[INFO] [stdout] 145 |         AffinePoint<C>: FromEncodedPoint<C> + ToEncodedPoint<C>,
[INFO] [stdout]     |                                               ^^^^^^^^^^^^^^ not found in this scope
[INFO] [stdout] 
[INFO] [stdout] 
[INFO] [stdout] error[E0412]: cannot find type `FieldBytesSize` in this scope
[INFO] [stdout]    --> /opt/rustwide/cargo-home/registry/src/index.crates.io-6f17d22bba15001f/elliptic-curve-0.13.4/src/public_key.rs:146:9
[INFO] [stdout]     |
[INFO] [stdout] 146 |         FieldBytesSize<C>: ModulusSize,
[INFO] [stdout]     |         ^^^^^^^^^^^^^^ not found in this scope
[INFO] [stdout]     |
[INFO] [stdout] help: consider importing this type alias
[INFO] [stdout]     |
[INFO] [stdout] 3   + use crate::FieldBytesSize;
[INFO] [stdout]     |
[INFO] [stdout] 
[INFO] [stdout] 
[INFO] [stdout] error[E0405]: cannot find trait `ModulusSize` in this scope
[INFO] [stdout]    --> /opt/rustwide/cargo-home/registry/src/index.crates.io-6f17d22bba15001f/elliptic-curve-0.13.4/src/public_key.rs:146:28
[INFO] [stdout]     |
[INFO] [stdout] 146 |         FieldBytesSize<C>: ModulusSize,
[INFO] [stdout]     |                            ^^^^^^^^^^^ not found in this scope
[INFO] [stdout] 
[INFO] [stdout] 
[INFO] [stdout] error[E0433]: failed to resolve: use of undeclared type `EncodedPoint`
[INFO] [stdout]    --> /opt/rustwide/cargo-home/registry/src/index.crates.io-6f17d22bba15001f/elliptic-curve-0.13.4/src/public_key.rs:148:9
[INFO] [stdout]     |
[INFO] [stdout] 148 |         EncodedPoint::<C>::from(self).to_bytes()
[INFO] [stdout]     |         ^^^^^^^^^^^^ use of undeclared type `EncodedPoint`
[INFO] [stdout] 
[INFO] [stdout] 
[INFO] [stdout] error: aborting due to 7 previous errors
[INFO] [stdout] 
[INFO] [stdout] 
[INFO] [stdout] Some errors have detailed explanations: E0405, E0412, E0432, E0433.
[INFO] [stdout] 
[INFO] [stdout] For more information about an error, try `rustc --explain E0405`.
[INFO] [stdout] 
[INFO] [stderr] error: could not compile `elliptic-curve` (lib) due to 8 previous errors
[INFO] running `Command { std: "docker" "inspect" "82e0b31684f5ffe13ae990297d57ab90c9b65e4bcb21c1f2b5bfad7c2279599e", kill_on_drop: false }`
[INFO] running `Command { std: "docker" "rm" "-f" "82e0b31684f5ffe13ae990297d57ab90c9b65e4bcb21c1f2b5bfad7c2279599e", kill_on_drop: false }`
[INFO] [stdout] 82e0b31684f5ffe13ae990297d57ab90c9b65e4bcb21c1f2b5bfad7c2279599e
