[INFO] fetching crate crseo 0.4.6...
[INFO] documenting crseo-0.4.6 against beta-2023-04-20 for beta-1.70-rustdoc-1
[INFO] extracting crate crseo 0.4.6 into /workspace/builds/worker-3-tc2/source
[INFO] validating manifest of crates.io crate crseo 0.4.6 on toolchain beta-2023-04-20
[INFO] running `Command { std: CARGO_HOME="/workspace/cargo-home" RUSTUP_HOME="/workspace/rustup-home" "/workspace/cargo-home/bin/cargo" "+beta-2023-04-20" "metadata" "--manifest-path" "Cargo.toml" "--no-deps", kill_on_drop: false }`
[INFO] removed /workspace/builds/worker-3-tc2/source/.cargo/config.toml
[INFO] started tweaking crates.io crate crseo 0.4.6
[INFO] finished tweaking crates.io crate crseo 0.4.6
[INFO] tweaked toml for crates.io crate crseo 0.4.6 written to /workspace/builds/worker-3-tc2/source/Cargo.toml
[INFO] crate crates.io crate crseo 0.4.6 already has a lockfile, it will not be regenerated
[INFO] running `Command { std: CARGO_HOME="/workspace/cargo-home" RUSTUP_HOME="/workspace/rustup-home" "/workspace/cargo-home/bin/cargo" "+beta-2023-04-20" "fetch" "--manifest-path" "Cargo.toml", kill_on_drop: false }`
[INFO] [stderr]     Updating crates.io index
[INFO] [stderr]  Downloading crates ...
[INFO] [stderr]   Downloaded js-sys v0.3.57
[INFO] [stderr]   Downloaded wasm-bindgen-macro-support v0.2.80
[INFO] [stderr]   Downloaded plotters-bitmap v0.3.1
[INFO] [stderr]   Downloaded weezl v0.1.6
[INFO] [stderr]   Downloaded crossbeam-utils v0.8.8
[INFO] [stderr]   Downloaded plotters-svg v0.3.1
[INFO] [stderr]   Downloaded pathfinder_geometry v0.5.1
[INFO] [stderr]   Downloaded pathfinder_simd v0.5.1
[INFO] [stderr]   Downloaded nalgebra v0.31.0
[INFO] [stderr]   Downloaded console v0.15.0
[INFO] [stderr]   Downloaded simba v0.7.1
[INFO] [stderr]   Downloaded hdf5 v0.8.1
[INFO] [stderr]   Downloaded hdf5-sys v0.8.1
[INFO] [stderr]   Downloaded hdf5-derive v0.8.1
[INFO] [stderr]   Downloaded crseo-sys v0.1.0
[INFO] [stderr]   Downloaded skyangle v0.1.2
[INFO] [stderr]   Downloaded time-macros v0.2.4
[INFO] [stderr]   Downloaded serde-pickle v0.6.3
[INFO] [stderr]   Downloaded simple_logger v1.16.0
[INFO] [stderr]   Downloaded num-bigint v0.3.3
[INFO] [stderr]   Downloaded iter-read v0.3.1
[INFO] [stderr]   Downloaded roots v0.0.6
[INFO] [stderr]   Downloaded wasm-bindgen v0.2.80
[INFO] [stderr]   Downloaded which v4.2.5
[INFO] [stderr]   Downloaded num-complex v0.4.1
[INFO] [stderr]   Downloaded wasm-bindgen-backend v0.2.80
[INFO] [stderr]   Downloaded wasm-bindgen-shared v0.2.80
[INFO] [stderr]   Downloaded wasm-bindgen-macro v0.2.80
[INFO] [stderr]   Downloaded dosio v0.1.3
[INFO] [stderr]   Downloaded hdf5-types v0.8.1
[INFO] [stderr]   Downloaded criterion v0.3.5
[INFO] [stderr]   Downloaded cast v0.2.7
[INFO] [stderr]   Downloaded matio-rs v0.5.1
[INFO] [stderr]   Downloaded dosio-macros v0.1.5
[INFO] [stderr]   Downloaded font-kit v0.10.1
[INFO] [stderr]   Downloaded plotters-backend v0.3.2
[INFO] [stderr]   Downloaded float-ord v0.2.0
[INFO] [stderr]   Downloaded libm v0.2.2
[INFO] [stderr]   Downloaded complot v0.3.3
[INFO] [stderr]   Downloaded wide v0.7.4
[INFO] [stderr]   Downloaded colorous v1.0.6
[INFO] [stderr]   Downloaded cmake v0.1.48
[INFO] [stderr]   Downloaded gif v0.11.3
[INFO] [stderr]   Downloaded semver v1.0.9
[INFO] [stderr]   Downloaded criterion-plot v0.4.4
[INFO] [stderr]   Downloaded gnuplot v0.0.37
[INFO] [stderr]   Downloaded freetype v0.7.0
[INFO] [stderr]   Downloaded getrandom v0.2.6
[INFO] [stderr]   Downloaded crossbeam-channel v0.5.4
[INFO] [stderr]   Downloaded crossbeam-epoch v0.9.8
[INFO] [stderr]   Downloaded ttf-parser v0.12.3
[INFO] [stderr]   Downloaded image v0.23.14
[INFO] [stderr]   Downloaded ndarray v0.15.4
[INFO] [stderr]   Downloaded web-sys v0.3.57
[INFO] [stderr]   Downloaded zernike v0.2.1
[INFO] [stderr]   Downloaded plotters v0.3.1
[INFO] [stderr]   Downloaded matio-rs-sys v0.2.1
[INFO] running `Command { std: "docker" "create" "-v" "/var/lib/crater-agent-workspace/builds/worker-3-tc2/target:/opt/rustwide/target:rw,Z" "-v" "/var/lib/crater-agent-workspace/builds/worker-3-tc2/source:/opt/rustwide/workdir:ro,Z" "-v" "/var/lib/crater-agent-workspace/cargo-home:/opt/rustwide/cargo-home:ro,Z" "-v" "/var/lib/crater-agent-workspace/rustup-home:/opt/rustwide/rustup-home:ro,Z" "-e" "SOURCE_DIR=/opt/rustwide/workdir" "-e" "CARGO_TARGET_DIR=/opt/rustwide/target" "-e" "CARGO_HOME=/opt/rustwide/cargo-home" "-e" "RUSTUP_HOME=/opt/rustwide/rustup-home" "-w" "/opt/rustwide/workdir" "-m" "1610612736" "--user" "0:0" "--network" "none" "ghcr.io/rust-lang/crates-build-env/linux@sha256:5ff2268d62e97bff2cde7d5815dd6ed5b47097566f13b8d0ca110b04b60e07ed" "/opt/rustwide/cargo-home/bin/cargo" "+beta-2023-04-20" "metadata" "--no-deps" "--format-version=1", kill_on_drop: false }`
[INFO] [stdout] 877d3d9bd5fd7a997b58e1449b6717929f7686c74ba1e0419ea042f370437bf8
[INFO] running `Command { std: "docker" "start" "-a" "877d3d9bd5fd7a997b58e1449b6717929f7686c74ba1e0419ea042f370437bf8", kill_on_drop: false }`
[INFO] running `Command { std: "docker" "inspect" "877d3d9bd5fd7a997b58e1449b6717929f7686c74ba1e0419ea042f370437bf8", kill_on_drop: false }`
[INFO] running `Command { std: "docker" "rm" "-f" "877d3d9bd5fd7a997b58e1449b6717929f7686c74ba1e0419ea042f370437bf8", kill_on_drop: false }`
[INFO] [stdout] 877d3d9bd5fd7a997b58e1449b6717929f7686c74ba1e0419ea042f370437bf8
[INFO] running `Command { std: "docker" "create" "-v" "/var/lib/crater-agent-workspace/builds/worker-3-tc2/target:/opt/rustwide/target:rw,Z" "-v" "/var/lib/crater-agent-workspace/builds/worker-3-tc2/source:/opt/rustwide/workdir:ro,Z" "-v" "/var/lib/crater-agent-workspace/cargo-home:/opt/rustwide/cargo-home:ro,Z" "-v" "/var/lib/crater-agent-workspace/rustup-home:/opt/rustwide/rustup-home:ro,Z" "-e" "SOURCE_DIR=/opt/rustwide/workdir" "-e" "CARGO_TARGET_DIR=/opt/rustwide/target" "-e" "CARGO_INCREMENTAL=0" "-e" "RUST_BACKTRACE=full" "-e" "RUSTFLAGS=--cap-lints=warn" "-e" "RUSTDOCFLAGS=--cap-lints=warn" "-e" "CARGO_HOME=/opt/rustwide/cargo-home" "-e" "RUSTUP_HOME=/opt/rustwide/rustup-home" "-w" "/opt/rustwide/workdir" "-m" "1610612736" "--user" "0:0" "--network" "none" "ghcr.io/rust-lang/crates-build-env/linux@sha256:5ff2268d62e97bff2cde7d5815dd6ed5b47097566f13b8d0ca110b04b60e07ed" "/opt/rustwide/cargo-home/bin/cargo" "+beta-2023-04-20" "doc" "--frozen" "--no-deps" "--document-private-items" "--message-format=json", kill_on_drop: false }`
[INFO] [stdout] 1e878dcb0ee825a36f2632c1ddbf739066a8cbe7cd5667851610bf8d2cb25fa7
[INFO] running `Command { std: "docker" "start" "-a" "1e878dcb0ee825a36f2632c1ddbf739066a8cbe7cd5667851610bf8d2cb25fa7", kill_on_drop: false }`
[INFO] [stderr]    Compiling proc-macro2 v1.0.39
[INFO] [stderr]    Compiling unicode-ident v1.0.0
[INFO] [stderr]    Compiling glob v0.3.0
[INFO] [stderr]    Compiling syn v1.0.96
[INFO] [stderr]    Compiling memchr v2.5.0
[INFO] [stderr]    Compiling crossbeam-utils v0.8.8
[INFO] [stderr]    Compiling libc v0.2.126
[INFO] [stderr]    Compiling log v0.4.17
[INFO] [stderr]    Compiling minimal-lexical v0.2.1
[INFO] [stderr]    Compiling regex-syntax v0.6.26
[INFO] [stderr]    Compiling unicode-width v0.1.9
[INFO] [stderr]    Compiling textwrap v0.11.0
[INFO] [stderr]    Compiling clang-sys v1.3.3
[INFO] [stderr]    Compiling atty v0.2.14
[INFO] [stderr]    Compiling aho-corasick v0.7.18
[INFO] [stderr]    Compiling nom v7.1.1
[INFO] [stderr]    Compiling libloading v0.7.3
[INFO] [stderr]    Compiling crossbeam-epoch v0.9.8
[INFO] [stderr]    Compiling termcolor v1.1.3
[INFO] [stderr]    Compiling quote v1.0.18
[INFO] [stderr]    Compiling ansi_term v0.12.1
[INFO] [stderr]    Compiling either v1.6.1
[INFO] [stderr]    Compiling strsim v0.8.0
[INFO] [stderr]    Compiling humantime v2.1.0
[INFO] [stderr]    Compiling vec_map v0.8.2
[INFO] [stderr]    Compiling bindgen v0.59.2
[INFO] [stderr]    Compiling clap v2.34.0
[INFO] [stderr]    Compiling which v4.2.5
[INFO] [stderr]    Compiling lazycell v1.3.0
[INFO] [stderr]    Compiling rustc-hash v1.1.0
[INFO] [stderr]    Compiling peeking_take_while v0.1.2
[INFO] [stderr]    Compiling shlex v1.1.0
[INFO] [stderr]     Checking getrandom v0.2.6
[INFO] [stderr]    Compiling num-bigint v0.3.3
[INFO] [stderr]    Compiling regex v1.5.6
[INFO] [stderr]     Checking crossbeam-deque v0.8.1
[INFO] [stderr]     Checking rand_core v0.6.3
[INFO] [stderr]     Checking num-integer v0.1.45
[INFO] [stderr]    Compiling cexpr v0.6.0
[INFO] [stderr]     Checking crossbeam-channel v0.5.4
[INFO] [stderr]    Compiling libm v0.2.2
[INFO] [stderr]     Checking ppv-lite86 v0.2.16
[INFO] [stderr]    Compiling env_logger v0.9.0
[INFO] [stderr]     Checking rayon-core v1.9.3
[INFO] [stderr]     Checking rand_chacha v0.3.1
[INFO] [stderr]     Checking iter-read v0.3.1
[INFO] [stderr]     Checking rayon v1.5.3
[INFO] [stderr]    Compiling serde_derive v1.0.144
[INFO] [stderr]    Compiling thiserror-impl v1.0.34
[INFO] [stderr]     Checking rand v0.8.5
[INFO] [stderr]     Checking roots v0.0.6
[INFO] [stderr]     Checking skyangle v0.1.2
[INFO] [stderr]     Checking thiserror v1.0.34
[INFO] [stderr]     Checking serde v1.0.144
[INFO] [stderr]    Compiling crseo-sys v0.1.0
[INFO] [stderr] error: failed to run custom build command for `crseo-sys v0.1.0`
[INFO] [stderr] note: To improve backtraces for build dependencies, set the CARGO_PROFILE_DEV_BUILD_OVERRIDE_DEBUG=true environment variable to enable debug information generation.
[INFO] [stderr] 
[INFO] [stderr] Caused by:
[INFO] [stderr]   process didn't exit successfully: `/opt/rustwide/target/debug/build/crseo-sys-c53ccb601f84355f/build-script-build` (exit status: 101)
[INFO] [stderr]   --- stdout
[INFO] [stderr]   cargo:rustc-link-search=/usr/local/lib
[INFO] [stderr]   cargo:rustc-link-lib=static=ceo
[INFO] [stderr]   cargo:rustc-link-lib=static=jsmn
[INFO] [stderr]   cargo:rustc-link-lib=curl
[INFO] [stderr]   cargo:rustc-link-search=/usr/local/cuda/lib64
[INFO] [stderr]   cargo:rustc-link-lib=cudart
[INFO] [stderr]   cargo:rustc-link-lib=cudadevrt
[INFO] [stderr]   cargo:rustc-link-lib=cublas
[INFO] [stderr]   cargo:rustc-link-lib=cufft
[INFO] [stderr]   cargo:rustc-link-lib=cusparse
[INFO] [stderr]   cargo:rustc-link-lib=curand
[INFO] [stderr]   cargo:rustc-link-lib=cusolver
[INFO] [stderr]   cargo:rerun-if-changed=wrapper.hpp
[INFO] [stderr] 
[INFO] [stderr]   --- stderr
[INFO] [stderr]   Ubuntu clang version 14.0.0-1ubuntu1
[INFO] [stderr]   Target: x86_64-pc-linux-gnu
[INFO] [stderr]   Thread model: posix
[INFO] [stderr]   InstalledDir: 
[INFO] [stderr]   Found candidate GCC installation: /../lib/gcc/x86_64-linux-gnu/10
[INFO] [stderr]   Found candidate GCC installation: /../lib/gcc/x86_64-linux-gnu/11
[INFO] [stderr]   Found candidate GCC installation: /../lib/gcc/x86_64-linux-gnu/9
[INFO] [stderr]   Selected GCC installation: /../lib/gcc/x86_64-linux-gnu/11
[INFO] [stderr]   Candidate multilib: .;@m64
[INFO] [stderr]   Candidate multilib: 32;@m32
[INFO] [stderr]   Candidate multilib: x32;@mx32
[INFO] [stderr]   Selected multilib: .;@m64
[INFO] [stderr]   ignoring nonexistent directory "/usr/local/cuda/include"
[INFO] [stderr]   ignoring nonexistent directory "/../lib/gcc/x86_64-linux-gnu/11/../../../../x86_64-linux-gnu/include"
[INFO] [stderr]   ignoring nonexistent directory "/include"
[INFO] [stderr]   ignoring duplicate directory "/usr/lib/gcc/x86_64-linux-gnu/11/../../../../include/c++/11"
[INFO] [stderr]   ignoring duplicate directory "/usr/lib/gcc/x86_64-linux-gnu/11/../../../../include/x86_64-linux-gnu/c++/11"
[INFO] [stderr]   ignoring duplicate directory "/usr/lib/gcc/x86_64-linux-gnu/11/../../../../include/c++/11/backward"
[INFO] [stderr]   ignoring duplicate directory "/usr/lib/llvm-14/lib/clang/14.0.0/include"
[INFO] [stderr]   ignoring duplicate directory "/usr/local/include"
[INFO] [stderr]   ignoring duplicate directory "/usr/include/x86_64-linux-gnu"
[INFO] [stderr]   ignoring duplicate directory "/usr/include"
[INFO] [stderr]   #include "..." search starts here:
[INFO] [stderr]   #include <...> search starts here:
[INFO] [stderr]    /usr/lib/gcc/x86_64-linux-gnu/11/../../../../include/c++/11
[INFO] [stderr]    /usr/lib/gcc/x86_64-linux-gnu/11/../../../../include/x86_64-linux-gnu/c++/11
[INFO] [stderr]    /usr/lib/gcc/x86_64-linux-gnu/11/../../../../include/c++/11/backward
[INFO] [stderr]    /usr/lib/llvm-14/lib/clang/14.0.0/include
[INFO] [stderr]    /usr/local/include
[INFO] [stderr]    /usr/include/x86_64-linux-gnu
[INFO] [stderr]    /usr/include
[INFO] [stderr]   End of search list.
[INFO] [stderr]   wrapper.hpp:1:10: fatal error: 'ceo/utilities.h' file not found
[INFO] [stderr]   wrapper.hpp:1:10: fatal error: 'ceo/utilities.h' file not found, err: true
[INFO] [stderr]   thread 'main' panicked at 'Unable to generate bindings: ()', /opt/rustwide/cargo-home/registry/src/index.crates.io-6f17d22bba15001f/crseo-sys-0.1.0/build.rs:55:10
[INFO] [stderr]   stack backtrace:
[INFO] [stderr]      0:     0x56166e4c26aa - std::backtrace_rs::backtrace::libunwind::trace::h2f05d0192276a8f6
[INFO] [stderr]                                  at /rustc/1b7dd2252b99671ce5d1cb9664c5f8636329436d/library/std/src/../../backtrace/src/backtrace/libunwind.rs:93:5
[INFO] [stderr]      1:     0x56166e4c26aa - std::backtrace_rs::backtrace::trace_unsynchronized::hedc23dff7a1af150
[INFO] [stderr]                                  at /rustc/1b7dd2252b99671ce5d1cb9664c5f8636329436d/library/std/src/../../backtrace/src/backtrace/mod.rs:66:5
[INFO] [stderr]      2:     0x56166e4c26aa - std::sys_common::backtrace::_print_fmt::h17541ef7592f3ce2
[INFO] [stderr]                                  at /rustc/1b7dd2252b99671ce5d1cb9664c5f8636329436d/library/std/src/sys_common/backtrace.rs:65:5
[INFO] [stderr]      3:     0x56166e4c26aa - <std::sys_common::backtrace::_print::DisplayBacktrace as core::fmt::Display>::fmt::h20f75df5ab0c0792
[INFO] [stderr]                                  at /rustc/1b7dd2252b99671ce5d1cb9664c5f8636329436d/library/std/src/sys_common/backtrace.rs:44:22
[INFO] [stderr]      4:     0x56166e4e75af - core::fmt::write::h78109e6f466b3af6
[INFO] [stderr]                                  at /rustc/1b7dd2252b99671ce5d1cb9664c5f8636329436d/library/core/src/fmt/mod.rs:1254:17
[INFO] [stderr]      5:     0x56166e4bf895 - std::io::Write::write_fmt::hc59e1b02dd273c8a
[INFO] [stderr]                                  at /rustc/1b7dd2252b99671ce5d1cb9664c5f8636329436d/library/std/src/io/mod.rs:1698:15
[INFO] [stderr]      6:     0x56166e4c2475 - std::sys_common::backtrace::_print::h8dac57a9f8fbf9a5
[INFO] [stderr]                                  at /rustc/1b7dd2252b99671ce5d1cb9664c5f8636329436d/library/std/src/sys_common/backtrace.rs:47:5
[INFO] [stderr]      7:     0x56166e4c2475 - std::sys_common::backtrace::print::hf9ecbf41d1aa712f
[INFO] [stderr]                                  at /rustc/1b7dd2252b99671ce5d1cb9664c5f8636329436d/library/std/src/sys_common/backtrace.rs:34:9
[INFO] [stderr]      8:     0x56166e4c3b1e - std::panicking::default_hook::{{closure}}::h04c07acfc84ca028
[INFO] [stderr]                                  at /rustc/1b7dd2252b99671ce5d1cb9664c5f8636329436d/library/std/src/panicking.rs:269:22
[INFO] [stderr]      9:     0x56166e4c38c5 - std::panicking::default_hook::h01f6bb23e1eceb2c
[INFO] [stderr]                                  at /rustc/1b7dd2252b99671ce5d1cb9664c5f8636329436d/library/std/src/panicking.rs:288:9
[INFO] [stderr]     10:     0x56166e4c407e - std::panicking::rust_panic_with_hook::h2bb3722bbaf2f6df
[INFO] [stderr]                                  at /rustc/1b7dd2252b99671ce5d1cb9664c5f8636329436d/library/std/src/panicking.rs:691:13
[INFO] [stderr]     11:     0x56166e4c3f79 - std::panicking::begin_panic_handler::{{closure}}::h91bc7f36a4be011b
[INFO] [stderr]                                  at /rustc/1b7dd2252b99671ce5d1cb9664c5f8636329436d/library/std/src/panicking.rs:582:13
[INFO] [stderr]     12:     0x56166e4c2b16 - std::sys_common::backtrace::__rust_end_short_backtrace::h8b3d3717114f9e59
[INFO] [stderr]                                  at /rustc/1b7dd2252b99671ce5d1cb9664c5f8636329436d/library/std/src/sys_common/backtrace.rs:150:18
[INFO] [stderr]     13:     0x56166e4c3cd2 - rust_begin_unwind
[INFO] [stderr]                                  at /rustc/1b7dd2252b99671ce5d1cb9664c5f8636329436d/library/std/src/panicking.rs:578:5
[INFO] [stderr]     14:     0x56166e0b2473 - core::panicking::panic_fmt::hfd368e3fbdabea26
[INFO] [stderr]                                  at /rustc/1b7dd2252b99671ce5d1cb9664c5f8636329436d/library/core/src/panicking.rs:67:14
[INFO] [stderr]     15:     0x56166e0b2a13 - core::result::unwrap_failed::he54eb4b2f125b26f
[INFO] [stderr]                                  at /rustc/1b7dd2252b99671ce5d1cb9664c5f8636329436d/library/core/src/result.rs:1687:5
[INFO] [stderr]     16:     0x56166e0b358b - core::result::Result<T,E>::expect::hd17caca7bc81080e
[INFO] [stderr]     17:     0x56166e0b4c96 - build_script_build::main::h89772a75aa913b1b
[INFO] [stderr]     18:     0x56166e0b36e3 - core::ops::function::FnOnce::call_once::hb2cb246553bb6e82
[INFO] [stderr]     19:     0x56166e0b36c6 - std::sys_common::backtrace::__rust_begin_short_backtrace::h19f5b421d4bde5db
[INFO] [stderr]     20:     0x56166e0b34d9 - std::rt::lang_start::{{closure}}::h859601fefcae9307
[INFO] [stderr]     21:     0x56166e4bc08e - core::ops::function::impls::<impl core::ops::function::FnOnce<A> for &F>::call_once::h2eb19b8ce4148df4
[INFO] [stderr]                                  at /rustc/1b7dd2252b99671ce5d1cb9664c5f8636329436d/library/core/src/ops/function.rs:287:13
[INFO] [stderr]     22:     0x56166e4bc08e - std::panicking::try::do_call::h2e900feff5d504c5
[INFO] [stderr]                                  at /rustc/1b7dd2252b99671ce5d1cb9664c5f8636329436d/library/std/src/panicking.rs:485:40
[INFO] [stderr]     23:     0x56166e4bc08e - std::panicking::try::h8854836cb85aa9f2
[INFO] [stderr]                                  at /rustc/1b7dd2252b99671ce5d1cb9664c5f8636329436d/library/std/src/panicking.rs:449:19
[INFO] [stderr]     24:     0x56166e4bc08e - std::panic::catch_unwind::h706025dd4c48f64b
[INFO] [stderr]                                  at /rustc/1b7dd2252b99671ce5d1cb9664c5f8636329436d/library/std/src/panic.rs:140:14
[INFO] [stderr]     25:     0x56166e4bc08e - std::rt::lang_start_internal::{{closure}}::h7be5b97f4a07a91a
[INFO] [stderr]                                  at /rustc/1b7dd2252b99671ce5d1cb9664c5f8636329436d/library/std/src/rt.rs:148:48
[INFO] [stderr]     26:     0x56166e4bc08e - std::panicking::try::do_call::h59847e9d0a176965
[INFO] [stderr]                                  at /rustc/1b7dd2252b99671ce5d1cb9664c5f8636329436d/library/std/src/panicking.rs:485:40
[INFO] [stderr]     27:     0x56166e4bc08e - std::panicking::try::h399a918ba8522823
[INFO] [stderr]                                  at /rustc/1b7dd2252b99671ce5d1cb9664c5f8636329436d/library/std/src/panicking.rs:449:19
[INFO] [stderr]     28:     0x56166e4bc08e - std::panic::catch_unwind::hca7ca6c55b2a2e26
[INFO] [stderr]                                  at /rustc/1b7dd2252b99671ce5d1cb9664c5f8636329436d/library/std/src/panic.rs:140:14
[INFO] [stderr]     29:     0x56166e4bc08e - std::rt::lang_start_internal::h2c807a81560459eb
[INFO] [stderr]                                  at /rustc/1b7dd2252b99671ce5d1cb9664c5f8636329436d/library/std/src/rt.rs:148:20
[INFO] [stderr]     30:     0x56166e0b34b7 - std::rt::lang_start::hddf176c823cfef1e
[INFO] [stderr]     31:     0x56166e0b4d95 - main
[INFO] [stderr]     32:     0x7f303d4dad90 - <unknown>
[INFO] [stderr]     33:     0x7f303d4dae40 - __libc_start_main
[INFO] [stderr]     34:     0x56166e0b2bf5 - _start
[INFO] [stderr]     35:                0x0 - <unknown>
[INFO] [stderr] warning: build failed, waiting for other jobs to finish...
[INFO] running `Command { std: "docker" "inspect" "1e878dcb0ee825a36f2632c1ddbf739066a8cbe7cd5667851610bf8d2cb25fa7", kill_on_drop: false }`
[INFO] running `Command { std: "docker" "rm" "-f" "1e878dcb0ee825a36f2632c1ddbf739066a8cbe7cd5667851610bf8d2cb25fa7", kill_on_drop: false }`
[INFO] [stdout] 1e878dcb0ee825a36f2632c1ddbf739066a8cbe7cd5667851610bf8d2cb25fa7
