[INFO] fetching crate ckb 0.109.0...
[INFO] documenting ckb-0.109.0 against 1.69.0 for beta-1.70-rustdoc-1
[INFO] extracting crate ckb 0.109.0 into /workspace/builds/worker-0-tc1/source
[INFO] validating manifest of crates.io crate ckb 0.109.0 on toolchain 1.69.0
[INFO] running `Command { std: CARGO_HOME="/workspace/cargo-home" RUSTUP_HOME="/workspace/rustup-home" "/workspace/cargo-home/bin/cargo" "+1.69.0" "metadata" "--manifest-path" "Cargo.toml" "--no-deps", kill_on_drop: false }`
[INFO] removed /workspace/builds/worker-0-tc1/source/.cargo/config
[INFO] removed /workspace/builds/worker-0-tc1/source/rust-toolchain
[INFO] started tweaking crates.io crate ckb 0.109.0
[INFO] finished tweaking crates.io crate ckb 0.109.0
[INFO] tweaked toml for crates.io crate ckb 0.109.0 written to /workspace/builds/worker-0-tc1/source/Cargo.toml
[INFO] crate crates.io crate ckb 0.109.0 already has a lockfile, it will not be regenerated
[INFO] running `Command { std: CARGO_HOME="/workspace/cargo-home" RUSTUP_HOME="/workspace/rustup-home" "/workspace/cargo-home/bin/cargo" "+1.69.0" "fetch" "--manifest-path" "Cargo.toml", kill_on_drop: false }`
[INFO] [stderr]  Downloading crates ...
[INFO] [stderr]   Downloaded numext-fixed-uint v0.1.6
[INFO] [stderr]   Downloaded ckb-occupied-capacity v0.109.0
[INFO] [stderr]   Downloaded sentry-log v0.26.0
[INFO] [stderr]   Downloaded tokio-util v0.6.10
[INFO] [stderr]   Downloaded heapsize v0.4.2
[INFO] [stderr]   Downloaded ckb-logger-config v0.109.0
[INFO] [stderr]   Downloaded tikv-jemalloc-sys v0.5.1+5.3.0-patched
[INFO] [stderr]   Downloaded enum-as-inner v0.3.4
[INFO] [stderr]   Downloaded tokio-yamux v0.3.7
[INFO] [stderr]   Downloaded xmltree v0.10.3
[INFO] [stderr]   Downloaded ckb-rpc v0.109.0
[INFO] [stderr]   Downloaded wildmatch v1.1.0
[INFO] [stderr]   Downloaded tikv-jemalloc-ctl v0.5.0
[INFO] [stderr]   Downloaded ckb-chain-iter v0.109.0
[INFO] [stderr]   Downloaded ckb-multisig v0.109.0
[INFO] [stderr]   Downloaded is_sorted v0.1.1
[INFO] [stderr]   Downloaded jsonrpc-derive v18.0.0
[INFO] [stderr]   Downloaded ckb-rust-unstable-port v0.109.0
[INFO] [stderr]   Downloaded ordered-multimap v0.4.3
[INFO] [stderr]   Downloaded ckb-notify v0.109.0
[INFO] [stderr]   Downloaded dlv-list v0.3.0
[INFO] [stderr]   Downloaded ckb-db v0.109.0
[INFO] [stderr]   Downloaded ckb-spawn v0.109.0
[INFO] [stderr]   Downloaded keyed_priority_queue v0.3.2
[INFO] [stderr]   Downloaded ckb-migration-template v0.109.0
[INFO] [stderr]   Downloaded ckb-metrics-service v0.109.0
[INFO] [stderr]   Downloaded ckb-reward-calculator v0.109.0
[INFO] [stderr]   Downloaded ckb-instrument v0.109.0
[INFO] [stderr]   Downloaded ckb-launcher v0.109.0
[INFO] [stderr]   Downloaded ckb-constant v0.109.0
[INFO] [stderr]   Downloaded ckb-async-runtime v0.109.0
[INFO] [stderr]   Downloaded ckb-indexer v0.109.0
[INFO] [stderr]   Downloaded jsonrpc-tcp-server v18.0.0
[INFO] [stderr]   Downloaded globset v0.4.8
[INFO] [stderr]   Downloaded mio-extras v2.0.6
[INFO] [stderr]   Downloaded paste v1.0.6
[INFO] [stderr]   Downloaded zeroize_derive v1.3.2
[INFO] [stderr]   Downloaded ckb-network-alert v0.109.0
[INFO] [stderr]   Downloaded molecule v0.7.3
[INFO] [stderr]   Downloaded ckb-logger v0.109.0
[INFO] [stderr]   Downloaded ckb-fixed-hash-macros v0.109.0
[INFO] [stderr]   Downloaded ckb-db-migration v0.109.0
[INFO] [stderr]   Downloaded ckb-light-client-protocol-server v0.109.0
[INFO] [stderr]   Downloaded ckb-traits v0.109.0
[INFO] [stderr]   Downloaded ckb-dao v0.109.0
[INFO] [stderr]   Downloaded parity-ws v0.11.1
[INFO] [stderr]   Downloaded net2 v0.2.37
[INFO] [stderr]   Downloaded jsonrpc-server-utils v18.0.0
[INFO] [stderr]   Downloaded ckb-block-filter v0.109.0
[INFO] [stderr]   Downloaded ckb-fixed-hash v0.109.0
[INFO] [stderr]   Downloaded ckb-occupied-capacity-core v0.109.0
[INFO] [stderr]   Downloaded ctrlc v3.2.1
[INFO] [stderr]   Downloaded quanta v0.4.1
[INFO] [stderr]   Downloaded nonzero_ext v0.2.0
[INFO] [stderr]   Downloaded jsonrpc-http-server v18.0.0
[INFO] [stderr]   Downloaded ckb-verification-contextual v0.109.0
[INFO] [stderr]   Downloaded tikv-jemallocator v0.5.0
[INFO] [stderr]   Downloaded ckb-snapshot v0.109.0
[INFO] [stderr]   Downloaded prometheus-static-metric v0.5.1
[INFO] [stderr]   Downloaded siphasher v0.3.9
[INFO] [stderr]   Downloaded hmac v0.12.0
[INFO] [stderr]   Downloaded fdlimit v0.2.1
[INFO] [stderr]   Downloaded ckb-chain v0.109.0
[INFO] [stderr]   Downloaded sha2 v0.10.1
[INFO] [stderr]   Downloaded tentacle-secio v0.5.7
[INFO] [stderr]   Downloaded igd v0.12.0
[INFO] [stderr]   Downloaded ckb-chain-spec v0.109.0
[INFO] [stderr]   Downloaded tentacle v0.4.2
[INFO] [stderr]   Downloaded crossbeam-epoch v0.9.7
[INFO] [stderr]   Downloaded ckb-tx-pool v0.109.0
[INFO] [stderr]   Downloaded sentry v0.26.0
[INFO] [stderr]   Downloaded jsonrpc-pubsub v18.0.0
[INFO] [stderr]   Downloaded ckb-dao-utils v0.109.0
[INFO] [stderr]   Downloaded jsonrpc-core v18.0.0
[INFO] [stderr]   Downloaded ckb-error v0.109.0
[INFO] [stderr]   Downloaded trust-dns-resolver v0.20.4
[INFO] [stderr]   Downloaded ckb-network v0.109.0
[INFO] [stderr]   Downloaded ipconfig v0.2.2
[INFO] [stderr]   Downloaded ckb-rocksdb v0.19.0
[INFO] [stderr]   Downloaded ckb-vm v0.23.2
[INFO] [stderr]   Downloaded hashbrown v0.8.2
[INFO] [stderr]   Downloaded ckb-sync v0.109.0
[INFO] [stderr]   Downloaded path-clean v0.1.0
[INFO] [stderr]   Downloaded governor v0.3.2
[INFO] [stderr]   Downloaded sentry-contexts v0.26.0
[INFO] [stderr]   Downloaded goblin v0.4.0
[INFO] [stderr]   Downloaded ckb-script v0.109.0
[INFO] [stderr]   Downloaded chacha20poly1305 v0.10.1
[INFO] [stderr]   Downloaded sentry-types v0.26.0
[INFO] [stderr]   Downloaded ckb-jsonrpc-types v0.109.0
[INFO] [stderr]   Downloaded fail v0.4.0
[INFO] [stderr]   Downloaded crossbeam-utils v0.8.7
[INFO] [stderr]   Downloaded serde_plain v0.3.0
[INFO] [stderr]   Downloaded golomb-coded-set v0.2.0
[INFO] [stderr]   Downloaded chacha20 v0.9.0
[INFO] [stderr]   Downloaded sentry-core v0.26.0
[INFO] [stderr]   Downloaded ckb-metrics v0.109.0
[INFO] [stderr]   Downloaded fixedbitset v0.4.1
[INFO] [stderr]   Downloaded debugid v0.8.0
[INFO] [stderr]   Downloaded includedir v0.6.0
[INFO] [stderr]   Downloaded includedir_codegen v0.6.0
[INFO] [stderr]   Downloaded x25519-dalek v1.1.1
[INFO] [stderr]   Downloaded poly1305 v0.8.0
[INFO] [stderr]   Downloaded ckb-memory-tracker v0.109.0
[INFO] [stderr]   Downloaded eaglesong v0.1.0
[INFO] [stderr]   Downloaded rust-ini v0.18.0
[INFO] [stderr]   Downloaded nohash-hasher v0.2.0
[INFO] [stderr]   Downloaded ckb-util v0.109.0
[INFO] [stderr]   Downloaded numext-fixed-uint-hack v0.1.6
[INFO] [stderr]   Downloaded ckb-merkle-mountain-range v0.5.2
[INFO] [stderr]   Downloaded ckb-verification-traits v0.109.0
[INFO] [stderr]   Downloaded ckb-store v0.109.0
[INFO] [stderr]   Downloaded sentry-backtrace v0.26.0
[INFO] [stderr]   Downloaded uname v0.1.1
[INFO] [stderr]   Downloaded ckb-bin v0.109.0
[INFO] [stderr]   Downloaded unsigned-varint v0.7.1
[INFO] [stderr]   Downloaded ckb-hash v0.109.0
[INFO] [stderr]   Downloaded rand_distr v0.3.0
[INFO] [stderr]   Downloaded ckb-verification v0.109.0
[INFO] [stderr]   Downloaded ckb-app-config v0.109.0
[INFO] [stderr]   Downloaded attohttpc v0.16.3
[INFO] [stderr]   Downloaded ckb-occupied-capacity-macros v0.109.0
[INFO] [stderr]   Downloaded numext-fixed-uint-core v0.1.6
[INFO] [stderr]   Downloaded ckb-stop-handler v0.109.0
[INFO] [stderr]   Downloaded ckb-pow v0.109.0
[INFO] [stderr]   Downloaded sentry-panic v0.26.0
[INFO] [stderr]   Downloaded snap v1.1.0
[INFO] [stderr]   Downloaded numext-constructor v0.1.6
[INFO] [stderr]   Downloaded reqwest v0.11.15
[INFO] [stderr]   Downloaded faster-hex v0.6.1
[INFO] [stderr]   Downloaded ckb-types v0.109.0
[INFO] [stderr]   Downloaded petgraph v0.6.0
[INFO] [stderr]   Downloaded ckb-shared v0.109.0
[INFO] [stderr]   Downloaded jsonrpc-ws-server v18.0.0
[INFO] [stderr]   Downloaded ckb-proposal-table v0.109.0
[INFO] [stderr]   Downloaded clap v4.1.14
[INFO] [stderr]   Downloaded url v2.3.0
[INFO] [stderr]   Downloaded ckb-systemtime v0.109.0
[INFO] [stderr]   Downloaded ckb-channel v0.109.0
[INFO] [stderr]   Downloaded tentacle-multiaddr v0.3.3
[INFO] [stderr]   Downloaded blake2b-ref v0.2.1
[INFO] [stderr]   Downloaded prometheus v0.13.3
[INFO] [stderr]   Downloaded ckb-vm-definitions v0.23.2
[INFO] [stderr]   Downloaded ubyte v0.10.3
[INFO] [stderr]   Downloaded ckb-crypto v0.109.0
[INFO] [stderr]   Downloaded ckb-rational v0.109.0
[INFO] [stderr]   Downloaded ckb-resource v0.109.0
[INFO] [stderr]   Downloaded clang-sys v1.3.1
[INFO] [stderr]   Downloaded ckb-miner v0.109.0
[INFO] [stderr]   Downloaded ckb-metrics-config v0.109.0
[INFO] [stderr]   Downloaded which v4.3.0
[INFO] [stderr]   Downloaded secp256k1 v0.24.3
[INFO] [stderr]   Downloaded ckb-freezer v0.109.0
[INFO] [stderr]   Downloaded ckb-fixed-hash-core v0.109.0
[INFO] [stderr]   Downloaded ckb-logger-service v0.109.0
[INFO] [stderr]   Downloaded bloom-filters v0.1.2
[INFO] [stderr]   Downloaded ipnetwork v0.18.0
[INFO] [stderr]   Downloaded trust-dns-proto v0.20.4
[INFO] [stderr]   Downloaded phf_codegen v0.8.0
[INFO] [stderr]   Downloaded object v0.30.0
[INFO] [stderr]   Downloaded merkle-cbt v0.3.2
[INFO] [stderr]   Downloaded thread-id v4.0.0
[INFO] [stderr]   Downloaded widestring v0.4.3
[INFO] [stderr]   Downloaded blake2b-rs v0.2.0
[INFO] [stderr]   Downloaded clap_builder v4.1.14
[INFO] [stderr]   Downloaded ckb-db-schema v0.109.0
[INFO] [stderr]   Downloaded protobuf v2.27.1
[INFO] [stderr]   Downloaded lru v0.7.8
[INFO] [stderr]   Downloaded rustix v0.37.7
[INFO] [stderr]   Downloaded gimli v0.27.0
[INFO] [stderr]   Downloaded ckb-build-info v0.109.0
[INFO] [stderr]   Downloaded ckb-system-scripts v0.5.4
[INFO] [stderr]   Downloaded encoding_rs v0.8.30
[INFO] [stderr]   Downloaded ckb-librocksdb-sys v7.7.3
[INFO] running `Command { std: "docker" "create" "-v" "/var/lib/crater-agent-workspace/builds/worker-0-tc1/target:/opt/rustwide/target:rw,Z" "-v" "/var/lib/crater-agent-workspace/builds/worker-0-tc1/source:/opt/rustwide/workdir:ro,Z" "-v" "/var/lib/crater-agent-workspace/cargo-home:/opt/rustwide/cargo-home:ro,Z" "-v" "/var/lib/crater-agent-workspace/rustup-home:/opt/rustwide/rustup-home:ro,Z" "-e" "SOURCE_DIR=/opt/rustwide/workdir" "-e" "CARGO_TARGET_DIR=/opt/rustwide/target" "-e" "CARGO_HOME=/opt/rustwide/cargo-home" "-e" "RUSTUP_HOME=/opt/rustwide/rustup-home" "-w" "/opt/rustwide/workdir" "-m" "1610612736" "--user" "0:0" "--network" "none" "ghcr.io/rust-lang/crates-build-env/linux@sha256:5ff2268d62e97bff2cde7d5815dd6ed5b47097566f13b8d0ca110b04b60e07ed" "/opt/rustwide/cargo-home/bin/cargo" "+1.69.0" "metadata" "--no-deps" "--format-version=1", kill_on_drop: false }`
[INFO] [stdout] 36f25eb2b828e4e975b30b54d1d02711e2c433bf326219752f3dd99a7eca0822
[INFO] running `Command { std: "docker" "start" "-a" "36f25eb2b828e4e975b30b54d1d02711e2c433bf326219752f3dd99a7eca0822", kill_on_drop: false }`
[INFO] running `Command { std: "docker" "inspect" "36f25eb2b828e4e975b30b54d1d02711e2c433bf326219752f3dd99a7eca0822", kill_on_drop: false }`
[INFO] running `Command { std: "docker" "rm" "-f" "36f25eb2b828e4e975b30b54d1d02711e2c433bf326219752f3dd99a7eca0822", kill_on_drop: false }`
[INFO] [stdout] 36f25eb2b828e4e975b30b54d1d02711e2c433bf326219752f3dd99a7eca0822
[INFO] running `Command { std: "docker" "create" "-v" "/var/lib/crater-agent-workspace/builds/worker-0-tc1/target:/opt/rustwide/target:rw,Z" "-v" "/var/lib/crater-agent-workspace/builds/worker-0-tc1/source:/opt/rustwide/workdir:ro,Z" "-v" "/var/lib/crater-agent-workspace/cargo-home:/opt/rustwide/cargo-home:ro,Z" "-v" "/var/lib/crater-agent-workspace/rustup-home:/opt/rustwide/rustup-home:ro,Z" "-e" "SOURCE_DIR=/opt/rustwide/workdir" "-e" "CARGO_TARGET_DIR=/opt/rustwide/target" "-e" "CARGO_INCREMENTAL=0" "-e" "RUST_BACKTRACE=full" "-e" "RUSTFLAGS=--cap-lints=warn" "-e" "RUSTDOCFLAGS=--cap-lints=warn" "-e" "CARGO_HOME=/opt/rustwide/cargo-home" "-e" "RUSTUP_HOME=/opt/rustwide/rustup-home" "-w" "/opt/rustwide/workdir" "-m" "1610612736" "--user" "0:0" "--network" "none" "ghcr.io/rust-lang/crates-build-env/linux@sha256:5ff2268d62e97bff2cde7d5815dd6ed5b47097566f13b8d0ca110b04b60e07ed" "/opt/rustwide/cargo-home/bin/cargo" "+1.69.0" "doc" "--frozen" "--no-deps" "--document-private-items" "--message-format=json", kill_on_drop: false }`
[INFO] [stdout] 4cd4f1b6d075ee85c4a1a95ce4be4746d095b27b1d80b2c1887ec956f65decc3
[INFO] running `Command { std: "docker" "start" "-a" "4cd4f1b6d075ee85c4a1a95ce4be4746d095b27b1d80b2c1887ec956f65decc3", kill_on_drop: false }`
[INFO] [stderr]    Compiling proc-macro2 v1.0.52
[INFO] [stderr]    Compiling unicode-ident v1.0.0
[INFO] [stderr]    Compiling quote v1.0.23
[INFO] [stderr]    Compiling libc v0.2.140
[INFO] [stderr]    Compiling serde_derive v1.0.156
[INFO] [stderr]    Compiling serde v1.0.156
[INFO] [stderr]    Compiling memchr v2.4.1
[INFO] [stderr]    Compiling thiserror v1.0.39
[INFO] [stderr]     Checking smallvec v1.8.0
[INFO] [stderr]     Checking once_cell v1.17.1
[INFO] [stderr]     Checking ppv-lite86 v0.2.16
[INFO] [stderr]     Checking lock_api v0.4.6
[INFO] [stderr]    Compiling parking_lot_core v0.9.3
[INFO] [stderr]     Checking pin-project-lite v0.2.8
[INFO] [stderr]    Compiling faster-hex v0.6.1
[INFO] [stderr]    Compiling heapsize v0.4.2
[INFO] [stderr]    Compiling crossbeam-utils v0.8.7
[INFO] [stderr]     Checking itoa v1.0.1
[INFO] [stderr]    Compiling futures-core v0.3.21
[INFO] [stderr]    Compiling anyhow v1.0.70
[INFO] [stderr]    Compiling convert_case v0.4.0
[INFO] [stderr]     Checking futures-sink v0.3.21
[INFO] [stderr]    Compiling siphasher v0.3.9
[INFO] [stderr]     Checking slab v0.4.5
[INFO] [stderr]    Compiling tokio v1.25.0
[INFO] [stderr]    Compiling futures-channel v0.3.21
[INFO] [stderr]    Compiling futures-task v0.3.21
[INFO] [stderr]    Compiling ahash v0.7.6
[INFO] [stderr]    Compiling futures-util v0.3.21
[INFO] [stderr]    Compiling phf_shared v0.8.0
[INFO] [stderr]     Checking futures-io v0.3.21
[INFO] [stderr]     Checking regex-syntax v0.6.29
[INFO] [stderr]    Compiling adler v1.0.2
[INFO] [stderr]     Checking aho-corasick v0.7.18
[INFO] [stderr]     Checking crossbeam-channel v0.5.8
[INFO] [stderr]    Compiling pkg-config v0.3.25
[INFO] [stderr]    Compiling miniz_oxide v0.5.1
[INFO] [stderr]    Compiling crc32fast v1.3.2
[INFO] [stderr]    Compiling cty v0.2.2
[INFO] [stderr]    Compiling typenum v1.15.0
[INFO] [stderr]    Compiling serde_json v1.0.94
[INFO] [stderr]    Compiling same-file v1.0.6
[INFO] [stderr]    Compiling jobserver v0.1.24
[INFO] [stderr]    Compiling getrandom v0.1.16
[INFO] [stderr]    Compiling walkdir v2.3.3
[INFO] [stderr]     Checking ryu v1.0.9
[INFO] [stderr]     Checking ckb-channel v0.109.0
[INFO] [stderr]    Compiling syn v1.0.109
[INFO] [stderr]    Compiling cc v1.0.72
[INFO] [stderr]    Compiling rand_core v0.5.1
[INFO] [stderr]     Checking golomb-coded-set v0.2.0
[INFO] [stderr]    Compiling flate2 v1.0.24
[INFO] [stderr]     Checking merkle-cbt v0.3.2
[INFO] [stderr]     Checking ckb-merkle-mountain-range v0.5.2
[INFO] [stderr]     Checking bit-vec v0.6.3
[INFO] [stderr]    Compiling phf v0.8.0
[INFO] [stderr]    Compiling rand_pcg v0.2.1
[INFO] [stderr]    Compiling rand_chacha v0.2.2
[INFO] [stderr]     Checking tracing-core v0.1.22
[INFO] [stderr]     Checking num_cpus v1.15.0
[INFO] [stderr]     Checking getrandom v0.2.7
[INFO] [stderr]     Checking mio v0.8.4
[INFO] [stderr]     Checking socket2 v0.4.9
[INFO] [stderr]     Checking signal-hook-registry v1.4.0
[INFO] [stderr]    Compiling rand v0.7.3
[INFO] [stderr]     Checking parking_lot v0.12.1
[INFO] [stderr]    Compiling includedir v0.6.0
[INFO] [stderr]     Checking tracing v0.1.30
[INFO] [stderr]    Compiling io-lifetimes v1.0.3
[INFO] [stderr]     Checking tinyvec_macros v0.1.0
[INFO] [stderr]     Checking ckb-logger v0.109.0
[INFO] [stderr]    Compiling generic-array v0.14.5
[INFO] [stderr]     Checking tinyvec v1.5.1
[INFO] [stderr]     Checking matches v0.1.9
[INFO] [stderr]     Checking rand_core v0.6.3
[INFO] [stderr]     Checking regex v1.7.2
[INFO] [stderr]     Checking unicode-bidi v0.3.7
[INFO] [stderr]     Checking percent-encoding v2.1.0
[INFO] [stderr]    Compiling openssl v0.10.48
[INFO] [stderr]    Compiling blake2b-rs v0.2.0
[INFO] [stderr]    Compiling secp256k1-sys v0.6.0
[INFO] [stderr]    Compiling openssl-sys v0.9.83
[INFO] [stderr]    Compiling phf_generator v0.8.0
[INFO] [stderr]     Checking form_urlencoded v1.0.1
[INFO] [stderr]    Compiling phf_codegen v0.8.0
[INFO] [stderr]     Checking rand_chacha v0.3.1
[INFO] [stderr]     Checking eaglesong v0.1.0
[INFO] [stderr]    Compiling ring v0.16.20
[INFO] [stderr]    Compiling rustix v0.37.7
[INFO] [stderr]     Checking ckb-constant v0.109.0
[INFO] [stderr]     Checking linux-raw-sys v0.3.1
[INFO] [stderr]    Compiling includedir_codegen v0.6.0
[INFO] [stderr]    Compiling glob v0.3.0
[INFO] [stderr]    Compiling nom v7.1.0
[INFO] [stderr]     Checking rand v0.8.5
[INFO] [stderr]     Checking unicode-normalization v0.1.19
[INFO] [stderr]    Compiling tentacle-secio v0.5.7
[INFO] [stderr]     Checking unsigned-varint v0.7.1
[INFO] [stderr]     Checking hashbrown v0.12.1
[INFO] [stderr]     Checking cpufeatures v0.2.5
[INFO] [stderr]     Checking clap_lex v0.4.1
[INFO] [stderr]    Compiling minimal-lexical v0.2.1
[INFO] [stderr]     Checking strsim v0.10.0
[INFO] [stderr]     Checking block-buffer v0.10.2
[INFO] [stderr]     Checking crypto-common v0.1.6
[INFO] [stderr]    Compiling log v0.4.17
[INFO] [stderr]    Compiling libloading v0.7.3
[INFO] [stderr]    Compiling bindgen v0.63.0
[INFO] [stderr]    Compiling protobuf v2.27.1
[INFO] [stderr]     Checking ckb-systemtime v0.109.0
[INFO] [stderr]    Compiling clang-sys v1.3.1
[INFO] [stderr]     Checking digest v0.10.3
[INFO] [stderr]    Compiling either v1.6.1
[INFO] [stderr]     Checking idna v0.2.3
[INFO] [stderr]    Compiling dlv-list v0.3.0
[INFO] [stderr]    Compiling lazycell v1.3.0
[INFO] [stderr]     Checking sha2 v0.10.1
[INFO] [stderr]    Compiling which v4.3.0
[INFO] [stderr]     Checking path-clean v0.1.0
[INFO] [stderr]     Checking ckb-build-info v0.109.0
[INFO] [stderr]    Compiling shlex v1.1.0
[INFO] [stderr]    Compiling ordered-multimap v0.4.3
[INFO] [stderr]    Compiling prometheus v0.13.3
[INFO] [stderr]    Compiling rustix v0.36.6
[INFO] [stderr]     Checking linux-raw-sys v0.1.4
[INFO] [stderr]    Compiling snap v1.1.0
[INFO] [stderr]     Checking lru v0.7.8
[INFO] [stderr]    Compiling indexmap v1.9.1
[INFO] [stderr]    Compiling rust-ini v0.18.0
[INFO] [stderr]     Checking ckb-db-schema v0.109.0
[INFO] [stderr]     Checking fs2 v0.4.3
[INFO] [stderr]     Checking ckb-spawn v0.109.0
[INFO] [stderr]     Checking fail v0.4.0
[INFO] [stderr]    Compiling memoffset v0.6.5
[INFO] [stderr]     Checking plain v0.2.3
[INFO] [stderr]     Checking try-lock v0.2.3
[INFO] [stderr]     Checking tower-service v0.3.1
[INFO] [stderr]    Compiling ckb-vm v0.23.2
[INFO] [stderr]     Checking xml-rs v0.8.4
[INFO] [stderr]    Compiling async-trait v0.1.52
[INFO] [stderr]     Checking want v0.3.0
[INFO] [stderr]     Checking wildmatch v1.1.0
[INFO] [stderr]     Checking is-terminal v0.4.7
[INFO] [stderr]     Checking ckb-vm-definitions v0.23.2
[INFO] [stderr]    Compiling parking_lot_core v0.8.5
[INFO] [stderr]    Compiling crossbeam-epoch v0.9.7
[INFO] [stderr]     Checking nohash-hasher v0.2.0
[INFO] [stderr]     Checking clap_builder v4.1.14
[INFO] [stderr]    Compiling ckb-script v0.109.0
[INFO] [stderr]     Checking bloom-filters v0.1.2
[INFO] [stderr]     Checking xmltree v0.10.3
[INFO] [stderr]     Checking arc-swap v1.6.0
[INFO] [stderr]    Compiling crunchy v0.2.2
[INFO] [stderr]    Compiling libm v0.2.2
[INFO] [stderr]    Compiling proc-macro-hack v0.5.20+deprecated
[INFO] [stderr]    Compiling tiny-keccak v2.0.2
[INFO] [stderr]    Compiling num-traits v0.2.15
[INFO] [stderr]    Compiling hashbrown v0.8.2
[INFO] [stderr]     Checking parking_lot v0.11.2
[INFO] [stderr]    Compiling unicase v2.6.0
[INFO] [stderr]    Compiling fs_extra v1.3.0
[INFO] [stderr]     Checking net2 v0.2.37
[INFO] [stderr]     Checking crossbeam-deque v0.8.1
[INFO] [stderr]    Compiling cexpr v0.6.0
[INFO] [stderr]     Checking rayon-core v1.11.0
[INFO] [stderr]     Checking tempfile v3.4.0
[INFO] [stderr]     Checking generic-array v0.12.4
[INFO] [stderr]    Compiling tikv-jemalloc-sys v0.5.1+5.3.0-patched
[INFO] [stderr]     Checking iovec v0.1.4
[INFO] [stderr]     Checking bstr v0.2.17
[INFO] [stderr]     Checking is_sorted v0.1.1
[INFO] [stderr]     Checking ahash v0.3.8
[INFO] [stderr]     Checking byte-tools v0.3.1
[INFO] [stderr]     Checking rayon v1.7.0
[INFO] [stderr]     Checking ckb-rust-unstable-port v0.109.0
[INFO] [stderr]     Checking block-padding v0.1.5
[INFO] [stderr]     Checking clap v4.1.14
[INFO] [stderr]    Compiling smartstring v1.0.1
[INFO] [stderr]    Compiling ahash v0.8.2
[INFO] [stderr]     Checking unicode-width v0.1.9
[INFO] [stderr]     Checking block-buffer v0.7.3
[INFO] [stderr]     Checking digest v0.8.1
[INFO] [stderr]     Checking mio v0.6.23
[INFO] [stderr]     Checking console v0.15.5
[INFO] [stderr]    Compiling backtrace v0.3.67
[INFO] [stderr]     Checking dashmap v4.0.2
[INFO] [stderr]     Checking quanta v0.4.1
[INFO] [stderr]     Checking globset v0.4.8
[INFO] [stderr]     Checking no-std-compat v0.4.1
[INFO] [stderr]     Checking fxhash v0.2.1
[INFO] [stderr]     Checking nonzero_ext v0.2.0
[INFO] [stderr]    Compiling const-random-macro v0.1.15
[INFO] [stderr]     Checking opaque-debug v0.2.3
[INFO] [stderr]     Checking quick-error v1.2.3
[INFO] [stderr]     Checking number_prefix v0.4.0
[INFO] [stderr]     Checking fake-simd v0.1.2
[INFO] [stderr]     Checking gimli v0.27.0
[INFO] [stderr]     Checking futures-timer v3.0.2
[INFO] [stderr]     Checking static_assertions v1.1.0
[INFO] [stderr]    Compiling semver v1.0.17
[INFO] [stderr]     Checking indicatif v0.16.2
[INFO] [stderr]     Checking humantime v1.3.0
[INFO] [stderr]     Checking mio-extras v2.0.6
[INFO] [stderr]     Checking sled v0.34.7
[INFO] [stderr]    Compiling native-tls v0.2.11
[INFO] [stderr]     Checking sha-1 v0.8.2
[INFO] [stderr]     Checking bytes v0.4.12
[INFO] [stderr]     Checking keyed_priority_queue v0.3.2
[INFO] [stderr]     Checking atty v0.2.14
[INFO] [stderr]     Checking miniz_oxide v0.6.2
[INFO] [stderr]     Checking object v0.30.0
[INFO] [stderr]    Compiling paste v1.0.6
[INFO] [stderr]     Checking rustc-demangle v0.1.21
[INFO] [stderr]     Checking time v0.3.20
[INFO] [stderr]     Checking env_logger v0.6.2
[INFO] [stderr]     Checking yansi v0.5.1
[INFO] [stderr]     Checking const-random v0.1.15
[INFO] [stderr]     Checking itertools v0.10.5
[INFO] [stderr]     Checking rand_distr v0.3.0
[INFO] [stderr]     Checking nix v0.23.1
[INFO] [stderr]     Checking fdlimit v0.2.1
[INFO] [stderr]    Compiling ckb-hash v0.109.0
[INFO] [stderr]    Compiling ckb-system-scripts v0.5.4
[INFO] [stderr]    Compiling ckb v0.109.0 (/opt/rustwide/workdir)
[INFO] [stderr]    Compiling thiserror-impl v1.0.39
[INFO] [stderr]    Compiling numext-constructor v0.1.6
[INFO] [stderr]    Compiling derive_more v0.99.17
[INFO] [stderr]    Compiling tokio-macros v1.7.0
[INFO] [stderr]    Compiling futures-macro v0.3.21
[INFO] [stderr]    Compiling openssl-macros v0.1.0
[INFO] [stderr]    Compiling prometheus-static-metric v0.5.1
[INFO] [stderr]    Compiling scroll_derive v0.10.5
[INFO] [stderr]     Checking addr2line v0.19.0
[INFO] [stderr]    Compiling rhai_codegen v1.5.0
[INFO] [stderr]    Compiling ckb-migration-template v0.109.0
[INFO] [stderr]     Checking scroll v0.10.2
[INFO] [stderr]     Checking ctrlc v3.2.1
[INFO] [stderr]     Checking goblin v0.4.0
[INFO] [stderr]     Checking goblin v0.2.3
[INFO] [stderr]     Checking secp256k1 v0.24.3
[INFO] [stderr]     Checking ckb-metrics v0.109.0
[INFO] [stderr]     Checking rhai v1.12.0
[INFO] [stderr]    Compiling ckb-librocksdb-sys v7.7.3
[INFO] [stderr]     Checking futures-executor v0.3.21
[INFO] [stderr]     Checking futures v0.3.21
[INFO] [stderr]     Checking governor v0.3.2
[INFO] [stderr]     Checking bytes v1.4.0
[INFO] [stderr]     Checking ckb-occupied-capacity-core v0.109.0
[INFO] [stderr]     Checking ckb-fixed-hash-core v0.109.0
[INFO] [stderr]     Checking numext-fixed-uint-core v0.1.6
[INFO] [stderr]     Checking linked-hash-map v0.5.6
[INFO] [stderr]     Checking toml v0.5.11
[INFO] [stderr]     Checking url v2.3.0
[INFO] [stderr]     Checking ckb-logger-config v0.109.0
[INFO] [stderr]     Checking ckb-metrics-config v0.109.0
[INFO] [stderr]     Checking ubyte v0.10.3
[INFO] [stderr]     Checking serde_plain v0.3.0
[INFO] [stderr]     Checking ipnetwork v0.18.0
[INFO] [stderr]     Checking ckb-util v0.109.0
[INFO] [stderr]     Checking molecule v0.7.3
[INFO] [stderr]     Checking tentacle-multiaddr v0.3.3
[INFO] [stderr]     Checking http v0.2.6
[INFO] [stderr]     Checking ckb-logger-service v0.109.0
[INFO] [stderr]     Checking parity-ws v0.11.1
[INFO] [stderr]     Checking jsonrpc-core v18.0.0
[INFO] [stderr]    Compiling ckb-occupied-capacity-macros v0.109.0
[INFO] [stderr]    Compiling ckb-fixed-hash-macros v0.109.0
[INFO] [stderr]     Checking jsonrpc-pubsub v18.0.0
[INFO] [stderr]     Checking ckb-occupied-capacity v0.109.0
[INFO] [stderr]    Compiling ckb-error v0.109.0
[INFO] [stderr]     Checking ckb-verification-traits v0.109.0
[INFO] [stderr]     Checking ckb-fixed-hash v0.109.0
[INFO] [stderr]     Checking ckb-crypto v0.109.0
[INFO] [stderr]     Checking http-body v0.4.4
[INFO] [stderr]     Checking attohttpc v0.16.3
[INFO] [stderr]    Compiling proc-macro-crate v0.1.5
[INFO] [stderr]     Checking ckb-multisig v0.109.0
[INFO] [stderr]    Compiling jsonrpc-derive v18.0.0
[INFO] [stderr]     Checking igd v0.12.0
[INFO] [stderr]     Checking tokio-util v0.7.7
[INFO] [stderr]     Checking tokio-util v0.6.10
[INFO] [stderr]     Checking ckb-stop-handler v0.109.0
[INFO] [stderr]     Checking tokio-stream v0.1.8
[INFO] [stderr]     Checking tokio-native-tls v0.3.0
[INFO] [stderr]     Checking ckb-async-runtime v0.109.0
[INFO] [stderr]     Checking h2 v0.3.11
[INFO] [stderr]     Checking tokio-yamux v0.3.7
[INFO] [stderr]     Checking jsonrpc-server-utils v18.0.0
[INFO] [stderr]     Checking jsonrpc-tcp-server v18.0.0
[INFO] [stderr]     Checking jsonrpc-ws-server v18.0.0
[INFO] [stderr]     Checking tentacle v0.4.2
[INFO] [stderr] error: could not compile `numext-fixed-uint-core`
[INFO] [stderr] 
[INFO] [stderr] Caused by:
[INFO] [stderr]   process didn't exit successfully: `rustc --crate-name numext_fixed_uint_core --edition=2018 /opt/rustwide/cargo-home/registry/src/github.com-1ecc6299db9ec823/numext-fixed-uint-core-0.1.6/src/lib.rs --error-format=json --json=diagnostic-rendered-ansi,artifacts,future-incompat --crate-type lib --emit=dep-info,metadata -C embed-bitcode=no -C debuginfo=2 --cfg 'feature="bits_1024"' --cfg 'feature="bits_128"' --cfg 'feature="bits_160"' --cfg 'feature="bits_2048"' --cfg 'feature="bits_224"' --cfg 'feature="bits_256"' --cfg 'feature="bits_384"' --cfg 'feature="bits_4096"' --cfg 'feature="bits_512"' --cfg 'feature="bits_520"' --cfg 'feature="bits_all"' --cfg 'feature="default"' --cfg 'feature="heapsize"' --cfg 'feature="rand"' --cfg 'feature="serde"' --cfg 'feature="support_heapsize"' --cfg 'feature="support_rand"' --cfg 'feature="support_serde"' -C metadata=bb93b87e52ad97cb -C extra-filename=-bb93b87e52ad97cb --out-dir /opt/rustwide/target/debug/deps -L dependency=/opt/rustwide/target/debug/deps --extern heapsize=/opt/rustwide/target/debug/deps/libheapsize-021417c31730a056.rmeta --extern constructor=/opt/rustwide/target/debug/deps/libnumext_constructor-7c0fd6d927a505b4.so --extern rand=/opt/rustwide/target/debug/deps/librand-23b6d71a5d299318.rmeta --extern serde=/opt/rustwide/target/debug/deps/libserde-77d85c565d1f8bb0.rmeta --extern thiserror=/opt/rustwide/target/debug/deps/libthiserror-6ac2724db6e0b2c7.rmeta --cap-lints allow --cap-lints=warn` (signal: 9, SIGKILL: kill)
[INFO] [stderr] warning: build failed, waiting for other jobs to finish...
[INFO] [stderr] error: could not compile `numext-fixed-uint-core`
[INFO] [stderr] 
[INFO] [stderr] Caused by:
[INFO] [stderr]   process didn't exit successfully: `rustc --crate-name numext_fixed_uint_core --edition=2018 /opt/rustwide/cargo-home/registry/src/github.com-1ecc6299db9ec823/numext-fixed-uint-core-0.1.6/src/lib.rs --error-format=json --json=diagnostic-rendered-ansi,artifacts,future-incompat --crate-type lib --emit=dep-info,metadata,link -C embed-bitcode=no --cfg 'feature="bits_1024"' --cfg 'feature="bits_128"' --cfg 'feature="bits_160"' --cfg 'feature="bits_2048"' --cfg 'feature="bits_224"' --cfg 'feature="bits_256"' --cfg 'feature="bits_384"' --cfg 'feature="bits_4096"' --cfg 'feature="bits_512"' --cfg 'feature="bits_520"' --cfg 'feature="bits_all"' --cfg 'feature="default"' --cfg 'feature="heapsize"' --cfg 'feature="rand"' --cfg 'feature="serde"' --cfg 'feature="support_heapsize"' --cfg 'feature="support_rand"' --cfg 'feature="support_serde"' -C metadata=435d98e3552bc82d -C extra-filename=-435d98e3552bc82d --out-dir /opt/rustwide/target/debug/deps -L dependency=/opt/rustwide/target/debug/deps --extern heapsize=/opt/rustwide/target/debug/deps/libheapsize-f95468d175b82c44.rmeta --extern constructor=/opt/rustwide/target/debug/deps/libnumext_constructor-7c0fd6d927a505b4.so --extern rand=/opt/rustwide/target/debug/deps/librand-ae2ddfd157373dc2.rmeta --extern serde=/opt/rustwide/target/debug/deps/libserde-9fbaa56f952d193a.rmeta --extern thiserror=/opt/rustwide/target/debug/deps/libthiserror-e14edcd0de7a111d.rmeta --cap-lints allow --cap-lints=warn` (signal: 9, SIGKILL: kill)
[INFO] [stderr] error: could not compile `h2`
[INFO] [stderr] 
[INFO] [stderr] Caused by:
[INFO] [stderr]   process didn't exit successfully: `rustc --crate-name h2 --edition=2018 /opt/rustwide/cargo-home/registry/src/github.com-1ecc6299db9ec823/h2-0.3.11/src/lib.rs --error-format=json --json=diagnostic-rendered-ansi,artifacts,future-incompat --crate-type lib --emit=dep-info,metadata -C embed-bitcode=no -C debuginfo=2 -C metadata=0f19da0dc9a808dd -C extra-filename=-0f19da0dc9a808dd --out-dir /opt/rustwide/target/debug/deps -L dependency=/opt/rustwide/target/debug/deps --extern bytes=/opt/rustwide/target/debug/deps/libbytes-1d8ee5bfd7e58d46.rmeta --extern fnv=/opt/rustwide/target/debug/deps/libfnv-df36d14af7528695.rmeta --extern futures_core=/opt/rustwide/target/debug/deps/libfutures_core-f12748d0a6dbc643.rmeta --extern futures_sink=/opt/rustwide/target/debug/deps/libfutures_sink-bdb2285c27c3d707.rmeta --extern futures_util=/opt/rustwide/target/debug/deps/libfutures_util-e81ec6b840a9efee.rmeta --extern http=/opt/rustwide/target/debug/deps/libhttp-f6550d00b7eb2d1e.rmeta --extern indexmap=/opt/rustwide/target/debug/deps/libindexmap-052fbb439d2aff33.rmeta --extern slab=/opt/rustwide/target/debug/deps/libslab-bfcbad91772831ba.rmeta --extern tokio=/opt/rustwide/target/debug/deps/libtokio-52d7f3f9db85a76d.rmeta --extern tokio_util=/opt/rustwide/target/debug/deps/libtokio_util-0fc7246e9a17b3a1.rmeta --extern tracing=/opt/rustwide/target/debug/deps/libtracing-bb86f1c1f9adcf70.rmeta --cap-lints allow --cap-lints=warn` (signal: 9, SIGKILL: kill)
[INFO] [stderr] The following warnings were emitted during compilation:
[INFO] [stderr] 
[INFO] [stderr] warning: c++: fatal error: Killed signal terminated program cc1plus
[INFO] [stderr] warning: compilation terminated.
[INFO] [stderr] warning: c++: fatal error: Killed signal terminated program cc1plus
[INFO] [stderr] warning: compilation terminated.
[INFO] [stderr] warning: c++: fatal error: Killed signal terminated program cc1plus
[INFO] [stderr] warning: compilation terminated.
[INFO] [stderr] warning: c++: fatal error: Killed signal terminated program cc1plus
[INFO] [stderr] warning: compilation terminated.
[INFO] [stderr] warning: c++: fatal error: Killed signal terminated program cc1plus
[INFO] [stderr] warning: compilation terminated.
[INFO] [stderr] 
[INFO] [stderr] error: failed to run custom build command for `ckb-librocksdb-sys v7.7.3`
[INFO] [stderr] note: To improve backtraces for build dependencies, set the CARGO_PROFILE_DEV_BUILD_OVERRIDE_DEBUG=true environment variable to enable debug information generation.
[INFO] [stderr] 
[INFO] [stderr] Caused by:
[INFO] [stderr]   process didn't exit successfully: `/opt/rustwide/target/debug/build/ckb-librocksdb-sys-bac4f141a98a1890/build-script-build` (exit status: 1)
[INFO] [stderr]   --- stdout
[INFO] [stderr]   cargo:rerun-if-changed=build.rs
[INFO] [stderr]   cargo:rerun-if-changed=rocksdb/
[INFO] [stderr]   cargo:rerun-if-changed=patches/
[INFO] [stderr]   PLATFORM_CXXFLAGS: ["-std=c++17", "-DROCKSDB_PLATFORM_POSIX", "-DROCKSDB_LIB_IO_POSIX", "-DOS_LINUX", "-fno-builtin-memcmp"]
[INFO] [stderr]   TARGET = Some("x86_64-unknown-linux-gnu")
[INFO] [stderr]   OPT_LEVEL = Some("0")
[INFO] [stderr]   HOST = Some("x86_64-unknown-linux-gnu")
[INFO] [stderr]   CXX_x86_64-unknown-linux-gnu = None
[INFO] [stderr]   CXX_x86_64_unknown_linux_gnu = None
[INFO] [stderr]   HOST_CXX = None
[INFO] [stderr]   CXX = None
[INFO] [stderr]   CXXFLAGS_x86_64-unknown-linux-gnu = None
[INFO] [stderr]   CXXFLAGS_x86_64_unknown_linux_gnu = None
[INFO] [stderr]   HOST_CXXFLAGS = None
[INFO] [stderr]   CXXFLAGS = None
[INFO] [stderr]   CRATE_CC_NO_DEFAULTS = None
[INFO] [stderr]   DEBUG = Some("true")
[INFO] [stderr]   CARGO_CFG_TARGET_FEATURE = Some("fxsr,sse,sse2")
[INFO] [stderr]   running: "c++" "-O0" "-ffunction-sections" "-fdata-sections" "-fPIC" "-g" "-fno-omit-frame-pointer" "-m64" "-I" "rocksdb/include/" "-I" "rocksdb/" "-I" "rocksdb/third-party/gtest-1.8.1/fused-src/" "-I" "./" "-I" "snappy/" "-I" "." "-Wall" "-Wextra" "-std=c++17" "-DROCKSDB_PLATFORM_POSIX" "-DROCKSDB_LIB_IO_POSIX" "-DOS_LINUX" "-fno-builtin-memcmp" "-Wsign-compare" "-Wshadow" "-Wno-unused-parameter" "-Wno-unused-variable" "-Woverloaded-virtual" "-Wnon-virtual-dtor" "-Wno-missing-field-initializers" "-Wno-strict-aliasing" "-Wno-invalid-offsetof" "-DSNAPPY=1" "-DNDEBUG=1" "-DNIOSTATS_CONTEXT" "-DNPERF_CONTEXT" "-o" "/opt/rustwide/target/debug/build/ckb-librocksdb-sys-5ae186e1d88f9669/out/rocksdb/cache/cache_reservation_manager.o" "-c" "rocksdb/cache/cache_reservation_manager.cc"
[INFO] [stderr]   running: "c++" "-O0" "-ffunction-sections" "-fdata-sections" "-fPIC" "-g" "-fno-omit-frame-pointer" "-m64" "-I" "rocksdb/include/" "-I" "rocksdb/" "-I" "rocksdb/third-party/gtest-1.8.1/fused-src/" "-I" "./" "-I" "snappy/" "-I" "." "-Wall" "-Wextra" "-std=c++17" "-DROCKSDB_PLATFORM_POSIX" "-DROCKSDB_LIB_IO_POSIX" "-DOS_LINUX" "-fno-builtin-memcmp" "-Wsign-compare" "-Wshadow" "-Wno-unused-parameter" "-Wno-unused-variable" "-Woverloaded-virtual" "-Wnon-virtual-dtor" "-Wno-missing-field-initializers" "-Wno-strict-aliasing" "-Wno-invalid-offsetof" "-DSNAPPY=1" "-DNDEBUG=1" "-DNIOSTATS_CONTEXT" "-DNPERF_CONTEXT" "-o" "/opt/rustwide/target/debug/build/ckb-librocksdb-sys-5ae186e1d88f9669/out/rocksdb/cache/fast_lru_cache.o" "-c" "rocksdb/cache/fast_lru_cache.cc"
[INFO] [stderr]   running: "c++" "-O0" "-ffunction-sections" "-fdata-sections" "-fPIC" "-g" "-fno-omit-frame-pointer" "-m64" "-I" "rocksdb/include/" "-I" "rocksdb/" "-I" "rocksdb/third-party/gtest-1.8.1/fused-src/" "-I" "./" "-I" "snappy/" "-I" "." "-Wall" "-Wextra" "-std=c++17" "-DROCKSDB_PLATFORM_POSIX" "-DROCKSDB_LIB_IO_POSIX" "-DOS_LINUX" "-fno-builtin-memcmp" "-Wsign-compare" "-Wshadow" "-Wno-unused-parameter" "-Wno-unused-variable" "-Woverloaded-virtual" "-Wnon-virtual-dtor" "-Wno-missing-field-initializers" "-Wno-strict-aliasing" "-Wno-invalid-offsetof" "-DSNAPPY=1" "-DNDEBUG=1" "-DNIOSTATS_CONTEXT" "-DNPERF_CONTEXT" "-o" "/opt/rustwide/target/debug/build/ckb-librocksdb-sys-5ae186e1d88f9669/out/rocksdb/cache/cache_entry_roles.o" "-c" "rocksdb/cache/cache_entry_roles.cc"
[INFO] [stderr]   running: "c++" "-O0" "-ffunction-sections" "-fdata-sections" "-fPIC" "-g" "-fno-omit-frame-pointer" "-m64" "-I" "rocksdb/include/" "-I" "rocksdb/" "-I" "rocksdb/third-party/gtest-1.8.1/fused-src/" "-I" "./" "-I" "snappy/" "-I" "." "-Wall" "-Wextra" "-std=c++17" "-DROCKSDB_PLATFORM_POSIX" "-DROCKSDB_LIB_IO_POSIX" "-DOS_LINUX" "-fno-builtin-memcmp" "-Wsign-compare" "-Wshadow" "-Wno-unused-parameter" "-Wno-unused-variable" "-Woverloaded-virtual" "-Wnon-virtual-dtor" "-Wno-missing-field-initializers" "-Wno-strict-aliasing" "-Wno-invalid-offsetof" "-DSNAPPY=1" "-DNDEBUG=1" "-DNIOSTATS_CONTEXT" "-DNPERF_CONTEXT" "-o" "/opt/rustwide/target/debug/build/ckb-librocksdb-sys-5ae186e1d88f9669/out/rocksdb/cache/compressed_secondary_cache.o" "-c" "rocksdb/cache/compressed_secondary_cache.cc"
[INFO] [stderr]   running: "c++" "-O0" "-ffunction-sections" "-fdata-sections" "-fPIC" "-g" "-fno-omit-frame-pointer" "-m64" "-I" "rocksdb/include/" "-I" "rocksdb/" "-I" "rocksdb/third-party/gtest-1.8.1/fused-src/" "-I" "./" "-I" "snappy/" "-I" "." "-Wall" "-Wextra" "-std=c++17" "-DROCKSDB_PLATFORM_POSIX" "-DROCKSDB_LIB_IO_POSIX" "-DOS_LINUX" "-fno-builtin-memcmp" "-Wsign-compare" "-Wshadow" "-Wno-unused-parameter" "-Wno-unused-variable" "-Woverloaded-virtual" "-Wnon-virtual-dtor" "-Wno-missing-field-initializers" "-Wno-strict-aliasing" "-Wno-invalid-offsetof" "-DSNAPPY=1" "-DNDEBUG=1" "-DNIOSTATS_CONTEXT" "-DNPERF_CONTEXT" "-o" "/opt/rustwide/target/debug/build/ckb-librocksdb-sys-5ae186e1d88f9669/out/rocksdb/cache/lru_cache.o" "-c" "rocksdb/cache/lru_cache.cc"
[INFO] [stderr]   running: "c++" "-O0" "-ffunction-sections" "-fdata-sections" "-fPIC" "-g" "-fno-omit-frame-pointer" "-m64" "-I" "rocksdb/include/" "-I" "rocksdb/" "-I" "rocksdb/third-party/gtest-1.8.1/fused-src/" "-I" "./" "-I" "snappy/" "-I" "." "-Wall" "-Wextra" "-std=c++17" "-DROCKSDB_PLATFORM_POSIX" "-DROCKSDB_LIB_IO_POSIX" "-DOS_LINUX" "-fno-builtin-memcmp" "-Wsign-compare" "-Wshadow" "-Wno-unused-parameter" "-Wno-unused-variable" "-Woverloaded-virtual" "-Wnon-virtual-dtor" "-Wno-missing-field-initializers" "-Wno-strict-aliasing" "-Wno-invalid-offsetof" "-DSNAPPY=1" "-DNDEBUG=1" "-DNIOSTATS_CONTEXT" "-DNPERF_CONTEXT" "-o" "/opt/rustwide/target/debug/build/ckb-librocksdb-sys-5ae186e1d88f9669/out/rocksdb/cache/cache.o" "-c" "rocksdb/cache/cache.cc"
[INFO] [stderr]   running: "c++" "-O0" "-ffunction-sections" "-fdata-sections" "-fPIC" "-g" "-fno-omit-frame-pointer" "-m64" "-I" "rocksdb/include/" "-I" "rocksdb/" "-I" "rocksdb/third-party/gtest-1.8.1/fused-src/" "-I" "./" "-I" "snappy/" "-I" "." "-Wall" "-Wextra" "-std=c++17" "-DROCKSDB_PLATFORM_POSIX" "-DROCKSDB_LIB_IO_POSIX" "-DOS_LINUX" "-fno-builtin-memcmp" "-Wsign-compare" "-Wshadow" "-Wno-unused-parameter" "-Wno-unused-variable" "-Woverloaded-virtual" "-Wnon-virtual-dtor" "-Wno-missing-field-initializers" "-Wno-strict-aliasing" "-Wno-invalid-offsetof" "-DSNAPPY=1" "-DNDEBUG=1" "-DNIOSTATS_CONTEXT" "-DNPERF_CONTEXT" "-o" "/opt/rustwide/target/debug/build/ckb-librocksdb-sys-5ae186e1d88f9669/out/rocksdb/cache/sharded_cache.o" "-c" "rocksdb/cache/sharded_cache.cc"
[INFO] [stderr]   running: "c++" "-O0" "-ffunction-sections" "-fdata-sections" "-fPIC" "-g" "-fno-omit-frame-pointer" "-m64" "-I" "rocksdb/include/" "-I" "rocksdb/" "-I" "rocksdb/third-party/gtest-1.8.1/fused-src/" "-I" "./" "-I" "snappy/" "-I" "." "-Wall" "-Wextra" "-std=c++17" "-DROCKSDB_PLATFORM_POSIX" "-DROCKSDB_LIB_IO_POSIX" "-DOS_LINUX" "-fno-builtin-memcmp" "-Wsign-compare" "-Wshadow" "-Wno-unused-parameter" "-Wno-unused-variable" "-Woverloaded-virtual" "-Wnon-virtual-dtor" "-Wno-missing-field-initializers" "-Wno-strict-aliasing" "-Wno-invalid-offsetof" "-DSNAPPY=1" "-DNDEBUG=1" "-DNIOSTATS_CONTEXT" "-DNPERF_CONTEXT" "-o" "/opt/rustwide/target/debug/build/ckb-librocksdb-sys-5ae186e1d88f9669/out/rocksdb/cache/cache_key.o" "-c" "rocksdb/cache/cache_key.cc"
[INFO] [stderr]   running: "c++" "-O0" "-ffunction-sections" "-fdata-sections" "-fPIC" "-g" "-fno-omit-frame-pointer" "-m64" "-I" "rocksdb/include/" "-I" "rocksdb/" "-I" "rocksdb/third-party/gtest-1.8.1/fused-src/" "-I" "./" "-I" "snappy/" "-I" "." "-Wall" "-Wextra" "-std=c++17" "-DROCKSDB_PLATFORM_POSIX" "-DROCKSDB_LIB_IO_POSIX" "-DOS_LINUX" "-fno-builtin-memcmp" "-Wsign-compare" "-Wshadow" "-Wno-unused-parameter" "-Wno-unused-variable" "-Woverloaded-virtual" "-Wnon-virtual-dtor" "-Wno-missing-field-initializers" "-Wno-strict-aliasing" "-Wno-invalid-offsetof" "-DSNAPPY=1" "-DNDEBUG=1" "-DNIOSTATS_CONTEXT" "-DNPERF_CONTEXT" "-o" "/opt/rustwide/target/debug/build/ckb-librocksdb-sys-5ae186e1d88f9669/out/rocksdb/cache/clock_cache.o" "-c" "rocksdb/cache/clock_cache.cc"
[INFO] [stderr]   running: "c++" "-O0" "-ffunction-sections" "-fdata-sections" "-fPIC" "-g" "-fno-omit-frame-pointer" "-m64" "-I" "rocksdb/include/" "-I" "rocksdb/" "-I" "rocksdb/third-party/gtest-1.8.1/fused-src/" "-I" "./" "-I" "snappy/" "-I" "." "-Wall" "-Wextra" "-std=c++17" "-DROCKSDB_PLATFORM_POSIX" "-DROCKSDB_LIB_IO_POSIX" "-DOS_LINUX" "-fno-builtin-memcmp" "-Wsign-compare" "-Wshadow" "-Wno-unused-parameter" "-Wno-unused-variable" "-Woverloaded-virtual" "-Wnon-virtual-dtor" "-Wno-missing-field-initializers" "-Wno-strict-aliasing" "-Wno-invalid-offsetof" "-DSNAPPY=1" "-DNDEBUG=1" "-DNIOSTATS_CONTEXT" "-DNPERF_CONTEXT" "-o" "/opt/rustwide/target/debug/build/ckb-librocksdb-sys-5ae186e1d88f9669/out/rocksdb/db/arena_wrapped_db_iter.o" "-c" "rocksdb/db/arena_wrapped_db_iter.cc"
[INFO] [stderr]   running: "c++" "-O0" "-ffunction-sections" "-fdata-sections" "-fPIC" "-g" "-fno-omit-frame-pointer" "-m64" "-I" "rocksdb/include/" "-I" "rocksdb/" "-I" "rocksdb/third-party/gtest-1.8.1/fused-src/" "-I" "./" "-I" "snappy/" "-I" "." "-Wall" "-Wextra" "-std=c++17" "-DROCKSDB_PLATFORM_POSIX" "-DROCKSDB_LIB_IO_POSIX" "-DOS_LINUX" "-fno-builtin-memcmp" "-Wsign-compare" "-Wshadow" "-Wno-unused-parameter" "-Wno-unused-variable" "-Woverloaded-virtual" "-Wnon-virtual-dtor" "-Wno-missing-field-initializers" "-Wno-strict-aliasing" "-Wno-invalid-offsetof" "-DSNAPPY=1" "-DNDEBUG=1" "-DNIOSTATS_CONTEXT" "-DNPERF_CONTEXT" "-o" "/opt/rustwide/target/debug/build/ckb-librocksdb-sys-5ae186e1d88f9669/out/rocksdb/cache/charged_cache.o" "-c" "rocksdb/cache/charged_cache.cc"
[INFO] [stderr]   running: "c++" "-O0" "-ffunction-sections" "-fdata-sections" "-fPIC" "-g" "-fno-omit-frame-pointer" "-m64" "-I" "rocksdb/include/" "-I" "rocksdb/" "-I" "rocksdb/third-party/gtest-1.8.1/fused-src/" "-I" "./" "-I" "snappy/" "-I" "." "-Wall" "-Wextra" "-std=c++17" "-DROCKSDB_PLATFORM_POSIX" "-DROCKSDB_LIB_IO_POSIX" "-DOS_LINUX" "-fno-builtin-memcmp" "-Wsign-compare" "-Wshadow" "-Wno-unused-parameter" "-Wno-unused-variable" "-Woverloaded-virtual" "-Wnon-virtual-dtor" "-Wno-missing-field-initializers" "-Wno-strict-aliasing" "-Wno-invalid-offsetof" "-DSNAPPY=1" "-DNDEBUG=1" "-DNIOSTATS_CONTEXT" "-DNPERF_CONTEXT" "-o" "/opt/rustwide/target/debug/build/ckb-librocksdb-sys-5ae186e1d88f9669/out/rocksdb/db/blob/blob_contents.o" "-c" "rocksdb/db/blob/blob_contents.cc"
[INFO] [stderr]   exit status: 0
[INFO] [stderr]   running: "c++" "-O0" "-ffunction-sections" "-fdata-sections" "-fPIC" "-g" "-fno-omit-frame-pointer" "-m64" "-I" "rocksdb/include/" "-I" "rocksdb/" "-I" "rocksdb/third-party/gtest-1.8.1/fused-src/" "-I" "./" "-I" "snappy/" "-I" "." "-Wall" "-Wextra" "-std=c++17" "-DROCKSDB_PLATFORM_POSIX" "-DROCKSDB_LIB_IO_POSIX" "-DOS_LINUX" "-fno-builtin-memcmp" "-Wsign-compare" "-Wshadow" "-Wno-unused-parameter" "-Wno-unused-variable" "-Woverloaded-virtual" "-Wnon-virtual-dtor" "-Wno-missing-field-initializers" "-Wno-strict-aliasing" "-Wno-invalid-offsetof" "-DSNAPPY=1" "-DNDEBUG=1" "-DNIOSTATS_CONTEXT" "-DNPERF_CONTEXT" "-o" "/opt/rustwide/target/debug/build/ckb-librocksdb-sys-5ae186e1d88f9669/out/rocksdb/db/blob/blob_fetcher.o" "-c" "rocksdb/db/blob/blob_fetcher.cc"
[INFO] [stderr]   exit status: 0
[INFO] [stderr]   running: "c++" "-O0" "-ffunction-sections" "-fdata-sections" "-fPIC" "-g" "-fno-omit-frame-pointer" "-m64" "-I" "rocksdb/include/" "-I" "rocksdb/" "-I" "rocksdb/third-party/gtest-1.8.1/fused-src/" "-I" "./" "-I" "snappy/" "-I" "." "-Wall" "-Wextra" "-std=c++17" "-DROCKSDB_PLATFORM_POSIX" "-DROCKSDB_LIB_IO_POSIX" "-DOS_LINUX" "-fno-builtin-memcmp" "-Wsign-compare" "-Wshadow" "-Wno-unused-parameter" "-Wno-unused-variable" "-Woverloaded-virtual" "-Wnon-virtual-dtor" "-Wno-missing-field-initializers" "-Wno-strict-aliasing" "-Wno-invalid-offsetof" "-DSNAPPY=1" "-DNDEBUG=1" "-DNIOSTATS_CONTEXT" "-DNPERF_CONTEXT" "-o" "/opt/rustwide/target/debug/build/ckb-librocksdb-sys-5ae186e1d88f9669/out/rocksdb/db/blob/blob_file_addition.o" "-c" "rocksdb/db/blob/blob_file_addition.cc"
[INFO] [stderr]   running: "c++" "-O0" "-ffunction-sections" "-fdata-sections" "-fPIC" "-g" "-fno-omit-frame-pointer" "-m64" "-I" "rocksdb/include/" "-I" "rocksdb/" "-I" "rocksdb/third-party/gtest-1.8.1/fused-src/" "-I" "./" "-I" "snappy/" "-I" "." "-Wall" "-Wextra" "-std=c++17" "-DROCKSDB_PLATFORM_POSIX" "-DROCKSDB_LIB_IO_POSIX" "-DOS_LINUX" "-fno-builtin-memcmp" "-Wsign-compare" "-Wshadow" "-Wno-unused-parameter" "-Wno-unused-variable" "-Woverloaded-virtual" "-Wnon-virtual-dtor" "-Wno-missing-field-initializers" "-Wno-strict-aliasing" "-Wno-invalid-offsetof" "-DSNAPPY=1" "-DNDEBUG=1" "-DNIOSTATS_CONTEXT" "-DNPERF_CONTEXT" "-o" "/opt/rustwide/target/debug/build/ckb-librocksdb-sys-5ae186e1d88f9669/out/rocksdb/db/blob/blob_file_builder.o" "-c" "rocksdb/db/blob/blob_file_builder.cc"
[INFO] [stderr]   running: "c++" "-O0" "-ffunction-sections" "-fdata-sections" "-fPIC" "-g" "-fno-omit-frame-pointer" "-m64" "-I" "rocksdb/include/" "-I" "rocksdb/" "-I" "rocksdb/third-party/gtest-1.8.1/fused-src/" "-I" "./" "-I" "snappy/" "-I" "." "-Wall" "-Wextra" "-std=c++17" "-DROCKSDB_PLATFORM_POSIX" "-DROCKSDB_LIB_IO_POSIX" "-DOS_LINUX" "-fno-builtin-memcmp" "-Wsign-compare" "-Wshadow" "-Wno-unused-parameter" "-Wno-unused-variable" "-Woverloaded-virtual" "-Wnon-virtual-dtor" "-Wno-missing-field-initializers" "-Wno-strict-aliasing" "-Wno-invalid-offsetof" "-DSNAPPY=1" "-DNDEBUG=1" "-DNIOSTATS_CONTEXT" "-DNPERF_CONTEXT" "-o" "/opt/rustwide/target/debug/build/ckb-librocksdb-sys-5ae186e1d88f9669/out/rocksdb/db/blob/blob_file_cache.o" "-c" "rocksdb/db/blob/blob_file_cache.cc"
[INFO] [stderr]   cargo:warning=c++: fatal error: Killed signal terminated program cc1plus
[INFO] [stderr]   cargo:warning=compilation terminated.
[INFO] [stderr]   exit status: 1
[INFO] [stderr]   running: "c++" "-O0" "-ffunction-sections" "-fdata-sections" "-fPIC" "-g" "-fno-omit-frame-pointer" "-m64" "-I" "rocksdb/include/" "-I" "rocksdb/" "-I" "rocksdb/third-party/gtest-1.8.1/fused-src/" "-I" "./" "-I" "snappy/" "-I" "." "-Wall" "-Wextra" "-std=c++17" "-DROCKSDB_PLATFORM_POSIX" "-DROCKSDB_LIB_IO_POSIX" "-DOS_LINUX" "-fno-builtin-memcmp" "-Wsign-compare" "-Wshadow" "-Wno-unused-parameter" "-Wno-unused-variable" "-Woverloaded-virtual" "-Wnon-virtual-dtor" "-Wno-missing-field-initializers" "-Wno-strict-aliasing" "-Wno-invalid-offsetof" "-DSNAPPY=1" "-DNDEBUG=1" "-DNIOSTATS_CONTEXT" "-DNPERF_CONTEXT" "-o" "/opt/rustwide/target/debug/build/ckb-librocksdb-sys-5ae186e1d88f9669/out/rocksdb/db/blob/blob_file_garbage.o" "-c" "rocksdb/db/blob/blob_file_garbage.cc"
[INFO] [stderr]   cargo:warning=c++: fatal error: Killed signal terminated program cc1plus
[INFO] [stderr]   cargo:warning=compilation terminated.
[INFO] [stderr]   exit status: 1
[INFO] [stderr]   cargo:warning=c++: fatal error: Killed signal terminated program cc1plus
[INFO] [stderr]   cargo:warning=compilation terminated.
[INFO] [stderr]   exit status: 1
[INFO] [stderr]   exit status: 0
[INFO] [stderr]   exit status: 0
[INFO] [stderr]   exit status: 0
[INFO] [stderr]   cargo:warning=c++: fatal error: Killed signal terminated program cc1plus
[INFO] [stderr]   cargo:warning=compilation terminated.
[INFO] [stderr]   exit status: 1
[INFO] [stderr]   exit status: 0
[INFO] [stderr]   exit status: 0
[INFO] [stderr]   exit status: 0
[INFO] [stderr]   cargo:warning=c++: fatal error: Killed signal terminated program cc1plus
[INFO] [stderr]   cargo:warning=compilation terminated.
[INFO] [stderr]   exit status: 1
[INFO] [stderr]   exit status: 0
[INFO] [stderr]   exit status: 0
[INFO] [stderr]   exit status: 0
[INFO] [stderr]   exit status: 0
[INFO] [stderr] 
[INFO] [stderr]   --- stderr
[INFO] [stderr]   error: 'rustfmt' is not installed for the toolchain '1.69.0-x86_64-unknown-linux-gnu'
[INFO] [stderr]   To install, run `rustup component add rustfmt --toolchain 1.69.0-x86_64-unknown-linux-gnu`
[INFO] [stderr]   Failed to run rustfmt: Internal rustfmt error (non-fatal, continuing)
[INFO] [stderr] 
[INFO] [stderr] 
[INFO] [stderr]   error occurred: Command "c++" "-O0" "-ffunction-sections" "-fdata-sections" "-fPIC" "-g" "-fno-omit-frame-pointer" "-m64" "-I" "rocksdb/include/" "-I" "rocksdb/" "-I" "rocksdb/third-party/gtest-1.8.1/fused-src/" "-I" "./" "-I" "snappy/" "-I" "." "-Wall" "-Wextra" "-std=c++17" "-DROCKSDB_PLATFORM_POSIX" "-DROCKSDB_LIB_IO_POSIX" "-DOS_LINUX" "-fno-builtin-memcmp" "-Wsign-compare" "-Wshadow" "-Wno-unused-parameter" "-Wno-unused-variable" "-Woverloaded-virtual" "-Wnon-virtual-dtor" "-Wno-missing-field-initializers" "-Wno-strict-aliasing" "-Wno-invalid-offsetof" "-DSNAPPY=1" "-DNDEBUG=1" "-DNIOSTATS_CONTEXT" "-DNPERF_CONTEXT" "-o" "/opt/rustwide/target/debug/build/ckb-librocksdb-sys-5ae186e1d88f9669/out/rocksdb/cache/cache.o" "-c" "rocksdb/cache/cache.cc" with args "c++" did not execute successfully (status code exit status: 1).
[INFO] [stderr] 
[INFO] [stderr] 
[INFO] running `Command { std: "docker" "inspect" "4cd4f1b6d075ee85c4a1a95ce4be4746d095b27b1d80b2c1887ec956f65decc3", kill_on_drop: false }`
[INFO] running `Command { std: "docker" "rm" "-f" "4cd4f1b6d075ee85c4a1a95ce4be4746d095b27b1d80b2c1887ec956f65decc3", kill_on_drop: false }`
[INFO] [stdout] 4cd4f1b6d075ee85c4a1a95ce4be4746d095b27b1d80b2c1887ec956f65decc3
