[INFO] fetching crate buster 0.1.0...
[INFO] documenting buster-0.1.0 against beta-2023-04-20 for beta-1.70-rustdoc-1
[INFO] extracting crate buster 0.1.0 into /workspace/builds/worker-4-tc2/source
[INFO] validating manifest of crates.io crate buster 0.1.0 on toolchain beta-2023-04-20
[INFO] running `Command { std: CARGO_HOME="/workspace/cargo-home" RUSTUP_HOME="/workspace/rustup-home" "/workspace/cargo-home/bin/cargo" "+beta-2023-04-20" "metadata" "--manifest-path" "Cargo.toml" "--no-deps", kill_on_drop: false }`
[INFO] started tweaking crates.io crate buster 0.1.0
[INFO] finished tweaking crates.io crate buster 0.1.0
[INFO] tweaked toml for crates.io crate buster 0.1.0 written to /workspace/builds/worker-4-tc2/source/Cargo.toml
[INFO] crate crates.io crate buster 0.1.0 already has a lockfile, it will not be regenerated
[INFO] running `Command { std: CARGO_HOME="/workspace/cargo-home" RUSTUP_HOME="/workspace/rustup-home" "/workspace/cargo-home/bin/cargo" "+beta-2023-04-20" "fetch" "--manifest-path" "Cargo.toml", kill_on_drop: false }`
[INFO] [stderr]     Updating crates.io index
[INFO] [stderr]  Downloading crates ...
[INFO] [stderr]   Downloaded wasm-bindgen-shared v0.2.73
[INFO] [stderr]   Downloaded windows_macros v0.7.0
[INFO] [stderr]   Downloaded squote v0.1.2
[INFO] [stderr]   Downloaded const-sha1 v0.2.0
[INFO] [stderr]   Downloaded js-sys v0.3.50
[INFO] [stderr]   Downloaded wasm-bindgen v0.2.73
[INFO] [stderr]   Downloaded hash32 v0.1.1
[INFO] [stderr]   Downloaded generic-array v0.13.3
[INFO] [stderr]   Downloaded geo-types v0.7.1
[INFO] [stderr]   Downloaded as-slice v0.1.5
[INFO] [stderr]   Downloaded ndk-macro v0.2.0
[INFO] [stderr]   Downloaded pdqselect v0.1.0
[INFO] [stderr]   Downloaded dyn-clonable-impl v0.9.0
[INFO] [stderr]   Downloaded dyn-clone v1.0.4
[INFO] [stderr]   Downloaded minidom v0.12.0
[INFO] [stderr]   Downloaded robust v0.2.3
[INFO] [stderr]   Downloaded geographiclib-rs v0.2.0
[INFO] [stderr]   Downloaded generic-array v0.12.4
[INFO] [stderr]   Downloaded tts v0.16.0
[INFO] [stderr]   Downloaded quick-xml v0.17.2
[INFO] [stderr]   Downloaded combine v4.5.2
[INFO] [stderr]   Downloaded serde v1.0.125
[INFO] [stderr]   Downloaded heapless v0.5.6
[INFO] [stderr]   Downloaded ndk v0.3.0
[INFO] [stderr]   Downloaded openaip v0.2.0
[INFO] [stderr]   Downloaded regex v1.4.5
[INFO] [stderr]   Downloaded syn v1.0.69
[INFO] [stderr]   Downloaded bindgen v0.56.0
[INFO] [stderr]   Downloaded geo v0.17.1
[INFO] [stderr]   Downloaded ndk-sys v0.2.1
[INFO] [stderr]   Downloaded toml v0.5.8
[INFO] [stderr]   Downloaded regex-syntax v0.6.23
[INFO] [stderr]   Downloaded web-sys v0.3.50
[INFO] [stderr]   Downloaded libc v0.2.93
[INFO] [stderr]   Downloaded gcc v0.3.55
[INFO] [stderr]   Downloaded typenum v1.13.0
[INFO] [stderr]   Downloaded smallvec v1.6.1
[INFO] [stderr]   Downloaded windows_gen v0.7.0
[INFO] [stderr]   Downloaded rstar v0.8.2
[INFO] [stderr]   Downloaded simconnect v0.1.4
[INFO] [stderr]   Downloaded darling_core v0.10.2
[INFO] [stderr]   Downloaded cexpr v0.4.0
[INFO] [stderr]   Downloaded libloading v0.7.0
[INFO] [stderr]   Downloaded clang-sys v1.2.0
[INFO] [stderr]   Downloaded wasm-bindgen-backend v0.2.73
[INFO] [stderr]   Downloaded wasm-bindgen-macro-support v0.2.73
[INFO] [stderr]   Downloaded darling v0.10.2
[INFO] [stderr]   Downloaded dyn-clonable v0.9.0
[INFO] [stderr]   Downloaded version_check v0.9.3
[INFO] [stderr]   Downloaded speech-dispatcher-sys v0.5.2
[INFO] [stderr]   Downloaded wasm-bindgen-macro v0.2.73
[INFO] [stderr]   Downloaded windows v0.7.0
[INFO] [stderr]   Downloaded num_enum_derive v0.5.1
[INFO] [stderr]   Downloaded num_enum v0.5.1
[INFO] [stderr]   Downloaded strsim v0.9.3
[INFO] [stderr]   Downloaded darling_macro v0.10.2
[INFO] [stderr]   Downloaded ndk-glue v0.3.0
[INFO] [stderr]   Downloaded shlex v0.1.1
[INFO] [stderr]   Downloaded which v3.1.1
[INFO] [stderr]   Downloaded speech-dispatcher v0.7.0
[INFO] [stderr]   Downloaded proc-macro2 v1.0.26
[INFO] running `Command { std: "docker" "create" "-v" "/var/lib/crater-agent-workspace/builds/worker-4-tc2/target:/opt/rustwide/target:rw,Z" "-v" "/var/lib/crater-agent-workspace/builds/worker-4-tc2/source:/opt/rustwide/workdir:ro,Z" "-v" "/var/lib/crater-agent-workspace/cargo-home:/opt/rustwide/cargo-home:ro,Z" "-v" "/var/lib/crater-agent-workspace/rustup-home:/opt/rustwide/rustup-home:ro,Z" "-e" "SOURCE_DIR=/opt/rustwide/workdir" "-e" "CARGO_TARGET_DIR=/opt/rustwide/target" "-e" "CARGO_HOME=/opt/rustwide/cargo-home" "-e" "RUSTUP_HOME=/opt/rustwide/rustup-home" "-w" "/opt/rustwide/workdir" "-m" "1610612736" "--user" "0:0" "--network" "none" "ghcr.io/rust-lang/crates-build-env/linux@sha256:5ff2268d62e97bff2cde7d5815dd6ed5b47097566f13b8d0ca110b04b60e07ed" "/opt/rustwide/cargo-home/bin/cargo" "+beta-2023-04-20" "metadata" "--no-deps" "--format-version=1", kill_on_drop: false }`
[INFO] [stdout] b199339e36b43683bf4154453c23fa1da6b900c293e94f569a75ffb3fc813e4d
[INFO] running `Command { std: "docker" "start" "-a" "b199339e36b43683bf4154453c23fa1da6b900c293e94f569a75ffb3fc813e4d", kill_on_drop: false }`
[INFO] running `Command { std: "docker" "inspect" "b199339e36b43683bf4154453c23fa1da6b900c293e94f569a75ffb3fc813e4d", kill_on_drop: false }`
[INFO] running `Command { std: "docker" "rm" "-f" "b199339e36b43683bf4154453c23fa1da6b900c293e94f569a75ffb3fc813e4d", kill_on_drop: false }`
[INFO] [stdout] b199339e36b43683bf4154453c23fa1da6b900c293e94f569a75ffb3fc813e4d
[INFO] running `Command { std: "docker" "create" "-v" "/var/lib/crater-agent-workspace/builds/worker-4-tc2/target:/opt/rustwide/target:rw,Z" "-v" "/var/lib/crater-agent-workspace/builds/worker-4-tc2/source:/opt/rustwide/workdir:ro,Z" "-v" "/var/lib/crater-agent-workspace/cargo-home:/opt/rustwide/cargo-home:ro,Z" "-v" "/var/lib/crater-agent-workspace/rustup-home:/opt/rustwide/rustup-home:ro,Z" "-e" "SOURCE_DIR=/opt/rustwide/workdir" "-e" "CARGO_TARGET_DIR=/opt/rustwide/target" "-e" "CARGO_INCREMENTAL=0" "-e" "RUST_BACKTRACE=full" "-e" "RUSTFLAGS=--cap-lints=warn" "-e" "RUSTDOCFLAGS=--cap-lints=warn" "-e" "CARGO_HOME=/opt/rustwide/cargo-home" "-e" "RUSTUP_HOME=/opt/rustwide/rustup-home" "-w" "/opt/rustwide/workdir" "-m" "1610612736" "--user" "0:0" "--network" "none" "ghcr.io/rust-lang/crates-build-env/linux@sha256:5ff2268d62e97bff2cde7d5815dd6ed5b47097566f13b8d0ca110b04b60e07ed" "/opt/rustwide/cargo-home/bin/cargo" "+beta-2023-04-20" "doc" "--frozen" "--no-deps" "--document-private-items" "--message-format=json", kill_on_drop: false }`
[INFO] [stdout] f5d6ac110c3e1dcd4cc30bd38c06c3e6753abf9d664a5c0254a47212f4ee1054
[INFO] running `Command { std: "docker" "start" "-a" "f5d6ac110c3e1dcd4cc30bd38c06c3e6753abf9d664a5c0254a47212f4ee1054", kill_on_drop: false }`
[INFO] [stderr]    Compiling version_check v0.9.3
[INFO] [stderr]    Compiling memchr v2.3.4
[INFO] [stderr]    Compiling proc-macro2 v1.0.26
[INFO] [stderr]    Compiling unicode-xid v0.2.1
[INFO] [stderr]    Compiling libc v0.2.93
[INFO] [stderr]    Compiling glob v0.3.0
[INFO] [stderr]    Compiling log v0.4.14
[INFO] [stderr]    Compiling bitflags v1.2.1
[INFO] [stderr]    Compiling unicode-width v0.1.8
[INFO] [stderr]    Compiling regex-syntax v0.6.23
[INFO] [stderr]    Compiling termcolor v1.1.2
[INFO] [stderr]    Compiling lazy_static v1.4.0
[INFO] [stderr]    Compiling bindgen v0.56.0
[INFO] [stderr]    Compiling ansi_term v0.11.0
[INFO] [stderr]    Compiling typenum v1.13.0
[INFO] [stderr]    Compiling libloading v0.7.0
[INFO] [stderr]    Compiling textwrap v0.11.0
[INFO] [stderr]    Compiling strsim v0.8.0
[INFO] [stderr]    Compiling vec_map v0.8.2
[INFO] [stderr]    Compiling humantime v2.1.0
[INFO] [stderr]    Compiling peeking_take_while v0.1.2
[INFO] [stderr]    Compiling lazycell v1.3.0
[INFO] [stderr]    Compiling shlex v0.1.1
[INFO] [stderr]    Compiling rustc-hash v1.1.0
[INFO] [stderr]    Compiling syn v1.0.69
[INFO] [stderr]    Compiling autocfg v1.0.1
[INFO] [stderr]    Compiling nom v5.1.2
[INFO] [stderr]    Compiling generic-array v0.14.4
[INFO] [stderr]     Checking byteorder v1.4.3
[INFO] [stderr]    Compiling heapless v0.5.6
[INFO] [stderr]    Compiling clang-sys v1.2.0
[INFO] [stderr]    Compiling gcc v0.3.55
[INFO] [stderr]     Checking stable_deref_trait v1.2.0
[INFO] [stderr]    Compiling thread_local v1.0.1
[INFO] [stderr]    Compiling aho-corasick v0.7.15
[INFO] [stderr]     Checking hash32 v0.1.1
[INFO] [stderr]     Checking smallvec v1.6.1
[INFO] [stderr]     Checking pdqselect v0.1.0
[INFO] [stderr]     Checking quick-xml v0.17.2
[INFO] [stderr]    Compiling tts v0.16.0
[INFO] [stderr]     Checking dyn-clone v1.0.4
[INFO] [stderr]    Compiling num-traits v0.2.14
[INFO] [stderr]    Compiling quote v1.0.9
[INFO] [stderr]     Checking geographiclib-rs v0.2.0
[INFO] [stderr]     Checking robust v0.2.3
[INFO] [stderr]    Compiling atty v0.2.14
[INFO] [stderr]    Compiling which v3.1.1
[INFO] [stderr]     Checking minidom v0.12.0
[INFO] [stderr]    Compiling clap v2.33.3
[INFO] [stderr]     Checking generic-array v0.13.3
[INFO] [stderr]     Checking generic-array v0.12.4
[INFO] [stderr]     Checking as-slice v0.1.5
[INFO] [stderr]    Compiling regex v1.4.5
[INFO] [stderr]     Checking approx v0.4.0
[INFO] [stderr]     Checking rstar v0.8.2
[INFO] [stderr]    Compiling cexpr v0.4.0
[INFO] [stderr]     Checking geo-types v0.7.1
[INFO] [stderr]    Compiling env_logger v0.8.3
[INFO] [stderr]     Checking geo v0.17.1
[INFO] [stderr]    Compiling thiserror-impl v1.0.24
[INFO] [stderr]    Compiling dyn-clonable-impl v0.9.0
[INFO] [stderr]     Checking dyn-clonable v0.9.0
[INFO] [stderr]     Checking thiserror v1.0.24
[INFO] [stderr]     Checking openaip v0.2.0
[INFO] [stderr]    Compiling speech-dispatcher-sys v0.5.2
[INFO] [stderr]    Compiling simconnect v0.1.4
[INFO] [stderr] error: failed to run custom build command for `simconnect v0.1.4`
[INFO] [stderr] note: To improve backtraces for build dependencies, set the CARGO_PROFILE_DEV_BUILD_OVERRIDE_DEBUG=true environment variable to enable debug information generation.
[INFO] [stderr] 
[INFO] [stderr] Caused by:
[INFO] [stderr]   process didn't exit successfully: `/opt/rustwide/target/debug/build/simconnect-25ab36ecbabd698d/build-script-build` (exit status: 101)
[INFO] [stderr]   --- stdout
[INFO] [stderr]   cargo:rustc-link-search=libsrc/lib
[INFO] [stderr]   cargo:rustc-link-lib=static=SimConnect
[INFO] [stderr] 
[INFO] [stderr]   --- stderr
[INFO] [stderr]   libsrc/include/SimConnect.hpp:7:10: fatal error: 'Windows.h' file not found
[INFO] [stderr]   libsrc/include/SimConnect.hpp:7:10: fatal error: 'Windows.h' file not found, err: true
[INFO] [stderr]   thread 'main' panicked at 'Unable to generate bindings: ()', /opt/rustwide/cargo-home/registry/src/index.crates.io-6f17d22bba15001f/simconnect-0.1.4/build.rs:200:10
[INFO] [stderr]   stack backtrace:
[INFO] [stderr]      0:     0x563663dd57aa - std::backtrace_rs::backtrace::libunwind::trace::h2f05d0192276a8f6
[INFO] [stderr]                                  at /rustc/1b7dd2252b99671ce5d1cb9664c5f8636329436d/library/std/src/../../backtrace/src/backtrace/libunwind.rs:93:5
[INFO] [stderr]      1:     0x563663dd57aa - std::backtrace_rs::backtrace::trace_unsynchronized::hedc23dff7a1af150
[INFO] [stderr]                                  at /rustc/1b7dd2252b99671ce5d1cb9664c5f8636329436d/library/std/src/../../backtrace/src/backtrace/mod.rs:66:5
[INFO] [stderr]      2:     0x563663dd57aa - std::sys_common::backtrace::_print_fmt::h17541ef7592f3ce2
[INFO] [stderr]                                  at /rustc/1b7dd2252b99671ce5d1cb9664c5f8636329436d/library/std/src/sys_common/backtrace.rs:65:5
[INFO] [stderr]      3:     0x563663dd57aa - <std::sys_common::backtrace::_print::DisplayBacktrace as core::fmt::Display>::fmt::h20f75df5ab0c0792
[INFO] [stderr]                                  at /rustc/1b7dd2252b99671ce5d1cb9664c5f8636329436d/library/std/src/sys_common/backtrace.rs:44:22
[INFO] [stderr]      4:     0x563663dfa8df - core::fmt::write::h78109e6f466b3af6
[INFO] [stderr]                                  at /rustc/1b7dd2252b99671ce5d1cb9664c5f8636329436d/library/core/src/fmt/mod.rs:1254:17
[INFO] [stderr]      5:     0x563663dd2995 - std::io::Write::write_fmt::hc59e1b02dd273c8a
[INFO] [stderr]                                  at /rustc/1b7dd2252b99671ce5d1cb9664c5f8636329436d/library/std/src/io/mod.rs:1698:15
[INFO] [stderr]      6:     0x563663dd5575 - std::sys_common::backtrace::_print::h8dac57a9f8fbf9a5
[INFO] [stderr]                                  at /rustc/1b7dd2252b99671ce5d1cb9664c5f8636329436d/library/std/src/sys_common/backtrace.rs:47:5
[INFO] [stderr]      7:     0x563663dd5575 - std::sys_common::backtrace::print::hf9ecbf41d1aa712f
[INFO] [stderr]                                  at /rustc/1b7dd2252b99671ce5d1cb9664c5f8636329436d/library/std/src/sys_common/backtrace.rs:34:9
[INFO] [stderr]      8:     0x563663dd6f7e - std::panicking::default_hook::{{closure}}::h04c07acfc84ca028
[INFO] [stderr]                                  at /rustc/1b7dd2252b99671ce5d1cb9664c5f8636329436d/library/std/src/panicking.rs:269:22
[INFO] [stderr]      9:     0x563663dd6d25 - std::panicking::default_hook::h01f6bb23e1eceb2c
[INFO] [stderr]                                  at /rustc/1b7dd2252b99671ce5d1cb9664c5f8636329436d/library/std/src/panicking.rs:288:9
[INFO] [stderr]     10:     0x563663dd74de - std::panicking::rust_panic_with_hook::h2bb3722bbaf2f6df
[INFO] [stderr]                                  at /rustc/1b7dd2252b99671ce5d1cb9664c5f8636329436d/library/std/src/panicking.rs:691:13
[INFO] [stderr]     11:     0x563663dd73d9 - std::panicking::begin_panic_handler::{{closure}}::h91bc7f36a4be011b
[INFO] [stderr]                                  at /rustc/1b7dd2252b99671ce5d1cb9664c5f8636329436d/library/std/src/panicking.rs:582:13
[INFO] [stderr]     12:     0x563663dd5c16 - std::sys_common::backtrace::__rust_end_short_backtrace::h8b3d3717114f9e59
[INFO] [stderr]                                  at /rustc/1b7dd2252b99671ce5d1cb9664c5f8636329436d/library/std/src/sys_common/backtrace.rs:150:18
[INFO] [stderr]     13:     0x563663dd7132 - rust_begin_unwind
[INFO] [stderr]                                  at /rustc/1b7dd2252b99671ce5d1cb9664c5f8636329436d/library/std/src/panicking.rs:578:5
[INFO] [stderr]     14:     0x5636639db5d3 - core::panicking::panic_fmt::hfd368e3fbdabea26
[INFO] [stderr]                                  at /rustc/1b7dd2252b99671ce5d1cb9664c5f8636329436d/library/core/src/panicking.rs:67:14
[INFO] [stderr]     15:     0x5636639dbb73 - core::result::unwrap_failed::he54eb4b2f125b26f
[INFO] [stderr]                                  at /rustc/1b7dd2252b99671ce5d1cb9664c5f8636329436d/library/core/src/result.rs:1687:5
[INFO] [stderr]     16:     0x5636639dc6db - core::result::Result<T,E>::expect::h82742e341519857b
[INFO] [stderr]     17:     0x5636639df327 - build_script_build::main::hb6a3e38e1b1fbe4f
[INFO] [stderr]     18:     0x5636639dc8b3 - core::ops::function::FnOnce::call_once::hf686c266fab83226
[INFO] [stderr]     19:     0x5636639dc656 - std::sys_common::backtrace::__rust_begin_short_backtrace::h6bf56e6b98b7a8eb
[INFO] [stderr]     20:     0x5636639dc639 - std::rt::lang_start::{{closure}}::hde2f4c1b4d0d6b7f
[INFO] [stderr]     21:     0x563663dcf34e - core::ops::function::impls::<impl core::ops::function::FnOnce<A> for &F>::call_once::h2eb19b8ce4148df4
[INFO] [stderr]                                  at /rustc/1b7dd2252b99671ce5d1cb9664c5f8636329436d/library/core/src/ops/function.rs:287:13
[INFO] [stderr]     22:     0x563663dcf34e - std::panicking::try::do_call::h2e900feff5d504c5
[INFO] [stderr]                                  at /rustc/1b7dd2252b99671ce5d1cb9664c5f8636329436d/library/std/src/panicking.rs:485:40
[INFO] [stderr]     23:     0x563663dcf34e - std::panicking::try::h8854836cb85aa9f2
[INFO] [stderr]                                  at /rustc/1b7dd2252b99671ce5d1cb9664c5f8636329436d/library/std/src/panicking.rs:449:19
[INFO] [stderr]     24:     0x563663dcf34e - std::panic::catch_unwind::h706025dd4c48f64b
[INFO] [stderr]                                  at /rustc/1b7dd2252b99671ce5d1cb9664c5f8636329436d/library/std/src/panic.rs:140:14
[INFO] [stderr]     25:     0x563663dcf34e - std::rt::lang_start_internal::{{closure}}::h7be5b97f4a07a91a
[INFO] [stderr]                                  at /rustc/1b7dd2252b99671ce5d1cb9664c5f8636329436d/library/std/src/rt.rs:148:48
[INFO] [stderr]     26:     0x563663dcf34e - std::panicking::try::do_call::h59847e9d0a176965
[INFO] [stderr]                                  at /rustc/1b7dd2252b99671ce5d1cb9664c5f8636329436d/library/std/src/panicking.rs:485:40
[INFO] [stderr]     27:     0x563663dcf34e - std::panicking::try::h399a918ba8522823
[INFO] [stderr]                                  at /rustc/1b7dd2252b99671ce5d1cb9664c5f8636329436d/library/std/src/panicking.rs:449:19
[INFO] [stderr]     28:     0x563663dcf34e - std::panic::catch_unwind::hca7ca6c55b2a2e26
[INFO] [stderr]                                  at /rustc/1b7dd2252b99671ce5d1cb9664c5f8636329436d/library/std/src/panic.rs:140:14
[INFO] [stderr]     29:     0x563663dcf34e - std::rt::lang_start_internal::h2c807a81560459eb
[INFO] [stderr]                                  at /rustc/1b7dd2252b99671ce5d1cb9664c5f8636329436d/library/std/src/rt.rs:148:20
[INFO] [stderr]     30:     0x5636639dc617 - std::rt::lang_start::h84a51310f35cd1ff
[INFO] [stderr]     31:     0x5636639df4c5 - main
[INFO] [stderr]     32:     0x7ff1d1fedd90 - <unknown>
[INFO] [stderr]     33:     0x7ff1d1fede40 - __libc_start_main
[INFO] [stderr]     34:     0x5636639dbd55 - _start
[INFO] [stderr]     35:                0x0 - <unknown>
[INFO] [stderr] warning: build failed, waiting for other jobs to finish...
[INFO] running `Command { std: "docker" "inspect" "f5d6ac110c3e1dcd4cc30bd38c06c3e6753abf9d664a5c0254a47212f4ee1054", kill_on_drop: false }`
[INFO] running `Command { std: "docker" "rm" "-f" "f5d6ac110c3e1dcd4cc30bd38c06c3e6753abf9d664a5c0254a47212f4ee1054", kill_on_drop: false }`
[INFO] [stdout] f5d6ac110c3e1dcd4cc30bd38c06c3e6753abf9d664a5c0254a47212f4ee1054
