[INFO] fetching crate broker 15.1.0...
[INFO] documenting broker-15.1.0 against beta-2023-04-20 for beta-1.70-rustdoc-1
[INFO] extracting crate broker 15.1.0 into /workspace/builds/worker-4-tc2/source
[INFO] validating manifest of crates.io crate broker 15.1.0 on toolchain beta-2023-04-20
[INFO] running `Command { std: CARGO_HOME="/workspace/cargo-home" RUSTUP_HOME="/workspace/rustup-home" "/workspace/cargo-home/bin/cargo" "+beta-2023-04-20" "metadata" "--manifest-path" "Cargo.toml" "--no-deps", kill_on_drop: false }`
[INFO] started tweaking crates.io crate broker 15.1.0
[INFO] finished tweaking crates.io crate broker 15.1.0
[INFO] tweaked toml for crates.io crate broker 15.1.0 written to /workspace/builds/worker-4-tc2/source/Cargo.toml
[INFO] crate crates.io crate broker 15.1.0 already has a lockfile, it will not be regenerated
[INFO] running `Command { std: CARGO_HOME="/workspace/cargo-home" RUSTUP_HOME="/workspace/rustup-home" "/workspace/cargo-home/bin/cargo" "+beta-2023-04-20" "fetch" "--manifest-path" "Cargo.toml", kill_on_drop: false }`
[INFO] [stderr]     Updating crates.io index
[INFO] [stderr]  Downloading crates ...
[INFO] [stderr]   Downloaded subtle v2.4.0
[INFO] [stderr]   Downloaded const_fn v0.4.6
[INFO] [stderr]   Downloaded syn v1.0.68
[INFO] [stderr]   Downloaded http-client v6.3.5
[INFO] [stderr]   Downloaded async-trait v0.1.48
[INFO] [stderr]   Downloaded checked_int_cast v1.0.0
[INFO] [stderr]   Downloaded polyval v0.4.5
[INFO] [stderr]   Downloaded bytemuck v1.5.1
[INFO] [stderr]   Downloaded ghash v0.3.1
[INFO] [stderr]   Downloaded hkdf v0.10.0
[INFO] [stderr]   Downloaded anyhow v1.0.40
[INFO] [stderr]   Downloaded async-sse v4.1.0
[INFO] [stderr]   Downloaded proc-macro-nested v0.1.7
[INFO] [stderr]   Downloaded rustversion v1.0.4
[INFO] [stderr]   Downloaded futures-io v0.3.13
[INFO] [stderr]   Downloaded quick-error v2.0.0
[INFO] [stderr]   Downloaded sha2 v0.9.3
[INFO] [stderr]   Downloaded aes-gcm v0.8.0
[INFO] [stderr]   Downloaded crypto-mac v0.10.0
[INFO] [stderr]   Downloaded futures-lite v1.11.3
[INFO] [stderr]   Downloaded fancy-regex v0.4.1
[INFO] [stderr]   Downloaded async-process v1.0.2
[INFO] [stderr]   Downloaded vec-arena v1.1.0
[INFO] [stderr]   Downloaded async-lock v2.3.0
[INFO] [stderr]   Downloaded async-io v1.3.1
[INFO] [stderr]   Downloaded time-macros-impl v0.1.1
[INFO] [stderr]   Downloaded time v0.2.26
[INFO] [stderr]   Downloaded futures-sink v0.3.13
[INFO] [stderr]   Downloaded futures-task v0.3.13
[INFO] [stderr]   Downloaded futures-util v0.3.13
[INFO] [stderr]   Downloaded libloading v0.5.2
[INFO] [stderr]   Downloaded rcgen v0.8.9
[INFO] [stderr]   Downloaded prost-types v0.7.0
[INFO] [stderr]   Downloaded prost-derive v0.7.0
[INFO] [stderr]   Downloaded rmp-serde v0.15.4
[INFO] [stderr]   Downloaded addr2line v0.14.1
[INFO] [stderr]   Downloaded der-parser v5.1.0
[INFO] [stderr]   Downloaded clang-sys v0.29.3
[INFO] [stderr]   Downloaded x509-parser v0.9.2
[INFO] [stderr]   Downloaded tide v0.16.0
[INFO] [stderr]   Downloaded funty v1.1.0
[INFO] [stderr]   Downloaded pin-project-lite v0.1.12
[INFO] [stderr]   Downloaded aes v0.6.0
[INFO] [stderr]   Downloaded ctr v0.6.0
[INFO] [stderr]   Downloaded serde_qs v0.7.2
[INFO] [stderr]   Downloaded thiserror v1.0.24
[INFO] [stderr]   Downloaded async-attributes v1.1.2
[INFO] [stderr]   Downloaded webpki-roots v0.21.1
[INFO] [stderr]   Downloaded conv v0.3.3
[INFO] [stderr]   Downloaded nippy v2.0.0
[INFO] [stderr]   Downloaded rustls-acme v0.1.5
[INFO] [stderr]   Downloaded async-global-executor v2.0.2
[INFO] [stderr]   Downloaded aead v0.3.2
[INFO] [stderr]   Downloaded cipher v0.2.5
[INFO] [stderr]   Downloaded infer v0.2.3
[INFO] [stderr]   Downloaded data-encoding v2.3.2
[INFO] [stderr]   Downloaded route-recognizer v0.2.0
[INFO] [stderr]   Downloaded tide-rustls v0.3.0
[INFO] [stderr]   Downloaded signal-hook v0.3.7
[INFO] [stderr]   Downloaded signal-hook-registry v1.3.0
[INFO] [stderr]   Downloaded byte-pool v0.2.3
[INFO] [stderr]   Downloaded httparse v1.3.5
[INFO] [stderr]   Downloaded futures-channel v0.3.13
[INFO] [stderr]   Downloaded async-std v1.9.0
[INFO] [stderr]   Downloaded http-types v2.10.0
[INFO] [stderr]   Downloaded blake3 v0.3.7
[INFO] [stderr]   Downloaded rustls v0.19.0
[INFO] [stderr]   Downloaded async-rustls v0.2.0
[INFO] [stderr]   Downloaded sct v0.6.0
[INFO] [stderr]   Downloaded nom v6.1.2
[INFO] [stderr]   Downloaded bitvec v0.19.5
[INFO] [stderr]   Downloaded rusticata-macros v3.0.1
[INFO] [stderr]   Downloaded der-oid-macro v0.4.0
[INFO] [stderr]   Downloaded oid-registry v0.1.1
[INFO] [stderr]   Downloaded fast_chemail v0.9.6
[INFO] [stderr]   Downloaded size v0.1.2
[INFO] [stderr]   Downloaded ascii_utils v0.9.3
[INFO] [stderr]   Downloaded custom_derive v0.1.7
[INFO] [stderr]   Downloaded darling_core v0.10.2
[INFO] [stderr]   Downloaded wyz v0.2.0
[INFO] [stderr]   Downloaded thiserror-impl v1.0.24
[INFO] [stderr]   Downloaded hmac v0.10.1
[INFO] [stderr]   Downloaded cpuid-bool v0.2.0
[INFO] [stderr]   Downloaded async-dup v1.2.2
[INFO] [stderr]   Downloaded futures-macro v0.3.13
[INFO] [stderr]   Downloaded simple-mutex v1.1.5
[INFO] [stderr]   Downloaded strsim v0.9.3
[INFO] [stderr]   Downloaded ctor v0.1.20
[INFO] [stderr]   Downloaded tide-acme v0.1.0
[INFO] [stderr]   Downloaded femme v2.1.1
[INFO] [stderr]   Downloaded biscuit-auth v1.0.0
[INFO] [stderr]   Downloaded driftwood v0.0.6
[INFO] [stderr]   Downloaded go-flag v0.1.0
[INFO] [stderr]   Downloaded crossbeam-queue v0.3.1
[INFO] [stderr]   Downloaded mailchecker v4.0.6
[INFO] [stderr]   Downloaded yasna v0.3.2
[INFO] [stderr]   Downloaded gif v0.11.2
[INFO] [stderr]   Downloaded qrcode v0.12.0
[INFO] [stderr]   Downloaded jobserver v0.1.21
[INFO] [stderr]   Downloaded rayon-core v1.9.0
[INFO] [stderr]   Downloaded sha-1 v0.9.4
[INFO] [stderr]   Downloaded rayon v1.5.0
[INFO] [stderr]   Downloaded futures v0.3.13
[INFO] [stderr]   Downloaded rocksdb v0.15.0
[INFO] [stderr]   Downloaded backtrace v0.3.56
[INFO] [stderr]   Downloaded derive_builder_core v0.9.0
[INFO] [stderr]   Downloaded bincode v1.3.1
[INFO] [stderr]   Downloaded aes-soft v0.6.4
[INFO] [stderr]   Downloaded object v0.23.0
[INFO] [stderr]   Downloaded pin-project-internal v1.0.6
[INFO] [stderr]   Downloaded async-session v2.0.1
[INFO] [stderr]   Downloaded nb-connect v1.1.0
[INFO] [stderr]   Downloaded universal-hash v0.4.0
[INFO] [stderr]   Downloaded futures-core v0.3.13
[INFO] [stderr]   Downloaded crossbeam-epoch v0.9.3
[INFO] [stderr]   Downloaded totp-rs v0.6.3
[INFO] [stderr]   Downloaded darling_macro v0.10.2
[INFO] [stderr]   Downloaded polling v2.0.3
[INFO] [stderr]   Downloaded sval v1.0.0-alpha.5
[INFO] [stderr]   Downloaded async-h1 v2.3.2
[INFO] [stderr]   Downloaded radium v0.5.3
[INFO] [stderr]   Downloaded aesni v0.10.0
[INFO] [stderr]   Downloaded futures-executor v0.3.13
[INFO] [stderr]   Downloaded pin-project v1.0.6
[INFO] [stderr]   Downloaded zeroize v1.2.0
[INFO] [stderr]   Downloaded rustc-demangle v0.1.18
[INFO] [stderr]   Downloaded synstructure v0.12.4
[INFO] [stderr]   Downloaded prost v0.7.0
[INFO] [stderr]   Downloaded value-bag v1.0.0-alpha.6
[INFO] [stderr]   Downloaded bindgen v0.54.0
[INFO] [stderr]   Downloaded hmac v0.8.1
[INFO] [stderr]   Downloaded cpuid-bool v0.1.2
[INFO] [stderr]   Downloaded regex v1.4.5
[INFO] [stderr]   Downloaded crossbeam-channel v0.5.0
[INFO] [stderr]   Downloaded weezl v0.1.4
[INFO] [stderr]   Downloaded memoffset v0.6.3
[INFO] [stderr]   Downloaded darling v0.10.2
[INFO] [stderr]   Downloaded derive_builder v0.9.0
[INFO] [stderr]   Downloaded jpeg-decoder v0.1.22
[INFO] [stderr]   Downloaded chbs v0.1.0
[INFO] [stderr]   Downloaded lexical-core v0.7.5
[INFO] [stderr]   Downloaded zxcvbn v2.1.1
[INFO] [stderr]   Downloaded regex-syntax v0.6.23
[INFO] [stderr]   Downloaded gimli v0.23.0
[INFO] [stderr]   Downloaded curve25519-dalek v3.0.2
[INFO] [stderr]   Downloaded tiff v0.6.1
[INFO] [stderr]   Downloaded librocksdb-sys v6.11.4
[INFO] running `Command { std: "docker" "create" "-v" "/var/lib/crater-agent-workspace/builds/worker-4-tc2/target:/opt/rustwide/target:rw,Z" "-v" "/var/lib/crater-agent-workspace/builds/worker-4-tc2/source:/opt/rustwide/workdir:ro,Z" "-v" "/var/lib/crater-agent-workspace/cargo-home:/opt/rustwide/cargo-home:ro,Z" "-v" "/var/lib/crater-agent-workspace/rustup-home:/opt/rustwide/rustup-home:ro,Z" "-e" "SOURCE_DIR=/opt/rustwide/workdir" "-e" "CARGO_TARGET_DIR=/opt/rustwide/target" "-e" "CARGO_HOME=/opt/rustwide/cargo-home" "-e" "RUSTUP_HOME=/opt/rustwide/rustup-home" "-w" "/opt/rustwide/workdir" "-m" "1610612736" "--user" "0:0" "--network" "none" "ghcr.io/rust-lang/crates-build-env/linux@sha256:5ff2268d62e97bff2cde7d5815dd6ed5b47097566f13b8d0ca110b04b60e07ed" "/opt/rustwide/cargo-home/bin/cargo" "+beta-2023-04-20" "metadata" "--no-deps" "--format-version=1", kill_on_drop: false }`
[INFO] [stdout] da77505f19bbb4c6498204f2bb351356e047e28db3154348ddf7fb15e06c109e
[INFO] running `Command { std: "docker" "start" "-a" "da77505f19bbb4c6498204f2bb351356e047e28db3154348ddf7fb15e06c109e", kill_on_drop: false }`
[INFO] running `Command { std: "docker" "inspect" "da77505f19bbb4c6498204f2bb351356e047e28db3154348ddf7fb15e06c109e", kill_on_drop: false }`
[INFO] running `Command { std: "docker" "rm" "-f" "da77505f19bbb4c6498204f2bb351356e047e28db3154348ddf7fb15e06c109e", kill_on_drop: false }`
[INFO] [stdout] da77505f19bbb4c6498204f2bb351356e047e28db3154348ddf7fb15e06c109e
[INFO] running `Command { std: "docker" "create" "-v" "/var/lib/crater-agent-workspace/builds/worker-4-tc2/target:/opt/rustwide/target:rw,Z" "-v" "/var/lib/crater-agent-workspace/builds/worker-4-tc2/source:/opt/rustwide/workdir:ro,Z" "-v" "/var/lib/crater-agent-workspace/cargo-home:/opt/rustwide/cargo-home:ro,Z" "-v" "/var/lib/crater-agent-workspace/rustup-home:/opt/rustwide/rustup-home:ro,Z" "-e" "SOURCE_DIR=/opt/rustwide/workdir" "-e" "CARGO_TARGET_DIR=/opt/rustwide/target" "-e" "CARGO_INCREMENTAL=0" "-e" "RUST_BACKTRACE=full" "-e" "RUSTFLAGS=--cap-lints=warn" "-e" "RUSTDOCFLAGS=--cap-lints=warn" "-e" "CARGO_HOME=/opt/rustwide/cargo-home" "-e" "RUSTUP_HOME=/opt/rustwide/rustup-home" "-w" "/opt/rustwide/workdir" "-m" "1610612736" "--user" "0:0" "--network" "none" "ghcr.io/rust-lang/crates-build-env/linux@sha256:5ff2268d62e97bff2cde7d5815dd6ed5b47097566f13b8d0ca110b04b60e07ed" "/opt/rustwide/cargo-home/bin/cargo" "+beta-2023-04-20" "doc" "--frozen" "--no-deps" "--document-private-items" "--message-format=json", kill_on_drop: false }`
[INFO] [stdout] 275a064e1e4b322bfe36f63cbcb937caefa6334a799107f0d10b5e4cdf1d7342
[INFO] running `Command { std: "docker" "start" "-a" "275a064e1e4b322bfe36f63cbcb937caefa6334a799107f0d10b5e4cdf1d7342", kill_on_drop: false }`
[INFO] [stderr]    Compiling libc v0.2.92
[INFO] [stderr]    Compiling proc-macro2 v1.0.26
[INFO] [stderr]    Compiling syn v1.0.68
[INFO] [stderr]    Compiling memchr v2.3.4
[INFO] [stderr]    Compiling value-bag v1.0.0-alpha.6
[INFO] [stderr]    Compiling log v0.4.14
[INFO] [stderr]    Compiling serde v1.0.125
[INFO] [stderr]     Checking once_cell v1.7.2
[INFO] [stderr]    Compiling num-traits v0.2.14
[INFO] [stderr]    Compiling num-integer v0.1.44
[INFO] [stderr]    Compiling crossbeam-utils v0.8.3
[INFO] [stderr]     Checking futures-core v0.3.13
[INFO] [stderr]     Checking subtle v2.4.0
[INFO] [stderr]     Checking futures-io v0.3.13
[INFO] [stderr]     Checking sval v1.0.0-alpha.5
[INFO] [stderr]     Checking pin-project-lite v0.2.6
[INFO] [stderr]     Checking opaque-debug v0.3.0
[INFO] [stderr]    Compiling anyhow v1.0.40
[INFO] [stderr]    Compiling getrandom v0.2.2
[INFO] [stderr]    Compiling getrandom v0.1.16
[INFO] [stderr]    Compiling standback v0.2.17
[INFO] [stderr]     Checking vec-arena v1.1.0
[INFO] [stderr]     Checking byteorder v1.4.3
[INFO] [stderr]     Checking arrayvec v0.5.2
[INFO] [stderr]     Checking block-buffer v0.9.0
[INFO] [stderr]    Compiling signal-hook v0.3.7
[INFO] [stderr]     Checking cpuid-bool v0.1.2
[INFO] [stderr]    Compiling radium v0.5.3
[INFO] [stderr]     Checking async-channel v1.6.1
[INFO] [stderr]     Checking cipher v0.2.5
[INFO] [stderr]    Compiling bitflags v1.2.1
[INFO] [stderr]     Checking matches v0.1.8
[INFO] [stderr]     Checking itoa v0.4.7
[INFO] [stderr]     Checking sha2 v0.9.3
[INFO] [stderr]     Checking crypto-mac v0.10.0
[INFO] [stderr]     Checking universal-hash v0.4.0
[INFO] [stderr]     Checking futures-lite v1.11.3
[INFO] [stderr]     Checking cpuid-bool v0.2.0
[INFO] [stderr]    Compiling lexical-core v0.7.5
[INFO] [stderr]    Compiling const_fn v0.4.6
[INFO] [stderr]     Checking hmac v0.10.1
[INFO] [stderr]     Checking tinyvec v1.1.1
[INFO] [stderr]     Checking polyval v0.4.5
[INFO] [stderr]     Checking aes-soft v0.6.4
[INFO] [stderr]     Checking async-lock v2.3.0
[INFO] [stderr]    Compiling time v0.2.26
[INFO] [stderr]     Checking form_urlencoded v1.0.1
[INFO] [stderr]     Checking unicode-bidi v0.3.4
[INFO] [stderr]     Checking ctr v0.6.0
[INFO] [stderr]     Checking ghash v0.3.1
[INFO] [stderr]     Checking aead v0.3.2
[INFO] [stderr]    Compiling nom v6.1.2
[INFO] [stderr]    Compiling memoffset v0.6.3
[INFO] [stderr]     Checking aes v0.6.0
[INFO] [stderr]     Checking num_cpus v1.13.0
[INFO] [stderr]    Compiling jobserver v0.1.21
[INFO] [stderr]    Compiling quote v1.0.9
[INFO] [stderr]     Checking socket2 v0.4.0
[INFO] [stderr]     Checking time v0.1.44
[INFO] [stderr]     Checking signal-hook-registry v1.3.0
[INFO] [stderr]    Compiling cc v1.0.67
[INFO] [stderr]     Checking rand_core v0.5.1
[INFO] [stderr]    Compiling cookie v0.14.4
[INFO] [stderr]     Checking data-encoding v2.3.2
[INFO] [stderr]     Checking rand_core v0.6.2
[INFO] [stderr]     Checking async-executor v1.4.0
[INFO] [stderr]     Checking nb-connect v1.1.0
[INFO] [stderr]     Checking blocking v1.0.2
[INFO] [stderr]     Checking rand_chacha v0.2.2
[INFO] [stderr]     Checking aes-gcm v0.8.0
[INFO] [stderr]     Checking hkdf v0.10.0
[INFO] [stderr]    Compiling http-types v2.10.0
[INFO] [stderr]    Compiling proc-macro-nested v0.1.7
[INFO] [stderr]     Checking aho-corasick v0.7.15
[INFO] [stderr]    Compiling num-bigint v0.4.0
[INFO] [stderr]    Compiling miniz_oxide v0.4.4
[INFO] [stderr]     Checking unicode-normalization v0.1.17
[INFO] [stderr]     Checking regex-syntax v0.6.23
[INFO] [stderr]     Checking funty v1.1.0
[INFO] [stderr]     Checking infer v0.2.3
[INFO] [stderr]     Checking wyz v0.2.0
[INFO] [stderr]    Compiling rayon-core v1.9.0
[INFO] [stderr]     Checking rand_chacha v0.3.0
[INFO] [stderr]     Checking rand v0.7.3
[INFO] [stderr]     Checking futures-sink v0.3.13
[INFO] [stderr]     Checking crossbeam-epoch v0.9.3
[INFO] [stderr]     Checking futures-channel v0.3.13
[INFO] [stderr]     Checking rand v0.8.3
[INFO] [stderr]    Compiling clang-sys v0.29.3
[INFO] [stderr]     Checking crypto-mac v0.8.0
[INFO] [stderr]     Checking bitvec v0.19.5
[INFO] [stderr]    Compiling ryu v1.0.5
[INFO] [stderr]    Compiling nom v5.1.2
[INFO] [stderr]    Compiling static_assertions v1.1.0
[INFO] [stderr]     Checking idna v0.2.2
[INFO] [stderr]     Checking futures-task v0.3.13
[INFO] [stderr]    Compiling httparse v1.3.5
[INFO] [stderr]    Compiling tap v1.0.1
[INFO] [stderr]    Compiling async-trait v0.1.48
[INFO] [stderr]     Checking crossbeam-deque v0.8.0
[INFO] [stderr]    Compiling ring v0.16.20
[INFO] [stderr]    Compiling libloading v0.5.2
[INFO] [stderr]    Compiling blake3 v0.3.7
[INFO] [stderr]     Checking crossbeam-channel v0.5.0
[INFO] [stderr]     Checking crossbeam-queue v0.3.1
[INFO] [stderr]    Compiling atty v0.2.14
[INFO] [stderr]     Checking simple-mutex v1.1.5
[INFO] [stderr]    Compiling rayon v1.5.0
[INFO] [stderr]    Compiling fnv v1.0.7
[INFO] [stderr]     Checking stable_deref_trait v1.2.0
[INFO] [stderr]    Compiling ident_case v1.0.1
[INFO] [stderr]    Compiling strsim v0.9.3
[INFO] [stderr]    Compiling unicode-width v0.1.8
[INFO] [stderr]    Compiling quick-error v1.2.3
[INFO] [stderr]    Compiling textwrap v0.11.0
[INFO] [stderr]     Checking regex v1.4.5
[INFO] [stderr]    Compiling humantime v1.3.0
[INFO] [stderr]     Checking byte-pool v0.2.3
[INFO] [stderr]     Checking async-dup v1.2.2
[INFO] [stderr]     Checking hmac v0.8.1
[INFO] [stderr]    Compiling bindgen v0.54.0
[INFO] [stderr]    Compiling strsim v0.8.0
[INFO] [stderr]    Compiling vec_map v0.8.2
[INFO] [stderr]    Compiling ansi_term v0.11.0
[INFO] [stderr]    Compiling termcolor v1.1.2
[INFO] [stderr]    Compiling crc32fast v1.2.1
[INFO] [stderr]     Checking base64 v0.12.3
[INFO] [stderr]     Checking adler32 v1.2.0
[INFO] [stderr]    Compiling clap v2.33.3
[INFO] [stderr]     Checking dashmap v4.0.2
[INFO] [stderr]    Compiling which v3.1.1
[INFO] [stderr]    Compiling num-rational v0.3.2
[INFO] [stderr]    Compiling num-iter v0.1.42
[INFO] [stderr]     Checking weezl v0.1.4
[INFO] [stderr]    Compiling either v1.6.1
[INFO] [stderr]    Compiling rustversion v1.0.4
[INFO] [stderr]    Compiling shlex v0.1.1
[INFO] [stderr]    Compiling oid-registry v0.1.1
[INFO] [stderr]     Checking pin-project-lite v0.1.12
[INFO] [stderr]    Compiling itertools v0.9.0
[INFO] [stderr]    Compiling darling_core v0.10.2
[INFO] [stderr]     Checking deflate v0.8.6
[INFO] [stderr]     Checking miniz_oxide v0.3.7
[INFO] [stderr]    Compiling cexpr v0.4.0
[INFO] [stderr]     Checking pem v0.8.3
[INFO] [stderr]    Compiling num-bigint v0.2.6
[INFO] [stderr]    Compiling derive_builder v0.9.0
[INFO] [stderr]     Checking rusticata-macros v3.0.1
[INFO] [stderr]     Checking route-recognizer v0.2.0
[INFO] [stderr]     Checking gimli v0.23.0
[INFO] [stderr]     Checking gif v0.11.2
[INFO] [stderr]     Checking jpeg-decoder v0.1.22
[INFO] [stderr]     Checking png v0.16.8
[INFO] [stderr]    Compiling synstructure v0.12.4
[INFO] [stderr]     Checking scoped_threadpool v0.1.9
[INFO] [stderr]     Checking object v0.23.0
[INFO] [stderr]     Checking tiff v0.6.1
[INFO] [stderr]     Checking bytemuck v1.5.1
[INFO] [stderr]     Checking rustc-demangle v0.1.18
[INFO] [stderr]     Checking bytes v1.0.1
[INFO] [stderr]     Checking bit-vec v0.6.3
[INFO] [stderr]     Checking webpki v0.21.4
[INFO] [stderr]     Checking sct v0.6.0
[INFO] [stderr]     Checking bit-set v0.5.2
[INFO] [stderr]     Checking custom_derive v0.1.7
[INFO] [stderr]    Compiling biscuit-auth v1.0.0
[INFO] [stderr]     Checking ascii_utils v0.9.3
[INFO] [stderr]     Checking webpki-roots v0.21.1
[INFO] [stderr]     Checking zeroize v1.2.0
[INFO] [stderr]     Checking checked_int_cast v1.0.0
[INFO] [stderr]     Checking colored v2.0.0
[INFO] [stderr]     Checking image v0.23.14
[INFO] [stderr]     Checking curve25519-dalek v3.0.2
[INFO] [stderr]     Checking conv v0.3.3
[INFO] [stderr]     Checking fancy-regex v0.4.1
[INFO] [stderr]     Checking fast_chemail v0.9.6
[INFO] [stderr]     Checking blake2b_simd v0.5.11
[INFO] [stderr]     Checking rmp v0.8.10
[INFO] [stderr]     Checking size v0.1.2
[INFO] [stderr]     Checking sha-1 v0.9.4
[INFO] [stderr]     Checking quick-error v2.0.0
[INFO] [stderr]     Checking base32 v0.4.0
[INFO] [stderr]     Checking addr2line v0.14.1
[INFO] [stderr]     Checking mailchecker v4.0.6
[INFO] [stderr]     Checking go-flag v0.1.0
[INFO] [stderr]     Checking rust-argon2 v0.8.3
[INFO] [stderr]    Compiling ctor v0.1.20
[INFO] [stderr]    Compiling serde_derive v1.0.125
[INFO] [stderr]    Compiling thiserror-impl v1.0.24
[INFO] [stderr]    Compiling async-attributes v1.1.2
[INFO] [stderr]    Compiling time-macros-impl v0.1.1
[INFO] [stderr]    Compiling futures-macro v0.3.13
[INFO] [stderr]    Compiling pin-project-internal v1.0.6
[INFO] [stderr]    Compiling darling_macro v0.10.2
[INFO] [stderr]    Compiling der-oid-macro v0.4.0
[INFO] [stderr]    Compiling prost-derive v0.7.0
[INFO] [stderr]    Compiling failure_derive v0.1.8
[INFO] [stderr]     Checking backtrace v0.3.56
[INFO] [stderr]     Checking der-parser v5.1.0
[INFO] [stderr]    Compiling darling v0.10.2
[INFO] [stderr]     Checking failure v0.1.8
[INFO] [stderr]    Compiling derive_builder_core v0.9.0
[INFO] [stderr]     Checking time-macros v0.1.1
[INFO] [stderr]     Checking futures-util v0.3.13
[INFO] [stderr]     Checking thiserror v1.0.24
[INFO] [stderr]     Checking polling v2.0.3
[INFO] [stderr]     Checking kv-log-macro v1.0.7
[INFO] [stderr]     Checking rustls v0.19.0
[INFO] [stderr]     Checking qrcode v0.12.0
[INFO] [stderr]     Checking pin-project v1.0.6
[INFO] [stderr]    Compiling env_logger v0.7.1
[INFO] [stderr]     Checking async-io v1.3.1
[INFO] [stderr]     Checking totp-rs v0.6.3
[INFO] [stderr]     Checking prost v0.7.0
[INFO] [stderr]     Checking async-process v1.0.2
[INFO] [stderr]     Checking async-global-executor v2.0.2
[INFO] [stderr]     Checking async-std v1.9.0
[INFO] [stderr]     Checking prost-types v0.7.0
[INFO] [stderr]     Checking chbs v0.1.0
[INFO] [stderr]     Checking async-rustls v0.2.0
[INFO] [stderr]     Checking futures-executor v0.3.13
[INFO] [stderr]     Checking futures v0.3.13
[INFO] [stderr]     Checking nippy v2.0.0
[INFO] [stderr]    Compiling librocksdb-sys v6.11.4
[INFO] [stderr]     Checking chrono v0.4.19
[INFO] [stderr]     Checking serde_json v1.0.64
[INFO] [stderr]     Checking serde_urlencoded v0.7.0
[INFO] [stderr]     Checking serde_qs v0.7.2
[INFO] [stderr]     Checking url v2.2.1
[INFO] [stderr]     Checking bincode v1.3.1
[INFO] [stderr]     Checking rmp-serde v0.15.4
[INFO] [stderr]     Checking uuid v0.8.2
[INFO] [stderr]     Checking femme v2.1.1
[INFO] [stderr]     Checking async-session v2.0.1
[INFO] [stderr]     Checking yasna v0.3.2
[INFO] [stderr]     Checking x509-parser v0.9.2
[INFO] [stderr]     Checking simple_asn1 v0.4.1
[INFO] [stderr]     Checking zxcvbn v2.1.1
[INFO] [stderr]     Checking jsonwebtoken v7.2.0
[INFO] [stderr]     Checking rcgen v0.8.9
[INFO] [stderr]     Checking async-h1 v2.3.2
[INFO] [stderr]     Checking async-sse v4.1.0
[INFO] [stderr]     Checking http-client v6.3.5
[INFO] [stderr]     Checking tide v0.16.0
[INFO] [stderr]     Checking rustls-acme v0.1.5
[INFO] [stderr]     Checking tide-rustls v0.3.0
[INFO] [stderr]     Checking driftwood v0.0.6
[INFO] [stderr]     Checking tide-acme v0.1.0
[INFO] [stderr] The following warnings were emitted during compilation:
[INFO] [stderr] 
[INFO] [stderr] warning: c++: fatal error: Killed signal terminated program cc1plus
[INFO] [stderr] warning: compilation terminated.
[INFO] [stderr] warning: c++: fatal error: Killed signal terminated program cc1plus
[INFO] [stderr] warning: compilation terminated.
[INFO] [stderr] warning: c++: fatal error: Killed signal terminated program cc1plus
[INFO] [stderr] warning: compilation terminated.
[INFO] [stderr] warning: c++: fatal error: Killed signal terminated program cc1plus
[INFO] [stderr] warning: compilation terminated.
[INFO] [stderr] 
[INFO] [stderr] error: failed to run custom build command for `librocksdb-sys v6.11.4`
[INFO] [stderr] note: To improve backtraces for build dependencies, set the CARGO_PROFILE_DEV_BUILD_OVERRIDE_DEBUG=true environment variable to enable debug information generation.
[INFO] [stderr] 
[INFO] [stderr] Caused by:
[INFO] [stderr]   process didn't exit successfully: `/opt/rustwide/target/debug/build/librocksdb-sys-3453127f5f491ec3/build-script-build` (exit status: 1)
[INFO] [stderr]   --- stdout
[INFO] [stderr]   cargo:rerun-if-changed=rocksdb/
[INFO] [stderr]   TARGET = Some("x86_64-unknown-linux-gnu")
[INFO] [stderr]   OPT_LEVEL = Some("0")
[INFO] [stderr]   HOST = Some("x86_64-unknown-linux-gnu")
[INFO] [stderr]   CXX_x86_64-unknown-linux-gnu = None
[INFO] [stderr]   CXX_x86_64_unknown_linux_gnu = None
[INFO] [stderr]   HOST_CXX = None
[INFO] [stderr]   CXX = None
[INFO] [stderr]   CXXFLAGS_x86_64-unknown-linux-gnu = None
[INFO] [stderr]   CXXFLAGS_x86_64_unknown_linux_gnu = None
[INFO] [stderr]   HOST_CXXFLAGS = None
[INFO] [stderr]   CXXFLAGS = None
[INFO] [stderr]   CRATE_CC_NO_DEFAULTS = None
[INFO] [stderr]   DEBUG = Some("true")
[INFO] [stderr]   CARGO_CFG_TARGET_FEATURE = Some("fxsr,sse,sse2")
[INFO] [stderr]   CXX_x86_64-unknown-linux-gnu = None
[INFO] [stderr]   CXX_x86_64_unknown_linux_gnu = None
[INFO] [stderr]   HOST_CXX = None
[INFO] [stderr]   CXX = None
[INFO] [stderr]   CXXFLAGS_x86_64-unknown-linux-gnu = None
[INFO] [stderr]   CXXFLAGS_x86_64_unknown_linux_gnu = None
[INFO] [stderr]   HOST_CXXFLAGS = None
[INFO] [stderr]   CXXFLAGS = None
[INFO] [stderr]   CRATE_CC_NO_DEFAULTS = None
[INFO] [stderr]   CARGO_CFG_TARGET_FEATURE = Some("fxsr,sse,sse2")
[INFO] [stderr]   CXX_x86_64-unknown-linux-gnu = None
[INFO] [stderr]   CXX_x86_64_unknown_linux_gnu = None
[INFO] [stderr]   HOST_CXX = None
[INFO] [stderr]   CXX = None
[INFO] [stderr]   CXXFLAGS_x86_64-unknown-linux-gnu = None
[INFO] [stderr]   CXXFLAGS_x86_64_unknown_linux_gnu = None
[INFO] [stderr]   HOST_CXXFLAGS = None
[INFO] [stderr]   CXXFLAGS = None
[INFO] [stderr]   CRATE_CC_NO_DEFAULTS = None
[INFO] [stderr]   CARGO_CFG_TARGET_FEATURE = Some("fxsr,sse,sse2")
[INFO] [stderr]   CXX_x86_64-unknown-linux-gnu = None
[INFO] [stderr]   CXX_x86_64_unknown_linux_gnu = None
[INFO] [stderr]   HOST_CXX = None
[INFO] [stderr]   CXX = None
[INFO] [stderr]   CXXFLAGS_x86_64-unknown-linux-gnu = None
[INFO] [stderr]   CXXFLAGS_x86_64_unknown_linux_gnu = None
[INFO] [stderr]   HOST_CXXFLAGS = None
[INFO] [stderr]   CXXFLAGS = None
[INFO] [stderr]   CRATE_CC_NO_DEFAULTS = None
[INFO] [stderr]   CARGO_CFG_TARGET_FEATURE = Some("fxsr,sse,sse2")
[INFO] [stderr]   CXX_x86_64-unknown-linux-gnu = None
[INFO] [stderr]   CXX_x86_64_unknown_linux_gnu = None
[INFO] [stderr]   HOST_CXX = None
[INFO] [stderr]   CXX = None
[INFO] [stderr]   CXXFLAGS_x86_64-unknown-linux-gnu = None
[INFO] [stderr]   CXXFLAGS_x86_64_unknown_linux_gnu = None
[INFO] [stderr]   HOST_CXXFLAGS = None
[INFO] [stderr]   CXXFLAGS = None
[INFO] [stderr]   CRATE_CC_NO_DEFAULTS = None
[INFO] [stderr]   CARGO_CFG_TARGET_FEATURE = Some("fxsr,sse,sse2")
[INFO] [stderr]   running: "c++" "-O0" "-ffunction-sections" "-fdata-sections" "-fPIC" "-g" "-fno-omit-frame-pointer" "-m64" "-I" "rocksdb/include/" "-I" "rocksdb/" "-I" "rocksdb/third-party/gtest-1.8.1/fused-src/" "-I" "snappy/" "-I" "lz4/lib/" "-I" "zstd/lib/" "-I" "zstd/lib/dictBuilder/" "-I" "zlib/" "-I" "bzip2/" "-I" "." "-Wall" "-Wextra" "-std=c++11" "-Wno-unused-parameter" "-msse2" "-msse4.1" "-msse4.2" "-mpclmul" "-DSNAPPY=1" "-DLZ4=1" "-DZSTD=1" "-DZLIB=1" "-DBZIP2=1" "-DNDEBUG=1" "-DHAVE_SSE42=1" "-DHAVE_PCLMUL=1" "-DOS_LINUX=1" "-DROCKSDB_PLATFORM_POSIX=1" "-DROCKSDB_LIB_IO_POSIX=1" "-o" "/opt/rustwide/target/debug/build/librocksdb-sys-72261574272b2d4a/out/rocksdb/cache/cache.o" "-c" "rocksdb/cache/cache.cc"
[INFO] [stderr]   running: "c++" "-O0" "-ffunction-sections" "-fdata-sections" "-fPIC" "-g" "-fno-omit-frame-pointer" "-m64" "-I" "rocksdb/include/" "-I" "rocksdb/" "-I" "rocksdb/third-party/gtest-1.8.1/fused-src/" "-I" "snappy/" "-I" "lz4/lib/" "-I" "zstd/lib/" "-I" "zstd/lib/dictBuilder/" "-I" "zlib/" "-I" "bzip2/" "-I" "." "-Wall" "-Wextra" "-std=c++11" "-Wno-unused-parameter" "-msse2" "-msse4.1" "-msse4.2" "-mpclmul" "-DSNAPPY=1" "-DLZ4=1" "-DZSTD=1" "-DZLIB=1" "-DBZIP2=1" "-DNDEBUG=1" "-DHAVE_SSE42=1" "-DHAVE_PCLMUL=1" "-DOS_LINUX=1" "-DROCKSDB_PLATFORM_POSIX=1" "-DROCKSDB_LIB_IO_POSIX=1" "-o" "/opt/rustwide/target/debug/build/librocksdb-sys-72261574272b2d4a/out/rocksdb/db/arena_wrapped_db_iter.o" "-c" "rocksdb/db/arena_wrapped_db_iter.cc"
[INFO] [stderr]   running: "c++" "-O0" "-ffunction-sections" "-fdata-sections" "-fPIC" "-g" "-fno-omit-frame-pointer" "-m64" "-I" "rocksdb/include/" "-I" "rocksdb/" "-I" "rocksdb/third-party/gtest-1.8.1/fused-src/" "-I" "snappy/" "-I" "lz4/lib/" "-I" "zstd/lib/" "-I" "zstd/lib/dictBuilder/" "-I" "zlib/" "-I" "bzip2/" "-I" "." "-Wall" "-Wextra" "-std=c++11" "-Wno-unused-parameter" "-msse2" "-msse4.1" "-msse4.2" "-mpclmul" "-DSNAPPY=1" "-DLZ4=1" "-DZSTD=1" "-DZLIB=1" "-DBZIP2=1" "-DNDEBUG=1" "-DHAVE_SSE42=1" "-DHAVE_PCLMUL=1" "-DOS_LINUX=1" "-DROCKSDB_PLATFORM_POSIX=1" "-DROCKSDB_LIB_IO_POSIX=1" "-o" "/opt/rustwide/target/debug/build/librocksdb-sys-72261574272b2d4a/out/rocksdb/db/builder.o" "-c" "rocksdb/db/builder.cc"
[INFO] [stderr]   running: "c++" "-O0" "-ffunction-sections" "-fdata-sections" "-fPIC" "-g" "-fno-omit-frame-pointer" "-m64" "-I" "rocksdb/include/" "-I" "rocksdb/" "-I" "rocksdb/third-party/gtest-1.8.1/fused-src/" "-I" "snappy/" "-I" "lz4/lib/" "-I" "zstd/lib/" "-I" "zstd/lib/dictBuilder/" "-I" "zlib/" "-I" "bzip2/" "-I" "." "-Wall" "-Wextra" "-std=c++11" "-Wno-unused-parameter" "-msse2" "-msse4.1" "-msse4.2" "-mpclmul" "-DSNAPPY=1" "-DLZ4=1" "-DZSTD=1" "-DZLIB=1" "-DBZIP2=1" "-DNDEBUG=1" "-DHAVE_SSE42=1" "-DHAVE_PCLMUL=1" "-DOS_LINUX=1" "-DROCKSDB_PLATFORM_POSIX=1" "-DROCKSDB_LIB_IO_POSIX=1" "-o" "/opt/rustwide/target/debug/build/librocksdb-sys-72261574272b2d4a/out/rocksdb/cache/lru_cache.o" "-c" "rocksdb/cache/lru_cache.cc"
[INFO] [stderr]   running: "c++" "-O0" "-ffunction-sections" "-fdata-sections" "-fPIC" "-g" "-fno-omit-frame-pointer" "-m64" "-I" "rocksdb/include/" "-I" "rocksdb/" "-I" "rocksdb/third-party/gtest-1.8.1/fused-src/" "-I" "snappy/" "-I" "lz4/lib/" "-I" "zstd/lib/" "-I" "zstd/lib/dictBuilder/" "-I" "zlib/" "-I" "bzip2/" "-I" "." "-Wall" "-Wextra" "-std=c++11" "-Wno-unused-parameter" "-msse2" "-msse4.1" "-msse4.2" "-mpclmul" "-DSNAPPY=1" "-DLZ4=1" "-DZSTD=1" "-DZLIB=1" "-DBZIP2=1" "-DNDEBUG=1" "-DHAVE_SSE42=1" "-DHAVE_PCLMUL=1" "-DOS_LINUX=1" "-DROCKSDB_PLATFORM_POSIX=1" "-DROCKSDB_LIB_IO_POSIX=1" "-o" "/opt/rustwide/target/debug/build/librocksdb-sys-72261574272b2d4a/out/rocksdb/cache/sharded_cache.o" "-c" "rocksdb/cache/sharded_cache.cc"
[INFO] [stderr]   running: "c++" "-O0" "-ffunction-sections" "-fdata-sections" "-fPIC" "-g" "-fno-omit-frame-pointer" "-m64" "-I" "rocksdb/include/" "-I" "rocksdb/" "-I" "rocksdb/third-party/gtest-1.8.1/fused-src/" "-I" "snappy/" "-I" "lz4/lib/" "-I" "zstd/lib/" "-I" "zstd/lib/dictBuilder/" "-I" "zlib/" "-I" "bzip2/" "-I" "." "-Wall" "-Wextra" "-std=c++11" "-Wno-unused-parameter" "-msse2" "-msse4.1" "-msse4.2" "-mpclmul" "-DSNAPPY=1" "-DLZ4=1" "-DZSTD=1" "-DZLIB=1" "-DBZIP2=1" "-DNDEBUG=1" "-DHAVE_SSE42=1" "-DHAVE_PCLMUL=1" "-DOS_LINUX=1" "-DROCKSDB_PLATFORM_POSIX=1" "-DROCKSDB_LIB_IO_POSIX=1" "-o" "/opt/rustwide/target/debug/build/librocksdb-sys-72261574272b2d4a/out/rocksdb/db/blob/blob_file_garbage.o" "-c" "rocksdb/db/blob/blob_file_garbage.cc"
[INFO] [stderr]   running: "c++" "-O0" "-ffunction-sections" "-fdata-sections" "-fPIC" "-g" "-fno-omit-frame-pointer" "-m64" "-I" "rocksdb/include/" "-I" "rocksdb/" "-I" "rocksdb/third-party/gtest-1.8.1/fused-src/" "-I" "snappy/" "-I" "lz4/lib/" "-I" "zstd/lib/" "-I" "zstd/lib/dictBuilder/" "-I" "zlib/" "-I" "bzip2/" "-I" "." "-Wall" "-Wextra" "-std=c++11" "-Wno-unused-parameter" "-msse2" "-msse4.1" "-msse4.2" "-mpclmul" "-DSNAPPY=1" "-DLZ4=1" "-DZSTD=1" "-DZLIB=1" "-DBZIP2=1" "-DNDEBUG=1" "-DHAVE_SSE42=1" "-DHAVE_PCLMUL=1" "-DOS_LINUX=1" "-DROCKSDB_PLATFORM_POSIX=1" "-DROCKSDB_LIB_IO_POSIX=1" "-o" "/opt/rustwide/target/debug/build/librocksdb-sys-72261574272b2d4a/out/rocksdb/db/column_family.o" "-c" "rocksdb/db/column_family.cc"
[INFO] [stderr]   running: "c++" "-O0" "-ffunction-sections" "-fdata-sections" "-fPIC" "-g" "-fno-omit-frame-pointer" "-m64" "-I" "rocksdb/include/" "-I" "rocksdb/" "-I" "rocksdb/third-party/gtest-1.8.1/fused-src/" "-I" "snappy/" "-I" "lz4/lib/" "-I" "zstd/lib/" "-I" "zstd/lib/dictBuilder/" "-I" "zlib/" "-I" "bzip2/" "-I" "." "-Wall" "-Wextra" "-std=c++11" "-Wno-unused-parameter" "-msse2" "-msse4.1" "-msse4.2" "-mpclmul" "-DSNAPPY=1" "-DLZ4=1" "-DZSTD=1" "-DZLIB=1" "-DBZIP2=1" "-DNDEBUG=1" "-DHAVE_SSE42=1" "-DHAVE_PCLMUL=1" "-DOS_LINUX=1" "-DROCKSDB_PLATFORM_POSIX=1" "-DROCKSDB_LIB_IO_POSIX=1" "-o" "/opt/rustwide/target/debug/build/librocksdb-sys-72261574272b2d4a/out/rocksdb/db/blob/blob_log_format.o" "-c" "rocksdb/db/blob/blob_log_format.cc"
[INFO] [stderr]   running: "c++" "-O0" "-ffunction-sections" "-fdata-sections" "-fPIC" "-g" "-fno-omit-frame-pointer" "-m64" "-I" "rocksdb/include/" "-I" "rocksdb/" "-I" "rocksdb/third-party/gtest-1.8.1/fused-src/" "-I" "snappy/" "-I" "lz4/lib/" "-I" "zstd/lib/" "-I" "zstd/lib/dictBuilder/" "-I" "zlib/" "-I" "bzip2/" "-I" "." "-Wall" "-Wextra" "-std=c++11" "-Wno-unused-parameter" "-msse2" "-msse4.1" "-msse4.2" "-mpclmul" "-DSNAPPY=1" "-DLZ4=1" "-DZSTD=1" "-DZLIB=1" "-DBZIP2=1" "-DNDEBUG=1" "-DHAVE_SSE42=1" "-DHAVE_PCLMUL=1" "-DOS_LINUX=1" "-DROCKSDB_PLATFORM_POSIX=1" "-DROCKSDB_LIB_IO_POSIX=1" "-o" "/opt/rustwide/target/debug/build/librocksdb-sys-72261574272b2d4a/out/rocksdb/db/c.o" "-c" "rocksdb/db/c.cc"
[INFO] [stderr]   running: "c++" "-O0" "-ffunction-sections" "-fdata-sections" "-fPIC" "-g" "-fno-omit-frame-pointer" "-m64" "-I" "rocksdb/include/" "-I" "rocksdb/" "-I" "rocksdb/third-party/gtest-1.8.1/fused-src/" "-I" "snappy/" "-I" "lz4/lib/" "-I" "zstd/lib/" "-I" "zstd/lib/dictBuilder/" "-I" "zlib/" "-I" "bzip2/" "-I" "." "-Wall" "-Wextra" "-std=c++11" "-Wno-unused-parameter" "-msse2" "-msse4.1" "-msse4.2" "-mpclmul" "-DSNAPPY=1" "-DLZ4=1" "-DZSTD=1" "-DZLIB=1" "-DBZIP2=1" "-DNDEBUG=1" "-DHAVE_SSE42=1" "-DHAVE_PCLMUL=1" "-DOS_LINUX=1" "-DROCKSDB_PLATFORM_POSIX=1" "-DROCKSDB_LIB_IO_POSIX=1" "-o" "/opt/rustwide/target/debug/build/librocksdb-sys-72261574272b2d4a/out/rocksdb/db/compacted_db_impl.o" "-c" "rocksdb/db/compacted_db_impl.cc"
[INFO] [stderr]   running: "c++" "-O0" "-ffunction-sections" "-fdata-sections" "-fPIC" "-g" "-fno-omit-frame-pointer" "-m64" "-I" "rocksdb/include/" "-I" "rocksdb/" "-I" "rocksdb/third-party/gtest-1.8.1/fused-src/" "-I" "snappy/" "-I" "lz4/lib/" "-I" "zstd/lib/" "-I" "zstd/lib/dictBuilder/" "-I" "zlib/" "-I" "bzip2/" "-I" "." "-Wall" "-Wextra" "-std=c++11" "-Wno-unused-parameter" "-msse2" "-msse4.1" "-msse4.2" "-mpclmul" "-DSNAPPY=1" "-DLZ4=1" "-DZSTD=1" "-DZLIB=1" "-DBZIP2=1" "-DNDEBUG=1" "-DHAVE_SSE42=1" "-DHAVE_PCLMUL=1" "-DOS_LINUX=1" "-DROCKSDB_PLATFORM_POSIX=1" "-DROCKSDB_LIB_IO_POSIX=1" "-o" "/opt/rustwide/target/debug/build/librocksdb-sys-72261574272b2d4a/out/rocksdb/db/blob/blob_log_reader.o" "-c" "rocksdb/db/blob/blob_log_reader.cc"
[INFO] [stderr]   running: "c++" "-O0" "-ffunction-sections" "-fdata-sections" "-fPIC" "-g" "-fno-omit-frame-pointer" "-m64" "-I" "rocksdb/include/" "-I" "rocksdb/" "-I" "rocksdb/third-party/gtest-1.8.1/fused-src/" "-I" "snappy/" "-I" "lz4/lib/" "-I" "zstd/lib/" "-I" "zstd/lib/dictBuilder/" "-I" "zlib/" "-I" "bzip2/" "-I" "." "-Wall" "-Wextra" "-std=c++11" "-Wno-unused-parameter" "-msse2" "-msse4.1" "-msse4.2" "-mpclmul" "-DSNAPPY=1" "-DLZ4=1" "-DZSTD=1" "-DZLIB=1" "-DBZIP2=1" "-DNDEBUG=1" "-DHAVE_SSE42=1" "-DHAVE_PCLMUL=1" "-DOS_LINUX=1" "-DROCKSDB_PLATFORM_POSIX=1" "-DROCKSDB_LIB_IO_POSIX=1" "-o" "/opt/rustwide/target/debug/build/librocksdb-sys-72261574272b2d4a/out/rocksdb/db/blob/blob_log_writer.o" "-c" "rocksdb/db/blob/blob_log_writer.cc"
[INFO] [stderr]   running: "c++" "-O0" "-ffunction-sections" "-fdata-sections" "-fPIC" "-g" "-fno-omit-frame-pointer" "-m64" "-I" "rocksdb/include/" "-I" "rocksdb/" "-I" "rocksdb/third-party/gtest-1.8.1/fused-src/" "-I" "snappy/" "-I" "lz4/lib/" "-I" "zstd/lib/" "-I" "zstd/lib/dictBuilder/" "-I" "zlib/" "-I" "bzip2/" "-I" "." "-Wall" "-Wextra" "-std=c++11" "-Wno-unused-parameter" "-msse2" "-msse4.1" "-msse4.2" "-mpclmul" "-DSNAPPY=1" "-DLZ4=1" "-DZSTD=1" "-DZLIB=1" "-DBZIP2=1" "-DNDEBUG=1" "-DHAVE_SSE42=1" "-DHAVE_PCLMUL=1" "-DOS_LINUX=1" "-DROCKSDB_PLATFORM_POSIX=1" "-DROCKSDB_LIB_IO_POSIX=1" "-o" "/opt/rustwide/target/debug/build/librocksdb-sys-72261574272b2d4a/out/rocksdb/cache/clock_cache.o" "-c" "rocksdb/cache/clock_cache.cc"
[INFO] [stderr]   running: "c++" "-O0" "-ffunction-sections" "-fdata-sections" "-fPIC" "-g" "-fno-omit-frame-pointer" "-m64" "-I" "rocksdb/include/" "-I" "rocksdb/" "-I" "rocksdb/third-party/gtest-1.8.1/fused-src/" "-I" "snappy/" "-I" "lz4/lib/" "-I" "zstd/lib/" "-I" "zstd/lib/dictBuilder/" "-I" "zlib/" "-I" "bzip2/" "-I" "." "-Wall" "-Wextra" "-std=c++11" "-Wno-unused-parameter" "-msse2" "-msse4.1" "-msse4.2" "-mpclmul" "-DSNAPPY=1" "-DLZ4=1" "-DZSTD=1" "-DZLIB=1" "-DBZIP2=1" "-DNDEBUG=1" "-DHAVE_SSE42=1" "-DHAVE_PCLMUL=1" "-DOS_LINUX=1" "-DROCKSDB_PLATFORM_POSIX=1" "-DROCKSDB_LIB_IO_POSIX=1" "-o" "/opt/rustwide/target/debug/build/librocksdb-sys-72261574272b2d4a/out/rocksdb/db/blob/blob_file_meta.o" "-c" "rocksdb/db/blob/blob_file_meta.cc"
[INFO] [stderr]   running: "c++" "-O0" "-ffunction-sections" "-fdata-sections" "-fPIC" "-g" "-fno-omit-frame-pointer" "-m64" "-I" "rocksdb/include/" "-I" "rocksdb/" "-I" "rocksdb/third-party/gtest-1.8.1/fused-src/" "-I" "snappy/" "-I" "lz4/lib/" "-I" "zstd/lib/" "-I" "zstd/lib/dictBuilder/" "-I" "zlib/" "-I" "bzip2/" "-I" "." "-Wall" "-Wextra" "-std=c++11" "-Wno-unused-parameter" "-msse2" "-msse4.1" "-msse4.2" "-mpclmul" "-DSNAPPY=1" "-DLZ4=1" "-DZSTD=1" "-DZLIB=1" "-DBZIP2=1" "-DNDEBUG=1" "-DHAVE_SSE42=1" "-DHAVE_PCLMUL=1" "-DOS_LINUX=1" "-DROCKSDB_PLATFORM_POSIX=1" "-DROCKSDB_LIB_IO_POSIX=1" "-o" "/opt/rustwide/target/debug/build/librocksdb-sys-72261574272b2d4a/out/rocksdb/db/blob/blob_file_addition.o" "-c" "rocksdb/db/blob/blob_file_addition.cc"
[INFO] [stderr]   exit status: 0
[INFO] [stderr]   exit status: 0
[INFO] [stderr]   running: "c++" "-O0" "-ffunction-sections" "-fdata-sections" "-fPIC" "-g" "-fno-omit-frame-pointer" "-m64" "-I" "rocksdb/include/" "-I" "rocksdb/" "-I" "rocksdb/third-party/gtest-1.8.1/fused-src/" "-I" "snappy/" "-I" "lz4/lib/" "-I" "zstd/lib/" "-I" "zstd/lib/dictBuilder/" "-I" "zlib/" "-I" "bzip2/" "-I" "." "-Wall" "-Wextra" "-std=c++11" "-Wno-unused-parameter" "-msse2" "-msse4.1" "-msse4.2" "-mpclmul" "-DSNAPPY=1" "-DLZ4=1" "-DZSTD=1" "-DZLIB=1" "-DBZIP2=1" "-DNDEBUG=1" "-DHAVE_SSE42=1" "-DHAVE_PCLMUL=1" "-DOS_LINUX=1" "-DROCKSDB_PLATFORM_POSIX=1" "-DROCKSDB_LIB_IO_POSIX=1" "-o" "/opt/rustwide/target/debug/build/librocksdb-sys-72261574272b2d4a/out/rocksdb/db/compaction/compaction.o" "-c" "rocksdb/db/compaction/compaction.cc"
[INFO] [stderr]   running: "c++" "-O0" "-ffunction-sections" "-fdata-sections" "-fPIC" "-g" "-fno-omit-frame-pointer" "-m64" "-I" "rocksdb/include/" "-I" "rocksdb/" "-I" "rocksdb/third-party/gtest-1.8.1/fused-src/" "-I" "snappy/" "-I" "lz4/lib/" "-I" "zstd/lib/" "-I" "zstd/lib/dictBuilder/" "-I" "zlib/" "-I" "bzip2/" "-I" "." "-Wall" "-Wextra" "-std=c++11" "-Wno-unused-parameter" "-msse2" "-msse4.1" "-msse4.2" "-mpclmul" "-DSNAPPY=1" "-DLZ4=1" "-DZSTD=1" "-DZLIB=1" "-DBZIP2=1" "-DNDEBUG=1" "-DHAVE_SSE42=1" "-DHAVE_PCLMUL=1" "-DOS_LINUX=1" "-DROCKSDB_PLATFORM_POSIX=1" "-DROCKSDB_LIB_IO_POSIX=1" "-o" "/opt/rustwide/target/debug/build/librocksdb-sys-72261574272b2d4a/out/rocksdb/db/compaction/compaction_iterator.o" "-c" "rocksdb/db/compaction/compaction_iterator.cc"
[INFO] [stderr]   cargo:warning=c++: fatal error: Killed signal terminated program cc1plus
[INFO] [stderr]   cargo:warning=compilation terminated.
[INFO] [stderr]   exit status: 1
[INFO] [stderr]   running: "c++" "-O0" "-ffunction-sections" "-fdata-sections" "-fPIC" "-g" "-fno-omit-frame-pointer" "-m64" "-I" "rocksdb/include/" "-I" "rocksdb/" "-I" "rocksdb/third-party/gtest-1.8.1/fused-src/" "-I" "snappy/" "-I" "lz4/lib/" "-I" "zstd/lib/" "-I" "zstd/lib/dictBuilder/" "-I" "zlib/" "-I" "bzip2/" "-I" "." "-Wall" "-Wextra" "-std=c++11" "-Wno-unused-parameter" "-msse2" "-msse4.1" "-msse4.2" "-mpclmul" "-DSNAPPY=1" "-DLZ4=1" "-DZSTD=1" "-DZLIB=1" "-DBZIP2=1" "-DNDEBUG=1" "-DHAVE_SSE42=1" "-DHAVE_PCLMUL=1" "-DOS_LINUX=1" "-DROCKSDB_PLATFORM_POSIX=1" "-DROCKSDB_LIB_IO_POSIX=1" "-o" "/opt/rustwide/target/debug/build/librocksdb-sys-72261574272b2d4a/out/rocksdb/db/compaction/compaction_job.o" "-c" "rocksdb/db/compaction/compaction_job.cc"
[INFO] [stderr]   exit status: 0
[INFO] [stderr]   exit status: 0
[INFO] [stderr]   exit status: 0
[INFO] [stderr]   exit status: 0
[INFO] [stderr]   exit status: 0
[INFO] [stderr]   exit status: 0
[INFO] [stderr]   cargo:warning=c++: fatal error: Killed signal terminated program cc1plus
[INFO] [stderr]   cargo:warning=compilation terminated.
[INFO] [stderr]   exit status: 1
[INFO] [stderr]   cargo:warning=c++: fatal error: Killed signal terminated program cc1plus
[INFO] [stderr]   cargo:warning=compilation terminated.
[INFO] [stderr]   exit status: 1
[INFO] [stderr]   exit status: 0
[INFO] [stderr]   exit status: 0
[INFO] [stderr]   cargo:warning=c++: fatal error: Killed signal terminated program cc1plus
[INFO] [stderr]   cargo:warning=compilation terminated.
[INFO] [stderr]   exit status: 1
[INFO] [stderr]   exit status: 0
[INFO] [stderr]   exit status: 0
[INFO] [stderr]   exit status: 0
[INFO] [stderr]   exit status: 0
[INFO] [stderr] 
[INFO] [stderr]   --- stderr
[INFO] [stderr]   error: 'rustfmt' is not installed for the toolchain 'beta-2023-04-20-x86_64-unknown-linux-gnu'
[INFO] [stderr]   To install, run `rustup component add rustfmt --toolchain beta-2023-04-20-x86_64-unknown-linux-gnu`
[INFO] [stderr]   Failed to run rustfmt: Internal rustfmt error (non-fatal, continuing)
[INFO] [stderr] 
[INFO] [stderr] 
[INFO] [stderr]   error occurred: Command "c++" "-O0" "-ffunction-sections" "-fdata-sections" "-fPIC" "-g" "-fno-omit-frame-pointer" "-m64" "-I" "rocksdb/include/" "-I" "rocksdb/" "-I" "rocksdb/third-party/gtest-1.8.1/fused-src/" "-I" "snappy/" "-I" "lz4/lib/" "-I" "zstd/lib/" "-I" "zstd/lib/dictBuilder/" "-I" "zlib/" "-I" "bzip2/" "-I" "." "-Wall" "-Wextra" "-std=c++11" "-Wno-unused-parameter" "-msse2" "-msse4.1" "-msse4.2" "-mpclmul" "-DSNAPPY=1" "-DLZ4=1" "-DZSTD=1" "-DZLIB=1" "-DBZIP2=1" "-DNDEBUG=1" "-DHAVE_SSE42=1" "-DHAVE_PCLMUL=1" "-DOS_LINUX=1" "-DROCKSDB_PLATFORM_POSIX=1" "-DROCKSDB_LIB_IO_POSIX=1" "-o" "/opt/rustwide/target/debug/build/librocksdb-sys-72261574272b2d4a/out/rocksdb/db/arena_wrapped_db_iter.o" "-c" "rocksdb/db/arena_wrapped_db_iter.cc" with args "c++" did not execute successfully (status code exit status: 1).
[INFO] [stderr] 
[INFO] [stderr] 
[INFO] running `Command { std: "docker" "inspect" "275a064e1e4b322bfe36f63cbcb937caefa6334a799107f0d10b5e4cdf1d7342", kill_on_drop: false }`
[INFO] running `Command { std: "docker" "rm" "-f" "275a064e1e4b322bfe36f63cbcb937caefa6334a799107f0d10b5e4cdf1d7342", kill_on_drop: false }`
[INFO] [stdout] 275a064e1e4b322bfe36f63cbcb937caefa6334a799107f0d10b5e4cdf1d7342
