[INFO] fetching crate bevy-tnua 0.2.2...
[INFO] documenting bevy-tnua-0.2.2 against beta-2023-04-20 for beta-1.70-rustdoc-1
[INFO] extracting crate bevy-tnua 0.2.2 into /workspace/builds/worker-5-tc2/source
[INFO] validating manifest of crates.io crate bevy-tnua 0.2.2 on toolchain beta-2023-04-20
[INFO] running `Command { std: CARGO_HOME="/workspace/cargo-home" RUSTUP_HOME="/workspace/rustup-home" "/workspace/cargo-home/bin/cargo" "+beta-2023-04-20" "metadata" "--manifest-path" "Cargo.toml" "--no-deps", kill_on_drop: false }`
[INFO] started tweaking crates.io crate bevy-tnua 0.2.2
[INFO] removed 0 missing examples
[INFO] finished tweaking crates.io crate bevy-tnua 0.2.2
[INFO] tweaked toml for crates.io crate bevy-tnua 0.2.2 written to /workspace/builds/worker-5-tc2/source/Cargo.toml
[INFO] crate crates.io crate bevy-tnua 0.2.2 already has a lockfile, it will not be regenerated
[INFO] running `Command { std: CARGO_HOME="/workspace/cargo-home" RUSTUP_HOME="/workspace/rustup-home" "/workspace/cargo-home/bin/cargo" "+beta-2023-04-20" "fetch" "--manifest-path" "Cargo.toml", kill_on_drop: false }`
[INFO] [stderr]     Updating crates.io index
[INFO] [stderr]  Downloading crates ...
[INFO] [stderr]   Downloaded bytemuck_derive v1.4.0
[INFO] [stderr]   Downloaded bytemuck v1.13.0
[INFO] [stderr]   Downloaded bevy_rapier3d v0.21.0
[INFO] [stderr]   Downloaded objc_id v0.1.1
[INFO] [stderr]   Downloaded gethostname v0.2.3
[INFO] [stderr]   Downloaded ecolor v0.21.0
[INFO] [stderr]   Downloaded clipboard-win v4.5.0
[INFO] [stderr]   Downloaded emath v0.21.0
[INFO] [stderr]   Downloaded gilrs-core v0.5.2
[INFO] [stderr]   Downloaded webbrowser v0.8.7
[INFO] [stderr]   Downloaded bevy_rapier2d v0.21.0
[INFO] [stderr]   Downloaded bevy_egui v0.20.0
[INFO] [stderr]   Downloaded euclid v0.22.7
[INFO] [stderr]   Downloaded taffy v0.3.8
[INFO] [stderr]   Downloaded sysinfo v0.28.2
[INFO] [stderr]   Downloaded x11rb v0.10.1
[INFO] [stderr]   Downloaded winnow v0.3.5
[INFO] [stderr]   Downloaded rapier2d v0.17.1
[INFO] [stderr]   Downloaded rapier3d v0.17.1
[INFO] [stderr]   Downloaded egui v0.21.0
[INFO] [stderr]   Downloaded image v0.24.5
[INFO] [stderr]   Downloaded wgpu-hal v0.15.3
[INFO] [stderr]   Downloaded parry2d v0.13.0
[INFO] [stderr]   Downloaded objc2 v0.3.0-beta.3
[INFO] [stderr]   Downloaded nalgebra v0.32.2
[INFO] [stderr]   Downloaded spade v2.1.0
[INFO] [stderr]   Downloaded x11rb-protocol v0.10.0
[INFO] [stderr]   Downloaded winit v0.28.2
[INFO] [stderr]   Downloaded parry3d v0.13.0
[INFO] [stderr]   Downloaded toml_edit v0.19.4
[INFO] [stderr]   Downloaded async-lock v2.6.0
[INFO] [stderr]   Downloaded crossbeam-epoch v0.9.13
[INFO] [stderr]   Downloaded wide v0.7.6
[INFO] [stderr]   Downloaded objc-foundation v0.1.1
[INFO] [stderr]   Downloaded arboard v3.2.0
[INFO] [stderr]   Downloaded atomic_refcell v0.1.9
[INFO] [stderr]   Downloaded accesskit_winit v0.12.3
[INFO] [stderr]   Downloaded erased-serde v0.3.24
[INFO] [stderr]   Downloaded jpeg-decoder v0.3.0
[INFO] [stderr]   Downloaded raw-window-handle v0.5.0
[INFO] [stderr]   Downloaded optional v0.5.0
[INFO] [stderr]   Downloaded robust v0.2.3
[INFO] [stderr]   Downloaded simba v0.8.0
[INFO] [stderr]   Downloaded epaint v0.21.0
[INFO] [stderr]   Downloaded range-alloc v0.1.2
[INFO] [stderr]   Downloaded num_enum v0.5.9
[INFO] [stderr]   Downloaded winapi-wsapoll v0.1.1
[INFO] [stderr]   Downloaded nohash-hasher v0.2.0
[INFO] [stderr]   Downloaded accesskit_macos v0.6.1
[INFO] [stderr]   Downloaded num_enum_derive v0.5.9
[INFO] [stderr]   Downloaded redox_syscall v0.3.4
[INFO] [stderr]   Downloaded crossbeam v0.8.2
[INFO] [stderr]   Downloaded tiff v0.8.1
[INFO] [stderr]   Downloaded nalgebra-macros v0.2.0
[INFO] [stderr]   Downloaded windows v0.43.0
[INFO] running `Command { std: "docker" "create" "-v" "/var/lib/crater-agent-workspace/builds/worker-5-tc2/target:/opt/rustwide/target:rw,Z" "-v" "/var/lib/crater-agent-workspace/builds/worker-5-tc2/source:/opt/rustwide/workdir:ro,Z" "-v" "/var/lib/crater-agent-workspace/cargo-home:/opt/rustwide/cargo-home:ro,Z" "-v" "/var/lib/crater-agent-workspace/rustup-home:/opt/rustwide/rustup-home:ro,Z" "-e" "SOURCE_DIR=/opt/rustwide/workdir" "-e" "CARGO_TARGET_DIR=/opt/rustwide/target" "-e" "CARGO_HOME=/opt/rustwide/cargo-home" "-e" "RUSTUP_HOME=/opt/rustwide/rustup-home" "-w" "/opt/rustwide/workdir" "-m" "1610612736" "--user" "0:0" "--network" "none" "ghcr.io/rust-lang/crates-build-env/linux@sha256:5ff2268d62e97bff2cde7d5815dd6ed5b47097566f13b8d0ca110b04b60e07ed" "/opt/rustwide/cargo-home/bin/cargo" "+beta-2023-04-20" "metadata" "--no-deps" "--format-version=1", kill_on_drop: false }`
[INFO] [stdout] b0def10f553734673ae22e78fe7d3b04ab361a55b68541d90993c95eb23b20df
[INFO] running `Command { std: "docker" "start" "-a" "b0def10f553734673ae22e78fe7d3b04ab361a55b68541d90993c95eb23b20df", kill_on_drop: false }`
[INFO] running `Command { std: "docker" "inspect" "b0def10f553734673ae22e78fe7d3b04ab361a55b68541d90993c95eb23b20df", kill_on_drop: false }`
[INFO] running `Command { std: "docker" "rm" "-f" "b0def10f553734673ae22e78fe7d3b04ab361a55b68541d90993c95eb23b20df", kill_on_drop: false }`
[INFO] [stdout] b0def10f553734673ae22e78fe7d3b04ab361a55b68541d90993c95eb23b20df
[INFO] running `Command { std: "docker" "create" "-v" "/var/lib/crater-agent-workspace/builds/worker-5-tc2/target:/opt/rustwide/target:rw,Z" "-v" "/var/lib/crater-agent-workspace/builds/worker-5-tc2/source:/opt/rustwide/workdir:ro,Z" "-v" "/var/lib/crater-agent-workspace/cargo-home:/opt/rustwide/cargo-home:ro,Z" "-v" "/var/lib/crater-agent-workspace/rustup-home:/opt/rustwide/rustup-home:ro,Z" "-e" "SOURCE_DIR=/opt/rustwide/workdir" "-e" "CARGO_TARGET_DIR=/opt/rustwide/target" "-e" "CARGO_INCREMENTAL=0" "-e" "RUST_BACKTRACE=full" "-e" "RUSTFLAGS=--cap-lints=warn" "-e" "RUSTDOCFLAGS=--cap-lints=warn" "-e" "CARGO_HOME=/opt/rustwide/cargo-home" "-e" "RUSTUP_HOME=/opt/rustwide/rustup-home" "-w" "/opt/rustwide/workdir" "-m" "1610612736" "--user" "0:0" "--network" "none" "ghcr.io/rust-lang/crates-build-env/linux@sha256:5ff2268d62e97bff2cde7d5815dd6ed5b47097566f13b8d0ca110b04b60e07ed" "/opt/rustwide/cargo-home/bin/cargo" "+beta-2023-04-20" "doc" "--frozen" "--no-deps" "--document-private-items" "--message-format=json", kill_on_drop: false }`
[INFO] [stdout] d8c587c2112cc5a6fe387a383ab4b15178427a8cfab06e22724ef56ef2fe438c
[INFO] running `Command { std: "docker" "start" "-a" "d8c587c2112cc5a6fe387a383ab4b15178427a8cfab06e22724ef56ef2fe438c", kill_on_drop: false }`
[INFO] [stderr]    Compiling syn v1.0.107
[INFO] [stderr]    Compiling hashbrown v0.12.3
[INFO] [stderr]    Compiling crossbeam-utils v0.8.14
[INFO] [stderr]    Compiling toml_datetime v0.6.1
[INFO] [stderr]     Checking getrandom v0.2.8
[INFO] [stderr]    Compiling winnow v0.3.5
[INFO] [stderr]    Compiling libc v0.2.139
[INFO] [stderr]     Checking tracing-core v0.1.30
[INFO] [stderr]     Checking ahash v0.7.6
[INFO] [stderr]     Checking parking v2.0.0
[INFO] [stderr]     Checking waker-fn v1.1.0
[INFO] [stderr]    Compiling cfg-if v1.0.0
[INFO] [stderr]     Checking fastrand v1.8.0
[INFO] [stderr]     Checking futures-io v0.3.26
[INFO] [stderr]     Checking event-listener v2.5.3
[INFO] [stderr]     Checking tracing v0.1.37
[INFO] [stderr]     Checking futures-lite v1.12.0
[INFO] [stderr]     Checking bytemuck v1.13.0
[INFO] [stderr]    Compiling indexmap v1.9.2
[INFO] [stderr]     Checking concurrent-queue v2.1.0
[INFO] [stderr]     Checking fixedbitset v0.4.2
[INFO] [stderr]    Compiling erased-serde v0.3.24
[INFO] [stderr]    Compiling bit-vec v0.6.3
[INFO] [stderr]     Checking instant v0.1.12
[INFO] [stderr]    Compiling bit-set v0.5.3
[INFO] [stderr]     Checking async-task v4.3.0
[INFO] [stderr]     Checking async-channel v1.8.0
[INFO] [stderr]     Checking async-lock v2.6.0
[INFO] [stderr]    Compiling uuid v1.3.0
[INFO] [stderr]     Checking thread_local v1.1.4
[INFO] [stderr]     Checking bevy_ptr v0.10.0
[INFO] [stderr]     Checking downcast-rs v1.2.0
[INFO] [stderr]     Checking rustc-hash v1.1.0
[INFO] [stderr]     Checking regex-automata v0.1.10
[INFO] [stderr]     Checking async-executor v1.5.0
[INFO] [stderr]     Checking overload v0.1.1
[INFO] [stderr]     Checking tracing-log v0.1.3
[INFO] [stderr]     Checking nu-ansi-term v0.46.0
[INFO] [stderr]     Checking sharded-slab v0.1.4
[INFO] [stderr]     Checking bevy_tasks v0.10.0
[INFO] [stderr]     Checking regex v1.7.1
[INFO] [stderr]     Checking crossbeam-channel v0.5.6
[INFO] [stderr]     Checking cty v0.2.2
[INFO] [stderr]     Checking raw-window-handle v0.5.0
[INFO] [stderr]     Checking sysinfo v0.28.2
[INFO] [stderr]     Checking accesskit v0.10.1
[INFO] [stderr]     Checking matchers v0.1.0
[INFO] [stderr]    Compiling toml_edit v0.19.4
[INFO] [stderr]    Compiling serde_derive v1.0.152
[INFO] [stderr]    Compiling thiserror-impl v1.0.38
[INFO] [stderr]    Compiling bevy_utils_proc_macros v0.10.0
[INFO] [stderr]    Compiling bevy_macro_utils v0.10.0
[INFO] [stderr]    Compiling bevy_reflect_derive v0.10.0
[INFO] [stderr]    Compiling bevy_ecs_macros v0.10.0
[INFO] [stderr]    Compiling bevy_derive v0.10.0
[INFO] [stderr]     Checking thiserror v1.0.38
[INFO] [stderr]     Checking serde v1.0.152
[INFO] [stderr]     Checking smallvec v1.10.0
[INFO] [stderr]     Checking glam v0.23.0
[INFO] [stderr]     Checking parking_lot_core v0.9.7
[INFO] [stderr]     Checking tracing-subscriber v0.3.16
[INFO] [stderr]     Checking parking_lot v0.12.1
[INFO] [stderr]     Checking petgraph v0.6.2
[INFO] [stderr]     Checking bevy_math v0.10.0
[INFO] [stderr]     Checking bevy_utils v0.10.0
[INFO] [stderr]     Checking bevy_reflect v0.10.0
[INFO] [stderr]     Checking bevy_ecs v0.10.0
[INFO] [stderr]     Checking bevy_app v0.10.0
[INFO] [stderr]     Checking bevy_core v0.10.0
[INFO] [stderr]     Checking bevy_log v0.10.0
[INFO] [stderr]     Checking bevy_time v0.10.0
[INFO] [stderr]     Checking bevy_input v0.10.0
[INFO] [stderr]     Checking bevy_a11y v0.10.0
[INFO] [stderr]     Checking bevy_hierarchy v0.10.0
[INFO] [stderr]     Checking bevy_diagnostic v0.10.0
[INFO] [stderr]     Checking bevy_transform v0.10.0
[INFO] [stderr]     Checking bevy_window v0.10.0
[INFO] [stderr]     Checking bevy_internal v0.10.0
[INFO] [stderr]     Checking bevy v0.10.0
[INFO] [stderr]  Documenting bevy-tnua v0.2.2 (/opt/rustwide/workdir)
[INFO] [stdout] warning: unresolved link to `TnuaRapier2dPlugin`
[INFO] [stdout]  --> src/lib.rs:9:59
[INFO] [stdout]   |
[INFO] [stdout] 9 | //! * For 2D, enable `features = ["rapier_2d"]` and use [`TnuaRapier2dPlugin`].
[INFO] [stdout]   |                                                           ^^^^^^^^^^^^^^^^^^ no item named `TnuaRapier2dPlugin` in scope
[INFO] [stdout]   |
[INFO] [stdout]   = help: to escape `[` and `]` characters, add '\' before them like `\[` or `\]`
[INFO] [stdout]   = note: `#[warn(rustdoc::broken_intra_doc_links)]` on by default
[INFO] [stdout] 
[INFO] [stdout] 
[INFO] [stdout] warning: unresolved link to `TnuaRapier3dPlugin`
[INFO] [stdout]   --> src/lib.rs:10:59
[INFO] [stdout]    |
[INFO] [stdout] 10 | //! * For 3D, enable `features = ["rapier_3d"]` and use [`TnuaRapier3dPlugin`].
[INFO] [stdout]    |                                                           ^^^^^^^^^^^^^^^^^^ no item named `TnuaRapier3dPlugin` in scope
[INFO] [stdout]    |
[INFO] [stdout]    = help: to escape `[` and `]` characters, add '\' before them like `\[` or `\]`
[INFO] [stdout] 
[INFO] [stdout] 
[INFO] [stdout] warning: unresolved link to `TnuaRapier2dSensorShape`
[INFO] [stdout]   --> src/lib.rs:57:35
[INFO] [stdout]    |
[INFO] [stdout] 57 | //!   isn't. To avoid that, use [`TnuaRapier2dSensorShape`] or [`TnuaRapier3dSensorShape`]
[INFO] [stdout]    |                                   ^^^^^^^^^^^^^^^^^^^^^^^ no item named `TnuaRapier2dSensorShape` in scope
[INFO] [stdout]    |
[INFO] [stdout]    = help: to escape `[` and `]` characters, add '\' before them like `\[` or `\]`
[INFO] [stdout] 
[INFO] [stdout] 
[INFO] [stdout] warning: unresolved link to `TnuaRapier3dSensorShape`
[INFO] [stdout]   --> src/lib.rs:57:66
[INFO] [stdout]    |
[INFO] [stdout] 57 | //!   isn't. To avoid that, use [`TnuaRapier2dSensorShape`] or [`TnuaRapier3dSensorShape`]
[INFO] [stdout]    |                                                                  ^^^^^^^^^^^^^^^^^^^^^^^ no item named `TnuaRapier3dSensorShape` in scope
[INFO] [stdout]    |
[INFO] [stdout]    = help: to escape `[` and `]` characters, add '\' before them like `\[` or `\]`
[INFO] [stdout] 
[INFO] [stdout] 
[INFO] [stdout] warning: 4 warnings emitted
[INFO] [stdout] 
[INFO] [stdout] 
[INFO] [stderr]     Finished dev [unoptimized + debuginfo] target(s) in 39.00s
[INFO] running `Command { std: "docker" "inspect" "d8c587c2112cc5a6fe387a383ab4b15178427a8cfab06e22724ef56ef2fe438c", kill_on_drop: false }`
[INFO] running `Command { std: "docker" "rm" "-f" "d8c587c2112cc5a6fe387a383ab4b15178427a8cfab06e22724ef56ef2fe438c", kill_on_drop: false }`
[INFO] [stdout] d8c587c2112cc5a6fe387a383ab4b15178427a8cfab06e22724ef56ef2fe438c
[INFO] running `Command { std: "docker" "create" "-v" "/var/lib/crater-agent-workspace/builds/worker-5-tc2/target:/opt/rustwide/target:rw,Z" "-v" "/var/lib/crater-agent-workspace/builds/worker-5-tc2/source:/opt/rustwide/workdir:ro,Z" "-v" "/var/lib/crater-agent-workspace/cargo-home:/opt/rustwide/cargo-home:ro,Z" "-v" "/var/lib/crater-agent-workspace/rustup-home:/opt/rustwide/rustup-home:ro,Z" "-e" "SOURCE_DIR=/opt/rustwide/workdir" "-e" "CARGO_TARGET_DIR=/opt/rustwide/target" "-e" "CARGO_INCREMENTAL=0" "-e" "RUST_BACKTRACE=full" "-e" "RUSTFLAGS=--cap-lints=warn" "-e" "RUSTDOCFLAGS=--cap-lints=warn" "-e" "DOCS_RS=1" "-e" "RUSTC_BOOTSTRAP=1" "-e" "CARGO_HOME=/opt/rustwide/cargo-home" "-e" "RUSTUP_HOME=/opt/rustwide/rustup-home" "-w" "/opt/rustwide/workdir" "-m" "1610612736" "--user" "0:0" "--network" "none" "ghcr.io/rust-lang/crates-build-env/linux@sha256:5ff2268d62e97bff2cde7d5815dd6ed5b47097566f13b8d0ca110b04b60e07ed" "/opt/rustwide/cargo-home/bin/cargo" "+beta-2023-04-20" "rustdoc" "--lib" "-Zrustdoc-map" "--all-features" "-Z" "unstable-options" "--config" "build.rustdocflags=[\"-Z\", \"unstable-options\", \"--document-private-items\"]" "--frozen" "--message-format=json", kill_on_drop: false }`
[INFO] [stdout] 20ae26fa3197c675256c05dbc930674da429e0a21d480c88433b2d57eb45c79b
[INFO] running `Command { std: "docker" "start" "-a" "20ae26fa3197c675256c05dbc930674da429e0a21d480c88433b2d57eb45c79b", kill_on_drop: false }`
[INFO] [stderr]     Checking bytemuck v1.13.0
[INFO] [stderr]    Compiling indexmap v1.9.2
[INFO] [stderr]    Compiling libm v0.2.6
[INFO] [stderr]    Compiling num-traits v0.2.15
[INFO] [stderr]    Compiling num-integer v0.1.45
[INFO] [stderr]    Compiling num-rational v0.4.1
[INFO] [stderr]     Checking bit-vec v0.6.3
[INFO] [stderr]     Checking arrayvec v0.7.2
[INFO] [stderr]     Checking tracing-subscriber v0.3.16
[INFO] [stderr]     Checking glam v0.23.0
[INFO] [stderr]     Checking libloading v0.7.4
[INFO] [stderr]    Compiling ash v0.37.2+1.3.238
[INFO] [stderr]     Checking petgraph v0.6.2
[INFO] [stderr]    Compiling khronos-egl v4.1.0
[INFO] [stderr]     Checking byteorder v1.4.3
[INFO] [stderr]     Checking unicode-xid v0.2.4
[INFO] [stderr]     Checking codespan-reporting v0.11.1
[INFO] [stderr]    Compiling toml_edit v0.19.4
[INFO] [stderr]     Checking pp-rs v0.2.1
[INFO] [stderr]     Checking bit-set v0.5.3
[INFO] [stderr]     Checking gpu-descriptor-types v0.1.1
[INFO] [stderr]     Checking gpu-alloc-types v0.2.0
[INFO] [stderr]     Checking hexf-parse v0.2.1
[INFO] [stderr]     Checking gpu-descriptor v0.2.3
[INFO] [stderr]     Checking gpu-alloc v0.5.3
[INFO] [stderr]     Checking fxhash v0.2.1
[INFO] [stderr]     Checking safe_arch v0.6.0
[INFO] [stderr]     Checking wgpu-types v0.15.2
[INFO] [stderr]     Checking spirv v0.2.0+1.5.4
[INFO] [stderr]     Checking bevy_utils v0.10.0
[INFO] [stderr]    Compiling encase_derive_impl v0.5.0
[INFO] [stderr]     Checking glow v0.12.1
[INFO] [stderr]    Compiling anyhow v1.0.69
[INFO] [stderr]     Checking bevy_math v0.10.0
[INFO] [stderr]    Compiling bevy_macro_utils v0.10.0
[INFO] [stderr]     Checking profiling v1.0.7
[INFO] [stderr]     Checking naga v0.11.0
[INFO] [stderr]     Checking renderdoc-sys v0.7.1
[INFO] [stderr]     Checking wide v0.7.6
[INFO] [stderr]     Checking num-complex v0.4.3
[INFO] [stderr]     Checking approx v0.5.1
[INFO] [stderr]    Compiling crossbeam-epoch v0.9.13
[INFO] [stderr]     Checking rawpointer v0.2.1
[INFO] [stderr]    Compiling encase_derive v0.5.0
[INFO] [stderr]     Checking matrixmultiply v0.3.2
[INFO] [stderr]    Compiling nalgebra-macros v0.2.0
[INFO] [stderr]     Checking optional v0.5.0
[INFO] [stderr]    Compiling crossbeam-queue v0.3.8
[INFO] [stderr]     Checking robust v0.2.3
[INFO] [stderr]     Checking const_panic v0.2.7
[INFO] [stderr]     Checking color_quant v1.1.0
[INFO] [stderr]     Checking image v0.24.5
[INFO] [stderr]     Checking encase v0.5.0
[INFO] [stderr]     Checking spade v2.1.0
[INFO] [stderr]     Checking simba v0.8.0
[INFO] [stderr]     Checking bevy_mikktspace v0.10.0
[INFO] [stderr]    Compiling bevy_reflect_derive v0.10.0
[INFO] [stderr]    Compiling bevy_ecs_macros v0.10.0
[INFO] [stderr]    Compiling bevy_derive v0.10.0
[INFO] [stderr]    Compiling bevy_render_macros v0.10.0
[INFO] [stderr]    Compiling bevy_encase_derive v0.10.0
[INFO] [stderr]     Checking hexasphere v8.1.0
[INFO] [stderr]    Compiling num-derive v0.3.3
[INFO] [stderr]     Checking either v1.8.1
[INFO] [stderr]     Checking base64 v0.13.1
[INFO] [stderr]     Checking ron v0.8.0
[INFO] [stderr]     Checking crossbeam-deque v0.8.2
[INFO] [stderr]     Checking crossbeam v0.8.2
[INFO] [stderr]     Checking bevy_reflect v0.10.0
[INFO] [stderr]     Checking nalgebra v0.32.2
[INFO] [stderr]     Checking wgpu-hal v0.15.3
[INFO] [stderr]     Checking bevy_ecs v0.10.0
[INFO] [stderr]     Checking wgpu-core v0.15.1
[INFO] [stderr]     Checking wgpu v0.15.1
[INFO] [stderr]     Checking bevy_app v0.10.0
[INFO] [stderr]     Checking bevy_log v0.10.0
[INFO] [stderr]     Checking bevy_core v0.10.0
[INFO] [stderr]     Checking bevy_time v0.10.0
[INFO] [stderr]     Checking bevy_input v0.10.0
[INFO] [stderr]     Checking bevy_a11y v0.10.0
[INFO] [stderr]     Checking bevy_hierarchy v0.10.0
[INFO] [stderr]     Checking bevy_diagnostic v0.10.0
[INFO] [stderr]     Checking bevy_asset v0.10.0
[INFO] [stderr]     Checking bevy_transform v0.10.0
[INFO] [stderr]     Checking bevy_window v0.10.0
[INFO] [stderr]     Checking parry2d v0.13.0
[INFO] [stderr]     Checking parry3d v0.13.0
[INFO] [stderr]     Checking bevy_render v0.10.0
[INFO] [stderr]     Checking rapier2d v0.17.1
[INFO] [stderr]     Checking rapier3d v0.17.1
[INFO] [stderr]     Checking bevy_scene v0.10.0
[INFO] [stderr]     Checking bevy_internal v0.10.0
[INFO] [stderr]     Checking bevy v0.10.0
[INFO] [stderr]     Checking bevy_rapier3d v0.21.0
[INFO] [stderr]     Checking bevy_rapier2d v0.21.0
[INFO] [stdout] error[E0425]: cannot find value `init_async_colliders` in module `systems`
[INFO] [stdout]    --> /opt/rustwide/cargo-home/registry/src/index.crates.io-6f17d22bba15001f/bevy_rapier2d-0.21.0/src/plugin/plugin.rs:80:26
[INFO] [stdout]     |
[INFO] [stdout] 80  |                   systems::init_async_colliders.after(RapierTransformPropagateSet),
[INFO] [stdout]     |                            ^^^^^^^^^^^^^^^^^^^^ help: a function with a similar name exists: `init_colliders`
[INFO] [stdout]     |
[INFO] [stdout]    ::: /opt/rustwide/cargo-home/registry/src/index.crates.io-6f17d22bba15001f/bevy_rapier2d-0.21.0/src/plugin/systems.rs:740:1
[INFO] [stdout]     |
[INFO] [stdout] 740 | / pub fn init_colliders(
[INFO] [stdout] 741 | |     mut commands: Commands,
[INFO] [stdout] 742 | |     config: Res<RapierConfiguration>,
[INFO] [stdout] 743 | |     mut context: ResMut<RapierContext>,
[INFO] [stdout] ...   |
[INFO] [stdout] 869 | |     }
[INFO] [stdout] 870 | | }
[INFO] [stdout]     | |_- similarly named function `init_colliders` defined here
[INFO] [stdout] 
[INFO] [stdout] 
[INFO] [stdout] error[E0425]: cannot find value `init_async_colliders` in module `systems`
[INFO] [stdout]    --> /opt/rustwide/cargo-home/registry/src/index.crates.io-6f17d22bba15001f/bevy_rapier2d-0.21.0/src/plugin/plugin.rs:81:53
[INFO] [stdout]     |
[INFO] [stdout] 81  |                   systems::apply_scale.after(systems::init_async_colliders),
[INFO] [stdout]     |                                                       ^^^^^^^^^^^^^^^^^^^^ help: a function with a similar name exists: `init_colliders`
[INFO] [stdout]     |
[INFO] [stdout]    ::: /opt/rustwide/cargo-home/registry/src/index.crates.io-6f17d22bba15001f/bevy_rapier2d-0.21.0/src/plugin/systems.rs:740:1
[INFO] [stdout]     |
[INFO] [stdout] 740 | / pub fn init_colliders(
[INFO] [stdout] 741 | |     mut commands: Commands,
[INFO] [stdout] 742 | |     config: Res<RapierConfiguration>,
[INFO] [stdout] 743 | |     mut context: ResMut<RapierContext>,
[INFO] [stdout] ...   |
[INFO] [stdout] 869 | |     }
[INFO] [stdout] 870 | | }
[INFO] [stdout]     | |_- similarly named function `init_colliders` defined here
[INFO] [stdout] 
[INFO] [stdout] 
[INFO] [stdout] error[E0425]: cannot find value `init_async_colliders` in module `systems`
[INFO] [stdout]    --> /opt/rustwide/cargo-home/registry/src/index.crates.io-6f17d22bba15001f/bevy_rapier2d-0.21.0/src/plugin/plugin.rs:88:37
[INFO] [stdout]     |
[INFO] [stdout] 88  |                       .after(systems::init_async_colliders),
[INFO] [stdout]     |                                       ^^^^^^^^^^^^^^^^^^^^ help: a function with a similar name exists: `init_colliders`
[INFO] [stdout]     |
[INFO] [stdout]    ::: /opt/rustwide/cargo-home/registry/src/index.crates.io-6f17d22bba15001f/bevy_rapier2d-0.21.0/src/plugin/systems.rs:740:1
[INFO] [stdout]     |
[INFO] [stdout] 740 | / pub fn init_colliders(
[INFO] [stdout] 741 | |     mut commands: Commands,
[INFO] [stdout] 742 | |     config: Res<RapierConfiguration>,
[INFO] [stdout] 743 | |     mut context: ResMut<RapierContext>,
[INFO] [stdout] ...   |
[INFO] [stdout] 869 | |     }
[INFO] [stdout] 870 | | }
[INFO] [stdout]     | |_- similarly named function `init_colliders` defined here
[INFO] [stdout] 
[INFO] [stdout] 
[INFO] [stdout] error[E0425]: cannot find value `init_async_colliders` in module `systems`
[INFO] [stdout]    --> /opt/rustwide/cargo-home/registry/src/index.crates.io-6f17d22bba15001f/bevy_rapier3d-0.21.0/src/plugin/plugin.rs:80:26
[INFO] [stdout]     |
[INFO] [stdout] 80  |                   systems::init_async_colliders.after(RapierTransformPropagateSet),
[INFO] [stdout]     |                            ^^^^^^^^^^^^^^^^^^^^ help: a function with a similar name exists: `init_colliders`
[INFO] [stdout]     |
[INFO] [stdout]    ::: /opt/rustwide/cargo-home/registry/src/index.crates.io-6f17d22bba15001f/bevy_rapier3d-0.21.0/src/plugin/systems.rs:740:1
[INFO] [stdout]     |
[INFO] [stdout] 740 | / pub fn init_colliders(
[INFO] [stdout] 741 | |     mut commands: Commands,
[INFO] [stdout] 742 | |     config: Res<RapierConfiguration>,
[INFO] [stdout] 743 | |     mut context: ResMut<RapierContext>,
[INFO] [stdout] ...   |
[INFO] [stdout] 869 | |     }
[INFO] [stdout] 870 | | }
[INFO] [stdout]     | |_- similarly named function `init_colliders` defined here
[INFO] [stdout] 
[INFO] [stdout] 
[INFO] [stdout] error[E0425]: cannot find value `init_async_colliders` in module `systems`
[INFO] [stdout]    --> /opt/rustwide/cargo-home/registry/src/index.crates.io-6f17d22bba15001f/bevy_rapier3d-0.21.0/src/plugin/plugin.rs:81:53
[INFO] [stdout]     |
[INFO] [stdout] 81  |                   systems::apply_scale.after(systems::init_async_colliders),
[INFO] [stdout]     |                                                       ^^^^^^^^^^^^^^^^^^^^ help: a function with a similar name exists: `init_colliders`
[INFO] [stdout]     |
[INFO] [stdout]    ::: /opt/rustwide/cargo-home/registry/src/index.crates.io-6f17d22bba15001f/bevy_rapier3d-0.21.0/src/plugin/systems.rs:740:1
[INFO] [stdout]     |
[INFO] [stdout] 740 | / pub fn init_colliders(
[INFO] [stdout] 741 | |     mut commands: Commands,
[INFO] [stdout] 742 | |     config: Res<RapierConfiguration>,
[INFO] [stdout] 743 | |     mut context: ResMut<RapierContext>,
[INFO] [stdout] ...   |
[INFO] [stdout] 869 | |     }
[INFO] [stdout] 870 | | }
[INFO] [stdout]     | |_- similarly named function `init_colliders` defined here
[INFO] [stdout] 
[INFO] [stdout] 
[INFO] [stdout] error[E0425]: cannot find value `init_async_colliders` in module `systems`
[INFO] [stdout]    --> /opt/rustwide/cargo-home/registry/src/index.crates.io-6f17d22bba15001f/bevy_rapier3d-0.21.0/src/plugin/plugin.rs:88:37
[INFO] [stdout]     |
[INFO] [stdout] 88  |                       .after(systems::init_async_colliders),
[INFO] [stdout]     |                                       ^^^^^^^^^^^^^^^^^^^^ help: a function with a similar name exists: `init_colliders`
[INFO] [stdout]     |
[INFO] [stdout]    ::: /opt/rustwide/cargo-home/registry/src/index.crates.io-6f17d22bba15001f/bevy_rapier3d-0.21.0/src/plugin/systems.rs:740:1
[INFO] [stdout]     |
[INFO] [stdout] 740 | / pub fn init_colliders(
[INFO] [stdout] 741 | |     mut commands: Commands,
[INFO] [stdout] 742 | |     config: Res<RapierConfiguration>,
[INFO] [stdout] 743 | |     mut context: ResMut<RapierContext>,
[INFO] [stdout] ...   |
[INFO] [stdout] 869 | |     }
[INFO] [stdout] 870 | | }
[INFO] [stdout]     | |_- similarly named function `init_colliders` defined here
[INFO] [stdout] 
[INFO] [stdout] 
[INFO] [stdout] error: aborting due to 3 previous errors
[INFO] [stdout] 
[INFO] [stdout] 
[INFO] [stdout] For more information about this error, try `rustc --explain E0425`.
[INFO] [stdout] 
[INFO] [stderr] error: could not compile `bevy_rapier2d` (lib) due to 4 previous errors
[INFO] [stderr] warning: build failed, waiting for other jobs to finish...
[INFO] [stdout] error: aborting due to 3 previous errors
[INFO] [stdout] 
[INFO] [stdout] 
[INFO] [stdout] For more information about this error, try `rustc --explain E0425`.
[INFO] [stdout] 
[INFO] [stderr] error: could not compile `bevy_rapier3d` (lib) due to 4 previous errors
[INFO] running `Command { std: "docker" "inspect" "20ae26fa3197c675256c05dbc930674da429e0a21d480c88433b2d57eb45c79b", kill_on_drop: false }`
[INFO] running `Command { std: "docker" "rm" "-f" "20ae26fa3197c675256c05dbc930674da429e0a21d480c88433b2d57eb45c79b", kill_on_drop: false }`
[INFO] [stdout] 20ae26fa3197c675256c05dbc930674da429e0a21d480c88433b2d57eb45c79b
