[INFO] fetching crate bdasm 0.5.0...
[INFO] documenting bdasm-0.5.0 against 1.69.0 for beta-1.70-rustdoc-1
[INFO] extracting crate bdasm 0.5.0 into /workspace/builds/worker-5-tc1/source
[INFO] validating manifest of crates.io crate bdasm 0.5.0 on toolchain 1.69.0
[INFO] running `Command { std: CARGO_HOME="/workspace/cargo-home" RUSTUP_HOME="/workspace/rustup-home" "/workspace/cargo-home/bin/cargo" "+1.69.0" "metadata" "--manifest-path" "Cargo.toml" "--no-deps", kill_on_drop: false }`
[INFO] started tweaking crates.io crate bdasm 0.5.0
[INFO] finished tweaking crates.io crate bdasm 0.5.0
[INFO] tweaked toml for crates.io crate bdasm 0.5.0 written to /workspace/builds/worker-5-tc1/source/Cargo.toml
[INFO] crate crates.io crate bdasm 0.5.0 already has a lockfile, it will not be regenerated
[INFO] running `Command { std: CARGO_HOME="/workspace/cargo-home" RUSTUP_HOME="/workspace/rustup-home" "/workspace/cargo-home/bin/cargo" "+1.69.0" "fetch" "--manifest-path" "Cargo.toml", kill_on_drop: false }`
[INFO] [stderr]  Downloading crates ...
[INFO] [stderr]   Downloaded time v0.2.27
[INFO] [stderr]   Downloaded smol_str v0.1.21
[INFO] [stderr]   Downloaded time v0.3.7
[INFO] [stderr]   Downloaded crossbeam-epoch v0.9.7
[INFO] [stderr]   Downloaded rayon-core v1.9.1
[INFO] [stderr]   Downloaded rayon v1.5.1
[INFO] [stderr]   Downloaded encoding v0.2.33
[INFO] [stderr]   Downloaded encoding_index_tests v0.1.4
[INFO] [stderr]   Downloaded encoding-index-tradchinese v1.20141219.5
[INFO] [stderr]   Downloaded encoding-index-singlebyte v1.20141219.5
[INFO] [stderr]   Downloaded weezl v0.1.5
[INFO] [stderr]   Downloaded bytemuck v1.7.3
[INFO] [stderr]   Downloaded as-slice v0.2.1
[INFO] [stderr]   Downloaded contracts v0.6.2
[INFO] [stderr]   Downloaded quote v1.0.15
[INFO] [stderr]   Downloaded anyhow v1.0.54
[INFO] [stderr]   Downloaded custom_error v1.9.2
[INFO] [stderr]   Downloaded paste v1.0.6
[INFO] [stderr]   Downloaded cpclib-sna v0.5.0
[INFO] [stderr]   Downloaded crossbeam-utils v0.8.7
[INFO] [stderr]   Downloaded built v0.5.1
[INFO] [stderr]   Downloaded crossbeam-channel v0.5.2
[INFO] [stderr]   Downloaded delegate v0.6.2
[INFO] [stderr]   Downloaded cpclib-tokens v0.5.0
[INFO] [stderr]   Downloaded velcro_macros v0.5.2
[INFO] [stderr]   Downloaded velcro_core v0.5.2
[INFO] [stderr]   Downloaded cpclib-basic v0.5.0
[INFO] [stderr]   Downloaded bitsets v0.1.1
[INFO] [stderr]   Downloaded globset v0.4.8
[INFO] [stderr]   Downloaded imgref v1.9.1
[INFO] [stderr]   Downloaded encoding-index-japanese v1.20141219.5
[INFO] [stderr]   Downloaded proc-macro-crate v1.1.2
[INFO] [stderr]   Downloaded rgb v0.8.31
[INFO] [stderr]   Downloaded num_enum_derive v0.5.6
[INFO] [stderr]   Downloaded semver v1.0.5
[INFO] [stderr]   Downloaded num_threads v0.1.3
[INFO] [stderr]   Downloaded cpclib-common v0.5.0
[INFO] [stderr]   Downloaded gif-dispose v3.1.1
[INFO] [stderr]   Downloaded bstr v0.2.17
[INFO] [stderr]   Downloaded cargo-lock v7.0.1
[INFO] [stderr]   Downloaded libc v0.2.119
[INFO] [stderr]   Downloaded num_enum v0.5.6
[INFO] [stderr]   Downloaded simplelog v0.10.2
[INFO] [stderr]   Downloaded cpclib-asm v0.5.0
[INFO] [stderr]   Downloaded chardet v0.2.4
[INFO] [stderr]   Downloaded const_fn v0.4.9
[INFO] [stderr]   Downloaded arrayref v0.3.6
[INFO] [stderr]   Downloaded bytecount v0.6.2
[INFO] [stderr]   Downloaded num-rational v0.4.0
[INFO] [stderr]   Downloaded crossbeam-deque v0.8.1
[INFO] [stderr]   Downloaded cpclib-disc v0.5.0
[INFO] [stderr]   Downloaded encoding-index-simpchinese v1.20141219.5
[INFO] [stderr]   Downloaded nom_locate v4.0.0
[INFO] [stderr]   Downloaded remain v0.2.2
[INFO] [stderr]   Downloaded delegate v0.5.2
[INFO] [stderr]   Downloaded backtrace v0.3.64
[INFO] [stderr]   Downloaded getset v0.1.2
[INFO] [stderr]   Downloaded base-x v0.2.8
[INFO] [stderr]   Downloaded standback v0.2.17
[INFO] [stderr]   Downloaded time-macros-impl v0.1.2
[INFO] [stderr]   Downloaded syn v1.0.86
[INFO] [stderr]   Downloaded time-macros v0.1.1
[INFO] [stderr]   Downloaded cpclib-image v0.5.0
[INFO] [stderr]   Downloaded gif v0.11.3
[INFO] [stderr]   Downloaded encoding-index-korean v1.20141219.5
[INFO] [stderr]   Downloaded velcro v0.5.3
[INFO] [stderr]   Downloaded clap v3.1.0
[INFO] [stderr]   Downloaded substring v1.4.5
[INFO] [stderr]   Downloaded textwrap v0.14.2
[INFO] [stderr]   Downloaded num-complex v0.4.0
[INFO] running `Command { std: "docker" "create" "-v" "/var/lib/crater-agent-workspace/builds/worker-5-tc1/target:/opt/rustwide/target:rw,Z" "-v" "/var/lib/crater-agent-workspace/builds/worker-5-tc1/source:/opt/rustwide/workdir:ro,Z" "-v" "/var/lib/crater-agent-workspace/cargo-home:/opt/rustwide/cargo-home:ro,Z" "-v" "/var/lib/crater-agent-workspace/rustup-home:/opt/rustwide/rustup-home:ro,Z" "-e" "SOURCE_DIR=/opt/rustwide/workdir" "-e" "CARGO_TARGET_DIR=/opt/rustwide/target" "-e" "CARGO_HOME=/opt/rustwide/cargo-home" "-e" "RUSTUP_HOME=/opt/rustwide/rustup-home" "-w" "/opt/rustwide/workdir" "-m" "1610612736" "--user" "0:0" "--network" "none" "ghcr.io/rust-lang/crates-build-env/linux@sha256:5ff2268d62e97bff2cde7d5815dd6ed5b47097566f13b8d0ca110b04b60e07ed" "/opt/rustwide/cargo-home/bin/cargo" "+1.69.0" "metadata" "--no-deps" "--format-version=1", kill_on_drop: false }`
[INFO] [stdout] 2156b4cff240ff826ae97be91cef7bfee7c2c55903cc2996523c6d08f739be5f
[INFO] running `Command { std: "docker" "start" "-a" "2156b4cff240ff826ae97be91cef7bfee7c2c55903cc2996523c6d08f739be5f", kill_on_drop: false }`
[INFO] running `Command { std: "docker" "inspect" "2156b4cff240ff826ae97be91cef7bfee7c2c55903cc2996523c6d08f739be5f", kill_on_drop: false }`
[INFO] running `Command { std: "docker" "rm" "-f" "2156b4cff240ff826ae97be91cef7bfee7c2c55903cc2996523c6d08f739be5f", kill_on_drop: false }`
[INFO] [stdout] 2156b4cff240ff826ae97be91cef7bfee7c2c55903cc2996523c6d08f739be5f
[INFO] running `Command { std: "docker" "create" "-v" "/var/lib/crater-agent-workspace/builds/worker-5-tc1/target:/opt/rustwide/target:rw,Z" "-v" "/var/lib/crater-agent-workspace/builds/worker-5-tc1/source:/opt/rustwide/workdir:ro,Z" "-v" "/var/lib/crater-agent-workspace/cargo-home:/opt/rustwide/cargo-home:ro,Z" "-v" "/var/lib/crater-agent-workspace/rustup-home:/opt/rustwide/rustup-home:ro,Z" "-e" "SOURCE_DIR=/opt/rustwide/workdir" "-e" "CARGO_TARGET_DIR=/opt/rustwide/target" "-e" "CARGO_INCREMENTAL=0" "-e" "RUST_BACKTRACE=full" "-e" "RUSTFLAGS=--cap-lints=warn" "-e" "RUSTDOCFLAGS=--cap-lints=warn" "-e" "CARGO_HOME=/opt/rustwide/cargo-home" "-e" "RUSTUP_HOME=/opt/rustwide/rustup-home" "-w" "/opt/rustwide/workdir" "-m" "1610612736" "--user" "0:0" "--network" "none" "ghcr.io/rust-lang/crates-build-env/linux@sha256:5ff2268d62e97bff2cde7d5815dd6ed5b47097566f13b8d0ca110b04b60e07ed" "/opt/rustwide/cargo-home/bin/cargo" "+1.69.0" "doc" "--frozen" "--no-deps" "--document-private-items" "--message-format=json", kill_on_drop: false }`
[INFO] [stdout] cf703eabf2967e042b88ddd0a53be4fd9e725d8a3319ada6b4c430956d1e603b
[INFO] running `Command { std: "docker" "start" "-a" "cf703eabf2967e042b88ddd0a53be4fd9e725d8a3319ada6b4c430956d1e603b", kill_on_drop: false }`
[INFO] [stderr]    Compiling proc-macro2 v1.0.36
[INFO] [stderr]    Compiling unicode-xid v0.2.2
[INFO] [stderr]    Compiling syn v1.0.86
[INFO] [stderr]    Compiling libc v0.2.119
[INFO] [stderr]    Compiling serde_derive v1.0.136
[INFO] [stderr]    Compiling serde v1.0.136
[INFO] [stderr]    Compiling tinyvec_macros v0.1.0
[INFO] [stderr]    Compiling num-traits v0.2.14
[INFO] [stderr]    Compiling matches v0.1.9
[INFO] [stderr]    Compiling num-integer v0.1.44
[INFO] [stderr]    Compiling percent-encoding v2.1.0
[INFO] [stderr]    Compiling semver v1.0.5
[INFO] [stderr]    Compiling unicode-bidi v0.3.7
[INFO] [stderr]    Compiling memchr v2.4.1
[INFO] [stderr]    Compiling tinyvec v1.5.1
[INFO] [stderr]    Compiling crossbeam-utils v0.8.7
[INFO] [stderr]    Compiling memoffset v0.6.5
[INFO] [stderr]    Compiling form_urlencoded v1.0.1
[INFO] [stderr]    Compiling crossbeam-epoch v0.9.7
[INFO] [stderr]    Compiling rayon-core v1.9.1
[INFO] [stderr]    Compiling rayon v1.5.1
[INFO] [stderr]     Checking either v1.6.1
[INFO] [stderr]    Compiling num-bigint v0.4.3
[INFO] [stderr]    Compiling num-iter v0.1.42
[INFO] [stderr]    Compiling nom v7.1.0
[INFO] [stderr]    Compiling num-rational v0.4.0
[INFO] [stderr]    Compiling indexmap v1.8.0
[INFO] [stderr]     Checking termcolor v1.1.2
[INFO] [stderr]    Compiling radium v0.7.0
[INFO] [stderr]     Checking crossbeam-channel v0.5.2
[INFO] [stderr]    Compiling miniz_oxide v0.4.4
[INFO] [stderr]    Compiling quote v1.0.15
[INFO] [stderr]    Compiling cc v1.0.73
[INFO] [stderr]    Compiling unicode-normalization v0.1.19
[INFO] [stderr]     Checking hashbrown v0.11.2
[INFO] [stderr]     Checking tap v1.0.1
[INFO] [stderr]    Compiling time v0.1.44
[INFO] [stderr]     Checking crossbeam-deque v0.8.1
[INFO] [stderr]     Checking num_cpus v1.13.1
[INFO] [stderr]     Checking atty v0.2.14
[INFO] [stderr]     Checking wyz v0.5.0
[INFO] [stderr]     Checking os_str_bytes v6.0.0
[INFO] [stderr]     Checking num-complex v0.4.0
[INFO] [stderr]     Checking funty v2.0.0
[INFO] [stderr]     Checking textwrap v0.14.2
[INFO] [stderr]     Checking bytecount v0.6.2
[INFO] [stderr]     Checking num_threads v0.1.3
[INFO] [stderr]     Checking time v0.3.7
[INFO] [stderr]     Checking itertools v0.10.3
[INFO] [stderr]     Checking smallvec v1.8.0
[INFO] [stderr]    Compiling chrono v0.4.19
[INFO] [stderr]     Checking encoding_index_tests v0.1.4
[INFO] [stderr]     Checking bitsets v0.1.1
[INFO] [stderr]     Checking bitfield v0.13.2
[INFO] [stderr]    Compiling log v0.4.14
[INFO] [stderr]     Checking aho-corasick v0.7.18
[INFO] [stderr]     Checking gimli v0.26.1
[INFO] [stderr]     Checking regex-syntax v0.6.25
[INFO] [stderr]    Compiling idna v0.2.3
[INFO] [stderr]     Checking clap v3.1.0
[INFO] [stderr]     Checking weezl v0.1.5
[INFO] [stderr]     Checking bitvec v1.0.0
[INFO] [stderr]     Checking adler32 v1.2.0
[INFO] [stderr]    Compiling failure_derive v0.1.8
[INFO] [stderr]    Compiling crc32fast v1.3.2
[INFO] [stderr]    Compiling backtrace v0.3.64
[INFO] [stderr]    Compiling proc-macro-error-attr v1.0.4
[INFO] [stderr]    Compiling url v2.2.2
[INFO] [stderr]     Checking object v0.27.1
[INFO] [stderr]    Compiling standback v0.2.17
[INFO] [stderr]     Checking rustc-demangle v0.1.21
[INFO] [stderr]    Compiling proc-macro-hack v0.5.19
[INFO] [stderr]     Checking nom_locate v4.0.0
[INFO] [stderr]     Checking color_quant v1.1.0
[INFO] [stderr]     Checking unicode-width v0.1.9
[INFO] [stderr]     Checking bytemuck v1.7.3
[INFO] [stderr]     Checking byteorder v1.4.3
[INFO] [stderr]     Checking gif v0.11.3
[INFO] [stderr]    Compiling num-rational v0.3.2
[INFO] [stderr]     Checking num v0.4.0
[INFO] [stderr]     Checking miniz_oxide v0.3.7
[INFO] [stderr]     Checking ordered-float v2.10.0
[INFO] [stderr]    Compiling anyhow v1.0.54
[INFO] [stderr]     Checking deflate v0.8.6
[INFO] [stderr]    Compiling paste v1.0.6
[INFO] [stderr]     Checking rgb v0.8.31
[INFO] [stderr]     Checking textwrap v0.11.0
[INFO] [stderr]     Checking png v0.16.8
[INFO] [stderr]    Compiling substring v1.4.5
[INFO] [stderr]     Checking vec_map v0.8.2
[INFO] [stderr]     Checking jpeg-decoder v0.1.22
[INFO] [stderr]     Checking imgref v1.9.1
[INFO] [stderr]     Checking regex v1.5.4
[INFO] [stderr]     Checking arrayref v0.3.6
[INFO] [stderr]    Compiling const_fn v0.4.9
[INFO] [stderr]     Checking simplelog v0.10.2
[INFO] [stderr]     Checking scoped_threadpool v0.1.9
[INFO] [stderr]     Checking stable_deref_trait v1.2.0
[INFO] [stderr]     Checking custom_error v1.9.2
[INFO] [stderr]     Checking ansi_term v0.12.1
[INFO] [stderr]     Checking strsim v0.8.0
[INFO] [stderr]     Checking as-slice v0.2.1
[INFO] [stderr]     Checking gif-dispose v3.1.1
[INFO] [stderr]     Checking addr2line v0.17.0
[INFO] [stderr]     Checking encoding-index-japanese v1.20141219.5
[INFO] [stderr]     Checking encoding-index-korean v1.20141219.5
[INFO] [stderr]     Checking encoding-index-singlebyte v1.20141219.5
[INFO] [stderr]     Checking encoding-index-tradchinese v1.20141219.5
[INFO] [stderr]     Checking encoding-index-simpchinese v1.20141219.5
[INFO] [stderr]     Checking clap v2.34.0
[INFO] [stderr]     Checking bstr v0.2.17
[INFO] [stderr]     Checking tiff v0.6.1
[INFO] [stderr]    Compiling time v0.2.27
[INFO] [stderr]     Checking codespan-reporting v0.11.1
[INFO] [stderr]     Checking chardet v0.2.4
[INFO] [stderr]     Checking encoding v0.2.33
[INFO] [stderr]     Checking globset v0.4.8
[INFO] [stderr]     Checking image v0.23.14
[INFO] [stderr]    Compiling synstructure v0.12.6
[INFO] [stderr]    Compiling proc-macro-error v1.0.4
[INFO] [stderr]    Compiling velcro_core v0.5.2
[INFO] [stderr]    Compiling thiserror-impl v1.0.30
[INFO] [stderr]    Compiling delegate v0.6.2
[INFO] [stderr]    Compiling delegate v0.5.2
[INFO] [stderr]    Compiling remain v0.2.2
[INFO] [stderr]    Compiling getset v0.1.2
[INFO] [stderr]    Compiling velcro_macros v0.5.2
[INFO] [stderr]    Compiling contracts v0.6.2
[INFO] [stderr]    Compiling time-macros-impl v0.1.2
[INFO] [stderr]     Checking failure v0.1.8
[INFO] [stderr]     Checking time-macros v0.1.1
[INFO] [stderr]     Checking velcro v0.5.3
[INFO] [stderr]    Compiling thiserror v1.0.30
[INFO] [stderr]     Checking smol_str v0.1.21
[INFO] [stderr]     Checking cpclib-common v0.5.0
[INFO] [stderr]     Checking cpclib-image v0.5.0
[INFO] [stderr]    Compiling toml v0.5.8
[INFO] [stderr]    Compiling cargo-lock v7.0.1
[INFO] [stderr]    Compiling proc-macro-crate v1.1.2
[INFO] [stderr]    Compiling num_enum_derive v0.5.6
[INFO] [stderr]    Compiling built v0.5.1
[INFO] [stderr]    Compiling cpclib-sna v0.5.0
[INFO] [stderr]    Compiling cpclib-tokens v0.5.0
[INFO] [stderr]    Compiling cpclib-disc v0.5.0
[INFO] [stderr]    Compiling cpclib-basic v0.5.0
[INFO] [stderr]    Compiling cpclib-asm v0.5.0
[INFO] [stderr]    Compiling bdasm v0.5.0 (/opt/rustwide/workdir)
[INFO] [stderr]     Checking num_enum v0.5.6
[INFO] [stdout] error[E0554]: `#![feature]` may not be used on the stable release channel
[INFO] [stdout]  --> /opt/rustwide/cargo-home/registry/src/github.com-1ecc6299db9ec823/cpclib-tokens-0.5.0/src/lib.rs:1:1
[INFO] [stdout]   |
[INFO] [stdout] 1 | #![feature(stmt_expr_attributes)]
[INFO] [stdout]   | ^^^^^^^^^^^^^^^^^^^^^^^^^^^^^^^^^
[INFO] [stdout] 
[INFO] [stdout] 
[INFO] [stdout] error[E0554]: `#![feature]` may not be used on the stable release channel
[INFO] [stdout]  --> /opt/rustwide/cargo-home/registry/src/github.com-1ecc6299db9ec823/cpclib-tokens-0.5.0/src/lib.rs:2:1
[INFO] [stdout]   |
[INFO] [stdout] 2 | #![feature(proc_macro_hygiene)]
[INFO] [stdout]   | ^^^^^^^^^^^^^^^^^^^^^^^^^^^^^^^
[INFO] [stdout] 
[INFO] [stdout] 
[INFO] [stdout] error[E0554]: `#![feature]` may not be used on the stable release channel
[INFO] [stdout]  --> /opt/rustwide/cargo-home/registry/src/github.com-1ecc6299db9ec823/cpclib-tokens-0.5.0/src/lib.rs:3:1
[INFO] [stdout]   |
[INFO] [stdout] 3 | #![feature(exclusive_range_pattern)]
[INFO] [stdout]   | ^^^^^^^^^^^^^^^^^^^^^^^^^^^^^^^^^^^^
[INFO] [stdout] 
[INFO] [stdout] 
[INFO] [stdout] error: aborting due to 3 previous errors
[INFO] [stdout] 
[INFO] [stdout] 
[INFO] [stdout] For more information about this error, try `rustc --explain E0554`.
[INFO] [stdout] 
[INFO] [stderr] error: could not compile `cpclib-tokens` due to 4 previous errors
[INFO] running `Command { std: "docker" "inspect" "cf703eabf2967e042b88ddd0a53be4fd9e725d8a3319ada6b4c430956d1e603b", kill_on_drop: false }`
[INFO] running `Command { std: "docker" "rm" "-f" "cf703eabf2967e042b88ddd0a53be4fd9e725d8a3319ada6b4c430956d1e603b", kill_on_drop: false }`
[INFO] [stdout] cf703eabf2967e042b88ddd0a53be4fd9e725d8a3319ada6b4c430956d1e603b
