[INFO] fetching crate bailongma 0.2.4...
[INFO] documenting bailongma-0.2.4 against beta-2023-04-20 for beta-1.70-rustdoc-1
[INFO] extracting crate bailongma 0.2.4 into /workspace/builds/worker-5-tc2/source
[INFO] validating manifest of crates.io crate bailongma 0.2.4 on toolchain beta-2023-04-20
[INFO] running `Command { std: CARGO_HOME="/workspace/cargo-home" RUSTUP_HOME="/workspace/rustup-home" "/workspace/cargo-home/bin/cargo" "+beta-2023-04-20" "metadata" "--manifest-path" "Cargo.toml" "--no-deps", kill_on_drop: false }`
[INFO] started tweaking crates.io crate bailongma 0.2.4
[INFO] finished tweaking crates.io crate bailongma 0.2.4
[INFO] tweaked toml for crates.io crate bailongma 0.2.4 written to /workspace/builds/worker-5-tc2/source/Cargo.toml
[INFO] crate crates.io crate bailongma 0.2.4 already has a lockfile, it will not be regenerated
[INFO] running `Command { std: CARGO_HOME="/workspace/cargo-home" RUSTUP_HOME="/workspace/rustup-home" "/workspace/cargo-home/bin/cargo" "+beta-2023-04-20" "fetch" "--manifest-path" "Cargo.toml", kill_on_drop: false }`
[INFO] [stderr]     Updating crates.io index
[INFO] [stderr]  Downloading crates ...
[INFO] [stderr]   Downloaded futures-io v0.3.19
[INFO] [stderr]   Downloaded bytestring v1.0.0
[INFO] [stderr]   Downloaded derive_builder_core v0.10.2
[INFO] [stderr]   Downloaded actix-web-codegen v0.5.0-beta.6
[INFO] [stderr]   Downloaded actix-server v2.0.0-rc.3
[INFO] [stderr]   Downloaded actix-macros v0.2.3
[INFO] [stderr]   Downloaded serde v1.0.133
[INFO] [stderr]   Downloaded mach v0.3.2
[INFO] [stderr]   Downloaded scheduled-thread-pool v0.2.5
[INFO] [stderr]   Downloaded darling_core v0.12.4
[INFO] [stderr]   Downloaded futures-macro v0.3.19
[INFO] [stderr]   Downloaded num_enum v0.5.6
[INFO] [stderr]   Downloaded lazycell v1.3.0
[INFO] [stderr]   Downloaded rustc-hash v1.1.0
[INFO] [stderr]   Downloaded nix v0.17.0
[INFO] [stderr]   Downloaded darling_macro v0.12.4
[INFO] [stderr]   Downloaded language-tags v0.3.2
[INFO] [stderr]   Downloaded time-macros v0.2.3
[INFO] [stderr]   Downloaded mio v0.8.0
[INFO] [stderr]   Downloaded zstd-safe v4.1.2+zstd.1.5.1
[INFO] [stderr]   Downloaded zstd v0.9.1+zstd.1.5.1
[INFO] [stderr]   Downloaded peeking_take_while v0.1.2
[INFO] [stderr]   Downloaded hex-literal v0.3.4
[INFO] [stderr]   Downloaded time v0.3.5
[INFO] [stderr]   Downloaded actix-rt v2.5.1
[INFO] [stderr]   Downloaded crc32fast v1.3.0
[INFO] [stderr]   Downloaded unicode_categories v0.1.1
[INFO] [stderr]   Downloaded quote v1.0.14
[INFO] [stderr]   Downloaded snailquote v0.3.1
[INFO] [stderr]   Downloaded r2d2 v0.8.9
[INFO] [stderr]   Downloaded actix_derive v0.6.0
[INFO] [stderr]   Downloaded derive_more v0.99.17
[INFO] [stderr]   Downloaded actix v0.12.0
[INFO] [stderr]   Downloaded cookie v0.16.0
[INFO] [stderr]   Downloaded futures-task v0.3.19
[INFO] [stderr]   Downloaded which v3.1.1
[INFO] [stderr]   Downloaded firestorm v0.4.6
[INFO] [stderr]   Downloaded dashmap v5.0.0
[INFO] [stderr]   Downloaded futures v0.3.19
[INFO] [stderr]   Downloaded libloading v0.7.2
[INFO] [stderr]   Downloaded shlex v1.1.0
[INFO] [stderr]   Downloaded anyhow v1.0.52
[INFO] [stderr]   Downloaded libtaos v0.2.3
[INFO] [stderr]   Downloaded clap v3.0.1
[INFO] [stderr]   Downloaded proc-macro-crate v1.1.0
[INFO] [stderr]   Downloaded bindgen v0.58.1
[INFO] [stderr]   Downloaded derive_builder_macro v0.10.2
[INFO] [stderr]   Downloaded hyper v0.14.16
[INFO] [stderr]   Downloaded actix-codec v0.4.2
[INFO] [stderr]   Downloaded tokio v1.15.0
[INFO] [stderr]   Downloaded lru v0.7.2
[INFO] [stderr]   Downloaded fern v0.6.0
[INFO] [stderr]   Downloaded reqwest v0.11.8
[INFO] [stderr]   Downloaded futures-util v0.3.19
[INFO] [stderr]   Downloaded futures-core v0.3.19
[INFO] [stderr]   Downloaded futures-sink v0.3.19
[INFO] [stderr]   Downloaded tokio-util v0.6.9
[INFO] [stderr]   Downloaded serde_repr v0.1.7
[INFO] [stderr]   Downloaded names v0.12.0
[INFO] [stderr]   Downloaded void v1.0.2
[INFO] [stderr]   Downloaded local-channel v0.1.2
[INFO] [stderr]   Downloaded which v4.2.2
[INFO] [stderr]   Downloaded prost-types v0.9.0
[INFO] [stderr]   Downloaded md-5 v0.10.0
[INFO] [stderr]   Downloaded prost-derive v0.9.0
[INFO] [stderr]   Downloaded prost v0.9.0
[INFO] [stderr]   Downloaded psutil v3.2.1
[INFO] [stderr]   Downloaded sysinfo v0.22.4
[INFO] [stderr]   Downloaded mio v0.7.14
[INFO] [stderr]   Downloaded nom v5.1.2
[INFO] [stderr]   Downloaded clap_derive v3.0.1
[INFO] [stderr]   Downloaded env_logger v0.8.4
[INFO] [stderr]   Downloaded cexpr v0.4.0
[INFO] [stderr]   Downloaded num_enum_derive v0.5.6
[INFO] [stderr]   Downloaded syn v1.0.84
[INFO] [stderr]   Downloaded fixedbitset v0.4.1
[INFO] [stderr]   Downloaded petgraph v0.6.0
[INFO] [stderr]   Downloaded actix-http v3.0.0-beta.17
[INFO] [stderr]   Downloaded local-waker v0.1.2
[INFO] [stderr]   Downloaded actix-utils v3.0.0
[INFO] [stderr]   Downloaded actix-router v0.5.0-beta.3
[INFO] [stderr]   Downloaded actix-service v2.0.2
[INFO] [stderr]   Downloaded actix-web v4.0.0-beta.18
[INFO] [stderr]   Downloaded futures-executor v0.3.19
[INFO] [stderr]   Downloaded clang-sys v1.3.0
[INFO] [stderr]   Downloaded derive_builder v0.10.2
[INFO] [stderr]   Downloaded darling v0.12.4
[INFO] [stderr]   Downloaded encoding_rs v0.8.30
[INFO] [stderr]   Downloaded futures-channel v0.3.19
[INFO] [stderr]   Downloaded h2 v0.3.9
[INFO] [stderr]   Downloaded darwin-libproc-sys v0.1.2
[INFO] [stderr]   Downloaded prost-build v0.9.0
[INFO] [stderr]   Downloaded darwin-libproc v0.1.2
[INFO] running `Command { std: "docker" "create" "-v" "/var/lib/crater-agent-workspace/builds/worker-5-tc2/target:/opt/rustwide/target:rw,Z" "-v" "/var/lib/crater-agent-workspace/builds/worker-5-tc2/source:/opt/rustwide/workdir:ro,Z" "-v" "/var/lib/crater-agent-workspace/cargo-home:/opt/rustwide/cargo-home:ro,Z" "-v" "/var/lib/crater-agent-workspace/rustup-home:/opt/rustwide/rustup-home:ro,Z" "-e" "SOURCE_DIR=/opt/rustwide/workdir" "-e" "CARGO_TARGET_DIR=/opt/rustwide/target" "-e" "CARGO_HOME=/opt/rustwide/cargo-home" "-e" "RUSTUP_HOME=/opt/rustwide/rustup-home" "-w" "/opt/rustwide/workdir" "-m" "1610612736" "--user" "0:0" "--network" "none" "ghcr.io/rust-lang/crates-build-env/linux@sha256:5ff2268d62e97bff2cde7d5815dd6ed5b47097566f13b8d0ca110b04b60e07ed" "/opt/rustwide/cargo-home/bin/cargo" "+beta-2023-04-20" "metadata" "--no-deps" "--format-version=1", kill_on_drop: false }`
[INFO] [stdout] 491f996175eeb008f9162a1d48429a157ee8f0f34dea6bb99b3ae0567c2d3eeb
[INFO] running `Command { std: "docker" "start" "-a" "491f996175eeb008f9162a1d48429a157ee8f0f34dea6bb99b3ae0567c2d3eeb", kill_on_drop: false }`
[INFO] running `Command { std: "docker" "inspect" "491f996175eeb008f9162a1d48429a157ee8f0f34dea6bb99b3ae0567c2d3eeb", kill_on_drop: false }`
[INFO] running `Command { std: "docker" "rm" "-f" "491f996175eeb008f9162a1d48429a157ee8f0f34dea6bb99b3ae0567c2d3eeb", kill_on_drop: false }`
[INFO] [stdout] 491f996175eeb008f9162a1d48429a157ee8f0f34dea6bb99b3ae0567c2d3eeb
[INFO] running `Command { std: "docker" "create" "-v" "/var/lib/crater-agent-workspace/builds/worker-5-tc2/target:/opt/rustwide/target:rw,Z" "-v" "/var/lib/crater-agent-workspace/builds/worker-5-tc2/source:/opt/rustwide/workdir:ro,Z" "-v" "/var/lib/crater-agent-workspace/cargo-home:/opt/rustwide/cargo-home:ro,Z" "-v" "/var/lib/crater-agent-workspace/rustup-home:/opt/rustwide/rustup-home:ro,Z" "-e" "SOURCE_DIR=/opt/rustwide/workdir" "-e" "CARGO_TARGET_DIR=/opt/rustwide/target" "-e" "CARGO_INCREMENTAL=0" "-e" "RUST_BACKTRACE=full" "-e" "RUSTFLAGS=--cap-lints=warn" "-e" "RUSTDOCFLAGS=--cap-lints=warn" "-e" "CARGO_HOME=/opt/rustwide/cargo-home" "-e" "RUSTUP_HOME=/opt/rustwide/rustup-home" "-w" "/opt/rustwide/workdir" "-m" "1610612736" "--user" "0:0" "--network" "none" "ghcr.io/rust-lang/crates-build-env/linux@sha256:5ff2268d62e97bff2cde7d5815dd6ed5b47097566f13b8d0ca110b04b60e07ed" "/opt/rustwide/cargo-home/bin/cargo" "+beta-2023-04-20" "doc" "--frozen" "--no-deps" "--document-private-items" "--message-format=json", kill_on_drop: false }`
[INFO] [stdout] 420e3f3832ef2f9ba77243e0b017d4a255c4387214325858b445052bbbdfee69
[INFO] running `Command { std: "docker" "start" "-a" "420e3f3832ef2f9ba77243e0b017d4a255c4387214325858b445052bbbdfee69", kill_on_drop: false }`
[INFO] [stderr]    Compiling libc v0.2.112
[INFO] [stderr]    Compiling proc-macro2 v1.0.36
[INFO] [stderr]    Compiling unicode-xid v0.2.2
[INFO] [stderr]    Compiling syn v1.0.84
[INFO] [stderr]    Compiling memchr v2.4.1
[INFO] [stderr]    Compiling autocfg v1.0.1
[INFO] [stderr]    Compiling cfg-if v1.0.0
[INFO] [stderr]    Compiling log v0.4.14
[INFO] [stderr]     Checking scopeguard v1.1.0
[INFO] [stderr]    Compiling futures-core v0.3.19
[INFO] [stderr]     Checking pin-project-lite v0.2.8
[INFO] [stderr]     Checking once_cell v1.9.0
[INFO] [stderr]    Compiling parking_lot_core v0.8.5
[INFO] [stderr]     Checking lazy_static v1.4.0
[INFO] [stderr]    Compiling ahash v0.7.6
[INFO] [stderr]     Checking instant v0.1.12
[INFO] [stderr]     Checking smallvec v1.7.0
[INFO] [stderr]    Compiling serde_derive v1.0.133
[INFO] [stderr]     Checking lock_api v0.4.5
[INFO] [stderr]     Checking bytes v1.1.0
[INFO] [stderr]    Compiling serde v1.0.133
[INFO] [stderr]     Checking futures-sink v0.3.19
[INFO] [stderr]    Compiling either v1.6.1
[INFO] [stderr]    Compiling regex-syntax v0.6.25
[INFO] [stderr]    Compiling anyhow v1.0.52
[INFO] [stderr]    Compiling adler v1.0.2
[INFO] [stderr]    Compiling fnv v1.0.7
[INFO] [stderr]    Compiling miniz_oxide v0.4.4
[INFO] [stderr]    Compiling indexmap v1.7.0
[INFO] [stderr]    Compiling futures-channel v0.3.19
[INFO] [stderr]    Compiling futures-task v0.3.19
[INFO] [stderr]    Compiling gimli v0.26.1
[INFO] [stderr]    Compiling typenum v1.15.0
[INFO] [stderr]    Compiling rustc-demangle v0.1.21
[INFO] [stderr]    Compiling futures-util v0.3.19
[INFO] [stderr]    Compiling generic-array v0.14.4
[INFO] [stderr]    Compiling crossbeam-utils v0.8.5
[INFO] [stderr]     Checking futures-io v0.3.19
[INFO] [stderr]    Compiling aho-corasick v0.7.18
[INFO] [stderr]    Compiling object v0.27.1
[INFO] [stderr]    Compiling quote v1.0.14
[INFO] [stderr]     Checking slab v0.4.5
[INFO] [stderr]    Compiling itertools v0.10.3
[INFO] [stderr]    Compiling glob v0.3.0
[INFO] [stderr]    Compiling memoffset v0.6.5
[INFO] [stderr]    Compiling nom v5.1.2
[INFO] [stderr]    Compiling strsim v0.10.0
[INFO] [stderr]     Checking itoa v1.0.1
[INFO] [stderr]    Compiling ident_case v1.0.1
[INFO] [stderr]     Checking bitflags v1.3.2
[INFO] [stderr]     Checking percent-encoding v2.1.0
[INFO] [stderr]    Compiling crossbeam-epoch v0.9.5
[INFO] [stderr]    Compiling clang-sys v1.3.0
[INFO] [stderr]     Checking num_cpus v1.13.1
[INFO] [stderr]     Checking getrandom v0.2.3
[INFO] [stderr]     Checking signal-hook-registry v1.4.0
[INFO] [stderr]    Compiling jobserver v0.1.24
[INFO] [stderr]     Checking mio v0.7.14
[INFO] [stderr]     Checking rand_core v0.6.3
[INFO] [stderr]    Compiling atty v0.2.14
[INFO] [stderr]     Checking parking_lot v0.11.2
[INFO] [stderr]    Compiling cc v1.0.72
[INFO] [stderr]     Checking ppv-lite86 v0.2.16
[INFO] [stderr]     Checking hashbrown v0.11.2
[INFO] [stderr]    Compiling unicode-width v0.1.9
[INFO] [stderr]    Compiling which v4.2.2
[INFO] [stderr]    Compiling textwrap v0.11.0
[INFO] [stderr]    Compiling regex v1.5.4
[INFO] [stderr]     Checking block-buffer v0.10.0
[INFO] [stderr]     Checking crypto-common v0.1.1
[INFO] [stderr]     Checking rand_chacha v0.3.1
[INFO] [stderr]    Compiling num-traits v0.2.14
[INFO] [stderr]    Compiling libloading v0.7.2
[INFO] [stderr]    Compiling proc-macro-error-attr v1.0.4
[INFO] [stderr]     Checking tinyvec_macros v0.1.0
[INFO] [stderr]     Checking matches v0.1.9
[INFO] [stderr]    Compiling zstd-safe v4.1.2+zstd.1.5.1
[INFO] [stderr]    Compiling humantime v2.1.0
[INFO] [stderr]    Compiling termcolor v1.1.2
[INFO] [stderr]     Checking local-waker v0.1.2
[INFO] [stderr]    Compiling crc32fast v1.3.0
[INFO] [stderr]    Compiling bindgen v0.58.1
[INFO] [stderr]    Compiling rayon-core v1.9.1
[INFO] [stderr]    Compiling addr2line v0.17.0
[INFO] [stderr]    Compiling strsim v0.8.0
[INFO] [stderr]    Compiling ansi_term v0.12.1
[INFO] [stderr]    Compiling vec_map v0.8.2
[INFO] [stderr]     Checking http v0.2.6
[INFO] [stderr]    Compiling rand v0.8.4
[INFO] [stderr]     Checking tinyvec v1.5.1
[INFO] [stderr]    Compiling clap v2.34.0
[INFO] [stderr]    Compiling backtrace v0.3.63
[INFO] [stderr]    Compiling zstd-sys v1.6.2+zstd.1.5.1
[INFO] [stderr]    Compiling brotli-sys v0.3.2
[INFO] [stderr]    Compiling env_logger v0.8.4
[INFO] [stderr]     Checking digest v0.10.1
[INFO] [stderr]    Compiling prost-build v0.9.0
[INFO] [stderr]    Compiling which v3.1.1
[INFO] [stderr]     Checking crossbeam-channel v0.5.1
[INFO] [stderr]    Compiling num-integer v0.1.44
[INFO] [stderr]     Checking tracing-core v0.1.21
[INFO] [stderr]    Compiling proc-macro-error v1.0.4
[INFO] [stderr]    Compiling unicode-segmentation v1.8.0
[INFO] [stderr]    Compiling encoding_rs v0.8.30
[INFO] [stderr]    Compiling cexpr v0.4.0
[INFO] [stderr]    Compiling fixedbitset v0.4.1
[INFO] [stderr]    Compiling paste v1.0.6
[INFO] [stderr]     Checking itoa v0.4.8
[INFO] [stderr]    Compiling peeking_take_while v0.1.2
[INFO] [stderr]    Compiling serde_json v1.0.74
[INFO] [stderr]    Compiling remove_dir_all v0.5.3
[INFO] [stderr]    Compiling darling_core v0.12.4
[INFO] [stderr]     Checking ryu v1.0.9
[INFO] [stderr]    Compiling httparse v1.5.1
[INFO] [stderr]    Compiling shlex v1.1.0
[INFO] [stderr]    Compiling lazycell v1.3.0
[INFO] [stderr]    Compiling rustc-hash v1.1.0
[INFO] [stderr]    Compiling tempfile v3.2.0
[INFO] [stderr]    Compiling petgraph v0.6.0
[INFO] [stderr]    Compiling heck v0.3.3
[INFO] [stderr]     Checking tracing v0.1.29
[INFO] [stderr]     Checking actix-service v2.0.2
[INFO] [stderr]     Checking unicode-normalization v0.1.19
[INFO] [stderr]     Checking crossbeam-deque v0.8.1
[INFO] [stderr]     Checking actix-utils v3.0.0
[INFO] [stderr]     Checking form_urlencoded v1.0.1
[INFO] [stderr]    Compiling bytestring v1.0.0
[INFO] [stderr]    Compiling rayon v1.5.1
[INFO] [stderr]    Compiling cookie v0.16.0
[INFO] [stderr]    Compiling time-macros v0.2.3
[INFO] [stderr]     Checking unicode-bidi v0.3.7
[INFO] [stderr]    Compiling firestorm v0.4.6
[INFO] [stderr]    Compiling nix v0.17.0
[INFO] [stderr]     Checking cpufeatures v0.2.1
[INFO] [stderr]    Compiling convert_case v0.4.0
[INFO] [stderr]    Compiling multimap v0.8.3
[INFO] [stderr]     Checking idna v0.2.3
[INFO] [stderr]     Checking sha-1 v0.10.0
[INFO] [stderr]     Checking flate2 v1.0.22
[INFO] [stderr]     Checking scheduled-thread-pool v0.2.5
[INFO] [stderr]     Checking time v0.1.44
[INFO] [stderr]     Checking socket2 v0.4.2
[INFO] [stderr]     Checking mio v0.8.0
[INFO] [stderr]     Checking void v1.0.2
[INFO] [stderr]    Compiling heck v0.4.0
[INFO] [stderr]    Compiling sysinfo v0.22.4
[INFO] [stderr]     Checking mime v0.3.16
[INFO] [stderr]    Compiling names v0.12.0
[INFO] [stderr]     Checking base64 v0.13.0
[INFO] [stderr]     Checking cfg-if v0.1.10
[INFO] [stderr]    Compiling snap v1.0.5
[INFO] [stderr]     Checking time v0.3.5
[INFO] [stderr]     Checking language-tags v0.3.2
[INFO] [stderr]     Checking httpdate v1.0.2
[INFO] [stderr]     Checking chrono v0.4.19
[INFO] [stderr]     Checking r2d2 v0.8.9
[INFO] [stderr]     Checking url v2.2.2
[INFO] [stderr]     Checking os_str_bytes v6.0.0
[INFO] [stderr]     Checking textwrap v0.14.2
[INFO] [stderr]     Checking unicode_categories v0.1.1
[INFO] [stderr]    Compiling futures-macro v0.3.19
[INFO] [stderr]    Compiling tokio-macros v1.7.0
[INFO] [stderr]    Compiling thiserror-impl v1.0.30
[INFO] [stderr]    Compiling prost-derive v0.9.0
[INFO] [stderr]    Compiling actix-macros v0.2.3
[INFO] [stderr]    Compiling darling_macro v0.12.4
[INFO] [stderr]    Compiling derive_more v0.99.17
[INFO] [stderr]    Compiling serde_repr v0.1.7
[INFO] [stderr]    Compiling clap_derive v3.0.1
[INFO] [stderr]    Compiling actix_derive v0.6.0
[INFO] [stderr]     Checking env_logger v0.9.0
[INFO] [stderr]    Compiling darling v0.12.4
[INFO] [stderr]    Compiling derive_builder_core v0.10.2
[INFO] [stderr]     Checking tokio v1.15.0
[INFO] [stderr]     Checking md-5 v0.10.0
[INFO] [stderr]     Checking lru v0.7.2
[INFO] [stderr]     Checking dashmap v5.0.0
[INFO] [stderr]     Checking fern v0.6.0
[INFO] [stderr]     Checking linked-hash-map v0.5.4
[INFO] [stderr]    Compiling thiserror v1.0.30
[INFO] [stderr]    Compiling derive_builder_macro v0.10.2
[INFO] [stderr]     Checking psutil v3.2.1
[INFO] [stderr]     Checking snailquote v0.3.1
[INFO] [stderr]     Checking clap v3.0.1
[INFO] [stderr]    Compiling prost v0.9.0
[INFO] [stderr]     Checking derive_builder v0.10.2
[INFO] [stderr]    Compiling prost-types v0.9.0
[INFO] [stderr]    Compiling libtaos v0.2.3
[INFO] [stderr]     Checking local-channel v0.1.2
[INFO] [stderr]     Checking futures-executor v0.3.19
[INFO] [stderr]     Checking tokio-util v0.6.9
[INFO] [stderr]     Checking actix-rt v2.5.1
[INFO] [stderr]     Checking futures v0.3.19
[INFO] [stderr]     Checking actix-server v2.0.0-rc.3
[INFO] [stderr]     Checking actix-codec v0.4.2
[INFO] [stderr]     Checking h2 v0.3.9
[INFO] [stderr]     Checking actix v0.12.0
[INFO] [stderr] error: failed to run custom build command for `libtaos v0.2.3`
[INFO] [stderr] note: To improve backtraces for build dependencies, set the CARGO_PROFILE_DEV_BUILD_OVERRIDE_DEBUG=true environment variable to enable debug information generation.
[INFO] [stderr] 
[INFO] [stderr] Caused by:
[INFO] [stderr]   process didn't exit successfully: `/opt/rustwide/target/debug/build/libtaos-7ab10bde77724167/build-script-build` (exit status: 101)
[INFO] [stderr]   --- stdout
[INFO] [stderr]   cargo:rustc-link-lib=taos
[INFO] [stderr]   cargo:rerun-if-changed=wrapper.h
[INFO] [stderr] 
[INFO] [stderr]   --- stderr
[INFO] [stderr]   wrapper.h:1:10: fatal error: 'taos.h' file not found
[INFO] [stderr]   wrapper.h:1:10: fatal error: 'taos.h' file not found, err: true
[INFO] [stderr]   thread 'main' panicked at 'Unable to generate bindings: ()', /opt/rustwide/cargo-home/registry/src/index.crates.io-6f17d22bba15001f/libtaos-0.2.3/build.rs:31:10
[INFO] [stderr]   stack backtrace:
[INFO] [stderr]      0:     0x563ad70c2e8a - std::backtrace_rs::backtrace::libunwind::trace::h2f05d0192276a8f6
[INFO] [stderr]                                  at /rustc/1b7dd2252b99671ce5d1cb9664c5f8636329436d/library/std/src/../../backtrace/src/backtrace/libunwind.rs:93:5
[INFO] [stderr]      1:     0x563ad70c2e8a - std::backtrace_rs::backtrace::trace_unsynchronized::hedc23dff7a1af150
[INFO] [stderr]                                  at /rustc/1b7dd2252b99671ce5d1cb9664c5f8636329436d/library/std/src/../../backtrace/src/backtrace/mod.rs:66:5
[INFO] [stderr]      2:     0x563ad70c2e8a - std::sys_common::backtrace::_print_fmt::h17541ef7592f3ce2
[INFO] [stderr]                                  at /rustc/1b7dd2252b99671ce5d1cb9664c5f8636329436d/library/std/src/sys_common/backtrace.rs:65:5
[INFO] [stderr]      3:     0x563ad70c2e8a - <std::sys_common::backtrace::_print::DisplayBacktrace as core::fmt::Display>::fmt::h20f75df5ab0c0792
[INFO] [stderr]                                  at /rustc/1b7dd2252b99671ce5d1cb9664c5f8636329436d/library/std/src/sys_common/backtrace.rs:44:22
[INFO] [stderr]      4:     0x563ad70e7c5f - core::fmt::write::h78109e6f466b3af6
[INFO] [stderr]                                  at /rustc/1b7dd2252b99671ce5d1cb9664c5f8636329436d/library/core/src/fmt/mod.rs:1254:17
[INFO] [stderr]      5:     0x563ad70c0075 - std::io::Write::write_fmt::hc59e1b02dd273c8a
[INFO] [stderr]                                  at /rustc/1b7dd2252b99671ce5d1cb9664c5f8636329436d/library/std/src/io/mod.rs:1698:15
[INFO] [stderr]      6:     0x563ad70c2c55 - std::sys_common::backtrace::_print::h8dac57a9f8fbf9a5
[INFO] [stderr]                                  at /rustc/1b7dd2252b99671ce5d1cb9664c5f8636329436d/library/std/src/sys_common/backtrace.rs:47:5
[INFO] [stderr]      7:     0x563ad70c2c55 - std::sys_common::backtrace::print::hf9ecbf41d1aa712f
[INFO] [stderr]                                  at /rustc/1b7dd2252b99671ce5d1cb9664c5f8636329436d/library/std/src/sys_common/backtrace.rs:34:9
[INFO] [stderr]      8:     0x563ad70c42fe - std::panicking::default_hook::{{closure}}::h04c07acfc84ca028
[INFO] [stderr]                                  at /rustc/1b7dd2252b99671ce5d1cb9664c5f8636329436d/library/std/src/panicking.rs:269:22
[INFO] [stderr]      9:     0x563ad70c40a5 - std::panicking::default_hook::h01f6bb23e1eceb2c
[INFO] [stderr]                                  at /rustc/1b7dd2252b99671ce5d1cb9664c5f8636329436d/library/std/src/panicking.rs:288:9
[INFO] [stderr]     10:     0x563ad70c485e - std::panicking::rust_panic_with_hook::h2bb3722bbaf2f6df
[INFO] [stderr]                                  at /rustc/1b7dd2252b99671ce5d1cb9664c5f8636329436d/library/std/src/panicking.rs:691:13
[INFO] [stderr]     11:     0x563ad70c4759 - std::panicking::begin_panic_handler::{{closure}}::h91bc7f36a4be011b
[INFO] [stderr]                                  at /rustc/1b7dd2252b99671ce5d1cb9664c5f8636329436d/library/std/src/panicking.rs:582:13
[INFO] [stderr]     12:     0x563ad70c32f6 - std::sys_common::backtrace::__rust_end_short_backtrace::h8b3d3717114f9e59
[INFO] [stderr]                                  at /rustc/1b7dd2252b99671ce5d1cb9664c5f8636329436d/library/std/src/sys_common/backtrace.rs:150:18
[INFO] [stderr]     13:     0x563ad70c44b2 - rust_begin_unwind
[INFO] [stderr]                                  at /rustc/1b7dd2252b99671ce5d1cb9664c5f8636329436d/library/std/src/panicking.rs:578:5
[INFO] [stderr]     14:     0x563ad6cbf473 - core::panicking::panic_fmt::hfd368e3fbdabea26
[INFO] [stderr]                                  at /rustc/1b7dd2252b99671ce5d1cb9664c5f8636329436d/library/core/src/panicking.rs:67:14
[INFO] [stderr]     15:     0x563ad6cbfa13 - core::result::unwrap_failed::he54eb4b2f125b26f
[INFO] [stderr]                                  at /rustc/1b7dd2252b99671ce5d1cb9664c5f8636329436d/library/core/src/result.rs:1687:5
[INFO] [stderr]     16:     0x563ad6cc129b - core::result::Result<T,E>::expect::h5aad565823954e08
[INFO] [stderr]     17:     0x563ad6cc153e - build_script_build::main::h17bbb28e90b1c59a
[INFO] [stderr]     18:     0x563ad6cc0253 - core::ops::function::FnOnce::call_once::h3aa57b86e42f3ac1
[INFO] [stderr]     19:     0x563ad6cc09b6 - std::sys_common::backtrace::__rust_begin_short_backtrace::h570e7de9ae16c0b2
[INFO] [stderr]     20:     0x563ad6cc06b9 - std::rt::lang_start::{{closure}}::hddd8b55a5323920d
[INFO] [stderr]     21:     0x563ad70bca2e - core::ops::function::impls::<impl core::ops::function::FnOnce<A> for &F>::call_once::h2eb19b8ce4148df4
[INFO] [stderr]                                  at /rustc/1b7dd2252b99671ce5d1cb9664c5f8636329436d/library/core/src/ops/function.rs:287:13
[INFO] [stderr]     22:     0x563ad70bca2e - std::panicking::try::do_call::h2e900feff5d504c5
[INFO] [stderr]                                  at /rustc/1b7dd2252b99671ce5d1cb9664c5f8636329436d/library/std/src/panicking.rs:485:40
[INFO] [stderr]     23:     0x563ad70bca2e - std::panicking::try::h8854836cb85aa9f2
[INFO] [stderr]                                  at /rustc/1b7dd2252b99671ce5d1cb9664c5f8636329436d/library/std/src/panicking.rs:449:19
[INFO] [stderr]     24:     0x563ad70bca2e - std::panic::catch_unwind::h706025dd4c48f64b
[INFO] [stderr]                                  at /rustc/1b7dd2252b99671ce5d1cb9664c5f8636329436d/library/std/src/panic.rs:140:14
[INFO] [stderr]     25:     0x563ad70bca2e - std::rt::lang_start_internal::{{closure}}::h7be5b97f4a07a91a
[INFO] [stderr]                                  at /rustc/1b7dd2252b99671ce5d1cb9664c5f8636329436d/library/std/src/rt.rs:148:48
[INFO] [stderr]     26:     0x563ad70bca2e - std::panicking::try::do_call::h59847e9d0a176965
[INFO] [stderr]                                  at /rustc/1b7dd2252b99671ce5d1cb9664c5f8636329436d/library/std/src/panicking.rs:485:40
[INFO] [stderr]     27:     0x563ad70bca2e - std::panicking::try::h399a918ba8522823
[INFO] [stderr]                                  at /rustc/1b7dd2252b99671ce5d1cb9664c5f8636329436d/library/std/src/panicking.rs:449:19
[INFO] [stderr]     28:     0x563ad70bca2e - std::panic::catch_unwind::hca7ca6c55b2a2e26
[INFO] [stderr]                                  at /rustc/1b7dd2252b99671ce5d1cb9664c5f8636329436d/library/std/src/panic.rs:140:14
[INFO] [stderr]     29:     0x563ad70bca2e - std::rt::lang_start_internal::h2c807a81560459eb
[INFO] [stderr]                                  at /rustc/1b7dd2252b99671ce5d1cb9664c5f8636329436d/library/std/src/rt.rs:148:20
[INFO] [stderr]     30:     0x563ad6cc0697 - std::rt::lang_start::h63adac574e350b92
[INFO] [stderr]     31:     0x563ad6cc16d5 - main
[INFO] [stderr]     32:     0x7f1b2ca8cd90 - <unknown>
[INFO] [stderr]     33:     0x7f1b2ca8ce40 - __libc_start_main
[INFO] [stderr]     34:     0x563ad6cbfbf5 - _start
[INFO] [stderr]     35:                0x0 - <unknown>
[INFO] [stderr] warning: build failed, waiting for other jobs to finish...
[INFO] running `Command { std: "docker" "inspect" "420e3f3832ef2f9ba77243e0b017d4a255c4387214325858b445052bbbdfee69", kill_on_drop: false }`
[INFO] running `Command { std: "docker" "rm" "-f" "420e3f3832ef2f9ba77243e0b017d4a255c4387214325858b445052bbbdfee69", kill_on_drop: false }`
[INFO] [stdout] 420e3f3832ef2f9ba77243e0b017d4a255c4387214325858b445052bbbdfee69
