[INFO] fetching crate azalea-protocol 0.6.0...
[INFO] documenting azalea-protocol-0.6.0 against 1.69.0 for beta-1.70-rustdoc-1
[INFO] extracting crate azalea-protocol 0.6.0 into /workspace/builds/worker-4-tc1/source
[INFO] validating manifest of crates.io crate azalea-protocol 0.6.0 on toolchain 1.69.0
[INFO] running `Command { std: CARGO_HOME="/workspace/cargo-home" RUSTUP_HOME="/workspace/rustup-home" "/workspace/cargo-home/bin/cargo" "+1.69.0" "metadata" "--manifest-path" "Cargo.toml" "--no-deps", kill_on_drop: false }`
[INFO] started tweaking crates.io crate azalea-protocol 0.6.0
[INFO] finished tweaking crates.io crate azalea-protocol 0.6.0
[INFO] tweaked toml for crates.io crate azalea-protocol 0.6.0 written to /workspace/builds/worker-4-tc1/source/Cargo.toml
[INFO] crate crates.io crate azalea-protocol 0.6.0 already has a lockfile, it will not be regenerated
[INFO] running `Command { std: CARGO_HOME="/workspace/cargo-home" RUSTUP_HOME="/workspace/rustup-home" "/workspace/cargo-home/bin/cargo" "+1.69.0" "fetch" "--manifest-path" "Cargo.toml", kill_on_drop: false }`
[INFO] [stderr]  Downloading crates ...
[INFO] [stderr]   Downloaded async-trait v0.1.63
[INFO] [stderr]   Downloaded bevy_utils v0.9.1
[INFO] [stderr]   Downloaded concurrent-queue v2.1.0
[INFO] [stderr]   Downloaded bevy_tasks v0.9.1
[INFO] [stderr]   Downloaded tracing-subscriber v0.3.16
[INFO] [stderr]   Downloaded simple_asn1 v0.5.4
[INFO] [stderr]   Downloaded azalea-block v0.6.0
[INFO] [stderr]   Downloaded bevy_app v0.9.1
[INFO] [stderr]   Downloaded tokio-macros v1.8.2
[INFO] [stderr]   Downloaded azalea-crypto v0.6.0
[INFO] [stderr]   Downloaded toml v0.7.0
[INFO] [stderr]   Downloaded bevy_ecs_macros v0.9.1
[INFO] [stderr]   Downloaded security-framework v2.8.1
[INFO] [stderr]   Downloaded serde_spanned v0.6.0
[INFO] [stderr]   Downloaded enum-as-inner v0.5.1
[INFO] [stderr]   Downloaded inout v0.1.3
[INFO] [stderr]   Downloaded azalea-chat v0.6.0
[INFO] [stderr]   Downloaded bevy_derive v0.9.1
[INFO] [stderr]   Downloaded azalea-buf v0.6.0
[INFO] [stderr]   Downloaded async-recursion v1.0.2
[INFO] [stderr]   Downloaded azalea-ecs v0.6.0
[INFO] [stderr]   Downloaded azalea-buf-macros v0.6.0
[INFO] [stderr]   Downloaded azalea-protocol-macros v0.6.0
[INFO] [stderr]   Downloaded azalea-auth v0.6.0
[INFO] [stderr]   Downloaded azalea-core v0.6.0
[INFO] [stderr]   Downloaded data-encoding v2.3.3
[INFO] [stderr]   Downloaded async-task v4.3.0
[INFO] [stderr]   Downloaded trust-dns-proto v0.22.0
[INFO] [stderr]   Downloaded openssl-sys v0.9.80
[INFO] [stderr]   Downloaded azalea-nbt v0.6.0
[INFO] [stderr]   Downloaded bevy_ptr v0.9.1
[INFO] [stderr]   Downloaded bevy_macro_utils v0.9.1
[INFO] [stderr]   Downloaded bytes v1.3.0
[INFO] [stderr]   Downloaded glam v0.22.0
[INFO] [stderr]   Downloaded azalea-language v0.6.0
[INFO] [stderr]   Downloaded erased-serde v0.3.24
[INFO] [stderr]   Downloaded cfb8 v0.8.1
[INFO] [stderr]   Downloaded parking_lot_core v0.9.6
[INFO] [stderr]   Downloaded mio v0.8.5
[INFO] [stderr]   Downloaded azalea-registry-macros v0.6.0
[INFO] [stderr]   Downloaded rsa_public_encrypt_pkcs1 v0.4.0
[INFO] [stderr]   Downloaded azalea-ecs-macros v0.6.0
[INFO] [stderr]   Downloaded toml_datetime v0.6.0
[INFO] [stderr]   Downloaded bevy_math v0.9.1
[INFO] [stderr]   Downloaded azalea-world v0.6.0
[INFO] [stderr]   Downloaded lru-cache v0.1.2
[INFO] [stderr]   Downloaded azalea-brigadier v0.6.0
[INFO] [stderr]   Downloaded ipnet v2.7.1
[INFO] [stderr]   Downloaded cipher v0.4.3
[INFO] [stderr]   Downloaded azalea-block-macros v0.6.0
[INFO] [stderr]   Downloaded concurrent-queue v1.2.4
[INFO] [stderr]   Downloaded futures-executor v0.3.25
[INFO] [stderr]   Downloaded azalea-registry v0.6.0
[INFO] [stderr]   Downloaded bevy_time v0.9.1
[INFO] [stderr]   Downloaded iyes_loopless v0.9.1
[INFO] [stderr]   Downloaded hyper v0.14.23
[INFO] [stderr]   Downloaded cc v1.0.78
[INFO] [stderr]   Downloaded uuid v1.2.2
[INFO] [stderr]   Downloaded aes v0.8.2
[INFO] [stderr]   Downloaded bevy_reflect v0.9.1
[INFO] [stderr]   Downloaded tokio-util v0.7.4
[INFO] [stderr]   Downloaded trust-dns-resolver v0.22.0
[INFO] [stderr]   Downloaded toml_edit v0.19.0
[INFO] [stderr]   Downloaded h2 v0.3.15
[INFO] [stderr]   Downloaded reqwest v0.11.14
[INFO] [stderr]   Downloaded nom8 v0.2.0
[INFO] [stderr]   Downloaded bevy_ecs v0.9.1
[INFO] [stderr]   Downloaded openssl v0.10.45
[INFO] [stderr]   Downloaded bevy_reflect_derive v0.9.1
[INFO] [stderr]   Downloaded tokio v1.25.0
[INFO] running `Command { std: "docker" "create" "-v" "/var/lib/crater-agent-workspace/builds/worker-4-tc1/target:/opt/rustwide/target:rw,Z" "-v" "/var/lib/crater-agent-workspace/builds/worker-4-tc1/source:/opt/rustwide/workdir:ro,Z" "-v" "/var/lib/crater-agent-workspace/cargo-home:/opt/rustwide/cargo-home:ro,Z" "-v" "/var/lib/crater-agent-workspace/rustup-home:/opt/rustwide/rustup-home:ro,Z" "-e" "SOURCE_DIR=/opt/rustwide/workdir" "-e" "CARGO_TARGET_DIR=/opt/rustwide/target" "-e" "CARGO_HOME=/opt/rustwide/cargo-home" "-e" "RUSTUP_HOME=/opt/rustwide/rustup-home" "-w" "/opt/rustwide/workdir" "-m" "1610612736" "--user" "0:0" "--network" "none" "ghcr.io/rust-lang/crates-build-env/linux@sha256:5ff2268d62e97bff2cde7d5815dd6ed5b47097566f13b8d0ca110b04b60e07ed" "/opt/rustwide/cargo-home/bin/cargo" "+1.69.0" "metadata" "--no-deps" "--format-version=1", kill_on_drop: false }`
[INFO] [stdout] 1b665aeb9e909c8795ca3ce7995ffacc06836eb9dfa60a5a804ab24b74f31434
[INFO] running `Command { std: "docker" "start" "-a" "1b665aeb9e909c8795ca3ce7995ffacc06836eb9dfa60a5a804ab24b74f31434", kill_on_drop: false }`
[INFO] running `Command { std: "docker" "inspect" "1b665aeb9e909c8795ca3ce7995ffacc06836eb9dfa60a5a804ab24b74f31434", kill_on_drop: false }`
[INFO] running `Command { std: "docker" "rm" "-f" "1b665aeb9e909c8795ca3ce7995ffacc06836eb9dfa60a5a804ab24b74f31434", kill_on_drop: false }`
[INFO] [stdout] 1b665aeb9e909c8795ca3ce7995ffacc06836eb9dfa60a5a804ab24b74f31434
[INFO] running `Command { std: "docker" "create" "-v" "/var/lib/crater-agent-workspace/builds/worker-4-tc1/target:/opt/rustwide/target:rw,Z" "-v" "/var/lib/crater-agent-workspace/builds/worker-4-tc1/source:/opt/rustwide/workdir:ro,Z" "-v" "/var/lib/crater-agent-workspace/cargo-home:/opt/rustwide/cargo-home:ro,Z" "-v" "/var/lib/crater-agent-workspace/rustup-home:/opt/rustwide/rustup-home:ro,Z" "-e" "SOURCE_DIR=/opt/rustwide/workdir" "-e" "CARGO_TARGET_DIR=/opt/rustwide/target" "-e" "CARGO_INCREMENTAL=0" "-e" "RUST_BACKTRACE=full" "-e" "RUSTFLAGS=--cap-lints=warn" "-e" "RUSTDOCFLAGS=--cap-lints=warn" "-e" "CARGO_HOME=/opt/rustwide/cargo-home" "-e" "RUSTUP_HOME=/opt/rustwide/rustup-home" "-w" "/opt/rustwide/workdir" "-m" "1610612736" "--user" "0:0" "--network" "none" "ghcr.io/rust-lang/crates-build-env/linux@sha256:5ff2268d62e97bff2cde7d5815dd6ed5b47097566f13b8d0ca110b04b60e07ed" "/opt/rustwide/cargo-home/bin/cargo" "+1.69.0" "doc" "--frozen" "--no-deps" "--document-private-items" "--message-format=json", kill_on_drop: false }`
[INFO] [stdout] ef97afeff8aa058e9dc2b47c8b5af81031410beafae2a43dc10d841a1d6657e0
[INFO] running `Command { std: "docker" "start" "-a" "ef97afeff8aa058e9dc2b47c8b5af81031410beafae2a43dc10d841a1d6657e0", kill_on_drop: false }`
[INFO] [stderr]    Compiling proc-macro2 v1.0.50
[INFO] [stderr]    Compiling unicode-ident v1.0.6
[INFO] [stderr]    Compiling quote v1.0.23
[INFO] [stderr]    Compiling syn v1.0.107
[INFO] [stderr]    Compiling libc v0.2.139
[INFO] [stderr]    Compiling serde_derive v1.0.152
[INFO] [stderr]    Compiling serde v1.0.152
[INFO] [stderr]     Checking once_cell v1.17.0
[INFO] [stderr]    Compiling futures-core v0.3.25
[INFO] [stderr]    Compiling log v0.4.17
[INFO] [stderr]     Checking bytes v1.3.0
[INFO] [stderr]    Compiling ahash v0.7.6
[INFO] [stderr]    Compiling tokio v1.25.0
[INFO] [stderr]    Compiling thiserror v1.0.38
[INFO] [stderr]    Compiling slab v0.4.7
[INFO] [stderr]     Checking futures-io v0.3.25
[INFO] [stderr]     Checking itoa v1.0.5
[INFO] [stderr]     Checking tracing-core v0.1.30
[INFO] [stderr]    Compiling cfg-if v1.0.0
[INFO] [stderr]    Compiling num-traits v0.2.15
[INFO] [stderr]     Checking byteorder v1.4.3
[INFO] [stderr]    Compiling serde_json v1.0.91
[INFO] [stderr]    Compiling crossbeam-utils v0.8.14
[INFO] [stderr]     Checking ryu v1.0.12
[INFO] [stderr]    Compiling indexmap v1.9.2
[INFO] [stderr]    Compiling generic-array v0.14.6
[INFO] [stderr]    Compiling futures-channel v0.3.25
[INFO] [stderr]    Compiling futures-task v0.3.25
[INFO] [stderr]    Compiling parking_lot_core v0.9.6
[INFO] [stderr]     Checking futures-sink v0.3.25
[INFO] [stderr]    Compiling num-integer v0.1.45
[INFO] [stderr]     Checking event-listener v2.5.3
[INFO] [stderr]    Compiling futures-util v0.3.25
[INFO] [stderr]     Checking fastrand v1.8.0
[INFO] [stderr]     Checking waker-fn v1.1.0
[INFO] [stderr]     Checking parking v2.0.0
[INFO] [stderr]    Compiling cc v1.0.78
[INFO] [stderr]    Compiling bit-vec v0.6.3
[INFO] [stderr]    Compiling erased-serde v0.3.24
[INFO] [stderr]     Checking bytemuck v1.13.0
[INFO] [stderr]     Checking instant v0.1.12
[INFO] [stderr]     Checking futures-lite v1.12.0
[INFO] [stderr]     Checking async-task v4.3.0
[INFO] [stderr]     Checking cache-padded v1.2.0
[INFO] [stderr]     Checking getrandom v0.2.8
[INFO] [stderr]     Checking num_cpus v1.15.0
[INFO] [stderr]     Checking mio v0.8.5
[INFO] [stderr]     Checking socket2 v0.4.7
[INFO] [stderr]    Compiling bit-set v0.5.3
[INFO] [stderr]     Checking tinyvec_macros v0.1.0
[INFO] [stderr]     Checking concurrent-queue v1.2.4
[INFO] [stderr]    Compiling num-bigint v0.4.3
[INFO] [stderr]     Checking tinyvec v1.6.0
[INFO] [stderr]     Checking bevy_ptr v0.9.1
[INFO] [stderr]     Checking downcast-rs v1.2.0
[INFO] [stderr]     Checking rand_core v0.6.4
[INFO] [stderr]     Checking concurrent-queue v2.1.0
[INFO] [stderr]     Checking crypto-common v0.1.6
[INFO] [stderr]     Checking fxhash v0.2.1
[INFO] [stderr]     Checking thread_local v1.1.4
[INFO] [stderr]    Compiling crc32fast v1.3.2
[INFO] [stderr]     Checking ppv-lite86 v0.2.17
[INFO] [stderr]     Checking fixedbitset v0.4.2
[INFO] [stderr]    Compiling openssl v0.10.45
[INFO] [stderr]     Checking unicode-bidi v0.3.10
[INFO] [stderr]     Checking http v0.2.8
[INFO] [stderr]    Compiling memchr v2.5.0
[INFO] [stderr]     Checking async-channel v1.8.0
[INFO] [stderr]     Checking async-lock v2.6.0
[INFO] [stderr]    Compiling num-iter v0.1.43
[INFO] [stderr]    Compiling num-rational v0.4.1
[INFO] [stderr]     Checking adler v1.0.2
[INFO] [stderr]     Checking inout v0.1.3
[INFO] [stderr]    Compiling ahash v0.8.3
[INFO] [stderr]     Checking rand_chacha v0.3.1
[INFO] [stderr]     Checking miniz_oxide v0.6.2
[INFO] [stderr]     Checking async-executor v1.5.0
[INFO] [stderr]     Checking unicode-normalization v0.1.22
[INFO] [stderr]     Checking cipher v0.4.3
[INFO] [stderr]     Checking want v0.3.0
[INFO] [stderr]     Checking rand v0.8.5
[INFO] [stderr]     Checking num-complex v0.4.3
[INFO] [stderr]     Checking block-buffer v0.10.3
[INFO] [stderr]    Compiling nom8 v0.2.0
[INFO] [stderr]     Checking chrono v0.4.23
[INFO] [stderr]    Compiling openssl-sys v0.9.80
[INFO] [stderr]     Checking bevy_tasks v0.9.1
[INFO] [stderr]     Checking crossbeam-channel v0.5.6
[INFO] [stderr]     Checking ipnet v2.7.1
[INFO] [stderr]    Compiling async-trait v0.1.63
[INFO] [stderr]     Checking flate2 v1.0.25
[INFO] [stderr]    Compiling encoding_rs v0.8.31
[INFO] [stderr]     Checking http-body v0.4.5
[INFO] [stderr]     Checking idna v0.3.0
[INFO] [stderr]     Checking cpufeatures v0.2.5
[INFO] [stderr]     Checking digest v0.10.6
[INFO] [stderr]     Checking matches v0.1.10
[INFO] [stderr]     Checking aes v0.8.2
[INFO] [stderr]     Checking cfb8 v0.8.1
[INFO] [stderr]     Checking idna v0.2.3
[INFO] [stderr]     Checking mime v0.3.16
[INFO] [stderr]     Checking sha-1 v0.10.1
[INFO] [stderr]     Checking linked-hash-map v0.5.6
[INFO] [stderr]     Checking data-encoding v2.3.3
[INFO] [stderr]    Compiling convert_case v0.4.0
[INFO] [stderr]     Checking nohash-hasher v0.2.0
[INFO] [stderr]     Checking url v2.3.1
[INFO] [stderr]     Checking lru-cache v0.1.2
[INFO] [stderr]    Compiling native-tls v0.2.11
[INFO] [stderr]     Checking num v0.4.0
[INFO] [stderr]    Compiling tokio-macros v1.8.2
[INFO] [stderr]    Compiling thiserror-impl v1.0.38
[INFO] [stderr]    Compiling tracing-attributes v0.1.23
[INFO] [stderr]    Compiling azalea-buf-macros v0.6.0
[INFO] [stderr]    Compiling futures-macro v0.3.25
[INFO] [stderr]    Compiling openssl-macros v0.1.0
[INFO] [stderr]    Compiling enum-as-inner v0.5.1
[INFO] [stderr]    Compiling num-derive v0.3.3
[INFO] [stderr]    Compiling azalea-registry-macros v0.6.0
[INFO] [stderr]    Compiling azalea-block-macros v0.6.0
[INFO] [stderr]    Compiling derive_more v0.99.17
[INFO] [stderr]    Compiling async-recursion v1.0.2
[INFO] [stderr]    Compiling azalea-protocol-macros v0.6.0
[INFO] [stderr]     Checking tracing v0.1.37
[INFO] [stderr]     Checking simple_asn1 v0.5.4
[INFO] [stderr]     Checking rsa_public_encrypt_pkcs1 v0.4.0
[INFO] [stderr]     Checking futures-executor v0.3.25
[INFO] [stderr]     Checking futures v0.3.25
[INFO] [stderr]     Checking tokio-util v0.7.4
[INFO] [stderr]     Checking tokio-native-tls v0.3.0
[INFO] [stderr]     Checking async-compression v0.3.15
[INFO] [stderr]     Checking uuid v1.2.2
[INFO] [stderr]     Checking hashbrown v0.12.3
[INFO] [stderr]     Checking smallvec v1.10.0
[INFO] [stderr]     Checking glam v0.22.0
[INFO] [stderr]     Checking serde_urlencoded v0.7.1
[INFO] [stderr]     Checking trust-dns-proto v0.22.0
[INFO] [stderr]    Compiling toml v0.5.11
[INFO] [stderr]    Compiling toml_datetime v0.6.0
[INFO] [stderr]    Compiling serde_spanned v0.6.0
[INFO] [stderr]     Checking parking_lot v0.12.1
[INFO] [stderr]     Checking bevy_utils v0.9.1
[INFO] [stderr]     Checking azalea-buf v0.6.0
[INFO] [stderr]     Checking azalea-language v0.6.0
[INFO] [stdout] error[E0432]: unresolved import `thiserror`
[INFO] [stdout]   --> /opt/rustwide/cargo-home/registry/src/github.com-1ecc6299db9ec823/azalea-buf-0.6.0/src/read.rs:12:10
[INFO] [stdout]    |
[INFO] [stdout] 12 | #[derive(Error, Debug)]
[INFO] [stdout]    |          ^^^^^ no `ThiserrorProvide` in `__private`
[INFO] [stdout]    |
[INFO] [stdout]    = note: this error originates in the derive macro `Error` (in Nightly builds, run with -Z macro-backtrace for more info)
[INFO] [stdout] 
[INFO] [stdout] 
[INFO] [stdout] error[E0554]: `#![feature]` may not be used on the stable release channel
[INFO] [stdout]  --> /opt/rustwide/cargo-home/registry/src/github.com-1ecc6299db9ec823/azalea-buf-0.6.0/src/lib.rs:2:1
[INFO] [stdout]   |
[INFO] [stdout] 2 | #![feature(min_specialization)]
[INFO] [stdout]   | ^^^^^^^^^^^^^^^^^^^^^^^^^^^^^^^
[INFO] [stdout] 
[INFO] [stdout] 
[INFO] [stdout] error[E0554]: `#![feature]` may not be used on the stable release channel
[INFO] [stdout]  --> /opt/rustwide/cargo-home/registry/src/github.com-1ecc6299db9ec823/azalea-buf-0.6.0/src/lib.rs:4:1
[INFO] [stdout]   |
[INFO] [stdout] 4 | #![feature(error_generic_member_access)]
[INFO] [stdout]   | ^^^^^^^^^^^^^^^^^^^^^^^^^^^^^^^^^^^^^^^^
[INFO] [stdout] 
[INFO] [stdout] 
[INFO] [stdout] error[E0554]: `#![feature]` may not be used on the stable release channel
[INFO] [stdout]  --> /opt/rustwide/cargo-home/registry/src/github.com-1ecc6299db9ec823/azalea-buf-0.6.0/src/lib.rs:5:1
[INFO] [stdout]   |
[INFO] [stdout] 5 | #![feature(provide_any)]
[INFO] [stdout]   | ^^^^^^^^^^^^^^^^^^^^^^^^
[INFO] [stdout] 
[INFO] [stdout] 
[INFO] [stdout] error[E0554]: `#![feature]` may not be used on the stable release channel
[INFO] [stdout]  --> /opt/rustwide/cargo-home/registry/src/github.com-1ecc6299db9ec823/azalea-buf-0.6.0/src/lib.rs:4:12
[INFO] [stdout]   |
[INFO] [stdout] 4 | #![feature(error_generic_member_access)]
[INFO] [stdout]   |            ^^^^^^^^^^^^^^^^^^^^^^^^^^^
[INFO] [stdout] 
[INFO] [stdout] 
[INFO] [stdout] error[E0554]: `#![feature]` may not be used on the stable release channel
[INFO] [stdout]  --> /opt/rustwide/cargo-home/registry/src/github.com-1ecc6299db9ec823/azalea-buf-0.6.0/src/lib.rs:5:12
[INFO] [stdout]   |
[INFO] [stdout] 5 | #![feature(provide_any)]
[INFO] [stdout]   |            ^^^^^^^^^^^
[INFO] [stdout] 
[INFO] [stdout] 
[INFO] [stderr]     Checking h2 v0.3.15
[INFO] [stdout] error[E0599]: no method named `thiserror_provide` found for reference `&std::io::Error` in the current scope
[INFO] [stdout]   --> /opt/rustwide/cargo-home/registry/src/github.com-1ecc6299db9ec823/azalea-buf-0.6.0/src/read.rs:26:9
[INFO] [stdout]    |
[INFO] [stdout] 26 |         source: std::io::Error,
[INFO] [stdout]    |         ^^^^^^ method not found in `&Error`
[INFO] [stdout] 
[INFO] [stdout] 
[INFO] [stdout] error[E0599]: no method named `thiserror_provide` found for reference `&serde_json::Error` in the current scope
[INFO] [stdout]   --> /opt/rustwide/cargo-home/registry/src/github.com-1ecc6299db9ec823/azalea-buf-0.6.0/src/read.rs:51:9
[INFO] [stdout]    |
[INFO] [stdout] 51 |         source: serde_json::Error,
[INFO] [stdout]    |         ^^^^^^ method not found in `&Error`
[INFO] [stdout] 
[INFO] [stdout] 
[INFO] [stdout] error: aborting due to 8 previous errors
[INFO] [stdout] 
[INFO] [stdout] 
[INFO] [stdout] Some errors have detailed explanations: E0432, E0554, E0599.
[INFO] [stdout] 
[INFO] [stdout] For more information about an error, try `rustc --explain E0432`.
[INFO] [stdout] 
[INFO] [stderr] error: could not compile `azalea-buf` due to 9 previous errors
[INFO] [stderr] warning: build failed, waiting for other jobs to finish...
[INFO] running `Command { std: "docker" "inspect" "ef97afeff8aa058e9dc2b47c8b5af81031410beafae2a43dc10d841a1d6657e0", kill_on_drop: false }`
[INFO] running `Command { std: "docker" "rm" "-f" "ef97afeff8aa058e9dc2b47c8b5af81031410beafae2a43dc10d841a1d6657e0", kill_on_drop: false }`
[INFO] [stdout] ef97afeff8aa058e9dc2b47c8b5af81031410beafae2a43dc10d841a1d6657e0
