[INFO] fetching crate auditor-slurm-epilog-collector 0.1.0...
[INFO] documenting auditor-slurm-epilog-collector-0.1.0 against 1.69.0 for beta-1.70-rustdoc-1
[INFO] extracting crate auditor-slurm-epilog-collector 0.1.0 into /workspace/builds/worker-1-tc1/source
[INFO] validating manifest of crates.io crate auditor-slurm-epilog-collector 0.1.0 on toolchain 1.69.0
[INFO] running `Command { std: CARGO_HOME="/workspace/cargo-home" RUSTUP_HOME="/workspace/rustup-home" "/workspace/cargo-home/bin/cargo" "+1.69.0" "metadata" "--manifest-path" "Cargo.toml" "--no-deps", kill_on_drop: false }`
[INFO] started tweaking crates.io crate auditor-slurm-epilog-collector 0.1.0
[INFO] finished tweaking crates.io crate auditor-slurm-epilog-collector 0.1.0
[INFO] tweaked toml for crates.io crate auditor-slurm-epilog-collector 0.1.0 written to /workspace/builds/worker-1-tc1/source/Cargo.toml
[INFO] crate crates.io crate auditor-slurm-epilog-collector 0.1.0 already has a lockfile, it will not be regenerated
[INFO] running `Command { std: CARGO_HOME="/workspace/cargo-home" RUSTUP_HOME="/workspace/rustup-home" "/workspace/cargo-home/bin/cargo" "+1.69.0" "fetch" "--manifest-path" "Cargo.toml", kill_on_drop: false }`
[INFO] [stderr]  Downloading crates ...
[INFO] [stderr]   Downloaded pest_derive v2.5.7
[INFO] [stderr]   Downloaded serde-aux v4.2.0
[INFO] [stderr]   Downloaded pest_generator v2.5.7
[INFO] [stderr]   Downloaded pest_meta v2.5.7
[INFO] [stderr]   Downloaded pest v2.5.7
[INFO] [stderr]   Downloaded atoi v1.0.0
[INFO] [stderr]   Downloaded crc-catalog v2.2.0
[INFO] [stderr]   Downloaded sqlx-rt v0.6.3
[INFO] [stderr]   Downloaded opentelemetry-prometheus v0.10.0
[INFO] [stderr]   Downloaded opentelemetry-semantic-conventions v0.9.0
[INFO] [stderr]   Downloaded md-5 v0.10.5
[INFO] [stderr]   Downloaded sqlformat v0.2.1
[INFO] [stderr]   Downloaded crossbeam-queue v0.3.8
[INFO] [stderr]   Downloaded whoami v1.4.0
[INFO] [stderr]   Downloaded tracing-actix-web v0.7.4
[INFO] [stderr]   Downloaded dotenvy v0.15.7
[INFO] [stderr]   Downloaded regex v1.7.3
[INFO] [stderr]   Downloaded serde_with_macros v2.3.2
[INFO] [stderr]   Downloaded hashlink v0.8.1
[INFO] [stderr]   Downloaded stringprep v0.1.2
[INFO] [stderr]   Downloaded gethostname v0.2.3
[INFO] [stderr]   Downloaded sqlx-macros v0.6.3
[INFO] [stderr]   Downloaded tokio-stream v0.1.12
[INFO] [stderr]   Downloaded auditor v0.1.0
[INFO] [stderr]   Downloaded crc v3.0.1
[INFO] [stderr]   Downloaded uuid v1.3.1
[INFO] [stderr]   Downloaded fake v2.5.0
[INFO] [stderr]   Downloaded unicode_categories v0.1.1
[INFO] [stderr]   Downloaded prometheus v0.13.3
[INFO] [stderr]   Downloaded futures-intrusive v0.4.2
[INFO] [stderr]   Downloaded serde_with v2.3.2
[INFO] [stderr]   Downloaded opentelemetry v0.17.0
[INFO] [stderr]   Downloaded reqwest v0.11.16
[INFO] [stderr]   Downloaded actix-web-opentelemetry v0.12.0
[INFO] [stderr]   Downloaded sqlx v0.6.3
[INFO] [stderr]   Downloaded hkdf v0.12.3
[INFO] [stderr]   Downloaded sqlx-core v0.6.3
[INFO] [stderr]   Downloaded tracing-bunyan-formatter v0.3.7
[INFO] [stderr]   Downloaded tracing-subscriber v0.3.16
[INFO] running `Command { std: "docker" "create" "-v" "/var/lib/crater-agent-workspace/builds/worker-1-tc1/target:/opt/rustwide/target:rw,Z" "-v" "/var/lib/crater-agent-workspace/builds/worker-1-tc1/source:/opt/rustwide/workdir:ro,Z" "-v" "/var/lib/crater-agent-workspace/cargo-home:/opt/rustwide/cargo-home:ro,Z" "-v" "/var/lib/crater-agent-workspace/rustup-home:/opt/rustwide/rustup-home:ro,Z" "-e" "SOURCE_DIR=/opt/rustwide/workdir" "-e" "CARGO_TARGET_DIR=/opt/rustwide/target" "-e" "CARGO_HOME=/opt/rustwide/cargo-home" "-e" "RUSTUP_HOME=/opt/rustwide/rustup-home" "-w" "/opt/rustwide/workdir" "-m" "1610612736" "--user" "0:0" "--network" "none" "ghcr.io/rust-lang/crates-build-env/linux@sha256:5ff2268d62e97bff2cde7d5815dd6ed5b47097566f13b8d0ca110b04b60e07ed" "/opt/rustwide/cargo-home/bin/cargo" "+1.69.0" "metadata" "--no-deps" "--format-version=1", kill_on_drop: false }`
[INFO] [stdout] 9929187834e667bb6a5728923207386eb23d1a853388cc868d1a991cfd2919b0
[INFO] running `Command { std: "docker" "start" "-a" "9929187834e667bb6a5728923207386eb23d1a853388cc868d1a991cfd2919b0", kill_on_drop: false }`
[INFO] running `Command { std: "docker" "inspect" "9929187834e667bb6a5728923207386eb23d1a853388cc868d1a991cfd2919b0", kill_on_drop: false }`
[INFO] running `Command { std: "docker" "rm" "-f" "9929187834e667bb6a5728923207386eb23d1a853388cc868d1a991cfd2919b0", kill_on_drop: false }`
[INFO] [stdout] 9929187834e667bb6a5728923207386eb23d1a853388cc868d1a991cfd2919b0
[INFO] running `Command { std: "docker" "create" "-v" "/var/lib/crater-agent-workspace/builds/worker-1-tc1/target:/opt/rustwide/target:rw,Z" "-v" "/var/lib/crater-agent-workspace/builds/worker-1-tc1/source:/opt/rustwide/workdir:ro,Z" "-v" "/var/lib/crater-agent-workspace/cargo-home:/opt/rustwide/cargo-home:ro,Z" "-v" "/var/lib/crater-agent-workspace/rustup-home:/opt/rustwide/rustup-home:ro,Z" "-e" "SOURCE_DIR=/opt/rustwide/workdir" "-e" "CARGO_TARGET_DIR=/opt/rustwide/target" "-e" "CARGO_INCREMENTAL=0" "-e" "RUST_BACKTRACE=full" "-e" "RUSTFLAGS=--cap-lints=warn" "-e" "RUSTDOCFLAGS=--cap-lints=warn" "-e" "CARGO_HOME=/opt/rustwide/cargo-home" "-e" "RUSTUP_HOME=/opt/rustwide/rustup-home" "-w" "/opt/rustwide/workdir" "-m" "1610612736" "--user" "0:0" "--network" "none" "ghcr.io/rust-lang/crates-build-env/linux@sha256:5ff2268d62e97bff2cde7d5815dd6ed5b47097566f13b8d0ca110b04b60e07ed" "/opt/rustwide/cargo-home/bin/cargo" "+1.69.0" "doc" "--frozen" "--no-deps" "--document-private-items" "--message-format=json", kill_on_drop: false }`
[INFO] [stdout] 1e4c1a65805fe1d9363155c799b18fca5fde0bfd0ef6552b9641e947c6be2d73
[INFO] running `Command { std: "docker" "start" "-a" "1e4c1a65805fe1d9363155c799b18fca5fde0bfd0ef6552b9641e947c6be2d73", kill_on_drop: false }`
[INFO] [stderr]    Compiling libc v0.2.141
[INFO] [stderr]    Compiling proc-macro2 v1.0.56
[INFO] [stderr]     Checking once_cell v1.17.1
[INFO] [stderr]    Compiling serde v1.0.160
[INFO] [stderr]    Compiling futures-core v0.3.28
[INFO] [stderr]    Compiling tokio v1.27.0
[INFO] [stderr]    Compiling futures-task v0.3.28
[INFO] [stderr]    Compiling futures-util v0.3.28
[INFO] [stderr]     Checking futures-sink v0.3.28
[INFO] [stderr]     Checking futures-io v0.3.28
[INFO] [stderr]     Checking tracing-core v0.1.30
[INFO] [stderr]    Compiling pin-project-lite v0.2.9
[INFO] [stderr]    Compiling quote v1.0.26
[INFO] [stderr]    Compiling crossbeam-utils v0.8.15
[INFO] [stderr]    Compiling serde_json v1.0.96
[INFO] [stderr]    Compiling syn v2.0.15
[INFO] [stderr]    Compiling syn v1.0.109
[INFO] [stderr]    Compiling bytes v1.4.0
[INFO] [stderr]    Compiling futures-channel v0.3.28
[INFO] [stderr]     Checking getrandom v0.2.9
[INFO] [stderr]     Checking parking_lot_core v0.9.7
[INFO] [stderr]    Compiling jobserver v0.1.26
[INFO] [stderr]     Checking num_cpus v1.15.0
[INFO] [stderr]    Compiling cc v1.0.79
[INFO] [stderr]     Checking socket2 v0.4.9
[INFO] [stderr]     Checking parking_lot v0.12.1
[INFO] [stderr]     Checking mio v0.8.6
[INFO] [stderr]     Checking signal-hook-registry v1.4.1
[INFO] [stderr]     Checking ahash v0.7.6
[INFO] [stderr]    Compiling memchr v2.5.0
[INFO] [stderr]    Compiling rustls v0.20.8
[INFO] [stderr]     Checking rand_core v0.6.4
[INFO] [stderr]     Checking hashbrown v0.12.3
[INFO] [stderr]    Compiling typenum v1.16.0
[INFO] [stderr]    Compiling paste v1.0.12
[INFO] [stderr]    Compiling smallvec v1.10.0
[INFO] [stderr]     Checking rand_chacha v0.3.1
[INFO] [stderr]    Compiling ring v0.16.20
[INFO] [stderr]    Compiling generic-array v0.14.7
[INFO] [stderr]    Compiling parking_lot_core v0.8.6
[INFO] [stderr]    Compiling scopeguard v1.1.0
[INFO] [stderr]    Compiling lock_api v0.4.9
[INFO] [stderr]     Checking rand v0.8.5
[INFO] [stderr]     Checking indexmap v1.9.3
[INFO] [stderr]    Compiling untrusted v0.7.1
[INFO] [stderr]    Compiling spin v0.5.2
[INFO] [stderr]    Compiling zstd-sys v2.0.8+zstd.1.5.5
[INFO] [stderr]    Compiling subtle v2.4.1
[INFO] [stderr]     Checking regex-syntax v0.6.29
[INFO] [stderr]    Compiling crypto-common v0.1.6
[INFO] [stderr]    Compiling block-buffer v0.10.4
[INFO] [stderr]    Compiling digest v0.10.6
[INFO] [stderr]     Checking base64 v0.21.0
[INFO] [stderr]    Compiling tinyvec_macros v0.1.1
[INFO] [stderr]     Checking cpufeatures v0.2.6
[INFO] [stderr]    Compiling tinyvec v1.6.0
[INFO] [stderr]    Compiling ahash v0.8.3
[INFO] [stderr]    Compiling serde_derive v1.0.160
[INFO] [stderr]    Compiling tokio-macros v2.0.0
[INFO] [stderr]    Compiling thiserror-impl v1.0.40
[INFO] [stderr]     Checking local-waker v0.1.3
[INFO] [stderr]     Checking alloc-no-stdlib v2.0.4
[INFO] [stderr]    Compiling crossbeam-queue v0.3.8
[INFO] [stderr]    Compiling zstd-safe v6.0.5+zstd.1.5.4
[INFO] [stderr]     Checking webpki v0.22.0
[INFO] [stderr]     Checking sct v0.7.0
[INFO] [stderr]    Compiling time-macros v0.2.8
[INFO] [stderr]     Checking alloc-stdlib v0.2.2
[INFO] [stderr]     Checking thiserror v1.0.40
[INFO] [stderr]     Checking regex v1.7.3
[INFO] [stderr]    Compiling unicode-normalization v0.1.22
[INFO] [stderr]     Checking sha1 v0.10.5
[INFO] [stderr]     Checking num-integer v0.1.45
[INFO] [stderr]    Compiling aho-corasick v0.7.20
[INFO] [stderr]    Compiling num-traits v0.2.15
[INFO] [stderr]    Compiling tracing-attributes v0.1.23
[INFO] [stderr]    Compiling pin-project-internal v1.0.12
[INFO] [stderr]    Compiling instant v0.1.12
[INFO] [stderr]    Compiling unicode-bidi v0.3.13
[INFO] [stderr]     Checking time v0.3.20
[INFO] [stderr]     Checking pin-project v1.0.12
[INFO] [stderr]    Compiling pest v2.5.7
[INFO] [stderr]     Checking tracing v0.1.37
[INFO] [stderr]     Checking tokio-util v0.7.7
[INFO] [stderr]     Checking tokio-stream v0.1.12
[INFO] [stderr]     Checking actix-rt v2.8.0
[INFO] [stderr]     Checking tokio-rustls v0.23.4
[INFO] [stderr]     Checking h2 v0.3.18
[INFO] [stderr]    Compiling async-trait v0.1.68
[INFO] [stderr]     Checking brotli-decompressor v2.3.4
[INFO] [stderr]     Checking actix-utils v3.0.1
[INFO] [stderr]     Checking actix-service v2.0.2
[INFO] [stderr]     Checking chrono v0.4.24
[INFO] [stderr]    Compiling http v0.2.9
[INFO] [stderr]    Compiling either v1.8.1
[INFO] [stderr]    Compiling bytestring v1.3.0
[INFO] [stderr]    Compiling cookie v0.16.2
[INFO] [stderr]    Compiling minimal-lexical v0.2.1
[INFO] [stderr]    Compiling percent-encoding v2.2.0
[INFO] [stderr]    Compiling protobuf v2.28.0
[INFO] [stderr]    Compiling ppv-lite86 v0.2.17
[INFO] [stderr]     Checking mime v0.3.17
[INFO] [stderr]    Compiling convert_case v0.4.0
[INFO] [stderr]    Compiling nom v7.1.3
[INFO] [stderr]    Compiling actix-router v0.5.1
[INFO] [stderr]    Compiling darling_core v0.14.4
[INFO] [stderr]    Compiling derive_more v0.99.17
[INFO] [stderr]    Compiling form_urlencoded v1.1.0
[INFO] [stderr]    Compiling itertools v0.10.5
[INFO] [stderr]     Checking brotli v3.3.4
[INFO] [stderr]     Checking serde_urlencoded v0.7.1
[INFO] [stderr]     Checking flate2 v1.0.25
[INFO] [stderr]     Checking actix-codec v0.5.0
[INFO] [stderr]    Compiling pest_meta v2.5.7
[INFO] [stderr]    Compiling parking_lot v0.11.2
[INFO] [stderr]    Compiling idna v0.3.0
[INFO] [stderr]     Checking local-channel v0.1.3
[INFO] [stderr]    Compiling hmac v0.12.1
[INFO] [stderr]     Checking crossbeam-channel v0.5.8
[INFO] [stderr]     Checking futures-executor v0.3.28
[INFO] [stderr]     Checking dashmap v4.0.2
[INFO] [stderr]    Compiling dirs-sys v0.3.7
[INFO] [stderr]    Compiling slab v0.4.8
[INFO] [stderr]     Checking language-tags v0.3.2
[INFO] [stderr]    Compiling pin-utils v0.1.0
[INFO] [stderr]    Compiling iana-time-zone v0.1.56
[INFO] [stderr]    Compiling prometheus v0.13.3
[INFO] [stderr]     Checking try-lock v0.2.4
[INFO] [stderr]    Compiling crc-catalog v2.2.0
[INFO] [stderr]    Compiling unicode_categories v0.1.1
[INFO] [stderr]    Compiling crc v3.0.1
[INFO] [stderr]    Compiling sqlformat v0.2.1
[INFO] [stderr]     Checking want v0.3.0
[INFO] [stderr]    Compiling rustls-pemfile v1.0.2
[INFO] [stderr]     Checking opentelemetry v0.17.0
[INFO] [stderr]    Compiling dirs v4.0.0
[INFO] [stderr]    Compiling darling_macro v0.14.4
[INFO] [stderr]    Compiling hkdf v0.12.3
[INFO] [stderr]    Compiling pest_generator v2.5.7
[INFO] [stderr]    Compiling url v2.3.1
[INFO] [stderr]    Compiling futures-intrusive v0.4.2
[INFO] [stderr]    Compiling actix-web-codegen v4.2.0
[INFO] [stderr]    Compiling sqlx-rt v0.6.3
[INFO] [stderr]    Compiling sha2 v0.10.6
[INFO] [stderr]     Checking actix-server v2.2.0
[INFO] [stderr]    Compiling hashlink v0.8.1
[INFO] [stderr]    Compiling stringprep v0.1.2
[INFO] [stderr]    Compiling atoi v1.0.0
[INFO] [stderr]    Compiling actix-macros v0.2.3
[INFO] [stderr]    Compiling webpki-roots v0.22.6
[INFO] [stderr]     Checking regex-automata v0.1.10
[INFO] [stderr]    Compiling md-5 v0.10.5
[INFO] [stderr]     Checking http-body v0.4.5
[INFO] [stderr]    Compiling uuid v1.3.1
[INFO] [stderr]    Compiling hex v0.4.3
[INFO] [stderr]    Compiling base64 v0.13.1
[INFO] [stderr]    Compiling byteorder v1.4.3
[INFO] [stderr]     Checking overload v0.1.1
[INFO] [stderr]    Compiling dotenvy v0.15.7
[INFO] [stderr]    Compiling event-listener v2.5.3
[INFO] [stderr]    Compiling whoami v1.4.0
[INFO] [stderr]    Compiling bitflags v1.3.2
[INFO] [stderr]    Compiling unicode-segmentation v1.10.1
[INFO] [stderr]     Checking hyper v0.14.26
[INFO] [stderr]    Compiling sqlx-core v0.6.3
[INFO] [stderr]     Checking matchers v0.1.0
[INFO] [stderr]     Checking ordered-multimap v0.4.3
[INFO] [stderr]    Compiling heck v0.4.1
[INFO] [stderr]     Checking nu-ansi-term v0.46.0
[INFO] [stderr]    Compiling pest_derive v2.5.7
[INFO] [stderr]    Compiling darling v0.14.4
[INFO] [stderr]     Checking sharded-slab v0.1.4
[INFO] [stderr]     Checking tracing-log v0.1.3
[INFO] [stderr]     Checking thread_local v1.1.7
[INFO] [stderr]    Compiling anyhow v1.0.70
[INFO] [stderr]     Checking json5 v0.4.1
[INFO] [stderr]    Compiling serde_with_macros v2.3.2
[INFO] [stderr]     Checking opentelemetry-prometheus v0.10.0
[INFO] [stderr]     Checking rust-ini v0.18.0
[INFO] [stderr]     Checking tracing-subscriber v0.3.16
[INFO] [stderr]     Checking opentelemetry-semantic-conventions v0.9.0
[INFO] [stderr]     Checking ron v0.7.1
[INFO] [stderr]     Checking toml v0.5.11
[INFO] [stderr]     Checking gethostname v0.2.3
[INFO] [stderr]     Checking ipnet v2.7.2
[INFO] [stderr]    Compiling auditor v0.1.0
[INFO] [stderr]     Checking zeroize v1.6.0
[INFO] [stderr]     Checking hyper-rustls v0.23.2
[INFO] [stderr]     Checking secrecy v0.8.0
[INFO] [stderr]     Checking config v0.13.3
[INFO] [stderr]     Checking reqwest v0.11.16
[INFO] [stderr]     Checking fake v2.5.0
[INFO] [stderr]     Checking tracing-bunyan-formatter v0.3.7
[INFO] [stderr]     Checking serde-aux v4.2.0
[INFO] [stderr]     Checking serde_with v2.3.2
[INFO] [stderr]    Compiling sqlx-macros v0.6.3
[INFO] [stderr]     Checking zstd v0.12.3+zstd.1.5.2
[INFO] [stderr]     Checking actix-http v3.3.1
[INFO] [stderr]     Checking actix-web v4.3.1
[INFO] [stderr]     Checking sqlx v0.6.3
[INFO] [stderr]     Checking tracing-actix-web v0.7.4
[INFO] [stderr]     Checking actix-web-opentelemetry v0.12.0
[INFO] [stdout] error: error communicating with database: Cannot assign requested address (os error 99)
[INFO] [stdout]   --> /opt/rustwide/cargo-home/registry/src/github.com-1ecc6299db9ec823/auditor-0.1.0/src/metrics/database.rs:99:19
[INFO] [stdout]    |
[INFO] [stdout] 99 |         let num = sqlx::query_scalar!(r#"SELECT count(*) as "count!" FROM accounting;"#)
[INFO] [stdout]    |                   ^^^^^^^^^^^^^^^^^^^^^^^^^^^^^^^^^^^^^^^^^^^^^^^^^^^^^^^^^^^^^^^^^^^^^^
[INFO] [stdout]    |
[INFO] [stdout]    = note: this error originates in the macro `$crate::sqlx_macros::expand_query` which comes from the expansion of the macro `sqlx::query_scalar` (in Nightly builds, run with -Z macro-backtrace for more info)
[INFO] [stdout] 
[INFO] [stdout] 
[INFO] [stdout] error: error communicating with database: Cannot assign requested address (os error 99)
[INFO] [stdout]    --> /opt/rustwide/cargo-home/registry/src/github.com-1ecc6299db9ec823/auditor-0.1.0/src/metrics/database.rs:109:46
[INFO] [stdout]     |
[INFO] [stdout] 109 |           let per_site: HashMap<String, i64> = sqlx::query_as!(
[INFO] [stdout]     |  ______________________________________________^
[INFO] [stdout] 110 | |             AggregatedColumns,
[INFO] [stdout] 111 | |             r#"SELECT value as "name!", count(*) as "num!"
[INFO] [stdout] 112 | |                FROM meta
[INFO] [stdout] ...   |
[INFO] [stdout] 116 | |             "site_id"
[INFO] [stdout] 117 | |         )
[INFO] [stdout]     | |_________^
[INFO] [stdout]     |
[INFO] [stdout]     = note: this error originates in the macro `$crate::sqlx_macros::expand_query` which comes from the expansion of the macro `sqlx::query_as` (in Nightly builds, run with -Z macro-backtrace for more info)
[INFO] [stdout] 
[INFO] [stdout] 
[INFO] [stdout] error: error communicating with database: Cannot assign requested address (os error 99)
[INFO] [stdout]    --> /opt/rustwide/cargo-home/registry/src/github.com-1ecc6299db9ec823/auditor-0.1.0/src/metrics/database.rs:134:47
[INFO] [stdout]     |
[INFO] [stdout] 134 |           let per_group: HashMap<String, i64> = sqlx::query_as!(
[INFO] [stdout]     |  _______________________________________________^
[INFO] [stdout] 135 | |             AggregatedColumns,
[INFO] [stdout] 136 | |             r#"SELECT value as "name!", count(*) as "num!"
[INFO] [stdout] 137 | |                FROM meta
[INFO] [stdout] ...   |
[INFO] [stdout] 141 | |             "group_id"
[INFO] [stdout] 142 | |         )
[INFO] [stdout]     | |_________^
[INFO] [stdout]     |
[INFO] [stdout]     = note: this error originates in the macro `$crate::sqlx_macros::expand_query` which comes from the expansion of the macro `sqlx::query_as` (in Nightly builds, run with -Z macro-backtrace for more info)
[INFO] [stdout] 
[INFO] [stdout] 
[INFO] [stdout] error: error communicating with database: Cannot assign requested address (os error 99)
[INFO] [stdout]    --> /opt/rustwide/cargo-home/registry/src/github.com-1ecc6299db9ec823/auditor-0.1.0/src/metrics/database.rs:156:46
[INFO] [stdout]     |
[INFO] [stdout] 156 |           let per_user: HashMap<String, i64> = sqlx::query_as!(
[INFO] [stdout]     |  ______________________________________________^
[INFO] [stdout] 157 | |             AggregatedColumns,
[INFO] [stdout] 158 | |             r#"SELECT value as "name!", count(*) as "num!"
[INFO] [stdout] 159 | |                FROM meta
[INFO] [stdout] ...   |
[INFO] [stdout] 163 | |             "user_id"
[INFO] [stdout] 164 | |         )
[INFO] [stdout]     | |_________^
[INFO] [stdout]     |
[INFO] [stdout]     = note: this error originates in the macro `$crate::sqlx_macros::expand_query` which comes from the expansion of the macro `sqlx::query_as` (in Nightly builds, run with -Z macro-backtrace for more info)
[INFO] [stdout] 
[INFO] [stdout] 
[INFO] [stdout] error: error communicating with database: Cannot assign requested address (os error 99)
[INFO] [stdout]    --> /opt/rustwide/cargo-home/registry/src/github.com-1ecc6299db9ec823/auditor-0.1.0/src/routes/add.rs:92:14
[INFO] [stdout]     |
[INFO] [stdout] 92  |       let id = sqlx::query_unchecked!(
[INFO] [stdout]     |  ______________^
[INFO] [stdout] 93  | |         r#"
[INFO] [stdout] 94  | |         INSERT INTO accounting (
[INFO] [stdout] 95  | |             record_id, start_time, stop_time, runtime, updated_at
[INFO] [stdout] ...   |
[INFO] [stdout] 104 | |         Utc::now()
[INFO] [stdout] 105 | |     )
[INFO] [stdout]     | |_____^
[INFO] [stdout]     |
[INFO] [stdout]     = note: this error originates in the macro `$crate::sqlx_macros::expand_query` which comes from the expansion of the macro `sqlx::query_unchecked` (in Nightly builds, run with -Z macro-backtrace for more info)
[INFO] [stdout] 
[INFO] [stdout] 
[INFO] [stdout] error: error communicating with database: Cannot assign requested address (os error 99)
[INFO] [stdout]    --> /opt/rustwide/cargo-home/registry/src/github.com-1ecc6299db9ec823/auditor-0.1.0/src/routes/add.rs:119:9
[INFO] [stdout]     |
[INFO] [stdout] 119 | /         sqlx::query_unchecked!(
[INFO] [stdout] 120 | |             r#"
[INFO] [stdout] 121 | |             WITH insert_components AS (
[INFO] [stdout] 122 | |                 INSERT INTO components (name, amount)
[INFO] [stdout] ...   |
[INFO] [stdout] 148 | |             id,
[INFO] [stdout] 149 | |         )
[INFO] [stdout]     | |_________^
[INFO] [stdout]     |
[INFO] [stdout]     = note: this error originates in the macro `$crate::sqlx_macros::expand_query` which comes from the expansion of the macro `sqlx::query_unchecked` (in Nightly builds, run with -Z macro-backtrace for more info)
[INFO] [stdout] 
[INFO] [stdout] 
[INFO] [stdout] error: error communicating with database: Cannot assign requested address (os error 99)
[INFO] [stdout]    --> /opt/rustwide/cargo-home/registry/src/github.com-1ecc6299db9ec823/auditor-0.1.0/src/routes/add.rs:165:9
[INFO] [stdout]     |
[INFO] [stdout] 165 | /         sqlx::query!(
[INFO] [stdout] 166 | |             r#"
[INFO] [stdout] 167 | |             INSERT INTO meta (record_id, key, value)
[INFO] [stdout] 168 | |             SELECT * FROM UNNEST($1::text[], $2::text[], $3::text[])
[INFO] [stdout] ...   |
[INFO] [stdout] 172 | |             &values[..],
[INFO] [stdout] 173 | |         )
[INFO] [stdout]     | |_________^
[INFO] [stdout]     |
[INFO] [stdout]     = note: this error originates in the macro `$crate::sqlx_macros::expand_query` which comes from the expansion of the macro `sqlx::query` (in Nightly builds, run with -Z macro-backtrace for more info)
[INFO] [stdout] 
[INFO] [stdout] 
[INFO] [stdout] error: error communicating with database: Cannot assign requested address (os error 99)
[INFO] [stdout]   --> /opt/rustwide/cargo-home/registry/src/github.com-1ecc6299db9ec823/auditor-0.1.0/src/routes/get.rs:32:5
[INFO] [stdout]    |
[INFO] [stdout] 32 | /     sqlx::query_as!(
[INFO] [stdout] 33 | |         RecordDatabase,
[INFO] [stdout] 34 | |         r#"SELECT a.record_id,
[INFO] [stdout] 35 | |                   m.meta as "meta: Vec<(String, Vec<String>)>",
[INFO] [stdout] ...  |
[INFO] [stdout] 72 | |         "#
[INFO] [stdout] 73 | |     )
[INFO] [stdout]    | |_____^
[INFO] [stdout]    |
[INFO] [stdout]    = note: this error originates in the macro `$crate::sqlx_macros::expand_query` which comes from the expansion of the macro `sqlx::query_as` (in Nightly builds, run with -Z macro-backtrace for more info)
[INFO] [stdout] 
[INFO] [stdout] 
[INFO] [stdout] error: error communicating with database: Cannot assign requested address (os error 99)
[INFO] [stdout]    --> /opt/rustwide/cargo-home/registry/src/github.com-1ecc6299db9ec823/auditor-0.1.0/src/routes/get_since.rs:62:13
[INFO] [stdout]     |
[INFO] [stdout] 62  | /             sqlx::query_as!(
[INFO] [stdout] 63  | |                 RecordDatabase,
[INFO] [stdout] 64  | |                 r#"SELECT a.record_id,
[INFO] [stdout] 65  | |                           m.meta as "meta: Vec<(String, Vec<String>)>",
[INFO] [stdout] ...   |
[INFO] [stdout] 104 | |                info.1,
[INFO] [stdout] 105 | |             )
[INFO] [stdout]     | |_____________^
[INFO] [stdout]     |
[INFO] [stdout]     = note: this error originates in the macro `$crate::sqlx_macros::expand_query` which comes from the expansion of the macro `sqlx::query_as` (in Nightly builds, run with -Z macro-backtrace for more info)
[INFO] [stdout] 
[INFO] [stdout] 
[INFO] [stdout] error: error communicating with database: Cannot assign requested address (os error 99)
[INFO] [stdout]    --> /opt/rustwide/cargo-home/registry/src/github.com-1ecc6299db9ec823/auditor-0.1.0/src/routes/get_since.rs:110:13
[INFO] [stdout]     |
[INFO] [stdout] 110 | /             sqlx::query_as!(
[INFO] [stdout] 111 | |                 RecordDatabase,
[INFO] [stdout] 112 | |                 r#"SELECT a.record_id,
[INFO] [stdout] 113 | |                           m.meta as "meta: Vec<(String, Vec<String>)>",
[INFO] [stdout] ...   |
[INFO] [stdout] 152 | |                 info.1,
[INFO] [stdout] 153 | |             )
[INFO] [stdout]     | |_____________^
[INFO] [stdout]     |
[INFO] [stdout]     = note: this error originates in the macro `$crate::sqlx_macros::expand_query` which comes from the expansion of the macro `sqlx::query_as` (in Nightly builds, run with -Z macro-backtrace for more info)
[INFO] [stdout] 
[INFO] [stdout] 
[INFO] [stdout] error: error communicating with database: Cannot assign requested address (os error 99)
[INFO] [stdout]   --> /opt/rustwide/cargo-home/registry/src/github.com-1ecc6299db9ec823/auditor-0.1.0/src/routes/update.rs:53:22
[INFO] [stdout]    |
[INFO] [stdout] 53 |       let start_time = sqlx::query!(
[INFO] [stdout]    |  ______________________^
[INFO] [stdout] 54 | |         r#"
[INFO] [stdout] 55 | |         SELECT start_time
[INFO] [stdout] 56 | |         FROM accounting 
[INFO] [stdout] ...  |
[INFO] [stdout] 59 | |         record.record_id.as_ref(),
[INFO] [stdout] 60 | |     )
[INFO] [stdout]    | |_____^
[INFO] [stdout]    |
[INFO] [stdout]    = note: this error originates in the macro `$crate::sqlx_macros::expand_query` which comes from the expansion of the macro `sqlx::query` (in Nightly builds, run with -Z macro-backtrace for more info)
[INFO] [stdout] 
[INFO] [stdout] 
[INFO] [stdout] error: error communicating with database: Cannot assign requested address (os error 99)
[INFO] [stdout]   --> /opt/rustwide/cargo-home/registry/src/github.com-1ecc6299db9ec823/auditor-0.1.0/src/routes/update.rs:71:5
[INFO] [stdout]    |
[INFO] [stdout] 71 | /     sqlx::query_unchecked!(
[INFO] [stdout] 72 | |         r#"
[INFO] [stdout] 73 | |         UPDATE accounting
[INFO] [stdout] 74 | |         SET stop_time = $2,
[INFO] [stdout] ...  |
[INFO] [stdout] 83 | |         Utc::now()
[INFO] [stdout] 84 | |     )
[INFO] [stdout]    | |_____^
[INFO] [stdout]    |
[INFO] [stdout]    = note: this error originates in the macro `$crate::sqlx_macros::expand_query` which comes from the expansion of the macro `sqlx::query_unchecked` (in Nightly builds, run with -Z macro-backtrace for more info)
[INFO] [stdout] 
[INFO] [stdout] 
[INFO] [stdout] error: aborting due to 12 previous errors
[INFO] [stdout] 
[INFO] [stdout] 
[INFO] [stderr] error: could not compile `auditor` due to 13 previous errors
[INFO] running `Command { std: "docker" "inspect" "1e4c1a65805fe1d9363155c799b18fca5fde0bfd0ef6552b9641e947c6be2d73", kill_on_drop: false }`
[INFO] running `Command { std: "docker" "rm" "-f" "1e4c1a65805fe1d9363155c799b18fca5fde0bfd0ef6552b9641e947c6be2d73", kill_on_drop: false }`
[INFO] [stdout] 1e4c1a65805fe1d9363155c799b18fca5fde0bfd0ef6552b9641e947c6be2d73
