[INFO] fetching crate atterminal 2.10.0...
[INFO] documenting atterminal-2.10.0 against beta-2023-04-20 for beta-1.70-rustdoc-1
[INFO] extracting crate atterminal 2.10.0 into /workspace/builds/worker-3-tc2/source
[INFO] validating manifest of crates.io crate atterminal 2.10.0 on toolchain beta-2023-04-20
[INFO] running `Command { std: CARGO_HOME="/workspace/cargo-home" RUSTUP_HOME="/workspace/rustup-home" "/workspace/cargo-home/bin/cargo" "+beta-2023-04-20" "metadata" "--manifest-path" "Cargo.toml" "--no-deps", kill_on_drop: false }`
[INFO] started tweaking crates.io crate atterminal 2.10.0
[INFO] finished tweaking crates.io crate atterminal 2.10.0
[INFO] tweaked toml for crates.io crate atterminal 2.10.0 written to /workspace/builds/worker-3-tc2/source/Cargo.toml
[INFO] crate crates.io crate atterminal 2.10.0 already has a lockfile, it will not be regenerated
[INFO] running `Command { std: CARGO_HOME="/workspace/cargo-home" RUSTUP_HOME="/workspace/rustup-home" "/workspace/cargo-home/bin/cargo" "+beta-2023-04-20" "fetch" "--manifest-path" "Cargo.toml", kill_on_drop: false }`
[INFO] [stderr] warning: only one of `license` or `license-file` is necessary
[INFO] [stderr] `license` should be used if the package license can be expressed with a standard SPDX expression.
[INFO] [stderr] `license-file` should be used if the package uses a non-standard license.
[INFO] [stderr] See https://doc.rust-lang.org/cargo/reference/manifest.html#the-license-and-license-file-fields for more information.
[INFO] [stderr]     Updating crates.io index
[INFO] [stderr]  Downloading crates ...
[INFO] [stderr]   Downloaded wasm-bindgen-macro-support v0.2.84
[INFO] [stderr]   Downloaded CoreFoundation-sys v0.1.4
[INFO] [stderr]   Downloaded wasm-bindgen-backend v0.2.84
[INFO] [stderr]   Downloaded aho-corasick v0.7.20
[INFO] [stderr]   Downloaded toml v0.5.11
[INFO] [stderr]   Downloaded wio v0.2.2
[INFO] [stderr]   Downloaded cmake v0.1.49
[INFO] [stderr]   Downloaded foreign-types v0.5.0
[INFO] [stderr]   Downloaded wasm-bindgen v0.2.84
[INFO] [stderr]   Downloaded memoffset v0.7.1
[INFO] [stderr]   Downloaded objc v0.2.7
[INFO] [stderr]   Downloaded parking_lot_core v0.9.7
[INFO] [stderr]   Downloaded rayon-core v1.10.2
[INFO] [stderr]   Downloaded ab_glyph_rasterizer v0.1.8
[INFO] [stderr]   Downloaded crossbeam-epoch v0.9.13
[INFO] [stderr]   Downloaded cc v1.0.79
[INFO] [stderr]   Downloaded jni-sys v0.3.0
[INFO] [stderr]   Downloaded core-text v19.2.0
[INFO] [stderr]   Downloaded android_system_properties v0.1.5
[INFO] [stderr]   Downloaded glutin_egl_sys v0.4.0
[INFO] [stderr]   Downloaded block2 v0.2.0-alpha.6
[INFO] [stderr]   Downloaded str-buf v1.0.6
[INFO] [stderr]   Downloaded scratch v1.0.3
[INFO] [stderr]   Downloaded cxxbridge-macro v1.0.91
[INFO] [stderr]   Downloaded termcolor v1.2.0
[INFO] [stderr]   Downloaded codespan-reporting v0.11.1
[INFO] [stderr]   Downloaded cxx-build v1.0.91
[INFO] [stderr]   Downloaded jni v0.20.0
[INFO] [stderr]   Downloaded glutin v0.30.6
[INFO] [stderr]   Downloaded glow v0.11.2
[INFO] [stderr]   Downloaded regex v1.7.1
[INFO] [stderr]   Downloaded cxx v1.0.91
[INFO] [stderr]   Downloaded chrono v0.4.23
[INFO] [stderr]   Downloaded winnow v0.3.3
[INFO] [stderr]   Downloaded objc2 v0.3.0-beta.3
[INFO] [stderr]   Downloaded x11rb v0.10.1
[INFO] [stderr]   Downloaded regex-syntax v0.6.28
[INFO] [stderr]   Downloaded egui v0.20.1
[INFO] [stderr]   Downloaded exr v1.5.3
[INFO] [stderr]   Downloaded freetype-rs v0.26.0
[INFO] [stderr]   Downloaded nix v0.25.1
[INFO] [stderr]   Downloaded winit v0.27.5
[INFO] [stderr]   Downloaded x11rb-protocol v0.10.0
[INFO] [stderr]   Downloaded smithay-client-toolkit v0.16.0
[INFO] [stderr]   Downloaded ndk-context v0.1.1
[INFO] [stderr]   Downloaded safe_arch v0.5.2
[INFO] [stderr]   Downloaded tiny-skia v0.7.0
[INFO] [stderr]   Downloaded ttf-parser v0.18.1
[INFO] [stderr]   Downloaded owned_ttf_parser v0.18.1
[INFO] [stderr]   Downloaded expat-sys v2.1.6
[INFO] [stderr]   Downloaded rayon v1.6.1
[INFO] [stderr]   Downloaded comportlist v0.1.3
[INFO] [stderr]   Downloaded khronos_api v3.1.0
[INFO] [stderr]   Downloaded mio v0.8.6
[INFO] [stderr]   Downloaded toml_edit v0.19.4
[INFO] [stderr]   Downloaded windows_aarch64_msvc v0.37.0
[INFO] [stderr]   Downloaded jpeg-decoder v0.3.0
[INFO] [stderr]   Downloaded windows_x86_64_msvc v0.37.0
[INFO] [stderr]   Downloaded windows_i686_msvc v0.37.0
[INFO] [stderr]   Downloaded windows_x86_64_gnu v0.37.0
[INFO] [stderr]   Downloaded cocoa v0.24.1
[INFO] [stderr]   Downloaded slotmap v1.0.6
[INFO] [stderr]   Downloaded wayland-client v0.29.5
[INFO] [stderr]   Downloaded epaint v0.20.0
[INFO] [stderr]   Downloaded wayland-protocols v0.29.5
[INFO] [stderr]   Downloaded accesskit_consumer v0.12.1
[INFO] [stderr]   Downloaded paste v1.0.11
[INFO] [stderr]   Downloaded accesskit_windows v0.10.4
[INFO] [stderr]   Downloaded webbrowser v0.8.7
[INFO] [stderr]   Downloaded egui_glow v0.20.1
[INFO] [stderr]   Downloaded objc2-encode v2.0.0-pre.2
[INFO] [stderr]   Downloaded tiny-skia-path v0.7.0
[INFO] [stderr]   Downloaded calloop v0.10.5
[INFO] [stderr]   Downloaded eframe v0.20.1
[INFO] [stderr]   Downloaded enumset v1.0.12
[INFO] [stderr]   Downloaded accesskit v0.8.1
[INFO] [stderr]   Downloaded ron v0.8.0
[INFO] [stderr]   Downloaded gtk-sys v0.15.3
[INFO] [stderr]   Downloaded iana-time-zone v0.1.53
[INFO] [stderr]   Downloaded directories-next v2.0.0
[INFO] [stderr]   Downloaded windows-implement v0.42.0
[INFO] [stderr]   Downloaded accesskit_winit v0.7.3
[INFO] [stderr]   Downloaded clipboard-win v4.5.0
[INFO] [stderr]   Downloaded arboard v3.2.0
[INFO] [stderr]   Downloaded servo-fontconfig-sys v5.1.0
[INFO] [stderr]   Downloaded cesu8 v1.1.0
[INFO] [stderr]   Downloaded cgl v0.3.2
[INFO] [stderr]   Downloaded freetype-sys v0.13.1
[INFO] [stderr]   Downloaded tiff v0.8.1
[INFO] [stderr]   Downloaded glutin_glx_sys v0.4.0
[INFO] [stderr]   Downloaded toml_datetime v0.6.1
[INFO] [stderr]   Downloaded raw-window-handle v0.4.3
[INFO] [stderr]   Downloaded cocoa-foundation v0.1.0
[INFO] [stderr]   Downloaded core-graphics v0.22.3
[INFO] [stderr]   Downloaded foreign-types-shared v0.3.1
[INFO] [stderr]   Downloaded arrayref v0.3.6
[INFO] [stderr]   Downloaded windows v0.42.0
[INFO] [stderr]   Downloaded sctk-adwaita v0.4.3
[INFO] [stderr]   Downloaded ident_case v1.0.1
[INFO] [stderr]   Downloaded flate2 v1.0.25
[INFO] [stderr]   Downloaded unicode-width v0.1.10
[INFO] [stderr]   Downloaded windows-sys v0.45.0
[INFO] [stderr]   Downloaded iana-time-zone-haiku v0.1.1
[INFO] [stderr]   Downloaded dirs-sys-next v0.1.2
[INFO] [stderr]   Downloaded winapi-wsapoll v0.1.1
[INFO] [stderr]   Downloaded unicode-bidi v0.3.10
[INFO] [stderr]   Downloaded tinyvec_macros v0.1.1
[INFO] [stderr]   Downloaded egui-winit v0.20.1
[INFO] [stderr]   Downloaded gl_generator v0.14.0
[INFO] [stderr]   Downloaded darling_core v0.13.4
[INFO] [stderr]   Downloaded ndk-glue v0.7.0
[INFO] [stderr]   Downloaded core-graphics-types v0.1.1
[INFO] [stderr]   Downloaded foreign-types-macros v0.2.2
[INFO] [stderr]   Downloaded servo-fontconfig v0.5.1
[INFO] [stderr]   Downloaded x11-dl v2.21.0
[INFO] [stderr]   Downloaded enumset_derive v0.6.1
[INFO] [stderr]   Downloaded kurbo v0.8.3
[INFO] [stderr]   Downloaded windows v0.37.0
[INFO] [stderr]   Downloaded png v0.17.7
[INFO] [stderr]   Downloaded gdk-sys v0.15.1
[INFO] [stderr]   Downloaded glib-sys v0.15.10
[INFO] [stderr]   Downloaded accesskit_macos v0.4.2
[INFO] [stderr]   Downloaded error-code v2.3.1
[INFO] [stderr]   Downloaded proc-macro-crate v1.3.1
[INFO] [stderr]   Downloaded ndk-macro v0.3.0
[INFO] [stderr]   Downloaded crossfont v0.5.1
[INFO] [stderr]   Downloaded memmap2 v0.5.10
[INFO] [stderr]   Downloaded darling_core v0.14.3
[INFO] [stderr]   Downloaded windows-targets v0.42.1
[INFO] [stderr]   Downloaded bytemuck v1.13.0
[INFO] [stderr]   Downloaded half v2.2.1
[INFO] [stderr]   Downloaded cfg-expr v0.11.0
[INFO] [stderr]   Downloaded serialport v4.2.0
[INFO] [stderr]   Downloaded time v0.1.45
[INFO] [stderr]   Downloaded gethostname v0.2.3
[INFO] [stderr]   Downloaded smithay-clipboard v0.6.6
[INFO] [stderr]   Downloaded glutin_wgl_sys v0.4.0
[INFO] [stderr]   Downloaded block-sys v0.1.0-beta.1
[INFO] [stderr]   Downloaded wayland-sys v0.30.1
[INFO] [stderr]   Downloaded num_enum_derive v0.5.11
[INFO] [stderr]   Downloaded darling v0.13.4
[INFO] [stderr]   Downloaded arrayvec v0.7.2
[INFO] [stderr]   Downloaded ahash v0.8.3
[INFO] [stderr]   Downloaded nohash-hasher v0.2.0
[INFO] [stderr]   Downloaded egui_extras v0.20.0
[INFO] [stderr]   Downloaded zune-inflate v0.2.50
[INFO] [stderr]   Downloaded wasm-bindgen-futures v0.4.34
[INFO] [stderr]   Downloaded once_cell v1.17.1
[INFO] [stderr]   Downloaded cfg_aliases v0.1.1
[INFO] [stderr]   Downloaded ndk v0.7.0
[INFO] [stderr]   Downloaded libloading v0.7.4
[INFO] [stderr]   Downloaded wayland-sys v0.29.5
[INFO] [stderr]   Downloaded wayland-scanner v0.29.5
[INFO] [stderr]   Downloaded ab_glyph v0.2.20
[INFO] [stderr]   Downloaded atomic_refcell v0.1.9
[INFO] [stderr]   Downloaded ecolor v0.20.0
[INFO] [stderr]   Downloaded emath v0.20.0
[INFO] [stderr]   Downloaded embed-resource v1.8.0
[INFO] [stderr]   Downloaded bit_field v0.10.2
[INFO] [stderr]   Downloaded simd-adler32 v0.3.4
[INFO] [stderr]   Downloaded heck v0.4.1
[INFO] [stderr]   Downloaded objc-foundation v0.1.1
[INFO] [stderr]   Downloaded num_enum v0.5.11
[INFO] [stderr]   Downloaded wayland-cursor v0.29.5
[INFO] [stderr]   Downloaded scoped-tls v1.0.1
[INFO] [stderr]   Downloaded dlib v0.5.0
[INFO] [stderr]   Downloaded wayland-commons v0.29.5
[INFO] [stderr]   Downloaded darling v0.14.3
[INFO] [stderr]   Downloaded spin v0.9.5
[INFO] [stderr]   Downloaded gio-sys v0.15.10
[INFO] [stderr]   Downloaded gobject-sys v0.15.10
[INFO] [stderr]   Downloaded malloc_buf v0.0.6
[INFO] [stderr]   Downloaded libudev-sys v0.1.4
[INFO] [stderr]   Downloaded libudev v0.3.0
[INFO] [stderr]   Downloaded objc-sys v0.2.0-beta.2
[INFO] [stderr]   Downloaded darling_macro v0.13.4
[INFO] [stderr]   Downloaded vswhom-sys v0.1.2
[INFO] [stderr]   Downloaded atk-sys v0.15.1
[INFO] [stderr]   Downloaded system-deps v6.0.3
[INFO] [stderr]   Downloaded mach v0.1.2
[INFO] [stderr]   Downloaded cxxbridge-flags v1.0.91
[INFO] [stderr]   Downloaded link-cplusplus v1.0.8
[INFO] [stderr]   Downloaded ndk-sys v0.4.1+23.1.7779620
[INFO] [stderr]   Downloaded semver v1.0.16
[INFO] [stderr]   Downloaded vswhom v0.1.0
[INFO] [stderr]   Downloaded cairo-sys-rs v0.15.1
[INFO] [stderr]   Downloaded gdk-pixbuf-sys v0.15.10
[INFO] [stderr]   Downloaded pango-sys v0.15.10
[INFO] [stderr]   Downloaded version-compare v0.1.1
[INFO] [stderr]   Downloaded objc_id v0.1.1
[INFO] [stderr]   Downloaded wasm-bindgen-shared v0.2.84
[INFO] [stderr]   Downloaded wasm-bindgen-macro v0.2.84
[INFO] [stderr]   Downloaded dwrote v0.11.0
[INFO] [stderr]   Downloaded darling_macro v0.14.3
[INFO] [stderr]   Downloaded web-sys v0.3.61
[INFO] [stderr]   Downloaded IOKit-sys v0.1.5
[INFO] [stderr]   Downloaded futures-sink v0.3.26
[INFO] [stderr]   Downloaded either v1.8.1
[INFO] [stderr]   Downloaded dispatch v0.2.0
[INFO] [stderr]   Downloaded block v0.1.6
[INFO] [stderr]   Downloaded rfd v0.10.0
[INFO] [stderr]   Downloaded bytemuck_derive v1.4.0
[INFO] [stderr]   Downloaded futures-core v0.3.26
[INFO] [stderr]   Downloaded js-sys v0.3.61
[INFO] [stderr]   Downloaded proc-macro2 v1.0.51
[INFO] [stderr]   Downloaded image v0.24.5
[INFO] [stderr]   Downloaded raw-window-handle v0.5.0
[INFO] [stderr]   Downloaded windows_i686_gnu v0.37.0
[INFO] [stderr]   Downloaded nix v0.24.3
[INFO] running `Command { std: "docker" "create" "-v" "/var/lib/crater-agent-workspace/builds/worker-3-tc2/target:/opt/rustwide/target:rw,Z" "-v" "/var/lib/crater-agent-workspace/builds/worker-3-tc2/source:/opt/rustwide/workdir:ro,Z" "-v" "/var/lib/crater-agent-workspace/cargo-home:/opt/rustwide/cargo-home:ro,Z" "-v" "/var/lib/crater-agent-workspace/rustup-home:/opt/rustwide/rustup-home:ro,Z" "-e" "SOURCE_DIR=/opt/rustwide/workdir" "-e" "CARGO_TARGET_DIR=/opt/rustwide/target" "-e" "CARGO_HOME=/opt/rustwide/cargo-home" "-e" "RUSTUP_HOME=/opt/rustwide/rustup-home" "-w" "/opt/rustwide/workdir" "-m" "1610612736" "--user" "0:0" "--network" "none" "ghcr.io/rust-lang/crates-build-env/linux@sha256:5ff2268d62e97bff2cde7d5815dd6ed5b47097566f13b8d0ca110b04b60e07ed" "/opt/rustwide/cargo-home/bin/cargo" "+beta-2023-04-20" "metadata" "--no-deps" "--format-version=1", kill_on_drop: false }`
[INFO] [stdout] 05c70f68436ee0dff933034d6eb8ae63749dc085b6e5dfd14e24dfed467bfb35
[INFO] running `Command { std: "docker" "start" "-a" "05c70f68436ee0dff933034d6eb8ae63749dc085b6e5dfd14e24dfed467bfb35", kill_on_drop: false }`
[INFO] running `Command { std: "docker" "inspect" "05c70f68436ee0dff933034d6eb8ae63749dc085b6e5dfd14e24dfed467bfb35", kill_on_drop: false }`
[INFO] running `Command { std: "docker" "rm" "-f" "05c70f68436ee0dff933034d6eb8ae63749dc085b6e5dfd14e24dfed467bfb35", kill_on_drop: false }`
[INFO] [stdout] 05c70f68436ee0dff933034d6eb8ae63749dc085b6e5dfd14e24dfed467bfb35
[INFO] running `Command { std: "docker" "create" "-v" "/var/lib/crater-agent-workspace/builds/worker-3-tc2/target:/opt/rustwide/target:rw,Z" "-v" "/var/lib/crater-agent-workspace/builds/worker-3-tc2/source:/opt/rustwide/workdir:ro,Z" "-v" "/var/lib/crater-agent-workspace/cargo-home:/opt/rustwide/cargo-home:ro,Z" "-v" "/var/lib/crater-agent-workspace/rustup-home:/opt/rustwide/rustup-home:ro,Z" "-e" "SOURCE_DIR=/opt/rustwide/workdir" "-e" "CARGO_TARGET_DIR=/opt/rustwide/target" "-e" "CARGO_INCREMENTAL=0" "-e" "RUST_BACKTRACE=full" "-e" "RUSTFLAGS=--cap-lints=warn" "-e" "RUSTDOCFLAGS=--cap-lints=warn" "-e" "CARGO_HOME=/opt/rustwide/cargo-home" "-e" "RUSTUP_HOME=/opt/rustwide/rustup-home" "-w" "/opt/rustwide/workdir" "-m" "1610612736" "--user" "0:0" "--network" "none" "ghcr.io/rust-lang/crates-build-env/linux@sha256:5ff2268d62e97bff2cde7d5815dd6ed5b47097566f13b8d0ca110b04b60e07ed" "/opt/rustwide/cargo-home/bin/cargo" "+beta-2023-04-20" "doc" "--frozen" "--no-deps" "--document-private-items" "--message-format=json", kill_on_drop: false }`
[INFO] [stdout] 866ee6c43404dd0f7ab97455f41afeacfa123bc0f15223e422a3a4c335ac1bc5
[INFO] running `Command { std: "docker" "start" "-a" "866ee6c43404dd0f7ab97455f41afeacfa123bc0f15223e422a3a4c335ac1bc5", kill_on_drop: false }`
[INFO] [stderr] warning: only one of `license` or `license-file` is necessary
[INFO] [stderr] `license` should be used if the package license can be expressed with a standard SPDX expression.
[INFO] [stderr] `license-file` should be used if the package uses a non-standard license.
[INFO] [stderr] See https://doc.rust-lang.org/cargo/reference/manifest.html#the-license-and-license-file-fields for more information.
[INFO] [stderr]    Compiling pkg-config v0.3.26
[INFO] [stderr]    Compiling libc v0.2.139
[INFO] [stderr]    Compiling proc-macro2 v1.0.51
[INFO] [stderr]    Compiling quote v1.0.23
[INFO] [stderr]    Compiling unicode-ident v1.0.6
[INFO] [stderr]    Compiling autocfg v1.1.0
[INFO] [stderr]    Compiling syn v1.0.109
[INFO] [stderr]    Compiling serde v1.0.152
[INFO] [stderr]    Compiling smallvec v1.10.0
[INFO] [stderr]    Compiling version-compare v0.1.1
[INFO] [stderr]    Compiling heck v0.4.1
[INFO] [stderr]    Compiling log v0.4.17
[INFO] [stderr]    Compiling xml-rs v0.8.4
[INFO] [stderr]     Checking once_cell v1.17.1
[INFO] [stderr]     Checking scopeguard v1.1.0
[INFO] [stderr]    Compiling cc v1.0.79
[INFO] [stderr]    Compiling serde_derive v1.0.152
[INFO] [stderr]    Compiling cfg-expr v0.11.0
[INFO] [stderr]    Compiling version_check v0.9.4
[INFO] [stderr]     Checking libloading v0.7.4
[INFO] [stderr]    Compiling fnv v1.0.7
[INFO] [stderr]    Compiling parking_lot_core v0.9.7
[INFO] [stderr]    Compiling crc32fast v1.3.2
[INFO] [stderr]     Checking dlib v0.5.0
[INFO] [stderr]    Compiling memoffset v0.6.5
[INFO] [stderr]    Compiling lock_api v0.4.9
[INFO] [stderr]    Compiling ident_case v1.0.1
[INFO] [stderr]    Compiling memchr v2.5.0
[INFO] [stderr]     Checking adler v1.0.2
[INFO] [stderr]    Compiling cmake v0.1.49
[INFO] [stderr]    Compiling khronos_api v3.1.0
[INFO] [stderr]     Checking miniz_oxide v0.6.2
[INFO] [stderr]    Compiling thiserror v1.0.38
[INFO] [stderr]    Compiling wayland-sys v0.29.5
[INFO] [stderr]    Compiling slotmap v1.0.6
[INFO] [stderr]     Checking minimal-lexical v0.2.1
[INFO] [stderr]     Checking scoped-tls v1.0.1
[INFO] [stderr]    Compiling cfg-if v1.0.0
[INFO] [stderr]    Compiling crossbeam-utils v0.8.14
[INFO] [stderr]     Checking downcast-rs v1.2.0
[INFO] [stderr]     Checking flate2 v1.0.25
[INFO] [stderr]    Compiling wayland-scanner v0.29.5
[INFO] [stderr]    Compiling servo-fontconfig-sys v5.1.0
[INFO] [stderr]    Compiling memoffset v0.7.1
[INFO] [stderr]    Compiling x11-dl v2.21.0
[INFO] [stderr]    Compiling smithay-client-toolkit v0.16.0
[INFO] [stderr]     Checking nom v7.1.3
[INFO] [stderr]    Compiling gl_generator v0.14.0
[INFO] [stderr]    Compiling ahash v0.8.3
[INFO] [stderr]    Compiling crossbeam-epoch v0.9.13
[INFO] [stderr]    Compiling freetype-sys v0.13.1
[INFO] [stderr]    Compiling expat-sys v2.1.6
[INFO] [stderr]     Checking arrayvec v0.7.2
[INFO] [stderr]     Checking ttf-parser v0.18.1
[INFO] [stderr]     Checking vec_map v0.8.2
[INFO] [stderr]     Checking nix v0.24.3
[INFO] [stderr]     Checking nix v0.25.1
[INFO] [stderr]     Checking cty v0.2.2
[INFO] [stderr]     Checking memmap2 v0.5.10
[INFO] [stderr]     Checking num_cpus v1.15.0
[INFO] [stderr]     Checking parking_lot v0.12.1
[INFO] [stderr]     Checking png v0.17.7
[INFO] [stderr]    Compiling crossfont v0.5.1
[INFO] [stderr]     Checking arrayref v0.3.6
[INFO] [stderr]     Checking foreign-types-shared v0.3.1
[INFO] [stderr]     Checking percent-encoding v2.2.0
[INFO] [stderr]     Checking ab_glyph_rasterizer v0.1.8
[INFO] [stderr]     Checking tinyvec_macros v0.1.1
[INFO] [stderr]     Checking raw-window-handle v0.5.0
[INFO] [stderr]     Checking tinyvec v1.6.0
[INFO] [stderr]     Checking freetype-rs v0.26.0
[INFO] [stderr]     Checking servo-fontconfig v0.5.1
[INFO] [stderr]    Compiling num-traits v0.2.15
[INFO] [stderr]     Checking tracing-core v0.1.30
[INFO] [stderr]     Checking base64 v0.13.1
[INFO] [stderr]     Checking pin-project-lite v0.2.9
[INFO] [stderr]     Checking arrayvec v0.5.2
[INFO] [stderr]    Compiling semver v1.0.16
[INFO] [stderr]     Checking nohash-hasher v0.2.0
[INFO] [stderr]    Compiling rayon-core v1.10.2
[INFO] [stderr]     Checking crossbeam-deque v0.8.2
[INFO] [stderr]     Checking crossbeam-channel v0.5.6
[INFO] [stderr]     Checking tracing v0.1.37
[INFO] [stderr]    Compiling num-integer v0.1.45
[INFO] [stderr]    Compiling wayland-client v0.29.5
[INFO] [stderr]    Compiling wayland-protocols v0.29.5
[INFO] [stderr]     Checking unicode-bidi v0.3.10
[INFO] [stderr]    Compiling futures-core v0.3.26
[INFO] [stderr]     Checking unicode-normalization v0.1.22
[INFO] [stderr]     Checking xcursor v0.3.4
[INFO] [stderr]    Compiling glutin_glx_sys v0.4.0
[INFO] [stderr]    Compiling glutin_egl_sys v0.4.0
[INFO] [stderr]     Checking form_urlencoded v1.1.0
[INFO] [stderr]     Checking raw-window-handle v0.4.3
[INFO] [stderr]     Checking gethostname v0.2.3
[INFO] [stderr]     Checking dirs-sys v0.3.7
[INFO] [stderr]     Checking getrandom v0.2.8
[INFO] [stderr]     Checking mio v0.8.6
[INFO] [stderr]     Checking owned_ttf_parser v0.18.1
[INFO] [stderr]    Compiling libudev-sys v0.1.4
[INFO] [stderr]    Compiling wayland-sys v0.30.1
[INFO] [stderr]     Checking instant v0.1.12
[INFO] [stderr]     Checking idna v0.3.0
[INFO] [stderr]     Checking either v1.8.1
[INFO] [stderr]     Checking ab_glyph v0.2.20
[INFO] [stderr]    Compiling cfg_aliases v0.1.1
[INFO] [stderr]     Checking nanorand v0.7.0
[INFO] [stderr]    Compiling toml v0.5.11
[INFO] [stderr]    Compiling glutin v0.30.6
[INFO] [stderr]     Checking rayon v1.6.1
[INFO] [stderr]     Checking dirs v4.0.0
[INFO] [stderr]    Compiling rustc_version v0.4.0
[INFO] [stderr]     Checking spin v0.9.5
[INFO] [stderr]    Compiling num-rational v0.4.1
[INFO] [stderr]     Checking url v2.3.1
[INFO] [stderr]     Checking weezl v0.1.7
[INFO] [stderr]     Checking futures-sink v0.3.26
[INFO] [stderr]     Checking simd-adler32 v0.3.4
[INFO] [stderr]    Compiling winapi v0.3.9
[INFO] [stderr]     Checking webbrowser v0.8.7
[INFO] [stderr]     Checking zune-inflate v0.2.50
[INFO] [stderr]     Checking threadpool v1.8.1
[INFO] [stderr]     Checking dirs-sys-next v0.1.2
[INFO] [stderr]    Compiling rfd v0.10.0
[INFO] [stderr]     Checking bit_field v0.10.2
[INFO] [stderr]     Checking glow v0.11.2
[INFO] [stderr]     Checking half v2.2.1
[INFO] [stderr]     Checking color_quant v1.1.0
[INFO] [stderr]     Checking lebe v0.5.2
[INFO] [stderr]     Checking directories-next v2.0.0
[INFO] [stderr]    Compiling system-deps v6.0.3
[INFO] [stderr]    Compiling embed-resource v1.8.0
[INFO] [stderr]     Checking gif v0.11.4
[INFO] [stderr]    Compiling darling_core v0.14.3
[INFO] [stderr]     Checking libudev v0.3.0
[INFO] [stderr]     Checking wayland-commons v0.29.5
[INFO] [stderr]     Checking x11rb-protocol v0.10.0
[INFO] [stderr]     Checking time v0.1.45
[INFO] [stderr]     Checking byteorder v1.4.3
[INFO] [stderr]     Checking same-file v1.0.6
[INFO] [stderr]     Checking iana-time-zone v0.1.53
[INFO] [stderr]     Checking scoped_threadpool v0.1.9
[INFO] [stderr]     Checking comportlist v0.1.3
[INFO] [stderr]     Checking walkdir v2.3.2
[INFO] [stderr]     Checking hex v0.4.3
[INFO] [stderr]     Checking chrono v0.4.23
[INFO] [stdout] error[E0433]: failed to resolve: could not find `shared` in `winapi`
[INFO] [stdout]  --> /opt/rustwide/cargo-home/registry/src/index.crates.io-6f17d22bba15001f/comportlist-0.1.3/src/lib.rs:4:13
[INFO] [stdout]   |
[INFO] [stdout] 4 | use winapi::shared::guiddef::*;
[INFO] [stdout]   |             ^^^^^^ could not find `shared` in `winapi`
[INFO] [stdout] 
[INFO] [stdout] 
[INFO] [stdout] error[E0433]: failed to resolve: could not find `shared` in `winapi`
[INFO] [stdout]  --> /opt/rustwide/cargo-home/registry/src/index.crates.io-6f17d22bba15001f/comportlist-0.1.3/src/lib.rs:5:13
[INFO] [stdout]   |
[INFO] [stdout] 5 | use winapi::shared::minwindef::*;
[INFO] [stdout]   |             ^^^^^^ could not find `shared` in `winapi`
[INFO] [stdout] 
[INFO] [stdout] 
[INFO] [stdout] error[E0433]: failed to resolve: could not find `shared` in `winapi`
[INFO] [stdout]  --> /opt/rustwide/cargo-home/registry/src/index.crates.io-6f17d22bba15001f/comportlist-0.1.3/src/lib.rs:6:13
[INFO] [stdout]   |
[INFO] [stdout] 6 | use winapi::shared::ntdef::CHAR;
[INFO] [stdout]   |             ^^^^^^ could not find `shared` in `winapi`
[INFO] [stdout] 
[INFO] [stdout] 
[INFO] [stdout] error[E0433]: failed to resolve: could not find `shared` in `winapi`
[INFO] [stdout]  --> /opt/rustwide/cargo-home/registry/src/index.crates.io-6f17d22bba15001f/comportlist-0.1.3/src/lib.rs:7:13
[INFO] [stdout]   |
[INFO] [stdout] 7 | use winapi::shared::winerror::*;
[INFO] [stdout]   |             ^^^^^^ could not find `shared` in `winapi`
[INFO] [stdout] 
[INFO] [stdout] 
[INFO] [stdout] error[E0433]: failed to resolve: could not find `um` in `winapi`
[INFO] [stdout]  --> /opt/rustwide/cargo-home/registry/src/index.crates.io-6f17d22bba15001f/comportlist-0.1.3/src/lib.rs:8:13
[INFO] [stdout]   |
[INFO] [stdout] 8 | use winapi::um::cguid::GUID_NULL;
[INFO] [stdout]   |             ^^ could not find `um` in `winapi`
[INFO] [stdout] 
[INFO] [stdout] 
[INFO] [stdout] error[E0433]: failed to resolve: could not find `um` in `winapi`
[INFO] [stdout]  --> /opt/rustwide/cargo-home/registry/src/index.crates.io-6f17d22bba15001f/comportlist-0.1.3/src/lib.rs:9:13
[INFO] [stdout]   |
[INFO] [stdout] 9 | use winapi::um::errhandlingapi::GetLastError;
[INFO] [stdout]   |             ^^ could not find `um` in `winapi`
[INFO] [stdout] 
[INFO] [stdout] 
[INFO] [stdout] error[E0433]: failed to resolve: could not find `um` in `winapi`
[INFO] [stdout]   --> /opt/rustwide/cargo-home/registry/src/index.crates.io-6f17d22bba15001f/comportlist-0.1.3/src/lib.rs:10:13
[INFO] [stdout]    |
[INFO] [stdout] 10 | use winapi::um::setupapi::*;
[INFO] [stdout]    |             ^^ could not find `um` in `winapi`
[INFO] [stdout] 
[INFO] [stdout] 
[INFO] [stdout] error[E0433]: failed to resolve: could not find `um` in `winapi`
[INFO] [stdout]   --> /opt/rustwide/cargo-home/registry/src/index.crates.io-6f17d22bba15001f/comportlist-0.1.3/src/lib.rs:11:13
[INFO] [stdout]    |
[INFO] [stdout] 11 | use winapi::um::winnt::KEY_READ;
[INFO] [stdout]    |             ^^ could not find `um` in `winapi`
[INFO] [stdout] 
[INFO] [stdout] 
[INFO] [stdout] error[E0433]: failed to resolve: could not find `um` in `winapi`
[INFO] [stdout]   --> /opt/rustwide/cargo-home/registry/src/index.crates.io-6f17d22bba15001f/comportlist-0.1.3/src/lib.rs:12:13
[INFO] [stdout]    |
[INFO] [stdout] 12 | use winapi::um::winreg::*;
[INFO] [stdout]    |             ^^ could not find `um` in `winapi`
[INFO] [stdout] 
[INFO] [stdout] 
[INFO] [stdout] error[E0412]: cannot find type `HDEVINFO` in this scope
[INFO] [stdout]   --> /opt/rustwide/cargo-home/registry/src/index.crates.io-6f17d22bba15001f/comportlist-0.1.3/src/lib.rs:48:10
[INFO] [stdout]    |
[INFO] [stdout] 48 |     hdi: HDEVINFO,
[INFO] [stdout]    |          ^^^^^^^^ not found in this scope
[INFO] [stdout] 
[INFO] [stdout] 
[INFO] [stdout] error[E0412]: cannot find type `SP_DEVINFO_DATA` in this scope
[INFO] [stdout]   --> /opt/rustwide/cargo-home/registry/src/index.crates.io-6f17d22bba15001f/comportlist-0.1.3/src/lib.rs:51:23
[INFO] [stdout]    |
[INFO] [stdout] 51 |     pub devinfo_data: SP_DEVINFO_DATA,
[INFO] [stdout]    |                       ^^^^^^^^^^^^^^^ not found in this scope
[INFO] [stdout] 
[INFO] [stdout] 
[INFO] [stdout] error[E0425]: cannot find value `MAX_PATH` in this scope
[INFO] [stdout]   --> /opt/rustwide/cargo-home/registry/src/index.crates.io-6f17d22bba15001f/comportlist-0.1.3/src/lib.rs:63:36
[INFO] [stdout]    |
[INFO] [stdout] 63 |         let mut result_buf = [0i8; MAX_PATH];
[INFO] [stdout]    |                                    ^^^^^^^^ not found in this scope
[INFO] [stdout] 
[INFO] [stdout] 
[INFO] [stdout] error[E0412]: cannot find type `DWORD` in this scope
[INFO] [stdout]   --> /opt/rustwide/cargo-home/registry/src/index.crates.io-6f17d22bba15001f/comportlist-0.1.3/src/lib.rs:69:43
[INFO] [stdout]    |
[INFO] [stdout] 69 |                 (result_buf.len() - 1) as DWORD,
[INFO] [stdout]    |                                           ^^^^^ not found in this scope
[INFO] [stdout] 
[INFO] [stdout] 
[INFO] [stdout] error[E0425]: cannot find value `FALSE` in this scope
[INFO] [stdout]   --> /opt/rustwide/cargo-home/registry/src/index.crates.io-6f17d22bba15001f/comportlist-0.1.3/src/lib.rs:73:19
[INFO] [stdout]    |
[INFO] [stdout] 73 |         if res == FALSE {
[INFO] [stdout]    |                   ^^^^^ not found in this scope
[INFO] [stdout]    |
[INFO] [stdout] help: you may want to use a bool value instead
[INFO] [stdout]    |
[INFO] [stdout] 73 |         if res == false {
[INFO] [stdout]    |                   ~~~~~
[INFO] [stdout] 
[INFO] [stdout] 
[INFO] [stdout] error[E0425]: cannot find value `SPDRP_HARDWAREID` in this scope
[INFO] [stdout]   --> /opt/rustwide/cargo-home/registry/src/index.crates.io-6f17d22bba15001f/comportlist-0.1.3/src/lib.rs:75:27
[INFO] [stdout]    |
[INFO] [stdout] 75 |             self.property(SPDRP_HARDWAREID)
[INFO] [stdout]    |                           ^^^^^^^^^^^^^^^^ not found in this scope
[INFO] [stdout] 
[INFO] [stdout] 
[INFO] [stdout] error[E0425]: cannot find value `DICS_FLAG_GLOBAL` in this scope
[INFO] [stdout]   --> /opt/rustwide/cargo-home/registry/src/index.crates.io-6f17d22bba15001f/comportlist-0.1.3/src/lib.rs:93:17
[INFO] [stdout]    |
[INFO] [stdout] 93 |                 DICS_FLAG_GLOBAL,
[INFO] [stdout]    |                 ^^^^^^^^^^^^^^^^ not found in this scope
[INFO] [stdout] 
[INFO] [stdout] 
[INFO] [stdout] error[E0425]: cannot find value `DIREG_DEV` in this scope
[INFO] [stdout]   --> /opt/rustwide/cargo-home/registry/src/index.crates.io-6f17d22bba15001f/comportlist-0.1.3/src/lib.rs:95:17
[INFO] [stdout]    |
[INFO] [stdout] 95 |                 DIREG_DEV,
[INFO] [stdout]    |                 ^^^^^^^^^ not found in this scope
[INFO] [stdout] 
[INFO] [stdout] 
[INFO] [stdout] error[E0425]: cannot find value `MAX_PATH` in this scope
[INFO] [stdout]   --> /opt/rustwide/cargo-home/registry/src/index.crates.io-6f17d22bba15001f/comportlist-0.1.3/src/lib.rs:99:42
[INFO] [stdout]    |
[INFO] [stdout] 99 |         let mut port_name_buffer = [0u8; MAX_PATH];
[INFO] [stdout]    |                                          ^^^^^^^^ not found in this scope
[INFO] [stdout] 
[INFO] [stdout] 
[INFO] [stdout] error[E0412]: cannot find type `DWORD` in this scope
[INFO] [stdout]    --> /opt/rustwide/cargo-home/registry/src/index.crates.io-6f17d22bba15001f/comportlist-0.1.3/src/lib.rs:100:59
[INFO] [stdout]     |
[INFO] [stdout] 100 |         let mut port_name_len = port_name_buffer.len() as DWORD;
[INFO] [stdout]     |                                                           ^^^^^ not found in this scope
[INFO] [stdout] 
[INFO] [stdout] 
[INFO] [stdout] error[E0425]: cannot find value `SPDRP_FRIENDLYNAME` in this scope
[INFO] [stdout]    --> /opt/rustwide/cargo-home/registry/src/index.crates.io-6f17d22bba15001f/comportlist-0.1.3/src/lib.rs:131:65
[INFO] [stdout]     |
[INFO] [stdout] 131 |                 serial_number: {if let Some(ss) = self.property(SPDRP_FRIENDLYNAME){
[INFO] [stdout]     |                                                                 ^^^^^^^^^^^^^^^^^^ not found in this scope
[INFO] [stdout] 
[INFO] [stdout] 
[INFO] [stdout] error[E0425]: cannot find value `SPDRP_MFG` in this scope
[INFO] [stdout]    --> /opt/rustwide/cargo-home/registry/src/index.crates.io-6f17d22bba15001f/comportlist-0.1.3/src/lib.rs:142:45
[INFO] [stdout]     |
[INFO] [stdout] 142 |                 manufacturer: self.property(SPDRP_MFG),
[INFO] [stdout]     |                                             ^^^^^^^^^ not found in this scope
[INFO] [stdout] 
[INFO] [stdout] 
[INFO] [stdout] error[E0425]: cannot find value `SPDRP_FRIENDLYNAME` in this scope
[INFO] [stdout]    --> /opt/rustwide/cargo-home/registry/src/index.crates.io-6f17d22bba15001f/comportlist-0.1.3/src/lib.rs:143:40
[INFO] [stdout]     |
[INFO] [stdout] 143 |                 product: self.property(SPDRP_FRIENDLYNAME),
[INFO] [stdout]     |                                        ^^^^^^^^^^^^^^^^^^ not found in this scope
[INFO] [stdout] 
[INFO] [stdout] 
[INFO] [stdout] error[E0412]: cannot find type `DWORD` in this scope
[INFO] [stdout]    --> /opt/rustwide/cargo-home/registry/src/index.crates.io-6f17d22bba15001f/comportlist-0.1.3/src/lib.rs:150:41
[INFO] [stdout]     |
[INFO] [stdout] 150 |     fn property(&mut self, property_id: DWORD) -> Option<String> {
[INFO] [stdout]     |                                         ^^^^^ not found in this scope
[INFO] [stdout] 
[INFO] [stdout] 
[INFO] [stdout] error[E0425]: cannot find value `MAX_PATH` in this scope
[INFO] [stdout]    --> /opt/rustwide/cargo-home/registry/src/index.crates.io-6f17d22bba15001f/comportlist-0.1.3/src/lib.rs:151:36
[INFO] [stdout]     |
[INFO] [stdout] 151 |         let mut result_buf: [CHAR; MAX_PATH] = [0; MAX_PATH];
[INFO] [stdout]     |                                    ^^^^^^^^ not found in this scope
[INFO] [stdout] 
[INFO] [stdout] 
[INFO] [stdout] error[E0425]: cannot find value `MAX_PATH` in this scope
[INFO] [stdout]    --> /opt/rustwide/cargo-home/registry/src/index.crates.io-6f17d22bba15001f/comportlist-0.1.3/src/lib.rs:151:52
[INFO] [stdout]     |
[INFO] [stdout] 151 |         let mut result_buf: [CHAR; MAX_PATH] = [0; MAX_PATH];
[INFO] [stdout]     |                                                    ^^^^^^^^ not found in this scope
[INFO] [stdout] 
[INFO] [stdout] 
[INFO] [stdout] error[E0412]: cannot find type `PBYTE` in this scope
[INFO] [stdout]    --> /opt/rustwide/cargo-home/registry/src/index.crates.io-6f17d22bba15001f/comportlist-0.1.3/src/lib.rs:158:44
[INFO] [stdout]     |
[INFO] [stdout] 158 |                 result_buf.as_mut_ptr() as PBYTE,
[INFO] [stdout]     |                                            ^^^^^ not found in this scope
[INFO] [stdout] 
[INFO] [stdout] 
[INFO] [stdout] error[E0412]: cannot find type `DWORD` in this scope
[INFO] [stdout]    --> /opt/rustwide/cargo-home/registry/src/index.crates.io-6f17d22bba15001f/comportlist-0.1.3/src/lib.rs:159:43
[INFO] [stdout]     |
[INFO] [stdout] 159 |                 (result_buf.len() - 1) as DWORD,
[INFO] [stdout]     |                                           ^^^^^ not found in this scope
[INFO] [stdout] 
[INFO] [stdout] 
[INFO] [stdout] error[E0425]: cannot find value `FALSE` in this scope
[INFO] [stdout]    --> /opt/rustwide/cargo-home/registry/src/index.crates.io-6f17d22bba15001f/comportlist-0.1.3/src/lib.rs:163:19
[INFO] [stdout]     |
[INFO] [stdout] 163 |         if res == FALSE {
[INFO] [stdout]     |                   ^^^^^ not found in this scope
[INFO] [stdout]     |
[INFO] [stdout] help: you may want to use a bool value instead
[INFO] [stdout]     |
[INFO] [stdout] 163 |         if res == false {
[INFO] [stdout]     |                   ~~~~~
[INFO] [stdout] 
[INFO] [stdout] 
[INFO] [stdout] error[E0425]: cannot find value `ERROR_INSUFFICIENT_BUFFER` in this scope
[INFO] [stdout]    --> /opt/rustwide/cargo-home/registry/src/index.crates.io-6f17d22bba15001f/comportlist-0.1.3/src/lib.rs:164:45
[INFO] [stdout]     |
[INFO] [stdout] 164 |             if unsafe { GetLastError() } != ERROR_INSUFFICIENT_BUFFER {
[INFO] [stdout]     |                                             ^^^^^^^^^^^^^^^^^^^^^^^^^ not found in this scope
[INFO] [stdout] 
[INFO] [stdout] 
[INFO] [stdout] error[E0412]: cannot find type `GUID` in this scope
[INFO] [stdout]    --> /opt/rustwide/cargo-home/registry/src/index.crates.io-6f17d22bba15001f/comportlist-0.1.3/src/lib.rs:178:54
[INFO] [stdout]     |
[INFO] [stdout] 178 | fn get_ports_guids(serchkey:Vec<&str>) -> Option<Vec<GUID>> {
[INFO] [stdout]     |                                                      ^^^^ not found in this scope
[INFO] [stdout]     |
[INFO] [stdout] help: you might be missing a type parameter
[INFO] [stdout]     |
[INFO] [stdout] 178 | fn get_ports_guids<GUID>(serchkey:Vec<&str>) -> Option<Vec<GUID>> {
[INFO] [stdout]     |                   ++++++
[INFO] [stdout] 
[INFO] [stdout] 
[INFO] [stdout] error[E0412]: cannot find type `GUID` in this scope
[INFO] [stdout]    --> /opt/rustwide/cargo-home/registry/src/index.crates.io-6f17d22bba15001f/comportlist-0.1.3/src/lib.rs:180:26
[INFO] [stdout]     |
[INFO] [stdout] 180 |     let mut allguid: Vec<GUID> = Vec::new();
[INFO] [stdout]     |                          ^^^^ not found in this scope
[INFO] [stdout]     |
[INFO] [stdout] help: you might be missing a type parameter
[INFO] [stdout]     |
[INFO] [stdout] 178 | fn get_ports_guids<GUID>(serchkey:Vec<&str>) -> Option<Vec<GUID>> {
[INFO] [stdout]     |                   ++++++
[INFO] [stdout] 
[INFO] [stdout] 
[INFO] [stdout] error[E0412]: cannot find type `DWORD` in this scope
[INFO] [stdout]    --> /opt/rustwide/cargo-home/registry/src/index.crates.io-6f17d22bba15001f/comportlist-0.1.3/src/lib.rs:186:28
[INFO] [stdout]     |
[INFO] [stdout] 186 |         let mut num_guids: DWORD = 0;
[INFO] [stdout]     |                            ^^^^^ not found in this scope
[INFO] [stdout] 
[INFO] [stdout] 
[INFO] [stdout] error[E0412]: cannot find type `GUID` in this scope
[INFO] [stdout]    --> /opt/rustwide/cargo-home/registry/src/index.crates.io-6f17d22bba15001f/comportlist-0.1.3/src/lib.rs:187:28
[INFO] [stdout]     |
[INFO] [stdout] 187 |         let mut guids: Vec<GUID> = Vec::new();
[INFO] [stdout]     |                            ^^^^ not found in this scope
[INFO] [stdout]     |
[INFO] [stdout] help: you might be missing a type parameter
[INFO] [stdout]     |
[INFO] [stdout] 178 | fn get_ports_guids<GUID>(serchkey:Vec<&str>) -> Option<Vec<GUID>> {
[INFO] [stdout]     |                   ++++++
[INFO] [stdout] 
[INFO] [stdout] 
[INFO] [stdout] error[E0412]: cannot find type `DWORD` in this scope
[INFO] [stdout]    --> /opt/rustwide/cargo-home/registry/src/index.crates.io-6f17d22bba15001f/comportlist-0.1.3/src/lib.rs:196:32
[INFO] [stdout]     |
[INFO] [stdout] 196 |                 guids.len() as DWORD,
[INFO] [stdout]     |                                ^^^^^ not found in this scope
[INFO] [stdout] 
[INFO] [stdout] 
[INFO] [stdout] error[E0425]: cannot find value `FALSE` in this scope
[INFO] [stdout]    --> /opt/rustwide/cargo-home/registry/src/index.crates.io-6f17d22bba15001f/comportlist-0.1.3/src/lib.rs:200:19
[INFO] [stdout]     |
[INFO] [stdout] 200 |         if res == FALSE {
[INFO] [stdout]     |                   ^^^^^ not found in this scope
[INFO] [stdout]     |
[INFO] [stdout] help: you may want to use a bool value instead
[INFO] [stdout]     |
[INFO] [stdout] 200 |         if res == false {
[INFO] [stdout]     |                   ~~~~~
[INFO] [stdout] 
[INFO] [stdout] 
[INFO] [stdout] error[E0412]: cannot find type `DWORD` in this scope
[INFO] [stdout]    --> /opt/rustwide/cargo-home/registry/src/index.crates.io-6f17d22bba15001f/comportlist-0.1.3/src/lib.rs:220:36
[INFO] [stdout]     |
[INFO] [stdout] 220 |                     guids.len() as DWORD,
[INFO] [stdout]     |                                    ^^^^^ not found in this scope
[INFO] [stdout] 
[INFO] [stdout] 
[INFO] [stdout] error[E0425]: cannot find value `FALSE` in this scope
[INFO] [stdout]    --> /opt/rustwide/cargo-home/registry/src/index.crates.io-6f17d22bba15001f/comportlist-0.1.3/src/lib.rs:224:23
[INFO] [stdout]     |
[INFO] [stdout] 224 |             if res == FALSE {
[INFO] [stdout]     |                       ^^^^^ not found in this scope
[INFO] [stdout]     |
[INFO] [stdout] help: you may want to use a bool value instead
[INFO] [stdout]     |
[INFO] [stdout] 224 |             if res == false {
[INFO] [stdout]     |                       ~~~~~
[INFO] [stdout] 
[INFO] [stdout] 
[INFO] [stdout] error[E0412]: cannot find type `HDEVINFO` in this scope
[INFO] [stdout]    --> /opt/rustwide/cargo-home/registry/src/index.crates.io-6f17d22bba15001f/comportlist-0.1.3/src/lib.rs:264:10
[INFO] [stdout]     |
[INFO] [stdout] 264 |     hdi: HDEVINFO,
[INFO] [stdout]     |          ^^^^^^^^ not found in this scope
[INFO] [stdout] 
[INFO] [stdout] 
[INFO] [stdout] error[E0412]: cannot find type `DWORD` in this scope
[INFO] [stdout]    --> /opt/rustwide/cargo-home/registry/src/index.crates.io-6f17d22bba15001f/comportlist-0.1.3/src/lib.rs:267:14
[INFO] [stdout]     |
[INFO] [stdout] 267 |     dev_idx: DWORD,
[INFO] [stdout]     |              ^^^^^ not found in this scope
[INFO] [stdout] 
[INFO] [stdout] 
[INFO] [stdout] error[E0412]: cannot find type `GUID` in this scope
[INFO] [stdout]    --> /opt/rustwide/cargo-home/registry/src/index.crates.io-6f17d22bba15001f/comportlist-0.1.3/src/lib.rs:272:23
[INFO] [stdout]     |
[INFO] [stdout] 272 |     pub fn new(guid: &GUID) -> Self {
[INFO] [stdout]     |                       ^^^^ not found in this scope
[INFO] [stdout] 
[INFO] [stdout] 
[INFO] [stdout] error[E0425]: cannot find value `DIGCF_PRESENT` in this scope
[INFO] [stdout]    --> /opt/rustwide/cargo-home/registry/src/index.crates.io-6f17d22bba15001f/comportlist-0.1.3/src/lib.rs:274:84
[INFO] [stdout]     |
[INFO] [stdout] 274 |             hdi: unsafe { SetupDiGetClassDevsA(guid, ptr::null(), ptr::null_mut(), DIGCF_PRESENT) },
[INFO] [stdout]     |                                                                                    ^^^^^^^^^^^^^ not found in this scope
[INFO] [stdout] 
[INFO] [stdout] 
[INFO] [stdout] error[E0422]: cannot find struct, variant or union type `SP_DEVINFO_DATA` in this scope
[INFO] [stdout]    --> /opt/rustwide/cargo-home/registry/src/index.crates.io-6f17d22bba15001f/comportlist-0.1.3/src/lib.rs:287:27
[INFO] [stdout]     |
[INFO] [stdout] 287 |             devinfo_data: SP_DEVINFO_DATA {
[INFO] [stdout]     |                           ^^^^^^^^^^^^^^^ not found in this scope
[INFO] [stdout] 
[INFO] [stdout] 
[INFO] [stdout] error[E0412]: cannot find type `SP_DEVINFO_DATA` in this scope
[INFO] [stdout]    --> /opt/rustwide/cargo-home/registry/src/index.crates.io-6f17d22bba15001f/comportlist-0.1.3/src/lib.rs:288:40
[INFO] [stdout]     |
[INFO] [stdout] 288 |                 cbSize: mem::size_of::<SP_DEVINFO_DATA>() as DWORD,
[INFO] [stdout]     |                                        ^^^^^^^^^^^^^^^ not found in this scope
[INFO] [stdout]     |
[INFO] [stdout] help: you might be missing a type parameter
[INFO] [stdout]     |
[INFO] [stdout] 279 | impl<SP_DEVINFO_DATA> Iterator for PortDevices {
[INFO] [stdout]     |     +++++++++++++++++
[INFO] [stdout] 
[INFO] [stdout] 
[INFO] [stdout] error[E0412]: cannot find type `DWORD` in this scope
[INFO] [stdout]    --> /opt/rustwide/cargo-home/registry/src/index.crates.io-6f17d22bba15001f/comportlist-0.1.3/src/lib.rs:288:62
[INFO] [stdout]     |
[INFO] [stdout] 288 |                 cbSize: mem::size_of::<SP_DEVINFO_DATA>() as DWORD,
[INFO] [stdout]     |                                                              ^^^^^ not found in this scope
[INFO] [stdout] 
[INFO] [stdout] 
[INFO] [stdout] error[E0425]: cannot find value `FALSE` in this scope
[INFO] [stdout]    --> /opt/rustwide/cargo-home/registry/src/index.crates.io-6f17d22bba15001f/comportlist-0.1.3/src/lib.rs:296:19
[INFO] [stdout]     |
[INFO] [stdout] 296 |         if res == FALSE {
[INFO] [stdout]     |                   ^^^^^ not found in this scope
[INFO] [stdout]     |
[INFO] [stdout] help: you may want to use a bool value instead
[INFO] [stdout]     |
[INFO] [stdout] 296 |         if res == false {
[INFO] [stdout]     |                   ~~~~~
[INFO] [stdout] 
[INFO] [stdout] 
[INFO] [stdout] error[E0425]: cannot find function, tuple struct or tuple variant `SetupDiGetDeviceInstanceIdA` in this scope
[INFO] [stdout]   --> /opt/rustwide/cargo-home/registry/src/index.crates.io-6f17d22bba15001f/comportlist-0.1.3/src/lib.rs:65:13
[INFO] [stdout]    |
[INFO] [stdout] 65 |             SetupDiGetDeviceInstanceIdA(
[INFO] [stdout]    |             ^^^^^^^^^^^^^^^^^^^^^^^^^^^ not found in this scope
[INFO] [stdout] 
[INFO] [stdout] 
[INFO] [stdout] error[E0425]: cannot find function, tuple struct or tuple variant `SetupDiOpenDevRegKey` in this scope
[INFO] [stdout]   --> /opt/rustwide/cargo-home/registry/src/index.crates.io-6f17d22bba15001f/comportlist-0.1.3/src/lib.rs:90:13
[INFO] [stdout]    |
[INFO] [stdout] 90 |             SetupDiOpenDevRegKey(
[INFO] [stdout]    |             ^^^^^^^^^^^^^^^^^^^^ not found in this scope
[INFO] [stdout] 
[INFO] [stdout] 
[INFO] [stdout] error[E0425]: cannot find function, tuple struct or tuple variant `RegQueryValueExA` in this scope
[INFO] [stdout]    --> /opt/rustwide/cargo-home/registry/src/index.crates.io-6f17d22bba15001f/comportlist-0.1.3/src/lib.rs:103:13
[INFO] [stdout]     |
[INFO] [stdout] 103 |             RegQueryValueExA(
[INFO] [stdout]     |             ^^^^^^^^^^^^^^^^ not found in this scope
[INFO] [stdout] 
[INFO] [stdout] 
[INFO] [stdout] error[E0425]: cannot find function, tuple struct or tuple variant `RegCloseKey` in this scope
[INFO] [stdout]    --> /opt/rustwide/cargo-home/registry/src/index.crates.io-6f17d22bba15001f/comportlist-0.1.3/src/lib.rs:112:18
[INFO] [stdout]     |
[INFO] [stdout] 112 |         unsafe { RegCloseKey(hkey) };
[INFO] [stdout]     |                  ^^^^^^^^^^^ not found in this scope
[INFO] [stdout] 
[INFO] [stdout] 
[INFO] [stdout] error[E0425]: cannot find function, tuple struct or tuple variant `SetupDiGetDeviceRegistryPropertyA` in this scope
[INFO] [stdout]    --> /opt/rustwide/cargo-home/registry/src/index.crates.io-6f17d22bba15001f/comportlist-0.1.3/src/lib.rs:153:13
[INFO] [stdout]     |
[INFO] [stdout] 153 |             SetupDiGetDeviceRegistryPropertyA(
[INFO] [stdout]     |             ^^^^^^^^^^^^^^^^^^^^^^^^^^^^^^^^^ not found in this scope
[INFO] [stdout] 
[INFO] [stdout] 
[INFO] [stdout] error[E0425]: cannot find function, tuple struct or tuple variant `SetupDiClassGuidsFromNameA` in this scope
[INFO] [stdout]    --> /opt/rustwide/cargo-home/registry/src/index.crates.io-6f17d22bba15001f/comportlist-0.1.3/src/lib.rs:193:13
[INFO] [stdout]     |
[INFO] [stdout] 193 |             SetupDiClassGuidsFromNameA(
[INFO] [stdout]     |             ^^^^^^^^^^^^^^^^^^^^^^^^^^ not found in this scope
[INFO] [stdout] 
[INFO] [stdout] 
[INFO] [stdout] error[E0425]: cannot find function, tuple struct or tuple variant `SetupDiClassGuidsFromNameA` in this scope
[INFO] [stdout]    --> /opt/rustwide/cargo-home/registry/src/index.crates.io-6f17d22bba15001f/comportlist-0.1.3/src/lib.rs:217:17
[INFO] [stdout]     |
[INFO] [stdout] 217 |                 SetupDiClassGuidsFromNameA(
[INFO] [stdout]     |                 ^^^^^^^^^^^^^^^^^^^^^^^^^^ not found in this scope
[INFO] [stdout] 
[INFO] [stdout] 
[INFO] [stdout] error[E0425]: cannot find function, tuple struct or tuple variant `SetupDiGetClassDevsA` in this scope
[INFO] [stdout]    --> /opt/rustwide/cargo-home/registry/src/index.crates.io-6f17d22bba15001f/comportlist-0.1.3/src/lib.rs:274:27
[INFO] [stdout]     |
[INFO] [stdout] 274 |             hdi: unsafe { SetupDiGetClassDevsA(guid, ptr::null(), ptr::null_mut(), DIGCF_PRESENT) },
[INFO] [stdout]     |                           ^^^^^^^^^^^^^^^^^^^^ not found in this scope
[INFO] [stdout] 
[INFO] [stdout] 
[INFO] [stdout] error[E0425]: cannot find function, tuple struct or tuple variant `SetupDiEnumDeviceInfo` in this scope
[INFO] [stdout]    --> /opt/rustwide/cargo-home/registry/src/index.crates.io-6f17d22bba15001f/comportlist-0.1.3/src/lib.rs:295:22
[INFO] [stdout]     |
[INFO] [stdout] 295 |             unsafe { SetupDiEnumDeviceInfo(self.hdi, self.dev_idx, &mut port_dev.devinfo_data) };
[INFO] [stdout]     |                      ^^^^^^^^^^^^^^^^^^^^^ not found in this scope
[INFO] [stdout] 
[INFO] [stdout] 
[INFO] [stdout] error[E0425]: cannot find function, tuple struct or tuple variant `SetupDiDestroyDeviceInfoList` in this scope
[INFO] [stdout]    --> /opt/rustwide/cargo-home/registry/src/index.crates.io-6f17d22bba15001f/comportlist-0.1.3/src/lib.rs:309:13
[INFO] [stdout]     |
[INFO] [stdout] 309 |             SetupDiDestroyDeviceInfoList(self.hdi);
[INFO] [stdout]     |             ^^^^^^^^^^^^^^^^^^^^^^^^^^^^ not found in this scope
[INFO] [stdout] 
[INFO] [stdout] 
[INFO] [stdout] error: aborting due to 55 previous errors
[INFO] [stdout] 
[INFO] [stdout] 
[INFO] [stdout] Some errors have detailed explanations: E0412, E0422, E0425, E0433.
[INFO] [stdout] 
[INFO] [stdout] For more information about an error, try `rustc --explain E0412`.
[INFO] [stdout] 
[INFO] [stderr] error: could not compile `comportlist` (lib) due to 56 previous errors
[INFO] [stderr] warning: build failed, waiting for other jobs to finish...
[INFO] running `Command { std: "docker" "inspect" "866ee6c43404dd0f7ab97455f41afeacfa123bc0f15223e422a3a4c335ac1bc5", kill_on_drop: false }`
[INFO] running `Command { std: "docker" "rm" "-f" "866ee6c43404dd0f7ab97455f41afeacfa123bc0f15223e422a3a4c335ac1bc5", kill_on_drop: false }`
[INFO] [stdout] 866ee6c43404dd0f7ab97455f41afeacfa123bc0f15223e422a3a4c335ac1bc5
