[INFO] fetching crate asio-sys 0.2.1...
[INFO] documenting asio-sys-0.2.1 against 1.69.0 for beta-1.70-rustdoc-1
[INFO] extracting crate asio-sys 0.2.1 into /workspace/builds/worker-5-tc1/source
[INFO] validating manifest of crates.io crate asio-sys 0.2.1 on toolchain 1.69.0
[INFO] running `Command { std: CARGO_HOME="/workspace/cargo-home" RUSTUP_HOME="/workspace/rustup-home" "/workspace/cargo-home/bin/cargo" "+1.69.0" "metadata" "--manifest-path" "Cargo.toml" "--no-deps", kill_on_drop: false }`
[INFO] started tweaking crates.io crate asio-sys 0.2.1
[INFO] finished tweaking crates.io crate asio-sys 0.2.1
[INFO] tweaked toml for crates.io crate asio-sys 0.2.1 written to /workspace/builds/worker-5-tc1/source/Cargo.toml
[INFO] crate crates.io crate asio-sys 0.2.1 already has a lockfile, it will not be regenerated
[INFO] running `Command { std: CARGO_HOME="/workspace/cargo-home" RUSTUP_HOME="/workspace/rustup-home" "/workspace/cargo-home/bin/cargo" "+1.69.0" "fetch" "--manifest-path" "Cargo.toml", kill_on_drop: false }`
[INFO] [stderr]     Blocking waiting for file lock on package cache
[INFO] [stderr]  Downloading crates ...
[INFO] [stderr]   Downloaded nom v5.1.2
[INFO] [stderr]   Downloaded regex v1.7.0
[INFO] [stderr]   Downloaded clang-sys v1.4.0
[INFO] [stderr]   Downloaded bindgen v0.56.0
[INFO] [stderr]   Downloaded cc v1.0.76
[INFO] running `Command { std: "docker" "create" "-v" "/var/lib/crater-agent-workspace/builds/worker-5-tc1/target:/opt/rustwide/target:rw,Z" "-v" "/var/lib/crater-agent-workspace/builds/worker-5-tc1/source:/opt/rustwide/workdir:ro,Z" "-v" "/var/lib/crater-agent-workspace/cargo-home:/opt/rustwide/cargo-home:ro,Z" "-v" "/var/lib/crater-agent-workspace/rustup-home:/opt/rustwide/rustup-home:ro,Z" "-e" "SOURCE_DIR=/opt/rustwide/workdir" "-e" "CARGO_TARGET_DIR=/opt/rustwide/target" "-e" "CARGO_HOME=/opt/rustwide/cargo-home" "-e" "RUSTUP_HOME=/opt/rustwide/rustup-home" "-w" "/opt/rustwide/workdir" "-m" "1610612736" "--user" "0:0" "--network" "none" "ghcr.io/rust-lang/crates-build-env/linux@sha256:5ff2268d62e97bff2cde7d5815dd6ed5b47097566f13b8d0ca110b04b60e07ed" "/opt/rustwide/cargo-home/bin/cargo" "+1.69.0" "metadata" "--no-deps" "--format-version=1", kill_on_drop: false }`
[INFO] [stdout] da9a21489fc1a40fc876c954081d7547c53ab23f2fe9e04acd67396b79d72fcc
[INFO] running `Command { std: "docker" "start" "-a" "da9a21489fc1a40fc876c954081d7547c53ab23f2fe9e04acd67396b79d72fcc", kill_on_drop: false }`
[INFO] running `Command { std: "docker" "inspect" "da9a21489fc1a40fc876c954081d7547c53ab23f2fe9e04acd67396b79d72fcc", kill_on_drop: false }`
[INFO] running `Command { std: "docker" "rm" "-f" "da9a21489fc1a40fc876c954081d7547c53ab23f2fe9e04acd67396b79d72fcc", kill_on_drop: false }`
[INFO] [stdout] da9a21489fc1a40fc876c954081d7547c53ab23f2fe9e04acd67396b79d72fcc
[INFO] running `Command { std: "docker" "create" "-v" "/var/lib/crater-agent-workspace/builds/worker-5-tc1/target:/opt/rustwide/target:rw,Z" "-v" "/var/lib/crater-agent-workspace/builds/worker-5-tc1/source:/opt/rustwide/workdir:ro,Z" "-v" "/var/lib/crater-agent-workspace/cargo-home:/opt/rustwide/cargo-home:ro,Z" "-v" "/var/lib/crater-agent-workspace/rustup-home:/opt/rustwide/rustup-home:ro,Z" "-e" "SOURCE_DIR=/opt/rustwide/workdir" "-e" "CARGO_TARGET_DIR=/opt/rustwide/target" "-e" "CARGO_INCREMENTAL=0" "-e" "RUST_BACKTRACE=full" "-e" "RUSTFLAGS=--cap-lints=warn" "-e" "RUSTDOCFLAGS=--cap-lints=warn" "-e" "CARGO_HOME=/opt/rustwide/cargo-home" "-e" "RUSTUP_HOME=/opt/rustwide/rustup-home" "-w" "/opt/rustwide/workdir" "-m" "1610612736" "--user" "0:0" "--network" "none" "ghcr.io/rust-lang/crates-build-env/linux@sha256:5ff2268d62e97bff2cde7d5815dd6ed5b47097566f13b8d0ca110b04b60e07ed" "/opt/rustwide/cargo-home/bin/cargo" "+1.69.0" "doc" "--frozen" "--no-deps" "--document-private-items" "--message-format=json", kill_on_drop: false }`
[INFO] [stdout] d54187a5a19bc970ea683cad97f61034c9f19d348b643e3c3d930ce3f82a041b
[INFO] running `Command { std: "docker" "start" "-a" "d54187a5a19bc970ea683cad97f61034c9f19d348b643e3c3d930ce3f82a041b", kill_on_drop: false }`
[INFO] [stderr]    Compiling proc-macro2 v1.0.47
[INFO] [stderr]    Compiling quote v1.0.21
[INFO] [stderr]    Compiling unicode-ident v1.0.5
[INFO] [stderr]    Compiling syn v1.0.103
[INFO] [stderr]    Compiling asio-sys v0.2.1 (/opt/rustwide/workdir)
[INFO] [stderr]     Checking once_cell v1.16.0
[INFO] [stdout] error[E0463]: can't find crate for `bindgen`
[INFO] [stdout]  --> build.rs:1:1
[INFO] [stdout]   |
[INFO] [stdout] 1 | extern crate bindgen;
[INFO] [stdout]   | ^^^^^^^^^^^^^^^^^^^^^ can't find crate
[INFO] [stdout] 
[INFO] [stdout] 
[INFO] [stdout] error[E0463]: can't find crate for `cc`
[INFO] [stdout]  --> build.rs:2:1
[INFO] [stdout]   |
[INFO] [stdout] 2 | extern crate cc;
[INFO] [stdout]   | ^^^^^^^^^^^^^^^^ can't find crate
[INFO] [stdout] 
[INFO] [stdout] 
[INFO] [stdout] error[E0463]: can't find crate for `walkdir`
[INFO] [stdout]  --> build.rs:3:1
[INFO] [stdout]   |
[INFO] [stdout] 3 | extern crate walkdir;
[INFO] [stdout]   | ^^^^^^^^^^^^^^^^^^^^^ can't find crate
[INFO] [stdout] 
[INFO] [stdout] 
[INFO] [stdout] error: aborting due to 3 previous errors
[INFO] [stdout] 
[INFO] [stdout] 
[INFO] [stdout] For more information about this error, try `rustc --explain E0463`.
[INFO] [stdout] 
[INFO] [stderr] error: could not compile `asio-sys` due to 4 previous errors
[INFO] [stderr] warning: build failed, waiting for other jobs to finish...
[INFO] running `Command { std: "docker" "inspect" "d54187a5a19bc970ea683cad97f61034c9f19d348b643e3c3d930ce3f82a041b", kill_on_drop: false }`
[INFO] running `Command { std: "docker" "rm" "-f" "d54187a5a19bc970ea683cad97f61034c9f19d348b643e3c3d930ce3f82a041b", kill_on_drop: false }`
[INFO] [stdout] d54187a5a19bc970ea683cad97f61034c9f19d348b643e3c3d930ce3f82a041b
