[INFO] cloning repository https://github.com/rbartlensky/password-store
[INFO] running `Command { std: "git" "-c" "credential.helper=" "-c" "credential.helper=/workspace/cargo-home/bin/git-credential-null" "clone" "--bare" "https://github.com/rbartlensky/password-store" "/workspace/cache/git-repos/https%3A%2F%2Fgithub.com%2Frbartlensky%2Fpassword-store", kill_on_drop: false }`
[INFO] [stderr] Cloning into bare repository '/workspace/cache/git-repos/https%3A%2F%2Fgithub.com%2Frbartlensky%2Fpassword-store'...
[INFO] running `Command { std: "git" "rev-parse" "HEAD", kill_on_drop: false }`
[INFO] [stdout] 91547fcec60f88a34f303e1bb38e2b1a6caf0c1f
[INFO] documenting rbartlensky/password-store against beta-2023-04-20 for beta-1.70-rustdoc-1
[INFO] running `Command { std: "git" "clone" "/workspace/cache/git-repos/https%3A%2F%2Fgithub.com%2Frbartlensky%2Fpassword-store" "/workspace/builds/worker-3-tc2/source", kill_on_drop: false }`
[INFO] [stderr] Cloning into '/workspace/builds/worker-3-tc2/source'...
[INFO] [stderr] done.
[INFO] validating manifest of git repo https://github.com/rbartlensky/password-store on toolchain beta-2023-04-20
[INFO] running `Command { std: CARGO_HOME="/workspace/cargo-home" RUSTUP_HOME="/workspace/rustup-home" "/workspace/cargo-home/bin/cargo" "+beta-2023-04-20" "metadata" "--manifest-path" "Cargo.toml" "--no-deps", kill_on_drop: false }`
[INFO] started tweaking git repo https://github.com/rbartlensky/password-store
[INFO] finished tweaking git repo https://github.com/rbartlensky/password-store
[INFO] tweaked toml for git repo https://github.com/rbartlensky/password-store written to /workspace/builds/worker-3-tc2/source/Cargo.toml
[INFO] crate git repo https://github.com/rbartlensky/password-store already has a lockfile, it will not be regenerated
[INFO] running `Command { std: CARGO_HOME="/workspace/cargo-home" RUSTUP_HOME="/workspace/rustup-home" "/workspace/cargo-home/bin/cargo" "+beta-2023-04-20" "fetch" "--manifest-path" "Cargo.toml", kill_on_drop: false }`
[INFO] [stderr]     Updating crates.io index
[INFO] [stderr]  Downloading crates ...
[INFO] [stderr]   Downloaded nitrokey v0.3.5
[INFO] [stderr]   Downloaded random-integer v1.0.5
[INFO] [stderr]   Downloaded hkdf v0.7.1
[INFO] [stderr]   Downloaded random-pick v1.2.7
[INFO] [stderr]   Downloaded secret-service v1.0.0
[INFO] [stderr]   Downloaded rpassword v4.0.4
[INFO] [stderr]   Downloaded nitrokey-sys v3.4.3
[INFO] [stderr]   Downloaded passwords v1.1.5
[INFO] running `Command { std: "docker" "create" "-v" "/var/lib/crater-agent-workspace/builds/worker-3-tc2/target:/opt/rustwide/target:rw,Z" "-v" "/var/lib/crater-agent-workspace/builds/worker-3-tc2/source:/opt/rustwide/workdir:ro,Z" "-v" "/var/lib/crater-agent-workspace/cargo-home:/opt/rustwide/cargo-home:ro,Z" "-v" "/var/lib/crater-agent-workspace/rustup-home:/opt/rustwide/rustup-home:ro,Z" "-e" "SOURCE_DIR=/opt/rustwide/workdir" "-e" "CARGO_TARGET_DIR=/opt/rustwide/target" "-e" "CARGO_HOME=/opt/rustwide/cargo-home" "-e" "RUSTUP_HOME=/opt/rustwide/rustup-home" "-w" "/opt/rustwide/workdir" "-m" "1610612736" "--user" "0:0" "--network" "none" "ghcr.io/rust-lang/crates-build-env/linux@sha256:5ff2268d62e97bff2cde7d5815dd6ed5b47097566f13b8d0ca110b04b60e07ed" "/opt/rustwide/cargo-home/bin/cargo" "+beta-2023-04-20" "metadata" "--no-deps" "--format-version=1", kill_on_drop: false }`
[INFO] [stdout] daf76c62204a43b5c67b15dd30b4fc6800fbab58896ab13bb26e9c506a368f8e
[INFO] running `Command { std: "docker" "start" "-a" "daf76c62204a43b5c67b15dd30b4fc6800fbab58896ab13bb26e9c506a368f8e", kill_on_drop: false }`
[INFO] running `Command { std: "docker" "inspect" "daf76c62204a43b5c67b15dd30b4fc6800fbab58896ab13bb26e9c506a368f8e", kill_on_drop: false }`
[INFO] running `Command { std: "docker" "rm" "-f" "daf76c62204a43b5c67b15dd30b4fc6800fbab58896ab13bb26e9c506a368f8e", kill_on_drop: false }`
[INFO] [stdout] daf76c62204a43b5c67b15dd30b4fc6800fbab58896ab13bb26e9c506a368f8e
[INFO] running `Command { std: "docker" "create" "-v" "/var/lib/crater-agent-workspace/builds/worker-3-tc2/target:/opt/rustwide/target:rw,Z" "-v" "/var/lib/crater-agent-workspace/builds/worker-3-tc2/source:/opt/rustwide/workdir:ro,Z" "-v" "/var/lib/crater-agent-workspace/cargo-home:/opt/rustwide/cargo-home:ro,Z" "-v" "/var/lib/crater-agent-workspace/rustup-home:/opt/rustwide/rustup-home:ro,Z" "-e" "SOURCE_DIR=/opt/rustwide/workdir" "-e" "CARGO_TARGET_DIR=/opt/rustwide/target" "-e" "CARGO_INCREMENTAL=0" "-e" "RUST_BACKTRACE=full" "-e" "RUSTFLAGS=--cap-lints=warn" "-e" "RUSTDOCFLAGS=--cap-lints=warn" "-e" "CARGO_HOME=/opt/rustwide/cargo-home" "-e" "RUSTUP_HOME=/opt/rustwide/rustup-home" "-w" "/opt/rustwide/workdir" "-m" "1610612736" "--user" "0:0" "--network" "none" "ghcr.io/rust-lang/crates-build-env/linux@sha256:5ff2268d62e97bff2cde7d5815dd6ed5b47097566f13b8d0ca110b04b60e07ed" "/opt/rustwide/cargo-home/bin/cargo" "+beta-2023-04-20" "doc" "--frozen" "--no-deps" "--document-private-items" "--message-format=json", kill_on_drop: false }`
[INFO] [stdout] cda54c2dbf9f8f1d2bd6bde47f9fe5c91e128e1824163b7f2c222823e464a6f2
[INFO] running `Command { std: "docker" "start" "-a" "cda54c2dbf9f8f1d2bd6bde47f9fe5c91e128e1824163b7f2c222823e464a6f2", kill_on_drop: false }`
[INFO] [stderr]    Compiling libc v0.2.65
[INFO] [stderr]    Compiling autocfg v0.1.7
[INFO] [stderr]    Compiling typenum v1.11.2
[INFO] [stderr]     Checking cfg-if v0.1.10
[INFO] [stderr]    Compiling byteorder v1.3.2
[INFO] [stderr]     Checking rand_core v0.4.2
[INFO] [stderr]    Compiling proc-macro2 v1.0.6
[INFO] [stderr]    Compiling unicode-xid v0.2.0
[INFO] [stderr]    Compiling syn v1.0.7
[INFO] [stderr]    Compiling getrandom v0.1.13
[INFO] [stderr]     Checking rand_core v0.3.1
[INFO] [stderr]     Checking lazy_static v1.4.0
[INFO] [stderr]    Compiling serde v1.0.103
[INFO] [stderr]    Compiling num-traits v0.2.8
[INFO] [stderr]    Compiling num-integer v0.1.41
[INFO] [stderr]    Compiling log v0.4.8
[INFO] [stderr]     Checking ppv-lite86 v0.2.6
[INFO] [stderr]    Compiling num-bigint v0.2.3
[INFO] [stderr]     Checking byte-tools v0.3.1
[INFO] [stderr]    Compiling quote v1.0.2
[INFO] [stderr]     Checking block-padding v0.1.4
[INFO] [stderr]     Checking rand_core v0.5.1
[INFO] [stderr]     Checking c2-chacha v0.2.3
[INFO] [stderr]     Checking generic-array v0.12.3
[INFO] [stderr]     Checking rand_chacha v0.2.1
[INFO] [stderr]    Compiling num-iter v0.1.39
[INFO] [stderr]    Compiling num-complex v0.2.3
[INFO] [stderr]    Compiling rand_chacha v0.1.1
[INFO] [stderr]    Compiling rand_pcg v0.1.2
[INFO] [stderr]     Checking digest v0.8.1
[INFO] [stderr]     Checking block-cipher-trait v0.6.2
[INFO] [stderr]    Compiling num-rational v0.2.2
[INFO] [stderr]     Checking opaque-debug v0.2.3
[INFO] [stderr]     Checking subtle v1.0.0
[INFO] [stderr]    Compiling memchr v2.2.1
[INFO] [stderr]    Compiling cc v1.0.46
[INFO] [stderr]     Checking crypto-mac v0.7.0
[INFO] [stderr]     Checking rand v0.7.2
[INFO] [stderr]     Checking rand_os v0.1.3
[INFO] [stderr]    Compiling rand v0.6.5
[INFO] [stderr]     Checking hmac v0.7.1
[INFO] [stderr]     Checking random-integer v1.0.5
[INFO] [stderr]    Compiling xcb v0.8.2
[INFO] [stderr]     Checking aes-soft v0.3.3
[INFO] [stderr]    Compiling nitrokey-sys v3.4.3
[INFO] [stderr]     Checking block-buffer v0.7.3
[INFO] [stderr]     Checking atty v0.2.13
[INFO] [stderr]     Checking rand_hc v0.1.0
[INFO] [stderr]     Checking rand_xorshift v0.1.1
[INFO] [stderr]     Checking rand_isaac v0.1.1
[INFO] [stderr]     Checking rand_jitter v0.1.4
[INFO] [stderr]     Checking fake-simd v0.1.2
[INFO] [stderr]    Compiling ryu v1.0.2
[INFO] [stderr]     Checking aes v0.3.2
[INFO] [stderr]     Checking sha2 v0.8.0
[INFO] [stderr]     Checking random-pick v1.2.7
[INFO] [stderr]     Checking hkdf v0.7.1
[INFO] [stderr]     Checking num v0.2.0
[INFO] [stderr]     Checking block-modes v0.3.3
[INFO] [stderr]     Checking dbus v0.2.3
[INFO] [stderr]     Checking regex-automata v0.1.8
[INFO] [stderr] error: failed to run custom build command for `xcb v0.8.2`
[INFO] [stderr] note: To improve backtraces for build dependencies, set the CARGO_PROFILE_DEV_BUILD_OVERRIDE_DEBUG=true environment variable to enable debug information generation.
[INFO] [stderr] 
[INFO] [stderr] Caused by:
[INFO] [stderr]   process didn't exit successfully: `/opt/rustwide/target/debug/build/xcb-eee20ed59c371891/build-script-build` (exit status: 101)
[INFO] [stderr]   --- stderr
[INFO] [stderr]   error occured in handler:  ('request: ', ('xcb', 'Xv', 'ShmPutImage'))
[INFO] [stderr]   Traceback (most recent call last):
[INFO] [stderr]     File "/opt/rustwide/cargo-home/registry/src/index.crates.io-6f17d22bba15001f/xcb-0.8.2/rs_client.py", line 2448, in <module>
[INFO] [stderr]       module.generate()
[INFO] [stderr]     File "/opt/rustwide/cargo-home/registry/src/index.crates.io-6f17d22bba15001f/xcb-0.8.2/xcbgen/state.py", line 108, in generate
[INFO] [stderr]       self.close()
[INFO] [stderr]     File "/opt/rustwide/cargo-home/registry/src/index.crates.io-6f17d22bba15001f/xcb-0.8.2/rs_client.py", line 296, in rs_close
[INFO] [stderr]       _f.writeout(os.path.join(module.rs_srcdir, "ffi", "%s.rs" % _module_name(_ns.ext_name)))
[INFO] [stderr]     File "/opt/rustwide/cargo-home/registry/src/index.crates.io-6f17d22bba15001f/xcb-0.8.2/rs_client.py", line 114, in writeout
[INFO] [stderr]       with open(path, 'w') as f:
[INFO] [stderr]   OSError: [Errno 30] Read-only file system: '/opt/rustwide/cargo-home/registry/src/index.crates.io-6f17d22bba15001f/xcb-0.8.2/src/ffi/xv.rs'
[INFO] [stderr]   thread 'main' panicked at 'processing of /opt/rustwide/cargo-home/registry/src/index.crates.io-6f17d22bba15001f/xcb-0.8.2/xml/xv.xml returned non-zero (1)', /opt/rustwide/cargo-home/registry/src/index.crates.io-6f17d22bba15001f/xcb-0.8.2/build.rs:75:17
[INFO] [stderr]   stack backtrace:
[INFO] [stderr]      0:     0x55e3117009fa - std::backtrace_rs::backtrace::libunwind::trace::h2f05d0192276a8f6
[INFO] [stderr]                                  at /rustc/1b7dd2252b99671ce5d1cb9664c5f8636329436d/library/std/src/../../backtrace/src/backtrace/libunwind.rs:93:5
[INFO] [stderr]      1:     0x55e3117009fa - std::backtrace_rs::backtrace::trace_unsynchronized::hedc23dff7a1af150
[INFO] [stderr]                                  at /rustc/1b7dd2252b99671ce5d1cb9664c5f8636329436d/library/std/src/../../backtrace/src/backtrace/mod.rs:66:5
[INFO] [stderr]      2:     0x55e3117009fa - std::sys_common::backtrace::_print_fmt::h17541ef7592f3ce2
[INFO] [stderr]                                  at /rustc/1b7dd2252b99671ce5d1cb9664c5f8636329436d/library/std/src/sys_common/backtrace.rs:65:5
[INFO] [stderr]      3:     0x55e3117009fa - <std::sys_common::backtrace::_print::DisplayBacktrace as core::fmt::Display>::fmt::h20f75df5ab0c0792
[INFO] [stderr]                                  at /rustc/1b7dd2252b99671ce5d1cb9664c5f8636329436d/library/std/src/sys_common/backtrace.rs:44:22
[INFO] [stderr]      4:     0x55e31171e35f - core::fmt::write::h78109e6f466b3af6
[INFO] [stderr]                                  at /rustc/1b7dd2252b99671ce5d1cb9664c5f8636329436d/library/core/src/fmt/mod.rs:1254:17
[INFO] [stderr]      5:     0x55e3116fe0a5 - std::io::Write::write_fmt::hc59e1b02dd273c8a
[INFO] [stderr]                                  at /rustc/1b7dd2252b99671ce5d1cb9664c5f8636329436d/library/std/src/io/mod.rs:1698:15
[INFO] [stderr]      6:     0x55e3117007c5 - std::sys_common::backtrace::_print::h8dac57a9f8fbf9a5
[INFO] [stderr]                                  at /rustc/1b7dd2252b99671ce5d1cb9664c5f8636329436d/library/std/src/sys_common/backtrace.rs:47:5
[INFO] [stderr]      7:     0x55e3117007c5 - std::sys_common::backtrace::print::hf9ecbf41d1aa712f
[INFO] [stderr]                                  at /rustc/1b7dd2252b99671ce5d1cb9664c5f8636329436d/library/std/src/sys_common/backtrace.rs:34:9
[INFO] [stderr]      8:     0x55e311701eee - std::panicking::default_hook::{{closure}}::h04c07acfc84ca028
[INFO] [stderr]                                  at /rustc/1b7dd2252b99671ce5d1cb9664c5f8636329436d/library/std/src/panicking.rs:269:22
[INFO] [stderr]      9:     0x55e311701c95 - std::panicking::default_hook::h01f6bb23e1eceb2c
[INFO] [stderr]                                  at /rustc/1b7dd2252b99671ce5d1cb9664c5f8636329436d/library/std/src/panicking.rs:288:9
[INFO] [stderr]     10:     0x55e31170244e - std::panicking::rust_panic_with_hook::h2bb3722bbaf2f6df
[INFO] [stderr]                                  at /rustc/1b7dd2252b99671ce5d1cb9664c5f8636329436d/library/std/src/panicking.rs:691:13
[INFO] [stderr]     11:     0x55e311702349 - std::panicking::begin_panic_handler::{{closure}}::h91bc7f36a4be011b
[INFO] [stderr]                                  at /rustc/1b7dd2252b99671ce5d1cb9664c5f8636329436d/library/std/src/panicking.rs:582:13
[INFO] [stderr]     12:     0x55e311700e66 - std::sys_common::backtrace::__rust_end_short_backtrace::h8b3d3717114f9e59
[INFO] [stderr]                                  at /rustc/1b7dd2252b99671ce5d1cb9664c5f8636329436d/library/std/src/sys_common/backtrace.rs:150:18
[INFO] [stderr]     13:     0x55e3117020a2 - rust_begin_unwind
[INFO] [stderr]                                  at /rustc/1b7dd2252b99671ce5d1cb9664c5f8636329436d/library/std/src/panicking.rs:578:5
[INFO] [stderr]     14:     0x55e3116dd403 - core::panicking::panic_fmt::hfd368e3fbdabea26
[INFO] [stderr]                                  at /rustc/1b7dd2252b99671ce5d1cb9664c5f8636329436d/library/core/src/panicking.rs:67:14
[INFO] [stderr]     15:     0x55e3116e1c7a - build_script_build::main::{{closure}}::h42b691964b89cebf
[INFO] [stderr]     16:     0x55e3116e0c0a - build_script_build::visit_xml::h45eb0ee65be07779
[INFO] [stderr]     17:     0x55e3116e125b - build_script_build::main::he9c146dee0ba7e4c
[INFO] [stderr]     18:     0x55e3116e1cd3 - core::ops::function::FnOnce::call_once::h31442067e7fe9570
[INFO] [stderr]     19:     0x55e3116df556 - std::sys_common::backtrace::__rust_begin_short_backtrace::h8383943445a467f3
[INFO] [stderr]     20:     0x55e3116df9a9 - std::rt::lang_start::{{closure}}::h178e056d70f84f42
[INFO] [stderr]     21:     0x55e3116fb60e - core::ops::function::impls::<impl core::ops::function::FnOnce<A> for &F>::call_once::h2eb19b8ce4148df4
[INFO] [stderr]                                  at /rustc/1b7dd2252b99671ce5d1cb9664c5f8636329436d/library/core/src/ops/function.rs:287:13
[INFO] [stderr]     22:     0x55e3116fb60e - std::panicking::try::do_call::h2e900feff5d504c5
[INFO] [stderr]                                  at /rustc/1b7dd2252b99671ce5d1cb9664c5f8636329436d/library/std/src/panicking.rs:485:40
[INFO] [stderr]     23:     0x55e3116fb60e - std::panicking::try::h8854836cb85aa9f2
[INFO] [stderr]                                  at /rustc/1b7dd2252b99671ce5d1cb9664c5f8636329436d/library/std/src/panicking.rs:449:19
[INFO] [stderr]     24:     0x55e3116fb60e - std::panic::catch_unwind::h706025dd4c48f64b
[INFO] [stderr]                                  at /rustc/1b7dd2252b99671ce5d1cb9664c5f8636329436d/library/std/src/panic.rs:140:14
[INFO] [stderr]     25:     0x55e3116fb60e - std::rt::lang_start_internal::{{closure}}::h7be5b97f4a07a91a
[INFO] [stderr]                                  at /rustc/1b7dd2252b99671ce5d1cb9664c5f8636329436d/library/std/src/rt.rs:148:48
[INFO] [stderr]     26:     0x55e3116fb60e - std::panicking::try::do_call::h59847e9d0a176965
[INFO] [stderr]                                  at /rustc/1b7dd2252b99671ce5d1cb9664c5f8636329436d/library/std/src/panicking.rs:485:40
[INFO] [stderr]     27:     0x55e3116fb60e - std::panicking::try::h399a918ba8522823
[INFO] [stderr]                                  at /rustc/1b7dd2252b99671ce5d1cb9664c5f8636329436d/library/std/src/panicking.rs:449:19
[INFO] [stderr]     28:     0x55e3116fb60e - std::panic::catch_unwind::hca7ca6c55b2a2e26
[INFO] [stderr]                                  at /rustc/1b7dd2252b99671ce5d1cb9664c5f8636329436d/library/std/src/panic.rs:140:14
[INFO] [stderr]     29:     0x55e3116fb60e - std::rt::lang_start_internal::h2c807a81560459eb
[INFO] [stderr]                                  at /rustc/1b7dd2252b99671ce5d1cb9664c5f8636329436d/library/std/src/rt.rs:148:20
[INFO] [stderr]     30:     0x55e3116df987 - std::rt::lang_start::h8089da57e6cb1439
[INFO] [stderr]     31:     0x55e3116e1cb5 - main
[INFO] [stderr]     32:     0x7f0e7f5e3d90 - <unknown>
[INFO] [stderr]     33:     0x7f0e7f5e3e40 - __libc_start_main
[INFO] [stderr]     34:     0x55e3116dd935 - _start
[INFO] [stderr]     35:                0x0 - <unknown>
[INFO] [stderr] warning: build failed, waiting for other jobs to finish...
[INFO] [stderr] The following warnings were emitted during compilation:
[INFO] [stderr] 
[INFO] [stderr] warning: In file included from libnitrokey-v3.4.1/libnitrokey/NitrokeyManager.h:27,
[INFO] [stderr] warning:                  from libnitrokey-v3.4.1/NK_C_API.cc:25:
[INFO] [stderr] warning: libnitrokey-v3.4.1/libnitrokey/device_proto.h:236:77: error: 'std::shared_ptr' has not been declared
[INFO] [stderr] warning:   236 |             static ClearingProxy<ResponsePacket, response_payload> run(std::shared_ptr<device::Device> dev,
[INFO] [stderr] warning:       |                                                                             ^~~~~~~~~~
[INFO] [stderr] warning: libnitrokey-v3.4.1/libnitrokey/device_proto.h:236:87: error: expected ',' or '...' before '<' token
[INFO] [stderr] warning:   236 |             static ClearingProxy<ResponsePacket, response_payload> run(std::shared_ptr<device::Device> dev,
[INFO] [stderr] warning:       |                                                                                       ^
[INFO] [stderr] warning: In file included from libnitrokey-v3.4.1/libnitrokey/NitrokeyManager.h:27,
[INFO] [stderr] warning:                  from libnitrokey-v3.4.1/NK_C_API.cc:25:
[INFO] [stderr] warning: libnitrokey-v3.4.1/libnitrokey/device_proto.h:484:77: error: 'std::shared_ptr' has not been declared
[INFO] [stderr] warning:   484 |             static ClearingProxy<ResponsePacket, response_payload> run(std::shared_ptr<device::Device> dev) {
[INFO] [stderr] warning:       |                                                                             ^~~~~~~~~~
[INFO] [stderr] warning: libnitrokey-v3.4.1/libnitrokey/device_proto.h:484:87: error: expected ',' or '...' before '<' token
[INFO] [stderr] warning:   484 |             static ClearingProxy<ResponsePacket, response_payload> run(std::shared_ptr<device::Device> dev) {
[INFO] [stderr] warning:       |                                                                                       ^
[INFO] [stderr] warning: libnitrokey-v3.4.1/libnitrokey/device_proto.h:484:68: error: 'static nitrokey::proto::ClearingProxy<nitrokey::proto::DeviceResponse<cmd_id, response_payload>, response_payload> nitrokey::proto::Transaction<cmd_id, command_payload, response_payload>::run(int)' cannot be overloaded with 'static nitrokey::proto::ClearingProxy<nitrokey::proto::DeviceResponse<cmd_id, response_payload>, response_payload> nitrokey::proto::Transaction<cmd_id, command_payload, response_payload>::run(int)'
[INFO] [stderr] warning:   484 |             static ClearingProxy<ResponsePacket, response_payload> run(std::shared_ptr<device::Device> dev) {
[INFO] [stderr] warning:       |                                                                    ^~~
[INFO] [stderr] warning: In file included from libnitrokey-v3.4.1/libnitrokey/NitrokeyManager.h:27,
[INFO] [stderr] warning:                  from libnitrokey-v3.4.1/NK_C_API.cc:25:
[INFO] [stderr] warning: libnitrokey-v3.4.1/libnitrokey/device_proto.h:236:68: note: previous declaration 'static nitrokey::proto::ClearingProxy<nitrokey::proto::DeviceResponse<cmd_id, response_payload>, response_payload> nitrokey::proto::Transaction<cmd_id, command_payload, response_payload>::run(int)'
[INFO] [stderr] warning:   236 |             static ClearingProxy<ResponsePacket, response_payload> run(std::shared_ptr<device::Device> dev,
[INFO] [stderr] warning:       |                                                                    ^~~
[INFO] [stderr] warning: libnitrokey-v3.4.1/libnitrokey/device_proto.h: In static member function 'static nitrokey::proto::ClearingProxy<nitrokey::proto::DeviceResponse<cmd_id, response_payload>, response_payload> nitrokey::proto::Transaction<cmd_id, command_payload, response_payload>::run(int)':
[INFO] [stderr] warning: libnitrokey-v3.4.1/libnitrokey/device_proto.h:246:19: error: 'dev' was not declared in this scope; did you mean 'div'?
[INFO] [stderr] warning:   246 |               if (dev == nullptr){
[INFO] [stderr] warning:       |                   ^~~
[INFO] [stderr] warning:       |                   div
[INFO] [stderr] warning: libnitrokey-v3.4.1/libnitrokey/device_proto.h:250:15: error: 'dev' was not declared in this scope; did you mean 'div'?
[INFO] [stderr] warning:   250 |               dev->m_counters.total_comm_runs++;
[INFO] [stderr] warning:       |               ^~~
[INFO] [stderr] warning:       |               div
[INFO] [stderr] warning: libnitrokey-v3.4.1/libnitrokey/device_proto.h:260:30: error: 'payload' was not declared in this scope
[INFO] [stderr] warning:   260 |               outp.payload = payload;
[INFO] [stderr] warning:       |                              ^~~~~~~
[INFO] [stderr] warning: In file included from libnitrokey-v3.4.1/libnitrokey/NitrokeyManager.h:27,
[INFO] [stderr] warning:                  from libnitrokey-v3.4.1/NK_C_API.cc:25:
[INFO] [stderr] warning: libnitrokey-v3.4.1/libnitrokey/device_proto.h: In static member function 'static nitrokey::proto::ClearingProxy<nitrokey::proto::DeviceResponse<cmd_id, response_payload>, response_payload> nitrokey::proto::Transaction<cmd_id, command_payload, response_payload>::run(int)':
[INFO] [stderr] warning: libnitrokey-v3.4.1/libnitrokey/device_proto.h:486:26: error: 'dev' was not declared in this scope; did you mean 'div'?
[INFO] [stderr] warning:   486 |               return run(dev, empty_payload);
[INFO] [stderr] warning:       |                          ^~~
[INFO] [stderr] warning:       |                          div
[INFO] [stderr] warning: libnitrokey-v3.4.1/NK_C_API.cc: In lambda function:
[INFO] [stderr] warning: libnitrokey-v3.4.1/NK_C_API.cc:731:41: warning: loop variable 'a' creates a copy from type 'const std::__cxx11::basic_string<char>' [-Wrange-loop-construct]
[INFO] [stderr] warning:   731 |                         for (const auto a : v){
[INFO] [stderr] warning:       |                                         ^
[INFO] [stderr] warning: libnitrokey-v3.4.1/NK_C_API.cc:731:41: note: use reference type to prevent copying
[INFO] [stderr] warning:   731 |                         for (const auto a : v){
[INFO] [stderr] warning:       |                                         ^
[INFO] [stderr] warning:       |                                         &
[INFO] [stderr] 
[INFO] [stderr] error: failed to run custom build command for `nitrokey-sys v3.4.3`
[INFO] [stderr] note: To improve backtraces for build dependencies, set the CARGO_PROFILE_DEV_BUILD_OVERRIDE_DEBUG=true environment variable to enable debug information generation.
[INFO] [stderr] 
[INFO] [stderr] Caused by:
[INFO] [stderr]   process didn't exit successfully: `/opt/rustwide/target/debug/build/nitrokey-sys-e40ee7a753502afd/build-script-build` (exit status: 1)
[INFO] [stderr]   --- stdout
[INFO] [stderr]   TARGET = Some("x86_64-unknown-linux-gnu")
[INFO] [stderr]   OPT_LEVEL = Some("0")
[INFO] [stderr]   HOST = Some("x86_64-unknown-linux-gnu")
[INFO] [stderr]   CXX_x86_64-unknown-linux-gnu = None
[INFO] [stderr]   CXX_x86_64_unknown_linux_gnu = None
[INFO] [stderr]   HOST_CXX = None
[INFO] [stderr]   CXX = None
[INFO] [stderr]   CXXFLAGS_x86_64-unknown-linux-gnu = None
[INFO] [stderr]   CXXFLAGS_x86_64_unknown_linux_gnu = None
[INFO] [stderr]   HOST_CXXFLAGS = None
[INFO] [stderr]   CXXFLAGS = None
[INFO] [stderr]   CRATE_CC_NO_DEFAULTS = None
[INFO] [stderr]   DEBUG = Some("true")
[INFO] [stderr]   CARGO_CFG_TARGET_FEATURE = Some("fxsr,sse,sse2")
[INFO] [stderr]   running: "c++" "-O0" "-ffunction-sections" "-fdata-sections" "-fPIC" "-g" "-fno-omit-frame-pointer" "-m64" "-I" "libnitrokey-v3.4.1/libnitrokey" "-Wall" "-Wextra" "-std=c++14" "-o" "/opt/rustwide/target/debug/build/nitrokey-sys-6cf76f8ad10c48ba/out/libnitrokey-v3.4.1/DeviceCommunicationExceptions.o" "-c" "libnitrokey-v3.4.1/DeviceCommunicationExceptions.cpp"
[INFO] [stderr]   exit status: 0
[INFO] [stderr]   running: "c++" "-O0" "-ffunction-sections" "-fdata-sections" "-fPIC" "-g" "-fno-omit-frame-pointer" "-m64" "-I" "libnitrokey-v3.4.1/libnitrokey" "-Wall" "-Wextra" "-std=c++14" "-o" "/opt/rustwide/target/debug/build/nitrokey-sys-6cf76f8ad10c48ba/out/libnitrokey-v3.4.1/NK_C_API.o" "-c" "libnitrokey-v3.4.1/NK_C_API.cc"
[INFO] [stderr]   cargo:warning=In file included from libnitrokey-v3.4.1/libnitrokey/NitrokeyManager.h:27,
[INFO] [stderr]   cargo:warning=                 from libnitrokey-v3.4.1/NK_C_API.cc:25:
[INFO] [stderr]   cargo:warning=libnitrokey-v3.4.1/libnitrokey/device_proto.h:236:77: error: 'std::shared_ptr' has not been declared
[INFO] [stderr]   cargo:warning=  236 |             static ClearingProxy<ResponsePacket, response_payload> run(std::shared_ptr<device::Device> dev,
[INFO] [stderr]   cargo:warning=      |                                                                             ^~~~~~~~~~
[INFO] [stderr]   cargo:warning=libnitrokey-v3.4.1/libnitrokey/device_proto.h:236:87: error: expected ',' or '...' before '<' token
[INFO] [stderr]   cargo:warning=  236 |             static ClearingProxy<ResponsePacket, response_payload> run(std::shared_ptr<device::Device> dev,
[INFO] [stderr]   cargo:warning=      |                                                                                       ^
[INFO] [stderr]   cargo:warning=In file included from libnitrokey-v3.4.1/libnitrokey/NitrokeyManager.h:27,
[INFO] [stderr]   cargo:warning=                 from libnitrokey-v3.4.1/NK_C_API.cc:25:
[INFO] [stderr]   cargo:warning=libnitrokey-v3.4.1/libnitrokey/device_proto.h:484:77: error: 'std::shared_ptr' has not been declared
[INFO] [stderr]   cargo:warning=  484 |             static ClearingProxy<ResponsePacket, response_payload> run(std::shared_ptr<device::Device> dev) {
[INFO] [stderr]   cargo:warning=      |                                                                             ^~~~~~~~~~
[INFO] [stderr]   cargo:warning=libnitrokey-v3.4.1/libnitrokey/device_proto.h:484:87: error: expected ',' or '...' before '<' token
[INFO] [stderr]   cargo:warning=  484 |             static ClearingProxy<ResponsePacket, response_payload> run(std::shared_ptr<device::Device> dev) {
[INFO] [stderr]   cargo:warning=      |                                                                                       ^
[INFO] [stderr]   cargo:warning=libnitrokey-v3.4.1/libnitrokey/device_proto.h:484:68: error: 'static nitrokey::proto::ClearingProxy<nitrokey::proto::DeviceResponse<cmd_id, response_payload>, response_payload> nitrokey::proto::Transaction<cmd_id, command_payload, response_payload>::run(int)' cannot be overloaded with 'static nitrokey::proto::ClearingProxy<nitrokey::proto::DeviceResponse<cmd_id, response_payload>, response_payload> nitrokey::proto::Transaction<cmd_id, command_payload, response_payload>::run(int)'
[INFO] [stderr]   cargo:warning=  484 |             static ClearingProxy<ResponsePacket, response_payload> run(std::shared_ptr<device::Device> dev) {
[INFO] [stderr]   cargo:warning=      |                                                                    ^~~
[INFO] [stderr]   cargo:warning=In file included from libnitrokey-v3.4.1/libnitrokey/NitrokeyManager.h:27,
[INFO] [stderr]   cargo:warning=                 from libnitrokey-v3.4.1/NK_C_API.cc:25:
[INFO] [stderr]   cargo:warning=libnitrokey-v3.4.1/libnitrokey/device_proto.h:236:68: note: previous declaration 'static nitrokey::proto::ClearingProxy<nitrokey::proto::DeviceResponse<cmd_id, response_payload>, response_payload> nitrokey::proto::Transaction<cmd_id, command_payload, response_payload>::run(int)'
[INFO] [stderr]   cargo:warning=  236 |             static ClearingProxy<ResponsePacket, response_payload> run(std::shared_ptr<device::Device> dev,
[INFO] [stderr]   cargo:warning=      |                                                                    ^~~
[INFO] [stderr]   cargo:warning=libnitrokey-v3.4.1/libnitrokey/device_proto.h: In static member function 'static nitrokey::proto::ClearingProxy<nitrokey::proto::DeviceResponse<cmd_id, response_payload>, response_payload> nitrokey::proto::Transaction<cmd_id, command_payload, response_payload>::run(int)':
[INFO] [stderr]   cargo:warning=libnitrokey-v3.4.1/libnitrokey/device_proto.h:246:19: error: 'dev' was not declared in this scope; did you mean 'div'?
[INFO] [stderr]   cargo:warning=  246 |               if (dev == nullptr){
[INFO] [stderr]   cargo:warning=      |                   ^~~
[INFO] [stderr]   cargo:warning=      |                   div
[INFO] [stderr]   cargo:warning=libnitrokey-v3.4.1/libnitrokey/device_proto.h:250:15: error: 'dev' was not declared in this scope; did you mean 'div'?
[INFO] [stderr]   cargo:warning=  250 |               dev->m_counters.total_comm_runs++;
[INFO] [stderr]   cargo:warning=      |               ^~~
[INFO] [stderr]   cargo:warning=      |               div
[INFO] [stderr]   cargo:warning=libnitrokey-v3.4.1/libnitrokey/device_proto.h:260:30: error: 'payload' was not declared in this scope
[INFO] [stderr]   cargo:warning=  260 |               outp.payload = payload;
[INFO] [stderr]   cargo:warning=      |                              ^~~~~~~
[INFO] [stderr]   cargo:warning=In file included from libnitrokey-v3.4.1/libnitrokey/NitrokeyManager.h:27,
[INFO] [stderr]   cargo:warning=                 from libnitrokey-v3.4.1/NK_C_API.cc:25:
[INFO] [stderr]   cargo:warning=libnitrokey-v3.4.1/libnitrokey/device_proto.h: In static member function 'static nitrokey::proto::ClearingProxy<nitrokey::proto::DeviceResponse<cmd_id, response_payload>, response_payload> nitrokey::proto::Transaction<cmd_id, command_payload, response_payload>::run(int)':
[INFO] [stderr]   cargo:warning=libnitrokey-v3.4.1/libnitrokey/device_proto.h:486:26: error: 'dev' was not declared in this scope; did you mean 'div'?
[INFO] [stderr]   cargo:warning=  486 |               return run(dev, empty_payload);
[INFO] [stderr]   cargo:warning=      |                          ^~~
[INFO] [stderr]   cargo:warning=      |                          div
[INFO] [stderr]   cargo:warning=libnitrokey-v3.4.1/NK_C_API.cc: In lambda function:
[INFO] [stderr]   cargo:warning=libnitrokey-v3.4.1/NK_C_API.cc:731:41: warning: loop variable 'a' creates a copy from type 'const std::__cxx11::basic_string<char>' [-Wrange-loop-construct]
[INFO] [stderr]   cargo:warning=  731 |                         for (const auto a : v){
[INFO] [stderr]   cargo:warning=      |                                         ^
[INFO] [stderr]   cargo:warning=libnitrokey-v3.4.1/NK_C_API.cc:731:41: note: use reference type to prevent copying
[INFO] [stderr]   cargo:warning=  731 |                         for (const auto a : v){
[INFO] [stderr]   cargo:warning=      |                                         ^
[INFO] [stderr]   cargo:warning=      |                                         &
[INFO] [stderr]   exit status: 1
[INFO] [stderr] 
[INFO] [stderr]   --- stderr
[INFO] [stderr] 
[INFO] [stderr] 
[INFO] [stderr]   error occurred: Command "c++" "-O0" "-ffunction-sections" "-fdata-sections" "-fPIC" "-g" "-fno-omit-frame-pointer" "-m64" "-I" "libnitrokey-v3.4.1/libnitrokey" "-Wall" "-Wextra" "-std=c++14" "-o" "/opt/rustwide/target/debug/build/nitrokey-sys-6cf76f8ad10c48ba/out/libnitrokey-v3.4.1/NK_C_API.o" "-c" "libnitrokey-v3.4.1/NK_C_API.cc" with args "c++" did not execute successfully (status code exit status: 1).
[INFO] [stderr] 
[INFO] [stderr] 
[INFO] running `Command { std: "docker" "inspect" "cda54c2dbf9f8f1d2bd6bde47f9fe5c91e128e1824163b7f2c222823e464a6f2", kill_on_drop: false }`
[INFO] running `Command { std: "docker" "rm" "-f" "cda54c2dbf9f8f1d2bd6bde47f9fe5c91e128e1824163b7f2c222823e464a6f2", kill_on_drop: false }`
[INFO] [stdout] cda54c2dbf9f8f1d2bd6bde47f9fe5c91e128e1824163b7f2c222823e464a6f2
