[INFO] cloning repository https://github.com/rahulvasist/AdventOfCode2021
[INFO] running `Command { std: "git" "-c" "credential.helper=" "-c" "credential.helper=/workspace/cargo-home/bin/git-credential-null" "clone" "--bare" "https://github.com/rahulvasist/AdventOfCode2021" "/workspace/cache/git-repos/https%3A%2F%2Fgithub.com%2Frahulvasist%2FAdventOfCode2021", kill_on_drop: false }`
[INFO] [stderr] Cloning into bare repository '/workspace/cache/git-repos/https%3A%2F%2Fgithub.com%2Frahulvasist%2FAdventOfCode2021'...
[INFO] running `Command { std: "git" "rev-parse" "HEAD", kill_on_drop: false }`
[INFO] [stdout] b29714a295af47a286341fcea7bd82563bb0673d
[INFO] documenting rahulvasist/AdventOfCode2021 against beta-2023-04-20 for beta-1.70-rustdoc-1
[INFO] running `Command { std: "git" "clone" "/workspace/cache/git-repos/https%3A%2F%2Fgithub.com%2Frahulvasist%2FAdventOfCode2021" "/workspace/builds/worker-4-tc2/source", kill_on_drop: false }`
[INFO] [stderr] Cloning into '/workspace/builds/worker-4-tc2/source'...
[INFO] [stderr] done.
[INFO] validating manifest of git repo https://github.com/rahulvasist/AdventOfCode2021 on toolchain beta-2023-04-20
[INFO] running `Command { std: CARGO_HOME="/workspace/cargo-home" RUSTUP_HOME="/workspace/rustup-home" "/workspace/cargo-home/bin/cargo" "+beta-2023-04-20" "metadata" "--manifest-path" "Cargo.toml" "--no-deps", kill_on_drop: false }`
[INFO] started tweaking git repo https://github.com/rahulvasist/AdventOfCode2021
[INFO] finished tweaking git repo https://github.com/rahulvasist/AdventOfCode2021
[INFO] tweaked toml for git repo https://github.com/rahulvasist/AdventOfCode2021 written to /workspace/builds/worker-4-tc2/source/Cargo.toml
[INFO] crate git repo https://github.com/rahulvasist/AdventOfCode2021 already has a lockfile, it will not be regenerated
[INFO] running `Command { std: CARGO_HOME="/workspace/cargo-home" RUSTUP_HOME="/workspace/rustup-home" "/workspace/cargo-home/bin/cargo" "+beta-2023-04-20" "fetch" "--manifest-path" "Cargo.toml", kill_on_drop: false }`
[INFO] [stderr]     Updating crates.io index
[INFO] [stderr]  Downloading crates ...
[INFO] [stderr]   Downloaded pathfinding v0.1.19
[INFO] [stderr]   Downloaded aoc-main v0.3.0
[INFO] [stderr]   Downloaded attohttpc v0.16.3
[INFO] [stderr]   Downloaded indextree v4.3.1
[INFO] [stderr]   Downloaded ndarray v0.10.14
[INFO] running `Command { std: "docker" "create" "-v" "/var/lib/crater-agent-workspace/builds/worker-4-tc2/target:/opt/rustwide/target:rw,Z" "-v" "/var/lib/crater-agent-workspace/builds/worker-4-tc2/source:/opt/rustwide/workdir:ro,Z" "-v" "/var/lib/crater-agent-workspace/cargo-home:/opt/rustwide/cargo-home:ro,Z" "-v" "/var/lib/crater-agent-workspace/rustup-home:/opt/rustwide/rustup-home:ro,Z" "-e" "SOURCE_DIR=/opt/rustwide/workdir" "-e" "CARGO_TARGET_DIR=/opt/rustwide/target" "-e" "CARGO_HOME=/opt/rustwide/cargo-home" "-e" "RUSTUP_HOME=/opt/rustwide/rustup-home" "-w" "/opt/rustwide/workdir" "-m" "1610612736" "--user" "0:0" "--network" "none" "ghcr.io/rust-lang/crates-build-env/linux@sha256:5ff2268d62e97bff2cde7d5815dd6ed5b47097566f13b8d0ca110b04b60e07ed" "/opt/rustwide/cargo-home/bin/cargo" "+beta-2023-04-20" "metadata" "--no-deps" "--format-version=1", kill_on_drop: false }`
[INFO] [stdout] a9b0572a7bffc39fc80f7c4b13751baac3e0c0498da46fae0f5aed296e2f1985
[INFO] running `Command { std: "docker" "start" "-a" "a9b0572a7bffc39fc80f7c4b13751baac3e0c0498da46fae0f5aed296e2f1985", kill_on_drop: false }`
[INFO] running `Command { std: "docker" "inspect" "a9b0572a7bffc39fc80f7c4b13751baac3e0c0498da46fae0f5aed296e2f1985", kill_on_drop: false }`
[INFO] running `Command { std: "docker" "rm" "-f" "a9b0572a7bffc39fc80f7c4b13751baac3e0c0498da46fae0f5aed296e2f1985", kill_on_drop: false }`
[INFO] [stdout] a9b0572a7bffc39fc80f7c4b13751baac3e0c0498da46fae0f5aed296e2f1985
[INFO] running `Command { std: "docker" "create" "-v" "/var/lib/crater-agent-workspace/builds/worker-4-tc2/target:/opt/rustwide/target:rw,Z" "-v" "/var/lib/crater-agent-workspace/builds/worker-4-tc2/source:/opt/rustwide/workdir:ro,Z" "-v" "/var/lib/crater-agent-workspace/cargo-home:/opt/rustwide/cargo-home:ro,Z" "-v" "/var/lib/crater-agent-workspace/rustup-home:/opt/rustwide/rustup-home:ro,Z" "-e" "SOURCE_DIR=/opt/rustwide/workdir" "-e" "CARGO_TARGET_DIR=/opt/rustwide/target" "-e" "CARGO_INCREMENTAL=0" "-e" "RUST_BACKTRACE=full" "-e" "RUSTFLAGS=--cap-lints=warn" "-e" "RUSTDOCFLAGS=--cap-lints=warn" "-e" "CARGO_HOME=/opt/rustwide/cargo-home" "-e" "RUSTUP_HOME=/opt/rustwide/rustup-home" "-w" "/opt/rustwide/workdir" "-m" "1610612736" "--user" "0:0" "--network" "none" "ghcr.io/rust-lang/crates-build-env/linux@sha256:5ff2268d62e97bff2cde7d5815dd6ed5b47097566f13b8d0ca110b04b60e07ed" "/opt/rustwide/cargo-home/bin/cargo" "+beta-2023-04-20" "doc" "--frozen" "--no-deps" "--document-private-items" "--message-format=json", kill_on_drop: false }`
[INFO] [stdout] c3dae823654d1cc7ccf80cedbcc4876ae84bb4a47f3c39f4959949aa02b78c97
[INFO] running `Command { std: "docker" "start" "-a" "c3dae823654d1cc7ccf80cedbcc4876ae84bb4a47f3c39f4959949aa02b78c97", kill_on_drop: false }`
[INFO] [stderr]    Compiling libc v0.2.111
[INFO] [stderr]    Compiling num-traits v0.2.14
[INFO] [stderr]    Compiling serde v1.0.131
[INFO] [stderr]    Compiling crossbeam-utils v0.8.5
[INFO] [stderr]    Compiling proc-macro2 v1.0.33
[INFO] [stderr]    Compiling semver v1.0.4
[INFO] [stderr]    Compiling openssl-sys v0.9.72
[INFO] [stderr]    Compiling memchr v2.4.1
[INFO] [stderr]     Checking either v1.6.1
[INFO] [stderr]    Compiling crossbeam-epoch v0.9.5
[INFO] [stderr]     Checking itoa v0.4.8
[INFO] [stderr]    Compiling rustc_version v0.4.0
[INFO] [stderr]    Compiling rayon-core v1.9.1
[INFO] [stderr]     Checking tinyvec_macros v0.1.0
[INFO] [stderr]    Compiling quote v1.0.10
[INFO] [stderr]     Checking tinyvec v1.5.1
[INFO] [stderr]     Checking ryu v1.0.9
[INFO] [stderr]     Checking foreign-types-shared v0.1.1
[INFO] [stderr]    Compiling cast v0.2.7
[INFO] [stderr]    Compiling syn v1.0.82
[INFO] [stderr]    Compiling openssl v0.10.38
[INFO] [stderr]    Compiling serde_json v1.0.72
[INFO] [stderr]     Checking matches v0.1.9
[INFO] [stderr]     Checking foreign-types v0.3.2
[INFO] [stderr]     Checking crossbeam-deque v0.8.1
[INFO] [stderr]     Checking num_cpus v1.13.0
[INFO] [stderr]     Checking crossbeam-channel v0.5.1
[INFO] [stderr]    Compiling indexmap v1.7.0
[INFO] [stderr]    Compiling rayon v1.5.1
[INFO] [stderr]     Checking unicode-bidi v0.3.7
[INFO] [stderr]    Compiling matrixmultiply v0.1.15
[INFO] [stderr]     Checking unicode-normalization v0.1.19
[INFO] [stderr]     Checking plotters-backend v0.3.2
[INFO] [stderr]    Compiling serde_derive v1.0.131
[INFO] [stderr]     Checking regex-automata v0.1.10
[INFO] [stderr]     Checking unicode-width v0.1.9
[INFO] [stderr]    Compiling native-tls v0.2.8
[INFO] [stderr]     Checking once_cell v1.8.0
[INFO] [stderr]     Checking plotters-svg v0.3.1
[INFO] [stderr]     Checking textwrap v0.11.0
[INFO] [stderr]     Checking form_urlencoded v1.0.1
[INFO] [stderr]     Checking atty v0.2.14
[INFO] [stderr]     Checking csv-core v0.1.10
[INFO] [stderr]     Checking itertools v0.10.1
[INFO] [stderr]     Checking half v1.8.2
[INFO] [stderr]     Checking idna v0.2.3
[INFO] [stderr]     Checking same-file v1.0.6
[INFO] [stderr]     Checking bytes v1.1.0
[INFO] [stderr]     Checking openssl-probe v0.1.4
[INFO] [stderr]     Checking rawpointer v0.1.0
[INFO] [stderr]     Checking hashbrown v0.11.2
[INFO] [stderr]     Checking regex-syntax v0.6.25
[INFO] [stderr]    Compiling ndarray v0.10.14
[INFO] [stderr]     Checking http v0.2.5
[INFO] [stderr]     Checking url v2.2.2
[INFO] [stderr]     Checking bstr v0.2.17
[INFO] [stderr]     Checking serde_cbor v0.11.2
[INFO] [stderr]     Checking criterion-plot v0.4.4
[INFO] [stderr]     Checking regex v1.5.4
[INFO] [stderr]     Checking csv v1.1.6
[INFO] [stderr]     Checking walkdir v2.3.2
[INFO] [stderr]     Checking clap v2.34.0
[INFO] [stderr]     Checking plotters v0.3.1
[INFO] [stderr]     Checking num-complex v0.1.43
[INFO] [stderr]     Checking num-traits v0.1.43
[INFO] [stderr]     Checking tinytemplate v1.2.1
[INFO] [stderr]     Checking dirs-sys v0.3.6
[INFO] [stderr]     Checking os_str_bytes v6.0.0
[INFO] [stderr]     Checking itertools v0.7.11
[INFO] [stderr]     Checking wildmatch v1.1.0
[INFO] [stderr]    Compiling peg-runtime v0.7.0
[INFO] [stderr]     Checking textwrap v0.14.2
[INFO] [stderr]     Checking oorandom v11.1.3
[INFO] [stderr]     Checking attohttpc v0.16.3
[INFO] [stderr]     Checking clap v3.0.0-rc.4
[INFO] [stderr]    Compiling peg-macros v0.7.0
[INFO] [stderr]     Checking dirs v3.0.2
[INFO] [stderr]     Checking colored v2.0.0
[INFO] [stderr]     Checking indextree v4.3.1
[INFO] [stderr]     Checking peg v0.7.0
[INFO] [stderr]     Checking pathfinding v0.1.19
[INFO] [stderr]     Checking criterion v0.3.5
[INFO] [stderr]     Checking aoc-main v0.3.0
[INFO] [stdout] error[E0599]: no method named `about` found for struct `Arg` in the current scope
[INFO] [stdout]   --> /opt/rustwide/cargo-home/registry/src/index.crates.io-6f17d22bba15001f/aoc-main-0.3.0/src/lib.rs:23:18
[INFO] [stdout]    |
[INFO] [stdout] 19 | /             Arg::new("stdin")
[INFO] [stdout] 20 | |                 .short('i')
[INFO] [stdout] 21 | |                 .long("stdin")
[INFO] [stdout] 22 | |                 .conflicts_with("file")
[INFO] [stdout] 23 | |                 .about("Read input from stdin instead of downloading it"),
[INFO] [stdout]    | |                 -^^^^^ method not found in `Arg<'_>`
[INFO] [stdout]    | |_________________|
[INFO] [stdout]    | 
[INFO] [stdout] 
[INFO] [stdout] 
[INFO] [stdout] error[E0599]: no method named `about` found for struct `Arg` in the current scope
[INFO] [stdout]   --> /opt/rustwide/cargo-home/registry/src/index.crates.io-6f17d22bba15001f/aoc-main-0.3.0/src/lib.rs:32:18
[INFO] [stdout]    |
[INFO] [stdout] 26 | /             Arg::new("file")
[INFO] [stdout] 27 | |                 .takes_value(true)
[INFO] [stdout] 28 | |                 .short('f')
[INFO] [stdout] 29 | |                 .long("file")
[INFO] [stdout] 30 | |                 .conflicts_with("stdin")
[INFO] [stdout] 31 | |                 .value_hint(ValueHint::FilePath)
[INFO] [stdout] 32 | |                 .about("Read input from file instead of downloading it"),
[INFO] [stdout]    | |                 -^^^^^ method not found in `Arg<'_>`
[INFO] [stdout]    | |_________________|
[INFO] [stdout]    | 
[INFO] [stdout] 
[INFO] [stdout] 
[INFO] [stdout] error[E0599]: no method named `about` found for struct `Arg` in the current scope
[INFO] [stdout]   --> /opt/rustwide/cargo-home/registry/src/index.crates.io-6f17d22bba15001f/aoc-main-0.3.0/src/lib.rs:40:18
[INFO] [stdout]    |
[INFO] [stdout] 35 | /             Arg::new("days")
[INFO] [stdout] 36 | |                 .takes_value(true)
[INFO] [stdout] 37 | |                 .short('d')
[INFO] [stdout] 38 | |                 .long("day")
[INFO] [stdout] 39 | |                 .value_name("day num")
[INFO] [stdout] 40 | |                 .about("Days to execute. By default all implemented days will run"),
[INFO] [stdout]    | |                 -^^^^^ method not found in `Arg<'_>`
[INFO] [stdout]    | |_________________|
[INFO] [stdout]    | 
[INFO] [stdout] 
[INFO] [stdout] 
[INFO] [stdout] error[E0599]: no method named `about` found for struct `Arg` in the current scope
[INFO] [stdout]   --> /opt/rustwide/cargo-home/registry/src/index.crates.io-6f17d22bba15001f/aoc-main-0.3.0/src/lib.rs:46:18
[INFO] [stdout]    |
[INFO] [stdout] 43 | /             Arg::new("bench")
[INFO] [stdout] 44 | |                 .short('b')
[INFO] [stdout] 45 | |                 .long("bench")
[INFO] [stdout] 46 | |                 .about("Run criterion benchmarks"),
[INFO] [stdout]    | |                 -^^^^^ method not found in `Arg<'_>`
[INFO] [stdout]    | |_________________|
[INFO] [stdout]    | 
[INFO] [stdout] 
[INFO] [stdout] 
[INFO] [stdout] error: aborting due to 4 previous errors
[INFO] [stdout] 
[INFO] [stdout] 
[INFO] [stdout] For more information about this error, try `rustc --explain E0599`.
[INFO] [stdout] 
[INFO] [stderr] error: could not compile `aoc-main` (lib) due to 5 previous errors
[INFO] running `Command { std: "docker" "inspect" "c3dae823654d1cc7ccf80cedbcc4876ae84bb4a47f3c39f4959949aa02b78c97", kill_on_drop: false }`
[INFO] running `Command { std: "docker" "rm" "-f" "c3dae823654d1cc7ccf80cedbcc4876ae84bb4a47f3c39f4959949aa02b78c97", kill_on_drop: false }`
[INFO] [stdout] c3dae823654d1cc7ccf80cedbcc4876ae84bb4a47f3c39f4959949aa02b78c97
