[INFO] cloning repository https://github.com/raftario/quest-mathfuck
[INFO] running `Command { std: "git" "-c" "credential.helper=" "-c" "credential.helper=/workspace/cargo-home/bin/git-credential-null" "clone" "--bare" "https://github.com/raftario/quest-mathfuck" "/workspace/cache/git-repos/https%3A%2F%2Fgithub.com%2Fraftario%2Fquest-mathfuck", kill_on_drop: false }`
[INFO] [stderr] Cloning into bare repository '/workspace/cache/git-repos/https%3A%2F%2Fgithub.com%2Fraftario%2Fquest-mathfuck'...
[INFO] running `Command { std: "git" "rev-parse" "HEAD", kill_on_drop: false }`
[INFO] [stdout] c1766d1e94ec6e019b2080404dd08d93a337cbc3
[INFO] documenting raftario/quest-mathfuck against 1.69.0 for beta-1.70-rustdoc-1
[INFO] running `Command { std: "git" "clone" "/workspace/cache/git-repos/https%3A%2F%2Fgithub.com%2Fraftario%2Fquest-mathfuck" "/workspace/builds/worker-6-tc1/source", kill_on_drop: false }`
[INFO] [stderr] Cloning into '/workspace/builds/worker-6-tc1/source'...
[INFO] [stderr] done.
[INFO] validating manifest of git repo https://github.com/raftario/quest-mathfuck on toolchain 1.69.0
[INFO] running `Command { std: CARGO_HOME="/workspace/cargo-home" RUSTUP_HOME="/workspace/rustup-home" "/workspace/cargo-home/bin/cargo" "+1.69.0" "metadata" "--manifest-path" "Cargo.toml" "--no-deps", kill_on_drop: false }`
[INFO] removed /workspace/builds/worker-6-tc1/source/rust-toolchain
[INFO] started tweaking git repo https://github.com/raftario/quest-mathfuck
[INFO] finished tweaking git repo https://github.com/raftario/quest-mathfuck
[INFO] tweaked toml for git repo https://github.com/raftario/quest-mathfuck written to /workspace/builds/worker-6-tc1/source/Cargo.toml
[INFO] crate git repo https://github.com/raftario/quest-mathfuck already has a lockfile, it will not be regenerated
[INFO] running `Command { std: CARGO_HOME="/workspace/cargo-home" RUSTUP_HOME="/workspace/rustup-home" "/workspace/cargo-home/bin/cargo" "+1.69.0" "fetch" "--manifest-path" "Cargo.toml", kill_on_drop: false }`
[INFO] [stderr]     Updating git repository `https://github.com/StackDoubleFlow/quest-hook-rs.git`
[INFO] [stderr]     Updating git submodule `https://github.com/sc2ad/beatsaber-hook`
[INFO] [stderr]     Updating git submodule `https://github.com/Tencent/rapidjson.git`
[INFO] [stderr]     Updating git submodule `https://github.com/google/googletest.git`
[INFO] [stderr]     Updating git repository `https://github.com/raftario/tracing-android`
[INFO] [stderr]  Downloading crates ...
[INFO] [stderr]   Downloaded slice-pool v0.4.1
[INFO] [stderr]   Downloaded mmap-fixed v0.1.5
[INFO] [stderr]   Downloaded libudis86-sys v0.2.1
[INFO] [stderr]   Downloaded detour v0.8.1
[INFO] running `Command { std: "docker" "create" "-v" "/var/lib/crater-agent-workspace/builds/worker-6-tc1/target:/opt/rustwide/target:rw,Z" "-v" "/var/lib/crater-agent-workspace/builds/worker-6-tc1/source:/opt/rustwide/workdir:ro,Z" "-v" "/var/lib/crater-agent-workspace/cargo-home:/opt/rustwide/cargo-home:ro,Z" "-v" "/var/lib/crater-agent-workspace/rustup-home:/opt/rustwide/rustup-home:ro,Z" "-e" "SOURCE_DIR=/opt/rustwide/workdir" "-e" "CARGO_TARGET_DIR=/opt/rustwide/target" "-e" "CARGO_HOME=/opt/rustwide/cargo-home" "-e" "RUSTUP_HOME=/opt/rustwide/rustup-home" "-w" "/opt/rustwide/workdir" "-m" "1610612736" "--user" "0:0" "--network" "none" "ghcr.io/rust-lang/crates-build-env/linux@sha256:5ff2268d62e97bff2cde7d5815dd6ed5b47097566f13b8d0ca110b04b60e07ed" "/opt/rustwide/cargo-home/bin/cargo" "+1.69.0" "metadata" "--no-deps" "--format-version=1", kill_on_drop: false }`
[INFO] [stdout] f86f2f4e4bbac3baaf6b3a68b7af91945f677a94b19591e02173ecc609ddabef
[INFO] running `Command { std: "docker" "start" "-a" "f86f2f4e4bbac3baaf6b3a68b7af91945f677a94b19591e02173ecc609ddabef", kill_on_drop: false }`
[INFO] running `Command { std: "docker" "inspect" "f86f2f4e4bbac3baaf6b3a68b7af91945f677a94b19591e02173ecc609ddabef", kill_on_drop: false }`
[INFO] running `Command { std: "docker" "rm" "-f" "f86f2f4e4bbac3baaf6b3a68b7af91945f677a94b19591e02173ecc609ddabef", kill_on_drop: false }`
[INFO] [stdout] f86f2f4e4bbac3baaf6b3a68b7af91945f677a94b19591e02173ecc609ddabef
[INFO] running `Command { std: "docker" "create" "-v" "/var/lib/crater-agent-workspace/builds/worker-6-tc1/target:/opt/rustwide/target:rw,Z" "-v" "/var/lib/crater-agent-workspace/builds/worker-6-tc1/source:/opt/rustwide/workdir:ro,Z" "-v" "/var/lib/crater-agent-workspace/cargo-home:/opt/rustwide/cargo-home:ro,Z" "-v" "/var/lib/crater-agent-workspace/rustup-home:/opt/rustwide/rustup-home:ro,Z" "-e" "SOURCE_DIR=/opt/rustwide/workdir" "-e" "CARGO_TARGET_DIR=/opt/rustwide/target" "-e" "CARGO_INCREMENTAL=0" "-e" "RUST_BACKTRACE=full" "-e" "RUSTFLAGS=--cap-lints=warn" "-e" "RUSTDOCFLAGS=--cap-lints=warn" "-e" "CARGO_HOME=/opt/rustwide/cargo-home" "-e" "RUSTUP_HOME=/opt/rustwide/rustup-home" "-w" "/opt/rustwide/workdir" "-m" "1610612736" "--user" "0:0" "--network" "none" "ghcr.io/rust-lang/crates-build-env/linux@sha256:5ff2268d62e97bff2cde7d5815dd6ed5b47097566f13b8d0ca110b04b60e07ed" "/opt/rustwide/cargo-home/bin/cargo" "+1.69.0" "doc" "--frozen" "--no-deps" "--document-private-items" "--message-format=json", kill_on_drop: false }`
[INFO] [stdout] 3c560ee42fe7ac02e09486b879abaa6ad7890507c234a1803e7c65a1b1454b2a
[INFO] running `Command { std: "docker" "start" "-a" "3c560ee42fe7ac02e09486b879abaa6ad7890507c234a1803e7c65a1b1454b2a", kill_on_drop: false }`
[INFO] [stderr]    Compiling proc-macro2 v1.0.29
[INFO] [stderr]    Compiling unicode-xid v0.2.2
[INFO] [stderr]    Compiling syn v1.0.76
[INFO] [stderr]    Compiling libc v0.2.101
[INFO] [stderr]    Compiling serde v1.0.130
[INFO] [stderr]    Compiling cc v1.0.70
[INFO] [stderr]     Checking regex-syntax v0.6.25
[INFO] [stderr]    Compiling log v0.4.14
[INFO] [stderr]    Compiling typenum v1.14.0
[INFO] [stderr]    Compiling version_check v0.9.3
[INFO] [stderr]    Compiling serde_json v1.0.67
[INFO] [stderr]     Checking itoa v0.4.8
[INFO] [stderr]    Compiling num-traits v0.2.14
[INFO] [stderr]    Compiling num-integer v0.1.44
[INFO] [stderr]     Checking tracing-core v0.1.19
[INFO] [stderr]     Checking pin-project-lite v0.2.7
[INFO] [stderr]     Checking once_cell v1.8.0
[INFO] [stderr]     Checking sharded-slab v0.1.3
[INFO] [stderr]     Checking bitflags v1.3.2
[INFO] [stderr]    Compiling unicode-segmentation v1.8.0
[INFO] [stderr]     Checking thread_local v1.1.3
[INFO] [stderr]     Checking ansi_term v0.12.1
[INFO] [stderr]    Compiling generic-array v0.14.4
[INFO] [stderr]     Checking smallvec v1.6.1
[INFO] [stderr]     Checking slice-pool v0.4.1
[INFO] [stderr]     Checking libloading v0.7.0
[INFO] [stderr]     Checking tracing-log v0.1.2
[INFO] [stderr]    Compiling paste v1.0.5
[INFO] [stderr]     Checking fastrand v1.5.0
[INFO] [stderr]    Compiling heck v0.3.3
[INFO] [stderr]    Compiling libudis86-sys v0.2.1
[INFO] [stderr]    Compiling inline_hook v0.1.0 (https://github.com/StackDoubleFlow/quest-hook-rs.git#c4c1c7b1)
[INFO] [stderr]    Compiling quote v1.0.9
[INFO] [stderr]     Checking region v2.2.0
[INFO] [stderr]     Checking mmap-fixed v0.1.5
[INFO] [stderr]     Checking chrono v0.4.19
[INFO] [stderr]     Checking regex-automata v0.1.10
[INFO] [stderr]     Checking regex v1.5.4
[INFO] [stderr]     Checking detour v0.8.1
[INFO] [stdout] error[E0554]: `#![feature]` may not be used on the stable release channel
[INFO] [stdout]  --> /opt/rustwide/cargo-home/registry/src/github.com-1ecc6299db9ec823/detour-0.8.1/src/lib.rs:4:3
[INFO] [stdout]   |
[INFO] [stdout] 4 |   feature(const_fn_trait_bound, unboxed_closures, abi_thiscall)
[INFO] [stdout]   |   ^^^^^^^^^^^^^^^^^^^^^^^^^^^^^^^^^^^^^^^^^^^^^^^^^^^^^^^^^^^^^
[INFO] [stdout]   |
[INFO] [stdout]   = help: the feature `const_fn_trait_bound` has been stable since `1.61.0` and no longer requires an attribute to enable
[INFO] [stdout] 
[INFO] [stdout] 
[INFO] [stdout] error[E0059]: type parameter to bare `Fn` trait must be a tuple
[INFO] [stdout]    --> /opt/rustwide/cargo-home/registry/src/github.com-1ecc6299db9ec823/detour-0.8.1/src/detours/statik.rs:106:8
[INFO] [stdout]     |
[INFO] [stdout] 106 |     D: Fn<T::Arguments, Output = T::Output> + Send + 'static,
[INFO] [stdout]     |        ^^^^^^^^^^^^^^^^^^^^^^^^^^^^^^^^^^^^ the trait `Tuple` is not implemented for `<T as Function>::Arguments`
[INFO] [stdout]     |
[INFO] [stdout] note: required by a bound in `Fn`
[INFO] [stdout]    --> /rustc/84c898d65adf2f39a5a98507f1fe0ce10a2b8dbc/library/core/src/ops/function.rs:76:1
[INFO] [stdout] help: consider further restricting the associated type
[INFO] [stdout]     |
[INFO] [stdout] 106 |     D: Fn<T::Arguments, Output = T::Output> + Send + 'static, <T as Function>::Arguments: Tuple
[INFO] [stdout]     |                                                             ~~~~~~~~~~~~~~~~~~~~~~~~~~~~~~~~~~~
[INFO] [stdout] 
[INFO] [stdout] 
[INFO] [stdout] error[E0059]: type parameter to bare `Fn` trait must be a tuple
[INFO] [stdout]    --> /opt/rustwide/cargo-home/registry/src/github.com-1ecc6299db9ec823/detour-0.8.1/src/detours/statik.rs:157:8
[INFO] [stdout]     |
[INFO] [stdout] 157 |     C: Fn<T::Arguments, Output = T::Output> + Send + 'static,
[INFO] [stdout]     |        ^^^^^^^^^^^^^^^^^^^^^^^^^^^^^^^^^^^^ the trait `Tuple` is not implemented for `<T as Function>::Arguments`
[INFO] [stdout]     |
[INFO] [stdout] note: required by a bound in `Fn`
[INFO] [stdout]    --> /rustc/84c898d65adf2f39a5a98507f1fe0ce10a2b8dbc/library/core/src/ops/function.rs:76:1
[INFO] [stdout] help: consider further restricting the associated type
[INFO] [stdout]     |
[INFO] [stdout] 157 |     C: Fn<T::Arguments, Output = T::Output> + Send + 'static, <T as Function>::Arguments: Tuple
[INFO] [stdout]     |                                                             ~~~~~~~~~~~~~~~~~~~~~~~~~~~~~~~~~~~
[INFO] [stdout] 
[INFO] [stdout] 
[INFO] [stdout] error: aborting due to 3 previous errors
[INFO] [stdout] 
[INFO] [stdout] 
[INFO] [stdout] Some errors have detailed explanations: E0059, E0554.
[INFO] [stdout] 
[INFO] [stdout] For more information about an error, try `rustc --explain E0059`.
[INFO] [stdout] 
[INFO] [stderr] error: could not compile `detour` due to 4 previous errors
[INFO] [stderr] warning: build failed, waiting for other jobs to finish...
[INFO] running `Command { std: "docker" "inspect" "3c560ee42fe7ac02e09486b879abaa6ad7890507c234a1803e7c65a1b1454b2a", kill_on_drop: false }`
[INFO] running `Command { std: "docker" "rm" "-f" "3c560ee42fe7ac02e09486b879abaa6ad7890507c234a1803e7c65a1b1454b2a", kill_on_drop: false }`
[INFO] [stdout] 3c560ee42fe7ac02e09486b879abaa6ad7890507c234a1803e7c65a1b1454b2a
