[INFO] cloning repository https://github.com/rafaeldelboni/ggez-specs-nphysics-hello-world
[INFO] running `Command { std: "git" "-c" "credential.helper=" "-c" "credential.helper=/workspace/cargo-home/bin/git-credential-null" "clone" "--bare" "https://github.com/rafaeldelboni/ggez-specs-nphysics-hello-world" "/workspace/cache/git-repos/https%3A%2F%2Fgithub.com%2Frafaeldelboni%2Fggez-specs-nphysics-hello-world", kill_on_drop: false }`
[INFO] [stderr] Cloning into bare repository '/workspace/cache/git-repos/https%3A%2F%2Fgithub.com%2Frafaeldelboni%2Fggez-specs-nphysics-hello-world'...
[INFO] running `Command { std: "git" "rev-parse" "HEAD", kill_on_drop: false }`
[INFO] [stdout] 1ff511a4fd056765fe9b7b707c90c8bd071a4d71
[INFO] documenting rafaeldelboni/ggez-specs-nphysics-hello-world against beta-2023-04-20 for beta-1.70-rustdoc-1
[INFO] running `Command { std: "git" "clone" "/workspace/cache/git-repos/https%3A%2F%2Fgithub.com%2Frafaeldelboni%2Fggez-specs-nphysics-hello-world" "/workspace/builds/worker-7-tc2/source", kill_on_drop: false }`
[INFO] [stderr] Cloning into '/workspace/builds/worker-7-tc2/source'...
[INFO] [stderr] done.
[INFO] validating manifest of git repo https://github.com/rafaeldelboni/ggez-specs-nphysics-hello-world on toolchain beta-2023-04-20
[INFO] running `Command { std: CARGO_HOME="/workspace/cargo-home" RUSTUP_HOME="/workspace/rustup-home" "/workspace/cargo-home/bin/cargo" "+beta-2023-04-20" "metadata" "--manifest-path" "Cargo.toml" "--no-deps", kill_on_drop: false }`
[INFO] started tweaking git repo https://github.com/rafaeldelboni/ggez-specs-nphysics-hello-world
[INFO] finished tweaking git repo https://github.com/rafaeldelboni/ggez-specs-nphysics-hello-world
[INFO] tweaked toml for git repo https://github.com/rafaeldelboni/ggez-specs-nphysics-hello-world written to /workspace/builds/worker-7-tc2/source/Cargo.toml
[INFO] crate git repo https://github.com/rafaeldelboni/ggez-specs-nphysics-hello-world already has a lockfile, it will not be regenerated
[INFO] running `Command { std: CARGO_HOME="/workspace/cargo-home" RUSTUP_HOME="/workspace/rustup-home" "/workspace/cargo-home/bin/cargo" "+beta-2023-04-20" "fetch" "--manifest-path" "Cargo.toml", kill_on_drop: false }`
[INFO] [stderr]  Downloading crates ...
[INFO] [stderr]   Downloaded claxon v0.3.2
[INFO] [stderr]   Downloaded downcast v0.9.2
[INFO] [stderr]   Downloaded ncollide2d v0.17.1
[INFO] [stderr]   Downloaded hibitset v0.5.2
[INFO] [stderr]   Downloaded alga v0.7.2
[INFO] [stderr]   Downloaded nphysics2d v0.9.2
[INFO] [stderr]   Downloaded specs v0.12.3
[INFO] [stderr]   Downloaded ggez v0.4.4
[INFO] [stderr]   Downloaded nalgebra v0.16.4
[INFO] [stderr]   Downloaded syn v0.15.7
[INFO] running `Command { std: "docker" "create" "-v" "/var/lib/crater-agent-workspace/builds/worker-7-tc2/target:/opt/rustwide/target:rw,Z" "-v" "/var/lib/crater-agent-workspace/builds/worker-7-tc2/source:/opt/rustwide/workdir:ro,Z" "-v" "/var/lib/crater-agent-workspace/cargo-home:/opt/rustwide/cargo-home:ro,Z" "-v" "/var/lib/crater-agent-workspace/rustup-home:/opt/rustwide/rustup-home:ro,Z" "-e" "SOURCE_DIR=/opt/rustwide/workdir" "-e" "CARGO_TARGET_DIR=/opt/rustwide/target" "-e" "CARGO_HOME=/opt/rustwide/cargo-home" "-e" "RUSTUP_HOME=/opt/rustwide/rustup-home" "-w" "/opt/rustwide/workdir" "-m" "1610612736" "--user" "0:0" "--network" "none" "ghcr.io/rust-lang/crates-build-env/linux@sha256:5ff2268d62e97bff2cde7d5815dd6ed5b47097566f13b8d0ca110b04b60e07ed" "/opt/rustwide/cargo-home/bin/cargo" "+beta-2023-04-20" "metadata" "--no-deps" "--format-version=1", kill_on_drop: false }`
[INFO] [stdout] 0442e2f6fcbcaf2738313d315d79311b374dea5813bd68af006be176e35e81b2
[INFO] running `Command { std: "docker" "start" "-a" "0442e2f6fcbcaf2738313d315d79311b374dea5813bd68af006be176e35e81b2", kill_on_drop: false }`
[INFO] running `Command { std: "docker" "inspect" "0442e2f6fcbcaf2738313d315d79311b374dea5813bd68af006be176e35e81b2", kill_on_drop: false }`
[INFO] running `Command { std: "docker" "rm" "-f" "0442e2f6fcbcaf2738313d315d79311b374dea5813bd68af006be176e35e81b2", kill_on_drop: false }`
[INFO] [stdout] 0442e2f6fcbcaf2738313d315d79311b374dea5813bd68af006be176e35e81b2
[INFO] running `Command { std: "docker" "create" "-v" "/var/lib/crater-agent-workspace/builds/worker-7-tc2/target:/opt/rustwide/target:rw,Z" "-v" "/var/lib/crater-agent-workspace/builds/worker-7-tc2/source:/opt/rustwide/workdir:ro,Z" "-v" "/var/lib/crater-agent-workspace/cargo-home:/opt/rustwide/cargo-home:ro,Z" "-v" "/var/lib/crater-agent-workspace/rustup-home:/opt/rustwide/rustup-home:ro,Z" "-e" "SOURCE_DIR=/opt/rustwide/workdir" "-e" "CARGO_TARGET_DIR=/opt/rustwide/target" "-e" "CARGO_INCREMENTAL=0" "-e" "RUST_BACKTRACE=full" "-e" "RUSTFLAGS=--cap-lints=warn" "-e" "RUSTDOCFLAGS=--cap-lints=warn" "-e" "CARGO_HOME=/opt/rustwide/cargo-home" "-e" "RUSTUP_HOME=/opt/rustwide/rustup-home" "-w" "/opt/rustwide/workdir" "-m" "1610612736" "--user" "0:0" "--network" "none" "ghcr.io/rust-lang/crates-build-env/linux@sha256:5ff2268d62e97bff2cde7d5815dd6ed5b47097566f13b8d0ca110b04b60e07ed" "/opt/rustwide/cargo-home/bin/cargo" "+beta-2023-04-20" "doc" "--frozen" "--no-deps" "--document-private-items" "--message-format=json", kill_on_drop: false }`
[INFO] [stdout] 044e0d8870e0303bd06b67095e408931e68b579e857855c61d837b604363e62b
[INFO] running `Command { std: "docker" "start" "-a" "044e0d8870e0303bd06b67095e408931e68b579e857855c61d837b604363e62b", kill_on_drop: false }`
[INFO] [stderr]    Compiling num-traits v0.2.6
[INFO] [stderr]     Checking libc v0.2.43
[INFO] [stderr]     Checking nodrop v0.1.12
[INFO] [stderr]     Checking cfg-if v0.1.5
[INFO] [stderr]     Checking byteorder v1.2.6
[INFO] [stderr]    Compiling unicode-xid v0.0.4
[INFO] [stderr]     Checking void v1.0.2
[INFO] [stderr]    Compiling quote v0.3.15
[INFO] [stderr]    Compiling version_check v0.1.5
[INFO] [stderr]    Compiling cc v1.0.25
[INFO] [stderr]    Compiling either v1.5.0
[INFO] [stderr]    Compiling num-integer v0.1.39
[INFO] [stderr]    Compiling khronos_api v2.2.0
[INFO] [stderr]    Compiling typenum v1.10.0
[INFO] [stderr]     Checking bitflags v1.0.4
[INFO] [stderr]     Checking arrayvec v0.4.7
[INFO] [stderr]     Checking unreachable v1.0.0
[INFO] [stderr]    Compiling proc-macro2 v0.4.19
[INFO] [stderr]    Compiling unicode-xid v0.1.0
[INFO] [stderr]    Compiling num-iter v0.1.37
[INFO] [stderr]    Compiling itertools v0.5.10
[INFO] [stderr]    Compiling xml-rs v0.7.0
[INFO] [stderr]     Checking smallvec v0.6.5
[INFO] [stderr]    Compiling syn v0.10.8
[INFO] [stderr]     Checking log v0.4.5
[INFO] [stderr]     Checking crossbeam-utils v0.2.2
[INFO] [stderr]    Compiling lazy_static v1.1.0
[INFO] [stderr]     Checking approx v0.1.1
[INFO] [stderr]     Checking rand_core v0.2.1
[INFO] [stderr]     Checking scopeguard v0.3.3
[INFO] [stderr]     Checking memoffset v0.2.1
[INFO] [stderr]     Checking rand v0.4.3
[INFO] [stderr]    Compiling matrixmultiply v0.1.14
[INFO] [stderr]    Compiling rayon-core v1.4.1
[INFO] [stderr]     Checking draw_state v0.8.0
[INFO] [stderr]    Compiling num-complex v0.2.0
[INFO] [stderr]    Compiling pkg-config v0.3.14
[INFO] [stderr]     Checking rand v0.5.5
[INFO] [stderr]     Checking rawpointer v0.1.0
[INFO] [stderr]     Checking num_cpus v1.8.0
[INFO] [stderr]    Compiling sdl2-sys v0.31.0
[INFO] [stderr]    Compiling synom v0.11.3
[INFO] [stderr]    Compiling gl_generator v0.9.0
[INFO] [stderr]    Compiling rayon v1.0.2
[INFO] [stderr]     Checking crossbeam-epoch v0.3.1
[INFO] [stderr]     Checking adler32 v1.0.3
[INFO] [stderr]    Compiling quote v0.6.8
[INFO] [stderr]    Compiling syn v0.11.11
[INFO] [stderr]     Checking rand v0.3.22
[INFO] [stderr]     Checking crossbeam-deque v0.2.0
[INFO] [stderr]     Checking num-traits v0.1.43
[INFO] [stderr]     Checking approx v0.3.0
[INFO] [stderr]     Checking time v0.1.40
[INFO] [stderr]    Compiling alsa-sys v0.1.2
[INFO] [stderr]    Compiling bzip2-sys v0.1.6
[INFO] [stderr]     Checking euclid v0.17.3
[INFO] [stderr]    Compiling backtrace-sys v0.1.24
[INFO] [stderr]    Compiling serde v1.0.79
[INFO] [stderr]     Checking libm v0.1.2
[INFO] [stderr]     Checking stable_deref_trait v1.1.1
[INFO] [stderr]     Checking fnv v1.0.6
[INFO] [stderr]    Compiling syn v0.14.9
[INFO] [stderr]     Checking sid v0.5.2
[INFO] [stderr]     Checking owning_ref v0.3.3
[INFO] [stderr]     Checking ordered-float v0.5.2
[INFO] [stderr]     Checking num v0.1.42
[INFO] [stderr]     Checking generic-array v0.11.1
[INFO] [stderr]     Checking deflate v0.7.19
[INFO] [stderr]     Checking inflate v0.4.3
[INFO] [stderr]     Checking lyon_geom v0.10.1
[INFO] [stderr]     Checking num-complex v0.1.43
[INFO] [stderr]     Checking alga v0.7.2
[INFO] [stderr]     Checking parking_lot_core v0.2.14
[INFO] [stderr]     Checking stb_truetype v0.2.4
[INFO] [stderr]    Compiling gfx_gl v0.5.0
[INFO] [stderr]     Checking ogg v0.4.1
[INFO] [stderr]     Checking rustc-demangle v0.1.9
[INFO] [stderr]     Checking lazy_static v0.2.11
[INFO] [stderr]     Checking lyon_path v0.10.1
[INFO] [stderr]     Checking color_quant v1.0.1
[INFO] [stderr]     Checking bitflags v0.7.0
[INFO] [stderr]     Checking linked-hash-map v0.5.1
[INFO] [stderr]     Checking lzw v0.10.0
[INFO] [stderr]     Checking alga v0.5.4
[INFO] [stderr]     Checking lewton v0.5.2
[INFO] [stderr]     Checking parking_lot v0.5.5
[INFO] [stderr]     Checking sdl2 v0.31.0
[INFO] [stderr]     Checking rusttype v0.5.2
[INFO] [stderr]     Checking nalgebra v0.16.4
[INFO] [stderr]     Checking lyon_tessellation v0.10.2
[INFO] [stderr]     Checking gif v0.10.0
[INFO] [stderr]     Checking png v0.12.0
[INFO] [stderr]     Checking backtrace v0.3.9
[INFO] [stderr]     Checking cpal v0.8.2
[INFO] [stderr]     Checking twox-hash v1.1.1
[INFO] [stderr]     Checking num-rational v0.1.42
[INFO] [stderr]     Checking msdos_time v0.1.6
[INFO] [stderr]    Compiling syn v0.15.7
[INFO] [stderr]     Checking cgmath v0.14.1
[INFO] [stderr]     Checking generic-array v0.8.3
[INFO] [stderr]     Checking jpeg-decoder v0.1.15
[INFO] [stderr]     Checking bzip2 v0.3.3
[INFO] [stderr]     Checking fxhash v0.2.1
[INFO] [stderr]     Checking xdg v2.1.0
[INFO] [stderr]     Checking atom v0.3.5
[INFO] [stderr]     Checking podio v0.1.6
[INFO] [stderr]     Checking mopa v0.2.2
[INFO] [stderr]     Checking claxon v0.3.2
[INFO] [stderr]     Checking hound v3.4.0
[INFO] [stderr]     Checking xi-unicode v0.1.0
[INFO] [stderr]     Checking slab v0.4.1
[INFO] [stderr]     Checking unicode-normalization v0.1.7
[INFO] [stderr]     Checking shred v0.7.0
[INFO] [stderr]     Checking zip v0.3.3
[INFO] [stderr]     Checking app_dirs2 v2.0.3
[INFO] [stderr]     Checking hibitset v0.5.2
[INFO] [stderr]     Checking nalgebra v0.14.4
[INFO] [stderr]     Checking lyon v0.10.2
[INFO] [stderr]    Compiling smart-default v0.2.0
[INFO] [stderr]    Compiling shred-derive v0.5.0
[INFO] [stderr]     Checking crossbeam v0.3.2
[INFO] [stderr]     Checking downcast v0.9.2
[INFO] [stderr]     Checking tuple_utils v0.2.0
[INFO] [stdout] error[E0034]: multiple applicable items in scope
[INFO] [stdout]    --> /opt/rustwide/cargo-home/registry/src/index.crates.io-6f17d22bba15001f/downcast-0.9.2/src/lib.rs:120:38
[INFO] [stdout]     |
[INFO] [stdout] 120 |     fn is_type(&self) -> bool { self.type_id() == TypeId::of::<T>() }
[INFO] [stdout]     |                                      ^^^^^^^ multiple `type_id` found
[INFO] [stdout]     |
[INFO] [stdout] note: candidate #1 is defined in the trait `Any`
[INFO] [stdout]    --> /opt/rustwide/cargo-home/registry/src/index.crates.io-6f17d22bba15001f/downcast-0.9.2/src/lib.rs:29:5
[INFO] [stdout]     |
[INFO] [stdout] 29  |     fn type_id(&self) -> TypeId { TypeId::of::<Self>() }
[INFO] [stdout]     |     ^^^^^^^^^^^^^^^^^^^^^^^^^^^
[INFO] [stdout] note: candidate #2 is defined in the trait `std::any::Any`
[INFO] [stdout]    --> /rustc/1b7dd2252b99671ce5d1cb9664c5f8636329436d/library/core/src/any.rs:196:5
[INFO] [stdout] help: disambiguate the method for candidate #1
[INFO] [stdout]     |
[INFO] [stdout] 120 |     fn is_type(&self) -> bool { Any::type_id(&self) == TypeId::of::<T>() }
[INFO] [stdout]     |                                 ~~~~~~~~~~~~~~~~~~~
[INFO] [stdout] help: disambiguate the method for candidate #2
[INFO] [stdout]     |
[INFO] [stdout] 120 |     fn is_type(&self) -> bool { std::any::Any::type_id(&self) == TypeId::of::<T>() }
[INFO] [stdout]     |                                 ~~~~~~~~~~~~~~~~~~~~~~~~~~~~~
[INFO] [stdout] 
[INFO] [stdout] 
[INFO] [stdout] error: aborting due to previous error
[INFO] [stdout] 
[INFO] [stdout] 
[INFO] [stdout] For more information about this error, try `rustc --explain E0034`.
[INFO] [stdout] 
[INFO] [stderr] error: could not compile `downcast` (lib) due to 2 previous errors
[INFO] [stderr] warning: build failed, waiting for other jobs to finish...
[INFO] [stdout] error[E0592]: duplicate definitions with name `new`
[INFO] [stdout]    --> /opt/rustwide/cargo-home/registry/src/index.crates.io-6f17d22bba15001f/nalgebra-0.14.4/src/core/construction.rs:510:13
[INFO] [stdout]     |
[INFO] [stdout] 510 |               pub fn new($($args: N),*) -> Self {
[INFO] [stdout]     |               ^^^^^^^^^^^^^^^^^^^^^^^^^^^^^^^^^ duplicate definitions for `new`
[INFO] [stdout] ...
[INFO] [stdout] 522 | / componentwise_constructors_impl!(
[INFO] [stdout] 523 | |     /*
[INFO] [stdout] 524 | |      * Square matrices 1 .. 6.
[INFO] [stdout] 525 | |      */
[INFO] [stdout] ...   |
[INFO] [stdout] 664 | |     U6, U1, x:(0,0), y:(1,0), z:(2,0), w:(3,0), a:(4,0), b:(5,0);
[INFO] [stdout] 665 | | );
[INFO] [stdout]     | |_- in this macro invocation
[INFO] [stdout]     |
[INFO] [stdout]    ::: /opt/rustwide/cargo-home/registry/src/index.crates.io-6f17d22bba15001f/nalgebra-0.14.4/src/core/construction_slice_deprecated.rs:171:13
[INFO] [stdout]     |
[INFO] [stdout] 171 |               pub fn new(data: &'a [N], $($args: usize),*) -> Self {
[INFO] [stdout]     |               ---------------------------------------------------- other definition for `new`
[INFO] [stdout]     |
[INFO] [stdout]     = note: this error originates in the macro `componentwise_constructors_impl` (in Nightly builds, run with -Z macro-backtrace for more info)
[INFO] [stdout] 
[INFO] [stdout] 
[INFO] [stdout] error[E0592]: duplicate definitions with name `new`
[INFO] [stdout]    --> /opt/rustwide/cargo-home/registry/src/index.crates.io-6f17d22bba15001f/nalgebra-0.14.4/src/core/construction.rs:510:13
[INFO] [stdout]     |
[INFO] [stdout] 510 |               pub fn new($($args: N),*) -> Self {
[INFO] [stdout]     |               ^^^^^^^^^^^^^^^^^^^^^^^^^^^^^^^^^ duplicate definitions for `new`
[INFO] [stdout] ...
[INFO] [stdout] 522 | / componentwise_constructors_impl!(
[INFO] [stdout] 523 | |     /*
[INFO] [stdout] 524 | |      * Square matrices 1 .. 6.
[INFO] [stdout] 525 | |      */
[INFO] [stdout] ...   |
[INFO] [stdout] 664 | |     U6, U1, x:(0,0), y:(1,0), z:(2,0), w:(3,0), a:(4,0), b:(5,0);
[INFO] [stdout] 665 | | );
[INFO] [stdout]     | |_- in this macro invocation
[INFO] [stdout]     |
[INFO] [stdout]    ::: /opt/rustwide/cargo-home/registry/src/index.crates.io-6f17d22bba15001f/nalgebra-0.14.4/src/core/construction_slice_deprecated.rs:232:13
[INFO] [stdout]     |
[INFO] [stdout] 232 |               pub fn new(data: &'a mut [N], $($args: usize),*) -> Self {
[INFO] [stdout]     |               -------------------------------------------------------- other definition for `new`
[INFO] [stdout]     |
[INFO] [stdout]     = note: this error originates in the macro `componentwise_constructors_impl` (in Nightly builds, run with -Z macro-backtrace for more info)
[INFO] [stdout] 
[INFO] [stdout] 
[INFO] [stdout] error: aborting due to 2 previous errors
[INFO] [stdout] 
[INFO] [stdout] 
[INFO] [stdout] For more information about this error, try `rustc --explain E0592`.
[INFO] [stdout] 
[INFO] [stderr] error: could not compile `nalgebra` (lib) due to 3 previous errors
[INFO] [stdout] error[E0502]: cannot borrow `*self` as immutable because it is also borrowed as mutable
[INFO] [stdout]    --> /opt/rustwide/cargo-home/registry/src/index.crates.io-6f17d22bba15001f/nalgebra-0.16.4/src/base/cg.rs:292:44
[INFO] [stdout]     |
[INFO] [stdout] 292 |                 self[(j, i)] += shift[j] * self[(D::dim() - 1, i)];
[INFO] [stdout]     |                 ---------------------------^^^^-------------------
[INFO] [stdout]     |                 |                          |
[INFO] [stdout]     |                 |                          immutable borrow occurs here
[INFO] [stdout]     |                 mutable borrow occurs here
[INFO] [stdout]     |                 mutable borrow later used here
[INFO] [stdout]     |
[INFO] [stdout] help: try adding a local storing this...
[INFO] [stdout]    --> /opt/rustwide/cargo-home/registry/src/index.crates.io-6f17d22bba15001f/nalgebra-0.16.4/src/base/cg.rs:292:44
[INFO] [stdout]     |
[INFO] [stdout] 292 |                 self[(j, i)] += shift[j] * self[(D::dim() - 1, i)];
[INFO] [stdout]     |                                            ^^^^^^^^^^^^^^^^^^^^^^^
[INFO] [stdout] help: ...and then using that local here
[INFO] [stdout]    --> /opt/rustwide/cargo-home/registry/src/index.crates.io-6f17d22bba15001f/nalgebra-0.16.4/src/base/cg.rs:292:17
[INFO] [stdout]     |
[INFO] [stdout] 292 |                 self[(j, i)] += shift[j] * self[(D::dim() - 1, i)];
[INFO] [stdout]     |                 ^^^^^^^^^^^^^^^^^^^^^^^^^^^^^^^^^^^^^^^^^^^^^^^^^^
[INFO] [stdout] 
[INFO] [stdout] 
[INFO] [stdout] error: aborting due to previous error
[INFO] [stdout] 
[INFO] [stdout] 
[INFO] [stdout] For more information about this error, try `rustc --explain E0502`.
[INFO] [stdout] 
[INFO] [stderr] error: could not compile `nalgebra` (lib) due to 2 previous errors
[INFO] running `Command { std: "docker" "inspect" "044e0d8870e0303bd06b67095e408931e68b579e857855c61d837b604363e62b", kill_on_drop: false }`
[INFO] running `Command { std: "docker" "rm" "-f" "044e0d8870e0303bd06b67095e408931e68b579e857855c61d837b604363e62b", kill_on_drop: false }`
[INFO] [stdout] 044e0d8870e0303bd06b67095e408931e68b579e857855c61d837b604363e62b
