[INFO] cloning repository https://github.com/raendev/raen
[INFO] running `Command { std: "git" "-c" "credential.helper=" "-c" "credential.helper=/workspace/cargo-home/bin/git-credential-null" "clone" "--bare" "https://github.com/raendev/raen" "/workspace/cache/git-repos/https%3A%2F%2Fgithub.com%2Fraendev%2Fraen", kill_on_drop: false }`
[INFO] [stderr] Cloning into bare repository '/workspace/cache/git-repos/https%3A%2F%2Fgithub.com%2Fraendev%2Fraen'...
[INFO] running `Command { std: "git" "rev-parse" "HEAD", kill_on_drop: false }`
[INFO] [stdout] 1dded29fcf844375d0a16f104518715f000bc84a
[INFO] documenting raendev/raen against 1.69.0 for beta-1.70-rustdoc-1
[INFO] running `Command { std: "git" "clone" "/workspace/cache/git-repos/https%3A%2F%2Fgithub.com%2Fraendev%2Fraen" "/workspace/builds/worker-2-tc1/source", kill_on_drop: false }`
[INFO] [stderr] Cloning into '/workspace/builds/worker-2-tc1/source'...
[INFO] [stderr] done.
[INFO] validating manifest of git repo https://github.com/raendev/raen on toolchain 1.69.0
[INFO] running `Command { std: CARGO_HOME="/workspace/cargo-home" RUSTUP_HOME="/workspace/rustup-home" "/workspace/cargo-home/bin/cargo" "+1.69.0" "metadata" "--manifest-path" "Cargo.toml" "--no-deps", kill_on_drop: false }`
[INFO] removed /workspace/builds/worker-2-tc1/source/rust-toolchain.toml
[INFO] started tweaking git repo https://github.com/raendev/raen
[INFO] finished tweaking git repo https://github.com/raendev/raen
[INFO] tweaked toml for git repo https://github.com/raendev/raen written to /workspace/builds/worker-2-tc1/source/Cargo.toml
[INFO] crate git repo https://github.com/raendev/raen already has a lockfile, it will not be regenerated
[INFO] running `Command { std: CARGO_HOME="/workspace/cargo-home" RUSTUP_HOME="/workspace/rustup-home" "/workspace/cargo-home/bin/cargo" "+1.69.0" "fetch" "--manifest-path" "Cargo.toml", kill_on_drop: false }`
[INFO] [stderr]     Updating git repository `https://github.com/ahalabs/near-sdk-rs`
[INFO] [stderr]  Downloading crates ...
[INFO] [stderr]   Downloaded clap-cargo-extra v0.2.0
[INFO] [stderr]   Downloaded near-sdk-witgen v0.0.2
[INFO] [stderr]   Downloaded witgen_macro v0.15.0
[INFO] [stderr]   Downloaded witgen_macro v0.12.0
[INFO] [stderr]   Downloaded witgen v0.11.0
[INFO] [stderr]   Downloaded wild v2.0.4
[INFO] [stderr]   Downloaded witgen_macro_helper v0.13.0
[INFO] [stderr]   Downloaded aha-wit-bindgen-gen-core v0.0.1
[INFO] [stderr]   Downloaded witgen_macro v0.11.0
[INFO] [stderr]   Downloaded witgen v0.12.0
[INFO] [stderr]   Downloaded wasm-opt-cxx-sys v0.110.2
[INFO] [stderr]   Downloaded syn-file-expand v0.1.1
[INFO] [stderr]   Downloaded witgen v0.15.0
[INFO] [stderr]   Downloaded witgen_macro_helper v0.11.0
[INFO] [stderr]   Downloaded syn-file-expand v0.2.0
[INFO] [stderr]   Downloaded cargo_metadata v0.15.1
[INFO] [stderr]   Downloaded witgen_macro_helper v0.15.0
[INFO] [stderr]   Downloaded ansi_colours v1.1.1
[INFO] [stderr]   Downloaded bugreport v0.5.0
[INFO] [stderr]   Downloaded cargo-witgen v0.13.0
[INFO] [stderr]   Downloaded aha-wit-parser v0.2.0
[INFO] [stderr]   Downloaded witme v0.3.1
[INFO] [stderr]   Downloaded wasm-opt v0.110.2
[INFO] [stderr]   Downloaded bat v0.21.0
[INFO] [stderr]   Downloaded wasm-opt-sys v0.110.2
[INFO] [stderr]   Downloaded aha-wit-parser v0.0.2
[INFO] [stderr]   Downloaded wit-bindgen-gen-ts-near v0.3.0
[INFO] [stderr]   Downloaded witgen_macro_helper v0.12.0
[INFO] running `Command { std: "docker" "create" "-v" "/var/lib/crater-agent-workspace/builds/worker-2-tc1/target:/opt/rustwide/target:rw,Z" "-v" "/var/lib/crater-agent-workspace/builds/worker-2-tc1/source:/opt/rustwide/workdir:ro,Z" "-v" "/var/lib/crater-agent-workspace/cargo-home:/opt/rustwide/cargo-home:ro,Z" "-v" "/var/lib/crater-agent-workspace/rustup-home:/opt/rustwide/rustup-home:ro,Z" "-e" "SOURCE_DIR=/opt/rustwide/workdir" "-e" "CARGO_TARGET_DIR=/opt/rustwide/target" "-e" "CARGO_HOME=/opt/rustwide/cargo-home" "-e" "RUSTUP_HOME=/opt/rustwide/rustup-home" "-w" "/opt/rustwide/workdir" "-m" "1610612736" "--user" "0:0" "--network" "none" "ghcr.io/rust-lang/crates-build-env/linux@sha256:5ff2268d62e97bff2cde7d5815dd6ed5b47097566f13b8d0ca110b04b60e07ed" "/opt/rustwide/cargo-home/bin/cargo" "+1.69.0" "metadata" "--no-deps" "--format-version=1", kill_on_drop: false }`
[INFO] [stdout] b776b8e0df46ad60e553c4b3cab171349f0855052a79d0b4433214cb9bca8328
[INFO] running `Command { std: "docker" "start" "-a" "b776b8e0df46ad60e553c4b3cab171349f0855052a79d0b4433214cb9bca8328", kill_on_drop: false }`
[INFO] running `Command { std: "docker" "inspect" "b776b8e0df46ad60e553c4b3cab171349f0855052a79d0b4433214cb9bca8328", kill_on_drop: false }`
[INFO] running `Command { std: "docker" "rm" "-f" "b776b8e0df46ad60e553c4b3cab171349f0855052a79d0b4433214cb9bca8328", kill_on_drop: false }`
[INFO] [stdout] b776b8e0df46ad60e553c4b3cab171349f0855052a79d0b4433214cb9bca8328
[INFO] running `Command { std: "docker" "create" "-v" "/var/lib/crater-agent-workspace/builds/worker-2-tc1/target:/opt/rustwide/target:rw,Z" "-v" "/var/lib/crater-agent-workspace/builds/worker-2-tc1/source:/opt/rustwide/workdir:ro,Z" "-v" "/var/lib/crater-agent-workspace/cargo-home:/opt/rustwide/cargo-home:ro,Z" "-v" "/var/lib/crater-agent-workspace/rustup-home:/opt/rustwide/rustup-home:ro,Z" "-e" "SOURCE_DIR=/opt/rustwide/workdir" "-e" "CARGO_TARGET_DIR=/opt/rustwide/target" "-e" "CARGO_INCREMENTAL=0" "-e" "RUST_BACKTRACE=full" "-e" "RUSTFLAGS=--cap-lints=warn" "-e" "RUSTDOCFLAGS=--cap-lints=warn" "-e" "CARGO_HOME=/opt/rustwide/cargo-home" "-e" "RUSTUP_HOME=/opt/rustwide/rustup-home" "-w" "/opt/rustwide/workdir" "-m" "1610612736" "--user" "0:0" "--network" "none" "ghcr.io/rust-lang/crates-build-env/linux@sha256:5ff2268d62e97bff2cde7d5815dd6ed5b47097566f13b8d0ca110b04b60e07ed" "/opt/rustwide/cargo-home/bin/cargo" "+1.69.0" "doc" "--frozen" "--no-deps" "--document-private-items" "--message-format=json", kill_on_drop: false }`
[INFO] [stdout] f46c19d43247eb5f9593e2020cd87cf406603796a65917de2de997a3d4e4f764
[INFO] running `Command { std: "docker" "start" "-a" "f46c19d43247eb5f9593e2020cd87cf406603796a65917de2de997a3d4e4f764", kill_on_drop: false }`
[INFO] [stderr]    Compiling libc v0.2.137
[INFO] [stderr]    Compiling proc-macro2 v1.0.47
[INFO] [stderr]    Compiling quote v1.0.21
[INFO] [stderr]    Compiling unicode-ident v1.0.5
[INFO] [stderr]    Compiling syn v1.0.103
[INFO] [stderr]    Compiling version_check v0.9.4
[INFO] [stderr]    Compiling memchr v2.4.1
[INFO] [stderr]    Compiling anyhow v1.0.58
[INFO] [stderr]    Compiling serde_derive v1.0.147
[INFO] [stderr]    Compiling serde v1.0.147
[INFO] [stderr]    Compiling thiserror v1.0.37
[INFO] [stderr]    Compiling typenum v1.15.0
[INFO] [stderr]     Checking cfg-if v1.0.0
[INFO] [stderr]    Compiling unicode-width v0.1.9
[INFO] [stderr]     Checking bitflags v1.3.2
[INFO] [stderr]    Compiling pkg-config v0.3.25
[INFO] [stderr]    Compiling autocfg v1.1.0
[INFO] [stderr]    Compiling im-rc v15.0.0
[INFO] [stderr]    Compiling jobserver v0.1.24
[INFO] [stderr]     Checking lazy_static v1.4.0
[INFO] [stderr]    Compiling heck v0.4.0
[INFO] [stderr]     Checking itoa v1.0.1
[INFO] [stderr]    Compiling indexmap v1.9.1
[INFO] [stderr]    Compiling cc v1.0.73
[INFO] [stderr]     Checking hashbrown v0.12.3
[INFO] [stderr]     Checking tinyvec_macros v0.1.0
[INFO] [stderr]    Compiling serde_json v1.0.87
[INFO] [stderr]    Compiling scratch v1.0.2
[INFO] [stderr]    Compiling once_cell v1.16.0
[INFO] [stderr]     Checking ryu v1.0.9
[INFO] [stderr]     Checking tinyvec v1.5.1
[INFO] [stderr]    Compiling proc-macro-error-attr v1.0.4
[INFO] [stderr]    Compiling termcolor v1.1.3
[INFO] [stderr]    Compiling semver v1.0.14
[INFO] [stderr]    Compiling codespan-reporting v0.11.1
[INFO] [stderr]     Checking atty v0.2.14
[INFO] [stderr]    Compiling proc-macro-error v1.0.4
[INFO] [stderr]    Compiling camino v1.1.1
[INFO] [stderr]    Compiling log v0.4.16
[INFO] [stderr]     Checking unicode-normalization v0.1.19
[INFO] [stderr]    Compiling link-cplusplus v1.0.7
[INFO] [stderr]    Compiling cxxbridge-flags v1.0.82
[INFO] [stderr]    Compiling aho-corasick v0.7.18
[INFO] [stderr]    Compiling cxx v1.0.82
[INFO] [stderr]    Compiling unicase v2.6.0
[INFO] [stderr]     Checking encoding_index_tests v0.1.4
[INFO] [stderr]    Compiling regex-syntax v0.6.28
[INFO] [stderr]    Compiling bitmaps v2.1.0
[INFO] [stderr]    Compiling libz-sys v1.1.6
[INFO] [stderr]    Compiling rand_core v0.5.1
[INFO] [stderr]    Compiling proc-macro-hack v0.5.19
[INFO] [stderr]    Compiling pulldown-cmark v0.8.0
[INFO] [stderr]     Checking rand_xoshiro v0.4.0
[INFO] [stderr]    Compiling cxx-build v1.0.82
[INFO] [stderr]     Checking sized-chunks v0.6.5
[INFO] [stderr]    Compiling onig_sys v69.7.1
[INFO] [stderr]    Compiling sys-info v0.9.1
[INFO] [stderr]     Checking os_str_bytes v6.0.0
[INFO] [stderr]     Checking id-arena v2.2.1
[INFO] [stderr]    Compiling regex v1.7.0
[INFO] [stderr]    Compiling either v1.6.1
[INFO] [stderr]     Checking matches v0.1.9
[INFO] [stderr]     Checking textwrap v0.15.0
[INFO] [stderr]     Checking strsim v0.10.0
[INFO] [stderr]    Compiling crc32fast v1.3.2
[INFO] [stderr]     Checking itertools v0.10.5
[INFO] [stderr]    Compiling thiserror-impl v1.0.37
[INFO] [stderr]    Compiling clap_derive v3.1.7
[INFO] [stderr]    Compiling cxxbridge-macro v1.0.82
[INFO] [stderr]    Compiling wasm-opt-sys v0.110.2
[INFO] [stderr]    Compiling libgit2-sys v0.13.4+1.4.2
[INFO] [stderr]    Compiling textwrap v0.11.0
[INFO] [stderr]     Checking unicode-bidi v0.3.7
[INFO] [stderr]    Compiling unicode-segmentation v1.9.0
[INFO] [stderr]     Checking linked-hash-map v0.5.4
[INFO] [stderr]     Checking safemem v0.3.3
[INFO] [stderr]     Checking same-file v1.0.6
[INFO] [stderr]    Compiling ansi_term v0.12.1
[INFO] [stderr]     Checking unicode-xid v0.2.2
[INFO] [stderr]    Compiling doc-comment v0.3.3
[INFO] [stderr]     Checking percent-encoding v2.1.0
[INFO] [stderr]     Checking regex-automata v0.1.10
[INFO] [stderr]     Checking clap v3.1.8
[INFO] [stderr]    Compiling rustversion v1.0.9
[INFO] [stderr]    Compiling vec_map v0.8.2
[INFO] [stderr]    Compiling strsim v0.8.0
[INFO] [stderr]     Checking adler v1.0.2
[INFO] [stderr]     Checking fnv v1.0.7
[INFO] [stderr]     Checking num_threads v0.1.6
[INFO] [stderr]     Checking miniz_oxide v0.5.1
[INFO] [stderr]     Checking time v0.3.9
[INFO] [stderr]    Compiling clap v2.34.0
[INFO] [stderr]     Checking bstr v0.2.17
[INFO] [stderr]     Checking form_urlencoded v1.0.1
[INFO] [stderr]    Compiling heck v0.3.3
[INFO] [stderr]     Checking aha-wit-parser v0.0.2
[INFO] [stderr]     Checking line-wrap v0.1.1
[INFO] [stderr]     Checking yaml-rust v0.4.5
[INFO] [stderr]     Checking idna v0.2.3
[INFO] [stderr]    Compiling git-version-macro v0.3.5
[INFO] [stderr]    Compiling syn-file-expand v0.1.1
[INFO] [stderr]    Compiling wasm-opt-cxx-sys v0.110.2
[INFO] [stderr]     Checking term_size v0.3.2
[INFO] [stderr]    Compiling wit-bindgen-gen-ts-near v0.3.0
[INFO] [stderr]    Compiling bugreport v0.5.0
[INFO] [stderr]     Checking xml-rs v0.8.4
[INFO] [stderr]     Checking alloc-no-stdlib v2.0.3
[INFO] [stderr]     Checking base64 v0.13.0
[INFO] [stderr]     Checking bytemuck v1.9.1
[INFO] [stderr]     Checking alloc-stdlib v0.2.1
[INFO] [stderr]     Checking git-version v0.3.5
[INFO] [stderr]     Checking flate2 v1.0.23
[INFO] [stderr]     Checking rgb v0.8.32
[INFO] [stderr]     Checking witgen_macro_helper v0.13.0
[INFO] [stderr]    Compiling witgen_macro_helper v0.12.0
[INFO] [stderr]     Checking url v2.2.2
[INFO] [stderr]     Checking aha-wit-bindgen-gen-core v0.0.1
[INFO] [stderr]    Compiling walrus-macro v0.19.0
[INFO] [stderr]     Checking globset v0.4.8
[INFO] [stderr]     Checking walkdir v2.3.2
[INFO] [stderr]     Checking encoding-index-simpchinese v1.20141219.5
[INFO] [stderr]     Checking encoding-index-singlebyte v1.20141219.5
[INFO] [stderr]     Checking encoding-index-korean v1.20141219.5
[INFO] [stderr]     Checking encoding-index-tradchinese v1.20141219.5
[INFO] [stderr]     Checking encoding-index-japanese v1.20141219.5
[INFO] [stderr]     Checking dirs-sys-next v0.1.2
[INFO] [stderr]     Checking terminal_size v0.1.17
[INFO] [stderr]     Checking wasmparser v0.77.0
[INFO] [stderr]     Checking remove_dir_all v0.5.3
[INFO] [stderr]     Checking std_prelude v0.2.12
[INFO] [stderr]     Checking shell-escape v0.1.5
[INFO] [stderr]     Checking fastrand v1.7.0
[INFO] [stderr]     Checking leb128 v0.2.5
[INFO] [stderr]     Checking path_abs v0.5.1
[INFO] [stderr]    Compiling strum_macros v0.24.3
[INFO] [stderr]     Checking cargo-platform v0.1.2
[INFO] [stderr]     Checking bincode v1.3.3
[INFO] [stderr]     Checking plist v1.3.1
[INFO] [stderr]     Checking tempfile v3.3.0
[INFO] [stderr]    Compiling bat v0.21.0
[INFO] [stderr]     Checking serde_yaml v0.8.24
[INFO] [stderr]     Checking clircle v0.3.0
[INFO] [stderr]     Checking console v0.15.0
[INFO] [stderr]     Checking cargo_metadata v0.15.1
[INFO] [stderr]     Checking cargo_metadata v0.14.2
[INFO] [stderr]     Checking walrus v0.19.0
[INFO] [stderr]     Checking encoding v0.2.33
[INFO] [stderr]     Checking dirs-next v2.0.0
[INFO] [stderr]    Compiling witgen_macro v0.12.0
[INFO] [stderr]     Checking grep-cli v0.1.6
[INFO] [stderr]     Checking ansi_colours v1.1.1
[INFO] [stderr]     Checking brotli-decompressor v2.3.2
[INFO] [stderr]     Checking near-sdk-witgen v0.0.2
[INFO] [stderr]     Checking content_inspector v0.2.4
[INFO] [stderr]     Checking bytesize v1.1.0
[INFO] [stderr]     Checking clap-cargo v0.9.1
[INFO] [stderr]     Checking shell-words v1.1.0
[INFO] [stderr]     Checking wild v2.0.4
[INFO] [stderr]     Checking cargo-witgen v0.13.0
[INFO] [stderr]     Checking strum v0.24.1
[INFO] [stderr]     Checking witgen v0.12.0
[INFO] [stderr]     Checking clap-cargo-extra v0.2.0
[INFO] [stderr]     Checking filetime v0.2.17
[INFO] [stderr]     Checking witme v0.3.1
[INFO] [stderr]     Checking brotli v3.3.4
[INFO] [stderr] error: could not compile `brotli`
[INFO] [stderr] 
[INFO] [stderr] Caused by:
[INFO] [stderr]   process didn't exit successfully: `rustc --crate-name brotli /opt/rustwide/cargo-home/registry/src/github.com-1ecc6299db9ec823/brotli-3.3.4/src/lib.rs --error-format=json --json=diagnostic-rendered-ansi,artifacts,future-incompat --crate-type lib --emit=dep-info,metadata -C embed-bitcode=no -C debuginfo=2 --cfg 'feature="alloc-stdlib"' --cfg 'feature="default"' --cfg 'feature="ffi-api"' --cfg 'feature="std"' -C metadata=3c4f5718155a22ca -C extra-filename=-3c4f5718155a22ca --out-dir /opt/rustwide/target/debug/deps -L dependency=/opt/rustwide/target/debug/deps --extern alloc_no_stdlib=/opt/rustwide/target/debug/deps/liballoc_no_stdlib-fa2eb79fff79606b.rmeta --extern alloc_stdlib=/opt/rustwide/target/debug/deps/liballoc_stdlib-0fd6421d21262bcb.rmeta --extern brotli_decompressor=/opt/rustwide/target/debug/deps/libbrotli_decompressor-55fed0b7564cfd12.rmeta --cap-lints allow --cap-lints=warn` (signal: 9, SIGKILL: kill)
[INFO] [stderr] warning: build failed, waiting for other jobs to finish...
[INFO] [stderr] The following warnings were emitted during compilation:
[INFO] [stderr] 
[INFO] [stderr] warning: c++: fatal error: Killed signal terminated program cc1plus
[INFO] [stderr] warning: compilation terminated.
[INFO] [stderr] warning: c++: fatal error: Killed signal terminated program cc1plus
[INFO] [stderr] warning: compilation terminated.
[INFO] [stderr] warning: c++: fatal error: Killed signal terminated program cc1plus
[INFO] [stderr] warning: compilation terminated.
[INFO] [stderr] 
[INFO] [stderr] error: failed to run custom build command for `wasm-opt-sys v0.110.2`
[INFO] [stderr] note: To improve backtraces for build dependencies, set the CARGO_PROFILE_DEV_BUILD_OVERRIDE_DEBUG=true environment variable to enable debug information generation.
[INFO] [stderr] 
[INFO] [stderr] Caused by:
[INFO] [stderr]   process didn't exit successfully: `/opt/rustwide/target/debug/build/wasm-opt-sys-484a5e0f686f6efd/build-script-build` (exit status: 1)
[INFO] [stderr]   --- stdout
[INFO] [stderr]   TARGET = Some("x86_64-unknown-linux-gnu")
[INFO] [stderr]   HOST = Some("x86_64-unknown-linux-gnu")
[INFO] [stderr]   CXX_x86_64-unknown-linux-gnu = None
[INFO] [stderr]   CXX_x86_64_unknown_linux_gnu = None
[INFO] [stderr]   HOST_CXX = None
[INFO] [stderr]   CXX = None
[INFO] [stderr]   CXXFLAGS_x86_64-unknown-linux-gnu = None
[INFO] [stderr]   CXXFLAGS_x86_64_unknown_linux_gnu = None
[INFO] [stderr]   HOST_CXXFLAGS = None
[INFO] [stderr]   CXXFLAGS = None
[INFO] [stderr]   CRATE_CC_NO_DEFAULTS = None
[INFO] [stderr]   CARGO_CFG_TARGET_FEATURE = Some("fxsr,sse,sse2")
[INFO] [stderr]   cargo:CXXBRIDGE_PREFIX=wasm-opt-sys
[INFO] [stderr]   cargo:CXXBRIDGE_LINKS=binaryen
[INFO] [stderr]   cargo:CXXBRIDGE_DIR0=/opt/rustwide/target/debug/build/wasm-opt-sys-4a37462454565b0c/out/cxxbridge/include
[INFO] [stderr]   cargo:CXXBRIDGE_DIR1=/opt/rustwide/target/debug/build/wasm-opt-sys-4a37462454565b0c/out/cxxbridge/crate
[INFO] [stderr]   cargo:CXXBRIDGE_DIR2=/opt/rustwide/cargo-home/registry/src/github.com-1ecc6299db9ec823/wasm-opt-sys-0.110.2/binaryen/src
[INFO] [stderr]   cargo:CXXBRIDGE_DIR3=/opt/rustwide/cargo-home/registry/src/github.com-1ecc6299db9ec823/wasm-opt-sys-0.110.2/binaryen/src/tools
[INFO] [stderr]   cargo:CXXBRIDGE_DIR4=/opt/rustwide/target/debug/build/wasm-opt-sys-4a37462454565b0c/out
[INFO] [stderr]   TARGET = Some("x86_64-unknown-linux-gnu")
[INFO] [stderr]   OPT_LEVEL = Some("0")
[INFO] [stderr]   HOST = Some("x86_64-unknown-linux-gnu")
[INFO] [stderr]   CXX_x86_64-unknown-linux-gnu = None
[INFO] [stderr]   CXX_x86_64_unknown_linux_gnu = None
[INFO] [stderr]   HOST_CXX = None
[INFO] [stderr]   CXX = None
[INFO] [stderr]   CXXFLAGS_x86_64-unknown-linux-gnu = None
[INFO] [stderr]   CXXFLAGS_x86_64_unknown_linux_gnu = None
[INFO] [stderr]   HOST_CXXFLAGS = None
[INFO] [stderr]   CXXFLAGS = None
[INFO] [stderr]   CRATE_CC_NO_DEFAULTS = None
[INFO] [stderr]   DEBUG = Some("true")
[INFO] [stderr]   CARGO_CFG_TARGET_FEATURE = Some("fxsr,sse,sse2")
[INFO] [stderr]   running: "c++" "-O0" "-ffunction-sections" "-fdata-sections" "-fPIC" "-g" "-fno-omit-frame-pointer" "-m64" "-I" "/opt/rustwide/target/debug/build/wasm-opt-sys-4a37462454565b0c/out/cxxbridge/include" "-I" "/opt/rustwide/target/debug/build/wasm-opt-sys-4a37462454565b0c/out/cxxbridge/crate" "-I" "/opt/rustwide/cargo-home/registry/src/github.com-1ecc6299db9ec823/wasm-opt-sys-0.110.2/binaryen/src" "-I" "/opt/rustwide/cargo-home/registry/src/github.com-1ecc6299db9ec823/wasm-opt-sys-0.110.2/binaryen/src/tools" "-I" "/opt/rustwide/target/debug/build/wasm-opt-sys-4a37462454565b0c/out" "-Wall" "-Wextra" "-std=c++17" "-Wno-unused-parameter" "-DTHROW_ON_FATAL" "-o" "/opt/rustwide/target/debug/build/wasm-opt-sys-4a37462454565b0c/out/cxxbridge/sources/wasm-opt-sys/src/lib.rs.o" "-c" "/opt/rustwide/target/debug/build/wasm-opt-sys-4a37462454565b0c/out/cxxbridge/sources/wasm-opt-sys/src/lib.rs.cc"
[INFO] [stderr]   exit status: 0
[INFO] [stderr]   running: "c++" "-O0" "-ffunction-sections" "-fdata-sections" "-fPIC" "-g" "-fno-omit-frame-pointer" "-m64" "-I" "/opt/rustwide/target/debug/build/wasm-opt-sys-4a37462454565b0c/out/cxxbridge/include" "-I" "/opt/rustwide/target/debug/build/wasm-opt-sys-4a37462454565b0c/out/cxxbridge/crate" "-I" "/opt/rustwide/cargo-home/registry/src/github.com-1ecc6299db9ec823/wasm-opt-sys-0.110.2/binaryen/src" "-I" "/opt/rustwide/cargo-home/registry/src/github.com-1ecc6299db9ec823/wasm-opt-sys-0.110.2/binaryen/src/tools" "-I" "/opt/rustwide/target/debug/build/wasm-opt-sys-4a37462454565b0c/out" "-Wall" "-Wextra" "-std=c++17" "-Wno-unused-parameter" "-DTHROW_ON_FATAL" "-o" "/opt/rustwide/target/debug/build/wasm-opt-sys-4a37462454565b0c/out/wasm-opt-main-shim.o" "-c" "/opt/rustwide/cargo-home/registry/src/github.com-1ecc6299db9ec823/wasm-opt-sys-0.110.2/src/wasm-opt-main-shim.cpp"
[INFO] [stderr]   running: "c++" "-O0" "-ffunction-sections" "-fdata-sections" "-fPIC" "-g" "-fno-omit-frame-pointer" "-m64" "-I" "/opt/rustwide/target/debug/build/wasm-opt-sys-4a37462454565b0c/out/cxxbridge/include" "-I" "/opt/rustwide/target/debug/build/wasm-opt-sys-4a37462454565b0c/out/cxxbridge/crate" "-I" "/opt/rustwide/cargo-home/registry/src/github.com-1ecc6299db9ec823/wasm-opt-sys-0.110.2/binaryen/src" "-I" "/opt/rustwide/cargo-home/registry/src/github.com-1ecc6299db9ec823/wasm-opt-sys-0.110.2/binaryen/src/tools" "-I" "/opt/rustwide/target/debug/build/wasm-opt-sys-4a37462454565b0c/out" "-Wall" "-Wextra" "-std=c++17" "-Wno-unused-parameter" "-DTHROW_ON_FATAL" "-o" "/opt/rustwide/target/debug/build/wasm-opt-sys-4a37462454565b0c/out/literal.o" "-c" "/opt/rustwide/cargo-home/registry/src/github.com-1ecc6299db9ec823/wasm-opt-sys-0.110.2/binaryen/src/wasm/literal.cpp"
[INFO] [stderr]   running: "c++" "-O0" "-ffunction-sections" "-fdata-sections" "-fPIC" "-g" "-fno-omit-frame-pointer" "-m64" "-I" "/opt/rustwide/target/debug/build/wasm-opt-sys-4a37462454565b0c/out/cxxbridge/include" "-I" "/opt/rustwide/target/debug/build/wasm-opt-sys-4a37462454565b0c/out/cxxbridge/crate" "-I" "/opt/rustwide/cargo-home/registry/src/github.com-1ecc6299db9ec823/wasm-opt-sys-0.110.2/binaryen/src" "-I" "/opt/rustwide/cargo-home/registry/src/github.com-1ecc6299db9ec823/wasm-opt-sys-0.110.2/binaryen/src/tools" "-I" "/opt/rustwide/target/debug/build/wasm-opt-sys-4a37462454565b0c/out" "-Wall" "-Wextra" "-std=c++17" "-Wno-unused-parameter" "-DTHROW_ON_FATAL" "-o" "/opt/rustwide/target/debug/build/wasm-opt-sys-4a37462454565b0c/out/parsing.o" "-c" "/opt/rustwide/cargo-home/registry/src/github.com-1ecc6299db9ec823/wasm-opt-sys-0.110.2/binaryen/src/wasm/parsing.cpp"
[INFO] [stderr]   running: "c++" "-O0" "-ffunction-sections" "-fdata-sections" "-fPIC" "-g" "-fno-omit-frame-pointer" "-m64" "-I" "/opt/rustwide/target/debug/build/wasm-opt-sys-4a37462454565b0c/out/cxxbridge/include" "-I" "/opt/rustwide/target/debug/build/wasm-opt-sys-4a37462454565b0c/out/cxxbridge/crate" "-I" "/opt/rustwide/cargo-home/registry/src/github.com-1ecc6299db9ec823/wasm-opt-sys-0.110.2/binaryen/src" "-I" "/opt/rustwide/cargo-home/registry/src/github.com-1ecc6299db9ec823/wasm-opt-sys-0.110.2/binaryen/src/tools" "-I" "/opt/rustwide/target/debug/build/wasm-opt-sys-4a37462454565b0c/out" "-Wall" "-Wextra" "-std=c++17" "-Wno-unused-parameter" "-DTHROW_ON_FATAL" "-o" "/opt/rustwide/target/debug/build/wasm-opt-sys-4a37462454565b0c/out/wasm-binary.o" "-c" "/opt/rustwide/cargo-home/registry/src/github.com-1ecc6299db9ec823/wasm-opt-sys-0.110.2/binaryen/src/wasm/wasm-binary.cpp"
[INFO] [stderr]   exit status: 0
[INFO] [stderr]   running: "c++" "-O0" "-ffunction-sections" "-fdata-sections" "-fPIC" "-g" "-fno-omit-frame-pointer" "-m64" "-I" "/opt/rustwide/target/debug/build/wasm-opt-sys-4a37462454565b0c/out/cxxbridge/include" "-I" "/opt/rustwide/target/debug/build/wasm-opt-sys-4a37462454565b0c/out/cxxbridge/crate" "-I" "/opt/rustwide/cargo-home/registry/src/github.com-1ecc6299db9ec823/wasm-opt-sys-0.110.2/binaryen/src" "-I" "/opt/rustwide/cargo-home/registry/src/github.com-1ecc6299db9ec823/wasm-opt-sys-0.110.2/binaryen/src/tools" "-I" "/opt/rustwide/target/debug/build/wasm-opt-sys-4a37462454565b0c/out" "-Wall" "-Wextra" "-std=c++17" "-Wno-unused-parameter" "-DTHROW_ON_FATAL" "-o" "/opt/rustwide/target/debug/build/wasm-opt-sys-4a37462454565b0c/out/wasm-debug.o" "-c" "/opt/rustwide/cargo-home/registry/src/github.com-1ecc6299db9ec823/wasm-opt-sys-0.110.2/binaryen/src/wasm/wasm-debug.cpp"
[INFO] [stderr]   running: "c++" "-O0" "-ffunction-sections" "-fdata-sections" "-fPIC" "-g" "-fno-omit-frame-pointer" "-m64" "-I" "/opt/rustwide/target/debug/build/wasm-opt-sys-4a37462454565b0c/out/cxxbridge/include" "-I" "/opt/rustwide/target/debug/build/wasm-opt-sys-4a37462454565b0c/out/cxxbridge/crate" "-I" "/opt/rustwide/cargo-home/registry/src/github.com-1ecc6299db9ec823/wasm-opt-sys-0.110.2/binaryen/src" "-I" "/opt/rustwide/cargo-home/registry/src/github.com-1ecc6299db9ec823/wasm-opt-sys-0.110.2/binaryen/src/tools" "-I" "/opt/rustwide/target/debug/build/wasm-opt-sys-4a37462454565b0c/out" "-Wall" "-Wextra" "-std=c++17" "-Wno-unused-parameter" "-DTHROW_ON_FATAL" "-o" "/opt/rustwide/target/debug/build/wasm-opt-sys-4a37462454565b0c/out/wasm-emscripten.o" "-c" "/opt/rustwide/cargo-home/registry/src/github.com-1ecc6299db9ec823/wasm-opt-sys-0.110.2/binaryen/src/wasm/wasm-emscripten.cpp"
[INFO] [stderr]   running: "c++" "-O0" "-ffunction-sections" "-fdata-sections" "-fPIC" "-g" "-fno-omit-frame-pointer" "-m64" "-I" "/opt/rustwide/target/debug/build/wasm-opt-sys-4a37462454565b0c/out/cxxbridge/include" "-I" "/opt/rustwide/target/debug/build/wasm-opt-sys-4a37462454565b0c/out/cxxbridge/crate" "-I" "/opt/rustwide/cargo-home/registry/src/github.com-1ecc6299db9ec823/wasm-opt-sys-0.110.2/binaryen/src" "-I" "/opt/rustwide/cargo-home/registry/src/github.com-1ecc6299db9ec823/wasm-opt-sys-0.110.2/binaryen/src/tools" "-I" "/opt/rustwide/target/debug/build/wasm-opt-sys-4a37462454565b0c/out" "-Wall" "-Wextra" "-std=c++17" "-Wno-unused-parameter" "-DTHROW_ON_FATAL" "-o" "/opt/rustwide/target/debug/build/wasm-opt-sys-4a37462454565b0c/out/wasm-interpreter.o" "-c" "/opt/rustwide/cargo-home/registry/src/github.com-1ecc6299db9ec823/wasm-opt-sys-0.110.2/binaryen/src/wasm/wasm-interpreter.cpp"
[INFO] [stderr]   running: "c++" "-O0" "-ffunction-sections" "-fdata-sections" "-fPIC" "-g" "-fno-omit-frame-pointer" "-m64" "-I" "/opt/rustwide/target/debug/build/wasm-opt-sys-4a37462454565b0c/out/cxxbridge/include" "-I" "/opt/rustwide/target/debug/build/wasm-opt-sys-4a37462454565b0c/out/cxxbridge/crate" "-I" "/opt/rustwide/cargo-home/registry/src/github.com-1ecc6299db9ec823/wasm-opt-sys-0.110.2/binaryen/src" "-I" "/opt/rustwide/cargo-home/registry/src/github.com-1ecc6299db9ec823/wasm-opt-sys-0.110.2/binaryen/src/tools" "-I" "/opt/rustwide/target/debug/build/wasm-opt-sys-4a37462454565b0c/out" "-Wall" "-Wextra" "-std=c++17" "-Wno-unused-parameter" "-DTHROW_ON_FATAL" "-o" "/opt/rustwide/target/debug/build/wasm-opt-sys-4a37462454565b0c/out/wasm-io.o" "-c" "/opt/rustwide/cargo-home/registry/src/github.com-1ecc6299db9ec823/wasm-opt-sys-0.110.2/binaryen/src/wasm/wasm-io.cpp"
[INFO] [stderr]   cargo:warning=c++: fatal error: Killed signal terminated program cc1plus
[INFO] [stderr]   cargo:warning=compilation terminated.
[INFO] [stderr]   exit status: 1
[INFO] [stderr]   running: "c++" "-O0" "-ffunction-sections" "-fdata-sections" "-fPIC" "-g" "-fno-omit-frame-pointer" "-m64" "-I" "/opt/rustwide/target/debug/build/wasm-opt-sys-4a37462454565b0c/out/cxxbridge/include" "-I" "/opt/rustwide/target/debug/build/wasm-opt-sys-4a37462454565b0c/out/cxxbridge/crate" "-I" "/opt/rustwide/cargo-home/registry/src/github.com-1ecc6299db9ec823/wasm-opt-sys-0.110.2/binaryen/src" "-I" "/opt/rustwide/cargo-home/registry/src/github.com-1ecc6299db9ec823/wasm-opt-sys-0.110.2/binaryen/src/tools" "-I" "/opt/rustwide/target/debug/build/wasm-opt-sys-4a37462454565b0c/out" "-Wall" "-Wextra" "-std=c++17" "-Wno-unused-parameter" "-DTHROW_ON_FATAL" "-o" "/opt/rustwide/target/debug/build/wasm-opt-sys-4a37462454565b0c/out/wasm-stack.o" "-c" "/opt/rustwide/cargo-home/registry/src/github.com-1ecc6299db9ec823/wasm-opt-sys-0.110.2/binaryen/src/wasm/wasm-stack.cpp"
[INFO] [stderr]   cargo:warning=c++: fatal error: Killed signal terminated program cc1plus
[INFO] [stderr]   cargo:warning=compilation terminated.
[INFO] [stderr]   exit status: 1
[INFO] [stderr]   cargo:warning=c++: fatal error: Killed signal terminated program cc1plus
[INFO] [stderr]   cargo:warning=compilation terminated.
[INFO] [stderr]   exit status: 1
[INFO] [stderr]   exit status: 0
[INFO] [stderr]   exit status: 0
[INFO] [stderr]   exit status: 0
[INFO] [stderr]   exit status: 0
[INFO] [stderr]   exit status: 0
[INFO] [stderr] 
[INFO] [stderr]   --- stderr
[INFO] [stderr] 
[INFO] [stderr]   CXX include path:
[INFO] [stderr]     /opt/rustwide/target/debug/build/wasm-opt-sys-4a37462454565b0c/out/cxxbridge/include
[INFO] [stderr]     /opt/rustwide/target/debug/build/wasm-opt-sys-4a37462454565b0c/out/cxxbridge/crate
[INFO] [stderr]     /opt/rustwide/cargo-home/registry/src/github.com-1ecc6299db9ec823/wasm-opt-sys-0.110.2/binaryen/src
[INFO] [stderr]     /opt/rustwide/cargo-home/registry/src/github.com-1ecc6299db9ec823/wasm-opt-sys-0.110.2/binaryen/src/tools
[INFO] [stderr]     /opt/rustwide/target/debug/build/wasm-opt-sys-4a37462454565b0c/out
[INFO] [stderr] 
[INFO] [stderr] 
[INFO] [stderr]   error occurred: Command "c++" "-O0" "-ffunction-sections" "-fdata-sections" "-fPIC" "-g" "-fno-omit-frame-pointer" "-m64" "-I" "/opt/rustwide/target/debug/build/wasm-opt-sys-4a37462454565b0c/out/cxxbridge/include" "-I" "/opt/rustwide/target/debug/build/wasm-opt-sys-4a37462454565b0c/out/cxxbridge/crate" "-I" "/opt/rustwide/cargo-home/registry/src/github.com-1ecc6299db9ec823/wasm-opt-sys-0.110.2/binaryen/src" "-I" "/opt/rustwide/cargo-home/registry/src/github.com-1ecc6299db9ec823/wasm-opt-sys-0.110.2/binaryen/src/tools" "-I" "/opt/rustwide/target/debug/build/wasm-opt-sys-4a37462454565b0c/out" "-Wall" "-Wextra" "-std=c++17" "-Wno-unused-parameter" "-DTHROW_ON_FATAL" "-o" "/opt/rustwide/target/debug/build/wasm-opt-sys-4a37462454565b0c/out/literal.o" "-c" "/opt/rustwide/cargo-home/registry/src/github.com-1ecc6299db9ec823/wasm-opt-sys-0.110.2/binaryen/src/wasm/literal.cpp" with args "c++" did not execute successfully (status code exit status: 1).
[INFO] [stderr] 
[INFO] [stderr] 
[INFO] running `Command { std: "docker" "inspect" "f46c19d43247eb5f9593e2020cd87cf406603796a65917de2de997a3d4e4f764", kill_on_drop: false }`
[INFO] running `Command { std: "docker" "rm" "-f" "f46c19d43247eb5f9593e2020cd87cf406603796a65917de2de997a3d4e4f764", kill_on_drop: false }`
[INFO] [stdout] f46c19d43247eb5f9593e2020cd87cf406603796a65917de2de997a3d4e4f764
