[INFO] cloning repository https://github.com/quininer/ene
[INFO] running `Command { std: "git" "-c" "credential.helper=" "-c" "credential.helper=/workspace/cargo-home/bin/git-credential-null" "clone" "--bare" "https://github.com/quininer/ene" "/workspace/cache/git-repos/https%3A%2F%2Fgithub.com%2Fquininer%2Fene", kill_on_drop: false }`
[INFO] [stderr] Cloning into bare repository '/workspace/cache/git-repos/https%3A%2F%2Fgithub.com%2Fquininer%2Fene'...
[INFO] running `Command { std: "git" "rev-parse" "HEAD", kill_on_drop: false }`
[INFO] [stdout] 46a12da3feffa0b6cd6655c5ee3de84369ce5bf2
[INFO] documenting quininer/ene against 1.69.0 for beta-1.70-rustdoc-1
[INFO] running `Command { std: "git" "clone" "/workspace/cache/git-repos/https%3A%2F%2Fgithub.com%2Fquininer%2Fene" "/workspace/builds/worker-6-tc1/source", kill_on_drop: false }`
[INFO] [stderr] Cloning into '/workspace/builds/worker-6-tc1/source'...
[INFO] [stderr] done.
[INFO] validating manifest of git repo https://github.com/quininer/ene on toolchain 1.69.0
[INFO] running `Command { std: CARGO_HOME="/workspace/cargo-home" RUSTUP_HOME="/workspace/rustup-home" "/workspace/cargo-home/bin/cargo" "+1.69.0" "metadata" "--manifest-path" "Cargo.toml" "--no-deps", kill_on_drop: false }`
[INFO] removed /workspace/builds/worker-6-tc1/source/rust-toolchain
[INFO] started tweaking git repo https://github.com/quininer/ene
[INFO] finished tweaking git repo https://github.com/quininer/ene
[INFO] tweaked toml for git repo https://github.com/quininer/ene written to /workspace/builds/worker-6-tc1/source/Cargo.toml
[INFO] crate git repo https://github.com/quininer/ene already has a lockfile, it will not be regenerated
[INFO] running `Command { std: CARGO_HOME="/workspace/cargo-home" RUSTUP_HOME="/workspace/rustup-home" "/workspace/cargo-home/bin/cargo" "+1.69.0" "fetch" "--manifest-path" "Cargo.toml", kill_on_drop: false }`
[INFO] [stderr]     Updating git repository `https://github.com/meh/rust-terminfo`
[INFO] [stderr]     Updating git repository `https://github.com/quininer/ttyaskpass`
[INFO] [stderr]     Updating git repository `https://github.com/murarth/mortal`
[INFO] [stderr] warning: Patch `terminfo v0.6.0 (https://github.com/meh/rust-terminfo?rev=abb548b47dab42c4354c6088cf5695c6d4454ed9#abb548b4)` was not used in the crate graph.
[INFO] [stderr] Check that the patched package version and available features are compatible
[INFO] [stderr] with the dependency requirements. If the patch has a different version from
[INFO] [stderr] what is locked in the Cargo.lock file, run `cargo update` to use the new
[INFO] [stderr] version. This may also occur with an optional dependency that is not enabled.
[INFO] [stderr]  Downloading crates ...
[INFO] [stderr]   Downloaded sha3 v0.7.3
[INFO] [stderr]   Downloaded aes v0.2.0
[INFO] [stderr]   Downloaded predicates-core v0.9.0
[INFO] [stderr]   Downloaded aes-soft v0.2.0
[INFO] [stderr]   Downloaded predicates v0.9.0
[INFO] [stderr]   Downloaded norx-permutation v0.1.4
[INFO] [stderr]   Downloaded assert_cmd v0.9.1
[INFO] [stderr]   Downloaded predicates-tree v0.9.0
[INFO] [stderr]   Downloaded sarkara v0.10.0-alpha.4
[INFO] [stderr]   Downloaded dilithium v0.2.0-alpha.3
[INFO] [stderr]   Downloaded norx v0.1.1
[INFO] [stderr]   Downloaded serde_json v1.0.31
[INFO] [stderr]   Downloaded mach_o_sys v0.1.1
[INFO] [stderr]   Downloaded subtle v0.6.3
[INFO] [stderr]   Downloaded stream-cipher v0.1.1
[INFO] [stderr]   Downloaded aesni v0.4.1
[INFO] [stderr]   Downloaded subtle v0.3.0
[INFO] [stderr]   Downloaded seckey v0.9.1
[INFO] [stderr]   Downloaded half v1.2.0
[INFO] [stderr]   Downloaded assert_fs v0.9.0
[INFO] [stderr]   Downloaded coco v0.2.1
[INFO] [stderr]   Downloaded sled v0.15.20
[INFO] [stderr]   Downloaded subtle v0.7.1
[INFO] [stderr]   Downloaded ed25519-dalek v0.8.1
[INFO] [stderr]   Downloaded curve25519-dalek v0.20.0
[INFO] [stderr]   Downloaded kyber v0.2.0-alpha.2
[INFO] [stderr]   Downloaded curve25519-dalek v0.19.1
[INFO] [stderr]   Downloaded historian v3.0.4
[INFO] [stderr]   Downloaded colm v0.1.0
[INFO] [stderr]   Downloaded memsec v0.5.4
[INFO] [stderr]   Downloaded packed_simd v0.3.0
[INFO] [stderr]   Downloaded pagecache v0.5.1
[INFO] [stderr]   Downloaded mem-aead-mrs v0.1.0
[INFO] running `Command { std: "docker" "create" "-v" "/var/lib/crater-agent-workspace/builds/worker-6-tc1/target:/opt/rustwide/target:rw,Z" "-v" "/var/lib/crater-agent-workspace/builds/worker-6-tc1/source:/opt/rustwide/workdir:ro,Z" "-v" "/var/lib/crater-agent-workspace/cargo-home:/opt/rustwide/cargo-home:ro,Z" "-v" "/var/lib/crater-agent-workspace/rustup-home:/opt/rustwide/rustup-home:ro,Z" "-e" "SOURCE_DIR=/opt/rustwide/workdir" "-e" "CARGO_TARGET_DIR=/opt/rustwide/target" "-e" "CARGO_HOME=/opt/rustwide/cargo-home" "-e" "RUSTUP_HOME=/opt/rustwide/rustup-home" "-w" "/opt/rustwide/workdir" "-m" "1610612736" "--user" "0:0" "--network" "none" "ghcr.io/rust-lang/crates-build-env/linux@sha256:5ff2268d62e97bff2cde7d5815dd6ed5b47097566f13b8d0ca110b04b60e07ed" "/opt/rustwide/cargo-home/bin/cargo" "+1.69.0" "metadata" "--no-deps" "--format-version=1", kill_on_drop: false }`
[INFO] [stdout] 5604fa135265f691ed8e44c6437e07b9debf91780bff2dd2e65d638f3f5fb8d2
[INFO] running `Command { std: "docker" "start" "-a" "5604fa135265f691ed8e44c6437e07b9debf91780bff2dd2e65d638f3f5fb8d2", kill_on_drop: false }`
[INFO] running `Command { std: "docker" "inspect" "5604fa135265f691ed8e44c6437e07b9debf91780bff2dd2e65d638f3f5fb8d2", kill_on_drop: false }`
[INFO] running `Command { std: "docker" "rm" "-f" "5604fa135265f691ed8e44c6437e07b9debf91780bff2dd2e65d638f3f5fb8d2", kill_on_drop: false }`
[INFO] [stdout] 5604fa135265f691ed8e44c6437e07b9debf91780bff2dd2e65d638f3f5fb8d2
[INFO] running `Command { std: "docker" "create" "-v" "/var/lib/crater-agent-workspace/builds/worker-6-tc1/target:/opt/rustwide/target:rw,Z" "-v" "/var/lib/crater-agent-workspace/builds/worker-6-tc1/source:/opt/rustwide/workdir:ro,Z" "-v" "/var/lib/crater-agent-workspace/cargo-home:/opt/rustwide/cargo-home:ro,Z" "-v" "/var/lib/crater-agent-workspace/rustup-home:/opt/rustwide/rustup-home:ro,Z" "-e" "SOURCE_DIR=/opt/rustwide/workdir" "-e" "CARGO_TARGET_DIR=/opt/rustwide/target" "-e" "CARGO_INCREMENTAL=0" "-e" "RUST_BACKTRACE=full" "-e" "RUSTFLAGS=--cap-lints=warn" "-e" "RUSTDOCFLAGS=--cap-lints=warn" "-e" "CARGO_HOME=/opt/rustwide/cargo-home" "-e" "RUSTUP_HOME=/opt/rustwide/rustup-home" "-w" "/opt/rustwide/workdir" "-m" "1610612736" "--user" "0:0" "--network" "none" "ghcr.io/rust-lang/crates-build-env/linux@sha256:5ff2268d62e97bff2cde7d5815dd6ed5b47097566f13b8d0ca110b04b60e07ed" "/opt/rustwide/cargo-home/bin/cargo" "+1.69.0" "doc" "--frozen" "--no-deps" "--document-private-items" "--message-format=json", kill_on_drop: false }`
[INFO] [stdout] 97dccf1d7066876f174a8130473d82daad0db727cc3e162b5f74e7e5373b16c1
[INFO] running `Command { std: "docker" "start" "-a" "97dccf1d7066876f174a8130473d82daad0db727cc3e162b5f74e7e5373b16c1", kill_on_drop: false }`
[INFO] [stderr] warning: Patch `terminfo v0.6.0 (https://github.com/meh/rust-terminfo?rev=abb548b47dab42c4354c6088cf5695c6d4454ed9#abb548b4)` was not used in the crate graph.
[INFO] [stderr] Check that the patched package version and available features are compatible
[INFO] [stderr] with the dependency requirements. If the patch has a different version from
[INFO] [stderr] what is locked in the Cargo.lock file, run `cargo update` to use the new
[INFO] [stderr] version. This may also occur with an optional dependency that is not enabled.
[INFO] [stderr]    Compiling proc-macro2 v0.4.19
[INFO] [stderr]    Compiling typenum v1.10.0
[INFO] [stderr]    Compiling unicode-xid v0.1.0
[INFO] [stderr]    Compiling libc v0.2.43
[INFO] [stderr]    Compiling cc v1.0.25
[INFO] [stderr]    Compiling rand_core v0.2.1
[INFO] [stderr]    Compiling serde v1.0.79
[INFO] [stderr]     Checking cfg-if v0.1.5
[INFO] [stderr]    Compiling version_check v0.1.5
[INFO] [stderr]    Compiling byteorder v1.2.6
[INFO] [stderr]    Compiling siphasher v0.2.3
[INFO] [stderr]    Compiling memsec v0.5.4
[INFO] [stderr]    Compiling subtle v1.0.0
[INFO] [stderr]    Compiling failure_derive v0.1.2
[INFO] [stderr]    Compiling subtle v0.7.1
[INFO] [stdout] error[E0557]: feature has been removed
[INFO] [stdout]   --> /opt/rustwide/cargo-home/registry/src/github.com-1ecc6299db9ec823/subtle-1.0.0/src/lib.rs:13:42
[INFO] [stdout]    |
[INFO] [stdout] 13 | #![cfg_attr(feature = "nightly", feature(external_doc))]
[INFO] [stdout]    |                                          ^^^^^^^^^^^^ feature has been removed
[INFO] [stdout]    |
[INFO] [stdout]    = note: use #[doc = include_str!("filename")] instead, which handles macro invocations
[INFO] [stdout] 
[INFO] [stdout] 
[INFO] [stderr]    Compiling packed_simd v0.3.0
[INFO] [stdout] error: cannot find macro `asm` in this scope
[INFO] [stdout]    --> /opt/rustwide/cargo-home/registry/src/github.com-1ecc6299db9ec823/subtle-1.0.0/src/lib.rs:152:14
[INFO] [stdout]     |
[INFO] [stdout] 152 |     unsafe { asm!("" :: "r"(&input) :: "volatile") }
[INFO] [stdout]     |              ^^^
[INFO] [stdout]     |
[INFO] [stdout]     = help: consider importing this macro:
[INFO] [stdout]             std::arch::asm
[INFO] [stdout] 
[INFO] [stdout] 
[INFO] [stdout] error[E0554]: `#![feature]` may not be used on the stable release channel
[INFO] [stdout]   --> /opt/rustwide/cargo-home/registry/src/github.com-1ecc6299db9ec823/subtle-1.0.0/src/lib.rs:12:42
[INFO] [stdout]    |
[INFO] [stdout] 12 | #![cfg_attr(feature = "nightly", feature(asm))]
[INFO] [stdout]    |                                          ^^^
[INFO] [stdout] 
[INFO] [stdout] 
[INFO] [stdout] error: aborting due to 3 previous errors
[INFO] [stdout] 
[INFO] [stdout] 
[INFO] [stdout] Some errors have detailed explanations: E0554, E0557.
[INFO] [stdout] 
[INFO] [stdout] For more information about an error, try `rustc --explain E0554`.
[INFO] [stdout] 
[INFO] [stderr] error: could not compile `subtle` due to 4 previous errors
[INFO] [stderr] warning: build failed, waiting for other jobs to finish...
[INFO] [stdout] error[E0557]: feature has been removed
[INFO] [stdout]   --> /opt/rustwide/cargo-home/registry/src/github.com-1ecc6299db9ec823/subtle-0.7.1/src/lib.rs:13:42
[INFO] [stdout]    |
[INFO] [stdout] 13 | #![cfg_attr(feature = "nightly", feature(external_doc))]
[INFO] [stdout]    |                                          ^^^^^^^^^^^^ feature has been removed
[INFO] [stdout]    |
[INFO] [stdout]    = note: use #[doc = include_str!("filename")] instead, which handles macro invocations
[INFO] [stdout] 
[INFO] [stdout] 
[INFO] [stdout] error: expected one of `!` or `::`, found keyword `mod`
[INFO] [stdout]    --> /opt/rustwide/cargo-home/registry/src/github.com-1ecc6299db9ec823/packed_simd-0.3.0/src/lib.rs:345:7
[INFO] [stdout]     |
[INFO] [stdout] 345 | crate mod llvm {
[INFO] [stdout]     |       ^^^ expected one of `!` or `::`
[INFO] [stdout] 
[INFO] [stdout] 
[INFO] [stdout] error: aborting due to previous error
[INFO] [stdout] 
[INFO] [stdout] 
[INFO] [stderr] error: could not compile `packed_simd` due to 2 previous errors
[INFO] [stdout] error: cannot find macro `asm` in this scope
[INFO] [stdout]    --> /opt/rustwide/cargo-home/registry/src/github.com-1ecc6299db9ec823/subtle-0.7.1/src/lib.rs:112:14
[INFO] [stdout]     |
[INFO] [stdout] 112 |     unsafe { asm!("" :: "r"(&input) :: "volatile") }
[INFO] [stdout]     |              ^^^
[INFO] [stdout]     |
[INFO] [stdout]     = help: consider importing this macro:
[INFO] [stdout]             std::arch::asm
[INFO] [stdout] 
[INFO] [stdout] 
[INFO] [stdout] error[E0554]: `#![feature]` may not be used on the stable release channel
[INFO] [stdout]   --> /opt/rustwide/cargo-home/registry/src/github.com-1ecc6299db9ec823/subtle-0.7.1/src/lib.rs:12:42
[INFO] [stdout]    |
[INFO] [stdout] 12 | #![cfg_attr(feature = "nightly", feature(asm))]
[INFO] [stdout]    |                                          ^^^
[INFO] [stdout] 
[INFO] [stdout] 
[INFO] [stdout] error: aborting due to 3 previous errors
[INFO] [stdout] 
[INFO] [stdout] 
[INFO] [stdout] Some errors have detailed explanations: E0554, E0557.
[INFO] [stdout] 
[INFO] [stdout] For more information about an error, try `rustc --explain E0554`.
[INFO] [stdout] 
[INFO] [stderr] error: could not compile `subtle` due to 4 previous errors
[INFO] running `Command { std: "docker" "inspect" "97dccf1d7066876f174a8130473d82daad0db727cc3e162b5f74e7e5373b16c1", kill_on_drop: false }`
[INFO] running `Command { std: "docker" "rm" "-f" "97dccf1d7066876f174a8130473d82daad0db727cc3e162b5f74e7e5373b16c1", kill_on_drop: false }`
[INFO] [stdout] 97dccf1d7066876f174a8130473d82daad0db727cc3e162b5f74e7e5373b16c1
