[INFO] cloning repository https://github.com/quininer/enc
[INFO] running `Command { std: "git" "-c" "credential.helper=" "-c" "credential.helper=/workspace/cargo-home/bin/git-credential-null" "clone" "--bare" "https://github.com/quininer/enc" "/workspace/cache/git-repos/https%3A%2F%2Fgithub.com%2Fquininer%2Fenc", kill_on_drop: false }`
[INFO] [stderr] Cloning into bare repository '/workspace/cache/git-repos/https%3A%2F%2Fgithub.com%2Fquininer%2Fenc'...
[INFO] running `Command { std: "git" "rev-parse" "HEAD", kill_on_drop: false }`
[INFO] [stdout] 7b1bd8ab8655bb65d0d81a30d54982a9b8b80abe
[INFO] documenting quininer/enc against 1.69.0 for beta-1.70-rustdoc-1
[INFO] running `Command { std: "git" "clone" "/workspace/cache/git-repos/https%3A%2F%2Fgithub.com%2Fquininer%2Fenc" "/workspace/builds/worker-6-tc1/source", kill_on_drop: false }`
[INFO] [stderr] Cloning into '/workspace/builds/worker-6-tc1/source'...
[INFO] [stderr] done.
[INFO] validating manifest of git repo https://github.com/quininer/enc on toolchain 1.69.0
[INFO] running `Command { std: CARGO_HOME="/workspace/cargo-home" RUSTUP_HOME="/workspace/rustup-home" "/workspace/cargo-home/bin/cargo" "+1.69.0" "metadata" "--manifest-path" "Cargo.toml" "--no-deps", kill_on_drop: false }`
[INFO] started tweaking git repo https://github.com/quininer/enc
[INFO] finished tweaking git repo https://github.com/quininer/enc
[INFO] tweaked toml for git repo https://github.com/quininer/enc written to /workspace/builds/worker-6-tc1/source/Cargo.toml
[INFO] crate git repo https://github.com/quininer/enc already has a lockfile, it will not be regenerated
[INFO] running `Command { std: CARGO_HOME="/workspace/cargo-home" RUSTUP_HOME="/workspace/rustup-home" "/workspace/cargo-home/bin/cargo" "+1.69.0" "fetch" "--manifest-path" "Cargo.toml", kill_on_drop: false }`
[INFO] [stderr]     Updating git repository `https://github.com/quininer/ttyaskpass.git`
[INFO] [stderr]     Updating git repository `https://github.com/quininer/colorhash256.git`
[INFO] [stderr]  Downloading crates ...
[INFO] [stderr]   Downloaded clap v2.19.2
[INFO] [stderr]   Downloaded bitpack v0.1.0
[INFO] [stderr]   Downloaded blissb v0.1.0
[INFO] [stderr]   Downloaded ascon v0.1.3
[INFO] [stderr]   Downloaded hc256 v0.1.4
[INFO] [stderr]   Downloaded tiny-keccak v1.1.1
[INFO] [stderr]   Downloaded sarkara v0.6.2
[INFO] [stderr]   Downloaded seckey v0.2.5
[INFO] [stderr]   Downloaded interactor v0.1.1
[INFO] [stderr]   Downloaded memsec v0.2.3
[INFO] [stderr]   Downloaded newhope v0.1.5
[INFO] running `Command { std: "docker" "create" "-v" "/var/lib/crater-agent-workspace/builds/worker-6-tc1/target:/opt/rustwide/target:rw,Z" "-v" "/var/lib/crater-agent-workspace/builds/worker-6-tc1/source:/opt/rustwide/workdir:ro,Z" "-v" "/var/lib/crater-agent-workspace/cargo-home:/opt/rustwide/cargo-home:ro,Z" "-v" "/var/lib/crater-agent-workspace/rustup-home:/opt/rustwide/rustup-home:ro,Z" "-e" "SOURCE_DIR=/opt/rustwide/workdir" "-e" "CARGO_TARGET_DIR=/opt/rustwide/target" "-e" "CARGO_HOME=/opt/rustwide/cargo-home" "-e" "RUSTUP_HOME=/opt/rustwide/rustup-home" "-w" "/opt/rustwide/workdir" "-m" "1610612736" "--user" "0:0" "--network" "none" "ghcr.io/rust-lang/crates-build-env/linux@sha256:5ff2268d62e97bff2cde7d5815dd6ed5b47097566f13b8d0ca110b04b60e07ed" "/opt/rustwide/cargo-home/bin/cargo" "+1.69.0" "metadata" "--no-deps" "--format-version=1", kill_on_drop: false }`
[INFO] [stdout] ee80a8db36ac7d6363f88506adaba8ec2595dd9650fcaf58c1702427cef12e4d
[INFO] running `Command { std: "docker" "start" "-a" "ee80a8db36ac7d6363f88506adaba8ec2595dd9650fcaf58c1702427cef12e4d", kill_on_drop: false }`
[INFO] running `Command { std: "docker" "inspect" "ee80a8db36ac7d6363f88506adaba8ec2595dd9650fcaf58c1702427cef12e4d", kill_on_drop: false }`
[INFO] running `Command { std: "docker" "rm" "-f" "ee80a8db36ac7d6363f88506adaba8ec2595dd9650fcaf58c1702427cef12e4d", kill_on_drop: false }`
[INFO] [stdout] ee80a8db36ac7d6363f88506adaba8ec2595dd9650fcaf58c1702427cef12e4d
[INFO] running `Command { std: "docker" "create" "-v" "/var/lib/crater-agent-workspace/builds/worker-6-tc1/target:/opt/rustwide/target:rw,Z" "-v" "/var/lib/crater-agent-workspace/builds/worker-6-tc1/source:/opt/rustwide/workdir:ro,Z" "-v" "/var/lib/crater-agent-workspace/cargo-home:/opt/rustwide/cargo-home:ro,Z" "-v" "/var/lib/crater-agent-workspace/rustup-home:/opt/rustwide/rustup-home:ro,Z" "-e" "SOURCE_DIR=/opt/rustwide/workdir" "-e" "CARGO_TARGET_DIR=/opt/rustwide/target" "-e" "CARGO_INCREMENTAL=0" "-e" "RUST_BACKTRACE=full" "-e" "RUSTFLAGS=--cap-lints=warn" "-e" "RUSTDOCFLAGS=--cap-lints=warn" "-e" "CARGO_HOME=/opt/rustwide/cargo-home" "-e" "RUSTUP_HOME=/opt/rustwide/rustup-home" "-w" "/opt/rustwide/workdir" "-m" "1610612736" "--user" "0:0" "--network" "none" "ghcr.io/rust-lang/crates-build-env/linux@sha256:5ff2268d62e97bff2cde7d5815dd6ed5b47097566f13b8d0ca110b04b60e07ed" "/opt/rustwide/cargo-home/bin/cargo" "+1.69.0" "doc" "--frozen" "--no-deps" "--document-private-items" "--message-format=json", kill_on_drop: false }`
[INFO] [stdout] 1fd7880c2d360e0f2e1fa0ebb32238db0d7b554cc70855463305a1de8d86f2ba
[INFO] running `Command { std: "docker" "start" "-a" "1fd7880c2d360e0f2e1fa0ebb32238db0d7b554cc70855463305a1de8d86f2ba", kill_on_drop: false }`
[INFO] [stderr]     Checking libc v0.2.18
[INFO] [stderr]     Checking byteorder v0.5.3
[INFO] [stderr]     Checking tiny-keccak v1.1.1
[INFO] [stderr]     Checking constant_time_eq v0.1.2
[INFO] [stderr]     Checking scoped_threadpool v0.1.7
[INFO] [stderr]     Checking strsim v0.5.2
[INFO] [stderr]     Checking unicode-segmentation v0.1.3
[INFO] [stderr]     Checking ansi_term v0.7.5
[INFO] [stderr]     Checking unicode-width v0.1.3
[INFO] [stderr]     Checking vec_map v0.6.0
[INFO] [stderr]     Checking bitflags v0.7.0
[INFO] [stderr]     Checking ansi_term v0.9.0
[INFO] [stderr]     Checking blake2-rfc v0.2.17
[INFO] [stderr]     Checking bitpack v0.1.0
[INFO] [stderr]     Checking ascon v0.1.3
[INFO] [stderr]     Checking hc256 v0.1.4
[INFO] [stderr]     Checking colorhash256 v0.1.0 (https://github.com/quininer/colorhash256.git?branch=no_std#716113c9)
[INFO] [stdout] error[E0554]: `#![feature]` may not be used on the stable release channel
[INFO] [stdout]   --> /opt/rustwide/cargo-home/registry/src/github.com-1ecc6299db9ec823/blake2-rfc-0.2.17/src/lib.rs:17:31
[INFO] [stdout]    |
[INFO] [stdout] 17 | #![cfg_attr(feature = "simd", feature(platform_intrinsics, repr_simd))]
[INFO] [stdout]    |                               ^^^^^^^^^^^^^^^^^^^^^^^^^^^^^^^^^^^^^^^
[INFO] [stdout] 
[INFO] [stdout] 
[INFO] [stdout] error[E0554]: `#![feature]` may not be used on the stable release channel
[INFO] [stdout]   --> /opt/rustwide/cargo-home/registry/src/github.com-1ecc6299db9ec823/blake2-rfc-0.2.17/src/lib.rs:18:35
[INFO] [stdout]    |
[INFO] [stdout] 18 | #![cfg_attr(feature = "simd_opt", feature(cfg_target_feature))]
[INFO] [stdout]    |                                   ^^^^^^^^^^^^^^^^^^^^^^^^^^^ help: remove the attribute
[INFO] [stdout]    |
[INFO] [stdout]    = help: the feature `cfg_target_feature` has been stable since `1.27.0` and no longer requires an attribute to enable
[INFO] [stdout] 
[INFO] [stdout] 
[INFO] [stdout] error[E0554]: `#![feature]` may not be used on the stable release channel
[INFO] [stdout]   --> /opt/rustwide/cargo-home/registry/src/github.com-1ecc6299db9ec823/blake2-rfc-0.2.17/src/lib.rs:19:35
[INFO] [stdout]    |
[INFO] [stdout] 19 | #![cfg_attr(feature = "simd_asm", feature(asm))]
[INFO] [stdout]    |                                   ^^^^^^^^^^^^
[INFO] [stdout] 
[INFO] [stdout] 
[INFO] [stdout] error[E0554]: `#![feature]` may not be used on the stable release channel
[INFO] [stdout]   --> /opt/rustwide/cargo-home/registry/src/github.com-1ecc6299db9ec823/blake2-rfc-0.2.17/src/lib.rs:19:43
[INFO] [stdout]    |
[INFO] [stdout] 19 | #![cfg_attr(feature = "simd_asm", feature(asm))]
[INFO] [stdout]    |                                           ^^^
[INFO] [stdout] 
[INFO] [stdout] 
[INFO] [stdout] error[E0463]: can't find crate for `collections`
[INFO] [stdout]  --> /opt/rustwide/cargo-home/registry/src/github.com-1ecc6299db9ec823/ascon-0.1.3/src/lib.rs:4:14
[INFO] [stdout]   |
[INFO] [stdout] 4 | #[macro_use] extern crate collections;
[INFO] [stdout]   |              ^^^^^^^^^^^^^^^^^^^^^^^^^ can't find crate
[INFO] [stdout] 
[INFO] [stdout] 
[INFO] [stdout] error: cannot find macro `vec` in this scope
[INFO] [stdout]   --> /opt/rustwide/cargo-home/registry/src/github.com-1ecc6299db9ec823/ascon-0.1.3/src/lib.rs:88:18
[INFO] [stdout]    |
[INFO] [stdout] 88 |     let mut mm = vec![0; t * RATE];
[INFO] [stdout]    |                  ^^^
[INFO] [stdout] 
[INFO] [stdout] 
[INFO] [stdout] error: cannot find macro `vec` in this scope
[INFO] [stdout]   --> /opt/rustwide/cargo-home/registry/src/github.com-1ecc6299db9ec823/ascon-0.1.3/src/lib.rs:87:18
[INFO] [stdout]    |
[INFO] [stdout] 87 |     let mut aa = vec![0; s * RATE];
[INFO] [stdout]    |                  ^^^
[INFO] [stdout] 
[INFO] [stdout] 
[INFO] [stdout] error: aborting due to 4 previous errors
[INFO] [stdout] 
[INFO] [stdout] 
[INFO] [stdout] For more information about this error, try `rustc --explain E0554`.
[INFO] [stdout] 
[INFO] [stdout] error: cannot find macro `vec` in this scope
[INFO] [stdout]   --> /opt/rustwide/cargo-home/registry/src/github.com-1ecc6299db9ec823/ascon-0.1.3/src/lib.rs:35:22
[INFO] [stdout]    |
[INFO] [stdout] 35 |     let mut output = vec![0; message.len()];
[INFO] [stdout]    |                      ^^^
[INFO] [stdout] 
[INFO] [stdout] 
[INFO] [stdout] error: cannot find macro `vec` in this scope
[INFO] [stdout]   --> /opt/rustwide/cargo-home/registry/src/github.com-1ecc6299db9ec823/ascon-0.1.3/src/lib.rs:33:18
[INFO] [stdout]    |
[INFO] [stdout] 33 |     let mut mm = vec![0; t * RATE];
[INFO] [stdout]    |                  ^^^
[INFO] [stdout] 
[INFO] [stdout] 
[INFO] [stdout] error: cannot find macro `vec` in this scope
[INFO] [stdout]   --> /opt/rustwide/cargo-home/registry/src/github.com-1ecc6299db9ec823/ascon-0.1.3/src/lib.rs:32:18
[INFO] [stdout]    |
[INFO] [stdout] 32 |     let mut aa = vec![0; s * RATE];
[INFO] [stdout]    |                  ^^^
[INFO] [stdout] 
[INFO] [stdout] 
[INFO] [stderr] error: could not compile `blake2-rfc` due to 5 previous errors
[INFO] [stderr] warning: build failed, waiting for other jobs to finish...
[INFO] [stdout] error[E0554]: `#![feature]` may not be used on the stable release channel
[INFO] [stdout]  --> /opt/rustwide/cargo-home/registry/src/github.com-1ecc6299db9ec823/ascon-0.1.3/src/lib.rs:1:12
[INFO] [stdout]   |
[INFO] [stdout] 1 | #![feature(collections)]
[INFO] [stdout]   |            ^^^^^^^^^^^
[INFO] [stdout] 
[INFO] [stdout] 
[INFO] [stdout] error[E0635]: unknown feature `collections`
[INFO] [stdout]  --> /opt/rustwide/cargo-home/registry/src/github.com-1ecc6299db9ec823/ascon-0.1.3/src/lib.rs:1:12
[INFO] [stdout]   |
[INFO] [stdout] 1 | #![feature(collections)]
[INFO] [stdout]   |            ^^^^^^^^^^^
[INFO] [stdout] 
[INFO] [stdout] 
[INFO] [stdout] error: aborting due to 8 previous errors
[INFO] [stdout] 
[INFO] [stdout] 
[INFO] [stdout] Some errors have detailed explanations: E0463, E0554, E0635.
[INFO] [stdout] 
[INFO] [stdout] For more information about an error, try `rustc --explain E0463`.
[INFO] [stdout] 
[INFO] [stderr] error: could not compile `ascon` due to 9 previous errors
[INFO] running `Command { std: "docker" "inspect" "1fd7880c2d360e0f2e1fa0ebb32238db0d7b554cc70855463305a1de8d86f2ba", kill_on_drop: false }`
[INFO] running `Command { std: "docker" "rm" "-f" "1fd7880c2d360e0f2e1fa0ebb32238db0d7b554cc70855463305a1de8d86f2ba", kill_on_drop: false }`
[INFO] [stdout] 1fd7880c2d360e0f2e1fa0ebb32238db0d7b554cc70855463305a1de8d86f2ba
