[INFO] cloning repository https://github.com/q9f/birch
[INFO] running `Command { std: "git" "-c" "credential.helper=" "-c" "credential.helper=/workspace/cargo-home/bin/git-credential-null" "clone" "--bare" "https://github.com/q9f/birch" "/workspace/cache/git-repos/https%3A%2F%2Fgithub.com%2Fq9f%2Fbirch", kill_on_drop: false }`
[INFO] [stderr] Cloning into bare repository '/workspace/cache/git-repos/https%3A%2F%2Fgithub.com%2Fq9f%2Fbirch'...
[INFO] running `Command { std: "git" "rev-parse" "HEAD", kill_on_drop: false }`
[INFO] [stdout] b546eaa859dd94bbb40994aed7e2b5fa980270e7
[INFO] documenting q9f/birch against 1.69.0 for beta-1.70-rustdoc-1
[INFO] running `Command { std: "git" "clone" "/workspace/cache/git-repos/https%3A%2F%2Fgithub.com%2Fq9f%2Fbirch" "/workspace/builds/worker-4-tc1/source", kill_on_drop: false }`
[INFO] [stderr] Cloning into '/workspace/builds/worker-4-tc1/source'...
[INFO] [stderr] done.
[INFO] validating manifest of git repo https://github.com/q9f/birch on toolchain 1.69.0
[INFO] running `Command { std: CARGO_HOME="/workspace/cargo-home" RUSTUP_HOME="/workspace/rustup-home" "/workspace/cargo-home/bin/cargo" "+1.69.0" "metadata" "--manifest-path" "Cargo.toml" "--no-deps", kill_on_drop: false }`
[INFO] started tweaking git repo https://github.com/q9f/birch
[INFO] finished tweaking git repo https://github.com/q9f/birch
[INFO] tweaked toml for git repo https://github.com/q9f/birch written to /workspace/builds/worker-4-tc1/source/Cargo.toml
[INFO] crate git repo https://github.com/q9f/birch already has a lockfile, it will not be regenerated
[INFO] running `Command { std: CARGO_HOME="/workspace/cargo-home" RUSTUP_HOME="/workspace/rustup-home" "/workspace/cargo-home/bin/cargo" "+1.69.0" "fetch" "--manifest-path" "Cargo.toml", kill_on_drop: false }`
[INFO] [stderr]     Updating git repository `https://github.com/ChainSafe/libp2p-bitswap`
[INFO] [stderr]  Downloading crates ...
[INFO] [stderr]   Downloaded sha2raw v4.0.2
[INFO] [stderr]   Downloaded ff-cl-gen v0.3.0
[INFO] [stderr]   Downloaded ipld_amt v1.0.0
[INFO] [stderr]   Downloaded fr32 v2.0.2
[INFO] [stderr]   Downloaded cs_serde_cbor v0.12.0
[INFO] [stderr]   Downloaded ticker v0.1.1
[INFO] [stderr]   Downloaded fff v0.2.3
[INFO] [stderr]   Downloaded yastl v0.1.2
[INFO] [stderr]   Downloaded libp2p-swarm-derive v0.26.1
[INFO] [stderr]   Downloaded jsonrpc-v2-macros v0.1.0
[INFO] [stderr]   Downloaded tiny-multihash-derive v0.4.2
[INFO] [stderr]   Downloaded tiny-cid v0.2.8
[INFO] [stderr]   Downloaded extensions v0.2.0
[INFO] [stderr]   Downloaded tiny-multihash v0.4.7
[INFO] [stderr]   Downloaded groupy v0.4.1
[INFO] [stderr]   Downloaded libp2p-metrics v0.2.0
[INFO] [stderr]   Downloaded fff_derive v0.2.2
[INFO] [stderr]   Downloaded storage-proofs-post v9.0.2
[INFO] [stderr]   Downloaded libp2p-identify v0.32.1
[INFO] [stderr]   Downloaded fff v0.3.1
[INFO] [stderr]   Downloaded async-log-attributes v1.0.1
[INFO] [stderr]   Downloaded uint v0.9.2
[INFO] [stderr]   Downloaded filecoin-proofs-api v9.0.0
[INFO] [stderr]   Downloaded positioned-io v0.2.2
[INFO] [stderr]   Downloaded async-log v2.0.0
[INFO] [stderr]   Downloaded ipld_hamt v2.0.0
[INFO] [stderr]   Downloaded cs_serde_bytes v0.12.0
[INFO] [stderr]   Downloaded ahash v0.5.10
[INFO] [stderr]   Downloaded groupy v0.3.1
[INFO] [stderr]   Downloaded filecoin-hashers v4.0.2
[INFO] [stderr]   Downloaded storage-proofs-core v9.0.2
[INFO] [stderr]   Downloaded libp2p-swarm v0.32.0
[INFO] [stderr]   Downloaded storage-proofs-porep v9.0.2
[INFO] [stderr]   Downloaded merkletree v0.21.0
[INFO] [stderr]   Downloaded filecoin-proofs v9.0.2
[INFO] [stderr]   Downloaded blstrs v0.3.1
[INFO] [stderr]   Downloaded libp2p-core v0.30.0
[INFO] [stderr]   Downloaded curl v0.4.42
[INFO] [stderr]   Downloaded bellperson v0.16.3
[INFO] [stderr]   Downloaded protobuf v2.26.1
[INFO] [stderr]   Downloaded paired v0.21.0
[INFO] [stderr]   Downloaded curl-sys v0.4.52+curl-7.81.0
[INFO] [stderr]   Downloaded gmp-mpfr-sys v1.4.7
[INFO] [stderr]   Downloaded neptune v4.0.0
[INFO] [stderr]   Downloaded libp2p v0.41.1
[INFO] [stderr]   Downloaded jsonrpc-v2 v0.10.1
[INFO] [stderr]   Downloaded ipld_hamt v0.1.1
[INFO] [stderr]   Downloaded strobe-rs v0.5.4
[INFO] [stderr]   Downloaded ipld_hamt v1.0.0
[INFO] [stderr]   Downloaded fil_logger v0.1.3
[INFO] [stderr]   Downloaded bls-signatures v0.9.0
[INFO] [stderr]   Downloaded ipld_amt v0.2.1
[INFO] [stderr]   Downloaded futures_cbor_codec v0.3.1
[INFO] [stderr]   Downloaded blst v0.3.3
[INFO] [stderr]   Downloaded blstrs v0.2.2
[INFO] [stderr]   Downloaded forest_actor v3.0.0
[INFO] [stderr]   Downloaded forest_actor v0.1.7
[INFO] [stderr]   Downloaded rug v1.14.1
[INFO] [stderr]   Downloaded forest_actor v2.0.1
[INFO] [stderr]   Downloaded forest_actor v4.0.0
[INFO] [stderr]   Downloaded forest_actor v1.0.5
[INFO] running `Command { std: "docker" "create" "-v" "/var/lib/crater-agent-workspace/builds/worker-4-tc1/target:/opt/rustwide/target:rw,Z" "-v" "/var/lib/crater-agent-workspace/builds/worker-4-tc1/source:/opt/rustwide/workdir:ro,Z" "-v" "/var/lib/crater-agent-workspace/cargo-home:/opt/rustwide/cargo-home:ro,Z" "-v" "/var/lib/crater-agent-workspace/rustup-home:/opt/rustwide/rustup-home:ro,Z" "-e" "SOURCE_DIR=/opt/rustwide/workdir" "-e" "CARGO_TARGET_DIR=/opt/rustwide/target" "-e" "CARGO_HOME=/opt/rustwide/cargo-home" "-e" "RUSTUP_HOME=/opt/rustwide/rustup-home" "-w" "/opt/rustwide/workdir" "-m" "1610612736" "--user" "0:0" "--network" "none" "ghcr.io/rust-lang/crates-build-env/linux@sha256:5ff2268d62e97bff2cde7d5815dd6ed5b47097566f13b8d0ca110b04b60e07ed" "/opt/rustwide/cargo-home/bin/cargo" "+1.69.0" "metadata" "--no-deps" "--format-version=1", kill_on_drop: false }`
[INFO] [stdout] 9519ae348c883e42984716f32284b9c163ba940024767cbb49f811b679a90466
[INFO] running `Command { std: "docker" "start" "-a" "9519ae348c883e42984716f32284b9c163ba940024767cbb49f811b679a90466", kill_on_drop: false }`
[INFO] running `Command { std: "docker" "inspect" "9519ae348c883e42984716f32284b9c163ba940024767cbb49f811b679a90466", kill_on_drop: false }`
[INFO] running `Command { std: "docker" "rm" "-f" "9519ae348c883e42984716f32284b9c163ba940024767cbb49f811b679a90466", kill_on_drop: false }`
[INFO] [stdout] 9519ae348c883e42984716f32284b9c163ba940024767cbb49f811b679a90466
[INFO] running `Command { std: "docker" "create" "-v" "/var/lib/crater-agent-workspace/builds/worker-4-tc1/target:/opt/rustwide/target:rw,Z" "-v" "/var/lib/crater-agent-workspace/builds/worker-4-tc1/source:/opt/rustwide/workdir:ro,Z" "-v" "/var/lib/crater-agent-workspace/cargo-home:/opt/rustwide/cargo-home:ro,Z" "-v" "/var/lib/crater-agent-workspace/rustup-home:/opt/rustwide/rustup-home:ro,Z" "-e" "SOURCE_DIR=/opt/rustwide/workdir" "-e" "CARGO_TARGET_DIR=/opt/rustwide/target" "-e" "CARGO_INCREMENTAL=0" "-e" "RUST_BACKTRACE=full" "-e" "RUSTFLAGS=--cap-lints=warn" "-e" "RUSTDOCFLAGS=--cap-lints=warn" "-e" "CARGO_HOME=/opt/rustwide/cargo-home" "-e" "RUSTUP_HOME=/opt/rustwide/rustup-home" "-w" "/opt/rustwide/workdir" "-m" "1610612736" "--user" "0:0" "--network" "none" "ghcr.io/rust-lang/crates-build-env/linux@sha256:5ff2268d62e97bff2cde7d5815dd6ed5b47097566f13b8d0ca110b04b60e07ed" "/opt/rustwide/cargo-home/bin/cargo" "+1.69.0" "doc" "--frozen" "--no-deps" "--document-private-items" "--message-format=json", kill_on_drop: false }`
[INFO] [stdout] bc59653f9322b038b9ce8d102a59d4f7e92a54005ba59e6ab9e103be11c54122
[INFO] running `Command { std: "docker" "start" "-a" "bc59653f9322b038b9ce8d102a59d4f7e92a54005ba59e6ab9e103be11c54122", kill_on_drop: false }`
[INFO] [stderr]    Compiling proc-macro2 v1.0.36
[INFO] [stderr]    Compiling unicode-xid v0.2.2
[INFO] [stderr]    Compiling syn v1.0.86
[INFO] [stderr]    Compiling version_check v0.9.4
[INFO] [stderr]    Compiling libc v0.2.116
[INFO] [stderr]     Checking cfg-if v1.0.0
[INFO] [stderr]    Compiling serde_derive v1.0.136
[INFO] [stderr]    Compiling autocfg v1.0.1
[INFO] [stderr]    Compiling serde v1.0.136
[INFO] [stderr]    Compiling typenum v1.15.0
[INFO] [stderr]    Compiling generic-array v0.14.5
[INFO] [stderr]    Compiling memchr v2.4.1
[INFO] [stderr]    Compiling futures-core v0.3.19
[INFO] [stderr]     Checking futures-io v0.3.19
[INFO] [stderr]     Checking pin-project-lite v0.2.8
[INFO] [stderr]     Checking opaque-debug v0.3.0
[INFO] [stderr]     Checking block-padding v0.2.1
[INFO] [stderr]     Checking slab v0.4.5
[INFO] [stderr]     Checking cpufeatures v0.2.1
[INFO] [stderr]     Checking pin-utils v0.1.0
[INFO] [stderr]    Compiling quote v1.0.15
[INFO] [stderr]     Checking lazy_static v1.4.0
[INFO] [stderr]     Checking futures-sink v0.3.19
[INFO] [stderr]     Checking once_cell v1.9.0
[INFO] [stderr]    Compiling value-bag v1.0.0-alpha.8
[INFO] [stderr]    Compiling jobserver v0.1.24
[INFO] [stderr]    Compiling futures-task v0.3.19
[INFO] [stderr]    Compiling futures-channel v0.3.19
[INFO] [stderr]    Compiling cc v1.0.72
[INFO] [stderr]    Compiling futures-util v0.3.19
[INFO] [stderr]     Checking sval v1.0.0-alpha.5
[INFO] [stderr]    Compiling log v0.4.14
[INFO] [stderr]     Checking num_cpus v1.13.1
[INFO] [stderr]     Checking arrayref v0.3.6
[INFO] [stderr]     Checking byteorder v1.4.3
[INFO] [stderr]     Checking ppv-lite86 v0.2.16
[INFO] [stderr]     Checking scopeguard v1.1.0
[INFO] [stderr]    Compiling anyhow v1.0.53
[INFO] [stderr]    Compiling proc-macro-error-attr v1.0.4
[INFO] [stderr]    Compiling proc-macro-error v1.0.4
[INFO] [stderr]    Compiling getrandom v0.1.16
[INFO] [stderr]     Checking getrandom v0.2.4
[INFO] [stderr]     Checking lock_api v0.4.6
[INFO] [stderr]     Checking data-encoding v2.3.2
[INFO] [stderr]     Checking subtle v2.4.1
[INFO] [stderr]     Checking arrayvec v0.5.2
[INFO] [stderr]     Checking rand_core v0.5.1
[INFO] [stderr]    Compiling regex-syntax v0.6.25
[INFO] [stderr]     Checking constant_time_eq v0.1.5
[INFO] [stderr]    Compiling async-trait v0.1.52
[INFO] [stderr]     Checking base64 v0.13.0
[INFO] [stderr]     Checking rand_chacha v0.2.2
[INFO] [stderr]    Compiling libm v0.2.1
[INFO] [stderr]     Checking rand v0.7.3
[INFO] [stderr]    Compiling num-traits v0.2.14
[INFO] [stderr]     Checking blake2b_simd v0.5.11
[INFO] [stderr]    Compiling aho-corasick v0.7.18
[INFO] [stderr]    Compiling glob v0.3.0
[INFO] [stderr]     Checking either v1.6.1
[INFO] [stderr]     Checking smallvec v1.8.0
[INFO] [stderr]    Compiling parking_lot_core v0.8.5
[INFO] [stderr]     Checking instant v0.1.12
[INFO] [stderr]    Compiling crunchy v0.2.2
[INFO] [stderr]     Checking base-x v0.2.8
[INFO] [stderr]     Checking unsigned-varint v0.5.1
[INFO] [stderr]     Checking parking_lot v0.11.2
[INFO] [stderr]    Compiling crossbeam-utils v0.8.6
[INFO] [stderr]    Compiling regex v1.5.4
[INFO] [stderr]    Compiling itertools v0.10.3
[INFO] [stderr]     Checking rand_core v0.6.3
[INFO] [stderr]     Checking half v1.8.2
[INFO] [stderr]     Checking static_assertions v1.1.0
[INFO] [stderr]    Compiling unicode-segmentation v1.8.0
[INFO] [stderr]    Compiling digest v0.9.0
[INFO] [stderr]    Compiling synstructure v0.12.6
[INFO] [stderr]     Checking percent-encoding v2.1.0
[INFO] [stderr]    Compiling heck v0.3.3
[INFO] [stderr]     Checking rand_chacha v0.3.1
[INFO] [stderr]     Checking fastrand v1.7.0
[INFO] [stderr]     Checking matches v0.1.9
[INFO] [stderr]     Checking bytes v1.1.0
[INFO] [stderr]     Checking tinyvec_macros v0.1.0
[INFO] [stderr]     Checking rand v0.8.4
[INFO] [stderr]     Checking tinyvec v1.5.1
[INFO] [stderr]    Compiling num-integer v0.1.44
[INFO] [stderr]     Checking form_urlencoded v1.0.1
[INFO] [stderr]    Compiling which v4.2.4
[INFO] [stderr]    Compiling indexmap v1.8.0
[INFO] [stderr]     Checking unicode-bidi v0.3.7
[INFO] [stderr]    Compiling hashbrown v0.11.2
[INFO] [stderr]    Compiling remove_dir_all v0.5.3
[INFO] [stderr]     Checking unicode-normalization v0.1.19
[INFO] [stderr]    Compiling multimap v0.8.3
[INFO] [stderr]     Checking cache-padded v1.2.0
[INFO] [stderr]    Compiling tempfile v3.3.0
[INFO] [stderr]     Checking concurrent-queue v1.2.2
[INFO] [stderr]     Checking fnv v1.0.7
[INFO] [stderr]     Checking itoa v1.0.1
[INFO] [stderr]    Compiling prost-build v0.9.0
[INFO] [stderr]    Compiling fixedbitset v0.4.1
[INFO] [stderr]     Checking waker-fn v1.1.0
[INFO] [stderr]     Checking event-listener v2.5.2
[INFO] [stderr]     Checking parking v2.0.0
[INFO] [stderr]     Checking socket2 v0.4.4
[INFO] [stderr]     Checking ryu v1.0.9
[INFO] [stderr]     Checking futures-lite v1.12.0
[INFO] [stderr]    Compiling pkg-config v0.3.24
[INFO] [stderr]    Compiling petgraph v0.6.0
[INFO] [stderr]     Checking idna v0.2.3
[INFO] [stderr]    Compiling serde_json v1.0.78
[INFO] [stderr]     Checking async-channel v1.6.1
[INFO] [stderr]    Compiling signal-hook v0.3.13
[INFO] [stderr]     Checking async-task v4.1.0
[INFO] [stderr]    Compiling blst v0.3.3
[INFO] [stderr]     Checking rand_xorshift v0.2.0
[INFO] [stderr]     Checking signal-hook-registry v1.4.0
[INFO] [stderr]     Checking atomic-waker v1.0.0
[INFO] [stderr]     Checking async-mutex v1.4.0
[INFO] [stderr]     Checking async-executor v1.4.1
[INFO] [stderr]    Compiling ring v0.16.20
[INFO] [stderr]     Checking blocking v1.1.0
[INFO] [stderr]     Checking tokio v1.16.1
[INFO] [stderr]     Checking threadpool v1.8.1
[INFO] [stderr]     Checking time v0.1.43
[INFO] [stderr]     Checking bitflags v1.3.2
[INFO] [stderr]     Checking async-lock v2.4.0
[INFO] [stderr]    Compiling thiserror-impl v1.0.30
[INFO] [stderr]    Compiling ctor v0.1.21
[INFO] [stderr]    Compiling futures-macro v0.3.19
[INFO] [stderr]    Compiling zeroize_derive v1.3.1
[INFO] [stderr]    Compiling data-encoding-macro-internal v0.1.10
[INFO] [stderr]     Checking zeroize v1.3.0
[INFO] [stderr]    Compiling serde_tuple_macros v0.5.0
[INFO] [stderr]    Compiling serde_repr v0.1.7
[INFO] [stderr]     Checking data-encoding-macro v0.1.12
[INFO] [stderr]     Checking multibase v0.8.0
[INFO] [stderr]     Checking multibase v0.9.1
[INFO] [stderr]    Compiling prost-derive v0.9.0
[INFO] [stderr]    Compiling pin-project-internal v1.0.10
[INFO] [stderr]     Checking polling v2.2.0
[INFO] [stderr]     Checking thiserror v1.0.30
[INFO] [stderr]     Checking kv-log-macro v1.0.7
[INFO] [stderr]     Checking async-io v1.6.0
[INFO] [stderr]    Compiling async-attributes v1.1.2
[INFO] [stderr]    Compiling ahash v0.7.6
[INFO] [stderr]     Checking async-global-executor v2.0.2
[INFO] [stderr]     Checking async-process v1.3.0
[INFO] [stderr]    Compiling memoffset v0.6.5
[INFO] [stderr]    Compiling proc-macro-hack v0.5.19
[INFO] [stderr]     Checking async-std v1.10.0
[INFO] [stderr]     Checking hex v0.4.3
[INFO] [stderr]     Checking spin v0.5.2
[INFO] [stderr]     Checking untrusted v0.7.1
[INFO] [stderr]     Checking pin-project v1.0.10
[INFO] [stderr]     Checking dashmap v4.0.2
[INFO] [stderr]    Compiling prost v0.9.0
[INFO] [stderr]     Checking crossbeam-channel v0.5.2
[INFO] [stderr]     Checking signature v1.5.0
[INFO] [stderr]     Checking integer-encoding v3.0.2
[INFO] [stderr]    Compiling prost-types v0.9.0
[INFO] [stderr]     Checking futures-executor v0.3.19
[INFO] [stderr]    Compiling crossbeam-epoch v0.9.6
[INFO] [stderr]     Checking futures v0.3.19
[INFO] [stderr]     Checking ed25519 v1.3.0
[INFO] [stderr]    Compiling libz-sys v1.1.3
[INFO] [stderr]     Checking asynchronous-codec v0.6.0
[INFO] [stderr]    Compiling libsecp256k1-core v0.3.0
[INFO] [stderr]    Compiling clang-sys v1.3.0
[INFO] [stderr]    Compiling fff v0.3.1
[INFO] [stderr]    Compiling num-bigint v0.2.6
[INFO] [stderr]    Compiling nom v7.1.0
[INFO] [stderr]    Compiling rayon-core v1.9.1
[INFO] [stderr]     Checking crossbeam-deque v0.8.1
[INFO] [stderr]    Compiling minimal-lexical v0.2.1
[INFO] [stderr]    Compiling pin-project-internal v0.4.29
[INFO] [stderr]    Compiling libsecp256k1-gen-genmult v0.3.0
[INFO] [stderr]    Compiling libsecp256k1-gen-ecmult v0.3.0
[INFO] [stderr]     Checking unsigned-varint v0.7.1
[INFO] [stderr]     Checking blake2s_simd v0.5.11
[INFO] [stderr]    Compiling libloading v0.7.3
[INFO] [stderr]    Compiling rayon v1.5.1
[INFO] [stderr]    Compiling bindgen v0.59.2
[INFO] [stderr]    Compiling libsecp256k1 v0.7.0
[INFO] [stderr]    Compiling num-derive v0.3.3
[INFO] [stderr]     Checking spin v0.9.2
[INFO] [stderr]     Checking cs_serde_bytes v0.12.0
[INFO] [stderr]     Checking cs_serde_cbor v0.12.0
[INFO] [stderr]     Checking forest_json_utils v0.1.1 (/opt/rustwide/workdir/utils/json_utils)
[INFO] [stderr]     Checking block-buffer v0.9.0
[INFO] [stderr]    Compiling toml v0.5.8
[INFO] [stderr]     Checking sha2 v0.9.9
[INFO] [stderr]     Checking crypto-mac v0.8.0
[INFO] [stderr]     Checking url v2.2.2
[INFO] [stderr]     Checking hmac v0.8.1
[INFO] [stderr]     Checking serde_tuple v0.5.0
[INFO] [stderr]     Checking hmac-drbg v0.3.0
[INFO] [stderr]     Checking cipher v0.2.5
[INFO] [stderr]     Checking chrono v0.4.19
[INFO] [stderr]     Checking aes-soft v0.6.4
[INFO] [stderr]     Checking bincode v1.3.3
[INFO] [stderr]    Compiling proc-macro-crate v1.1.0
[INFO] [stderr]     Checking aes v0.6.0
[INFO] [stderr]    Compiling cexpr v0.6.0
[INFO] [stderr]     Checking curve25519-dalek v3.2.0
[INFO] [stderr]    Compiling peeking_take_while v0.1.2
[INFO] [stderr]    Compiling lazycell v1.3.0
[INFO] [stderr]     Checking leb128 v0.2.5
[INFO] [stderr]    Compiling shlex v1.1.0
[INFO] [stderr]    Compiling rustc-hash v1.1.0
[INFO] [stderr]     Checking pin-project v0.4.29
[INFO] [stderr]     Checking flume v0.10.10
[INFO] [stderr]    Compiling multihash-derive v0.7.2
[INFO] [stderr]    Compiling libp2p-core v0.30.0
[INFO] [stderr]    Compiling fff v0.2.3
[INFO] [stderr]     Checking memmap v0.7.0
[INFO] [stderr]     Checking bs58 v0.4.0
[INFO] [stderr]     Checking yastl v0.1.2
[INFO] [stderr]     Checking ed25519-dalek v1.0.1
[INFO] [stderr]     Checking rw-stream-sink v0.2.1
[INFO] [stderr]     Checking multistream-select v0.10.4
[INFO] [stderr]     Checking itertools v0.9.0
[INFO] [stderr]     Checking multihash v0.13.2
[INFO] [stderr]     Checking multihash v0.14.0
[INFO] [stderr]     Checking atty v0.2.14
[INFO] [stderr]     Checking asn1_der v0.7.5
[INFO] [stderr]     Checking futures-timer v3.0.2
[INFO] [stderr]     Checking void v1.0.2
[INFO] [stderr]     Checking multiaddr v0.13.0
[INFO] [stderr]     Checking cid v0.6.1
[INFO] [stderr]    Compiling lexical-core v0.7.6
[INFO] [stderr]     Checking bit-vec v0.6.3
[INFO] [stderr]     Checking itertools v0.8.2
[INFO] [stderr]     Checking forest_cid v0.3.0 (/opt/rustwide/workdir/ipld/cid)
[INFO] [stderr]     Checking rand v0.4.6
[INFO] [stderr]    Compiling num-bigint v0.3.3
[INFO] [stderr]     Checking forest_encoding v0.2.2 (/opt/rustwide/workdir/encoding)
[INFO] [stderr]    Compiling nom v5.1.2
[INFO] [stderr]     Checking forest_address v0.3.1 (/opt/rustwide/workdir/vm/address)
[INFO] [stderr]     Checking byteorder v0.5.3
[INFO] [stderr]     Checking base64 v0.12.3
[INFO] [stderr]     Checking ucd-trie v0.1.3
[INFO] [stderr]     Checking positioned-io v0.2.2
[INFO] [stderr]     Checking pest v2.1.3
[INFO] [stderr]     Checking tempdir v0.3.7
[INFO] [stderr]    Compiling crossbeam-queue v0.3.3
[INFO] [stderr]     Checking merkletree v0.21.0
[INFO] [stderr]    Compiling async-recursion v0.3.2
[INFO] [stderr]     Checking semver-parser v0.10.2
[INFO] [stderr]    Compiling libsecp256k1-core v0.2.2
[INFO] [stderr]    Compiling sha2-asm v0.6.2
[INFO] [stderr]     Checking byte-slice-cast v1.2.0
[INFO] [stderr]     Checking semver v0.11.0
[INFO] [stderr]     Checking block-modes v0.7.0
[INFO] [stderr]     Checking fs2 v0.4.3
[INFO] [stderr]     Checking yansi v0.5.0
[INFO] [stderr]    Compiling libsecp256k1-gen-genmult v0.2.1
[INFO] [stderr]    Compiling libsecp256k1-gen-ecmult v0.2.1
[INFO] [stderr]     Checking crossbeam v0.8.1
[INFO] [stderr]     Checking forest_ipld v0.1.1 (/opt/rustwide/workdir/ipld)
[INFO] [stderr]     Checking flexi_logger v0.14.8
[INFO] [stderr]     Checking difference v2.0.0
[INFO] [stderr]     Checking ansi_term v0.11.0
[INFO] [stderr]     Checking cpuid-bool v0.1.2
[INFO] [stderr]     Checking fake-simd v0.1.2
[INFO] [stderr]    Compiling libsecp256k1 v0.6.0
[INFO] [stderr]     Checking pretty_assertions v0.6.1
[INFO] [stderr]     Checking forest_bigint v0.1.4 (/opt/rustwide/workdir/utils/bigint)
[INFO] [stderr]     Checking mapr v0.8.0
[INFO] [stderr]     Checking fdlimit v0.2.1
[INFO] [stderr]     Checking fil_logger v0.1.3
[INFO] [stderr]     Checking radium v0.3.0
[INFO] [stderr]     Checking fil_clock v0.1.0 (/opt/rustwide/workdir/node/clock)
[INFO] [stderr]    Compiling ahash v0.6.3
[INFO] [stderr]    Compiling wasm-bindgen-shared v0.2.79
[INFO] [stderr]     Checking bitvec v0.17.4
[INFO] [stderr]     Checking config v0.10.1
[INFO] [stderr]    Compiling git-version-macro v0.3.5
[INFO] [stderr]    Compiling librocksdb-sys v6.20.3
[INFO] [stderr]     Checking forest_vm v0.3.1 (/opt/rustwide/workdir/vm)
[INFO] [stderr]     Checking commcid v0.1.1 (/opt/rustwide/workdir/utils/commcid)
[INFO] [stderr]    Compiling bumpalo v3.9.1
[INFO] [stderr]    Compiling openssl-sys v0.9.72
[INFO] [stderr]    Compiling libnghttp2-sys v0.1.7+1.45.0
[INFO] [stderr]    Compiling wasm-bindgen v0.2.79
[INFO] [stderr]    Compiling wasm-bindgen-backend v0.2.79
[INFO] [stderr]    Compiling miniz_oxide v0.4.4
[INFO] [stderr]    Compiling standback v0.2.17
[INFO] [stderr]     Checking git-version v0.3.5
[INFO] [stderr]    Compiling curl-sys v0.4.52+curl-7.81.0
[INFO] [stderr]     Checking adler v1.0.2
[INFO] [stderr]     Checking universal-hash v0.4.1
[INFO] [stderr]     Checking cpuid-bool v0.2.0
[INFO] [stderr]    Compiling const_fn v0.4.9
[INFO] [stderr]    Compiling crc32fast v1.3.1
[INFO] [stderr]     Checking polyval v0.4.5
[INFO] [stderr]    Compiling time-macros-impl v0.1.2
[INFO] [stderr]     Checking crypto-mac v0.10.1
[INFO] [stderr]     Checking wasm-timer v0.2.5
[INFO] [stderr]    Compiling time v0.2.27
[INFO] [stderr]    Compiling wasm-bindgen-macro-support v0.2.79
[INFO] [stderr]    Compiling httparse v1.5.1
[INFO] [stderr]     Checking bytes v0.5.6
[INFO] [stderr]     Checking libp2p-swarm v0.31.0
[INFO] [stderr]     Checking hmac v0.10.1
[INFO] [stderr]     Checking time-macros v0.1.1
[INFO] [stderr]     Checking ghash v0.3.1
[INFO] [stderr]     Checking ctr v0.6.0
[INFO] [stderr]     Checking aead v0.3.2
[INFO] [stderr]     Checking forest_hash_utils v0.1.0 (/opt/rustwide/workdir/utils/hash_utils)
[INFO] [stderr]    Compiling tracing-attributes v0.1.18
[INFO] [stderr]     Checking http v0.2.6
[INFO] [stderr]     Checking tracing-core v0.1.21
[INFO] [stderr]    Compiling cookie v0.14.4
[INFO] [stderr]    Compiling wasm-bindgen-macro v0.2.79
[INFO] [stderr]    Compiling curl v0.4.42
[INFO] [stderr]    Compiling encoding_rs v0.8.30
[INFO] [stderr]     Checking aes-gcm v0.8.0
[INFO] [stderr]     Checking flate2 v1.0.22
[INFO] [stderr]     Checking hkdf v0.10.0
[INFO] [stderr]     Checking spinning_top v0.2.4
[INFO] [stderr]    Compiling isahc v0.9.14
[INFO] [stderr]     Checking quick-error v1.2.3
[INFO] [stderr]     Checking openssl-probe v0.1.5
[INFO] [stderr]    Compiling http-types v2.12.0
[INFO] [stderr]     Checking mime v0.3.16
[INFO] [stderr]     Checking flume v0.9.2
[INFO] [stderr]     Checking js-sys v0.3.56
[INFO] [stderr]     Checking tracing v0.1.29
[INFO] [stderr]     Checking serde_qs v0.8.5
[INFO] [stderr]     Checking serde_urlencoded v0.7.1
[INFO] [stderr]     Checking tracing-futures v0.2.5
[INFO] [stderr]     Checking sluice v0.5.5
[INFO] [stderr]     Checking infer v0.2.3
[INFO] [stderr]     Checking sha-1 v0.9.8
[INFO] [stderr]     Checking pin-project-lite v0.1.12
[INFO] [stderr]     Checking unsigned-varint v0.6.0
[INFO] [stderr]     Checking ipnet v2.3.1
[INFO] [stderr]    Compiling unicase v2.6.0
[INFO] [stderr]     Checking forest_bitfield v0.1.0 (/opt/rustwide/workdir/utils/bitfield)
[INFO] [stderr]     Checking match_cfg v0.1.0
[INFO] [stderr]     Checking stable_deref_trait v1.2.0
[INFO] [stderr]     Checking hostname v0.3.1
[INFO] [stderr]     Checking groupy v0.4.1
[INFO] [stderr]     Checking ff-cl-gen v0.3.0
[INFO] [stderr]     Checking owning_ref v0.4.1
[INFO] [stderr]     Checking blstrs v0.3.1
[INFO] [stderr]     Checking webpki v0.21.4
[INFO] [stderr]     Checking lru v0.7.2
[INFO] [stderr]    Compiling open-metrics-client-derive-text-encode v0.1.1
[INFO] [stderr]    Compiling enum-as-inner v0.3.3
[INFO] [stderr]     Checking dtoa v0.4.8
[INFO] [stderr]     Checking linked-hash-map v0.5.4
[INFO] [stderr]     Checking itoa v0.4.8
[INFO] [stderr]     Checking keccak v0.1.0
[INFO] [stderr]     Checking resolv-conf v0.7.0
[INFO] [stderr]     Checking lru-cache v0.1.2
[INFO] [stderr]     Checking bellperson v0.16.3
[INFO] [stderr]     Checking sha3 v0.9.1
[INFO] [stderr]    Compiling rustc_version v0.3.3
[INFO] [stderr]     Checking open-metrics-client v0.12.0
[INFO] [stderr]    Compiling libp2p-identify v0.31.0
[INFO] [stderr]    Compiling libp2p-kad v0.32.0
[INFO] [stderr]     Checking sct v0.6.1
[INFO] [stderr]    Compiling atomic v0.5.1
[INFO] [stderr]     Checking nohash-hasher v0.2.0
[INFO] [stderr]    Compiling snow v0.8.0
[INFO] [stderr]     Checking trust-dns-proto v0.20.4
[INFO] [stderr]     Checking rustls v0.19.1
[INFO] [stderr]    Compiling mime_guess v2.0.3
[INFO] [stderr]     Checking if-watch v0.2.2
[INFO] [stderr]     Checking cipher v0.3.0
[INFO] [stderr]    Compiling libp2p-gossipsub v0.33.0
[INFO] [stderr]    Compiling libp2p-plaintext v0.30.0
[INFO] [stderr]    Compiling libp2p-rendezvous v0.1.0
[INFO] [stderr]    Compiling libp2p-noise v0.33.0
[INFO] [stderr]     Checking trust-dns-resolver v0.20.4
[INFO] [stderr]     Checking neptune v4.0.0
[INFO] [stderr]     Checking fr32 v2.0.2
[INFO] [stderr]    Compiling libp2p-relay v0.4.0
[INFO] [stderr]    Compiling libp2p-floodsub v0.31.0
[INFO] [stderr]     Checking lru v0.6.6
[INFO] [stderr]     Checking uint v0.9.2
[INFO] [stderr]     Checking filecoin-hashers v4.0.2
[INFO] [stderr]     Checking futures-rustls v0.21.1
[INFO] [stderr]     Checking async-std-resolver v0.20.4
[INFO] [stderr]     Checking salsa20 v0.9.0
[INFO] [stderr]     Checking yamux v0.9.0
[INFO] [stderr]     Checking storage-proofs-core v9.0.2
[INFO] [stderr]     Checking webpki-roots v0.21.1
[INFO] [stderr]     Checking wasm-bindgen-futures v0.4.29
[INFO] [stderr]     Checking soketto v0.7.1
[INFO] [stderr]     Checking quicksink v0.1.2
[INFO] [stderr]     Checking dns-parser v0.8.0
[INFO] [stderr]     Checking libp2p-ping v0.31.0
[INFO] [stderr]     Checking x25519-dalek v1.2.0
[INFO] [stderr]     Checking cuckoofilter v0.5.0
[INFO] [stderr]     Checking parity-send-wrapper v0.1.0
[INFO] [stderr]     Checking bimap v0.6.2
[INFO] [stderr]     Checking hex_fmt v0.3.0
[INFO] [stderr]     Checking libp2p-mdns v0.32.0
[INFO] [stderr]     Checking libp2p-wasm-ext v0.30.0
[INFO] [stderr]     Checking libp2p-websocket v0.31.0
[INFO] [stderr]     Checking libp2p-yamux v0.34.0
[INFO] [stderr]     Checking libp2p-metrics v0.1.0
[INFO] [stderr]     Checking libp2p-pnet v0.22.0
[INFO] [stderr]     Checking libp2p-dns v0.30.0
[INFO] [stderr]     Checking storage-proofs-post v9.0.2
[INFO] [stderr]     Checking libp2p-tcp v0.30.0
[INFO] [stderr]     Checking libp2p-mplex v0.30.0
[INFO] [stderr]     Checking web-sys v0.3.56
[INFO] [stderr]     Checking libp2p-request-response v0.13.0
[INFO] [stderr]     Checking libp2p-deflate v0.30.0
[INFO] [stderr]     Checking libp2p-uds v0.30.0
[INFO] [stderr]    Compiling libp2p-swarm-derive v0.25.0
[INFO] [stderr]    Compiling ident_case v1.0.1
[INFO] [stderr]    Compiling strsim v0.9.3
[INFO] [stderr]     Checking ahash v0.5.10
[INFO] [stderr]     Checking integer-encoding v2.1.3
[INFO] [stderr]    Compiling derive_builder v0.9.0
[INFO] [stderr]    Compiling proc-macro2 v0.4.30
[INFO] [stderr]    Compiling prost-derive v0.8.0
[INFO] [stderr]    Compiling darling_core v0.10.2
[INFO] [stderr]     Checking dirs-sys v0.3.6
[INFO] [stderr]    Compiling unicode-xid v0.1.0
[INFO] [stderr]     Checking owned-alloc v0.2.0
[INFO] [stderr]     Checking dirs v3.0.2
[INFO] [stderr]    Compiling tiny-keccak v2.0.2
[INFO] [stderr]    Compiling syn v0.15.44
[INFO] [stderr]    Compiling semver v1.0.4
[INFO] [stderr]     Checking lockfree v0.5.1
[INFO] [stderr]     Checking serde_cbor v0.11.2
[INFO] [stderr]    Compiling quote v0.6.13
[INFO] [stderr]    Compiling prost-build v0.8.0
[INFO] [stderr]    Compiling backtrace v0.3.64
[INFO] [stderr]     Checking gimli v0.26.1
[INFO] [stderr]    Compiling fixedbitset v0.2.0
[INFO] [stderr]     Checking libp2p v0.40.0
[INFO] [stderr]    Compiling petgraph v0.5.1
[INFO] [stderr]     Checking utils v0.1.0 (/opt/rustwide/workdir/node/utils)
[INFO] [stderr]    Compiling proc-macro-crate v0.1.5
[INFO] [stderr]     Checking object v0.27.1
[INFO] [stderr]     Checking rustc-demangle v0.1.21
[INFO] [stderr]    Compiling tiny-multihash-derive v0.4.2
[INFO] [stderr]     Checking strobe-rs v0.5.4
[INFO] [stderr]    Compiling rustc_version v0.4.0
[INFO] [stderr]    Compiling num-bigint v0.4.3
[INFO] [stderr]    Compiling prost v0.8.0
[INFO] [stderr]    Compiling darling_macro v0.10.2
[INFO] [stderr]    Compiling same-file v1.0.6
[INFO] [stderr]    Compiling prost-types v0.8.0
[INFO] [stderr]    Compiling walkdir v2.3.2
[INFO] [stderr]     Checking tiny-multihash v0.4.7
[INFO] [stderr]     Checking addr2line v0.17.0
[INFO] [stderr]    Compiling futures_cbor_codec v0.3.1
[INFO] [stderr]    Compiling num-rational v0.4.0
[INFO] [stderr]    Compiling protobuf v2.26.1
[INFO] [stderr]    Compiling darling v0.10.2
[INFO] [stderr]     Checking tiny-cid v0.2.8
[INFO] [stderr]    Compiling libsodium-sys v0.2.7
[INFO] [stderr]    Compiling derive_builder_core v0.9.0
[INFO] [stderr]     Checking approx v0.5.1
[INFO] [stderr]     Checking num-complex v0.4.0
[INFO] [stderr]    Compiling paste v1.0.6
[INFO] [stderr]     Checking rawpointer v0.2.1
[INFO] [stderr]     Checking matrixmultiply v0.3.2
[INFO] [stderr]     Checking simba v0.5.1
[INFO] [stderr]    Compiling nalgebra-macros v0.1.0
[INFO] [stderr]     Checking rand_distr v0.4.3
[INFO] [stderr]    Compiling libp2p-bitswap v0.6.1 (https://github.com/ChainSafe/libp2p-bitswap?rev=8d3913ea7fc1e693776c83eecc7a9675c3426446#8d3913ea)
[INFO] [stderr]    Compiling num-rational v0.3.2
[INFO] [stderr]    Compiling slotmap v1.0.6
[INFO] [stderr]    Compiling prometheus v0.12.0
[INFO] [stderr]    Compiling async-log-attributes v1.0.1
[INFO] [stderr]     Checking procfs v0.9.1
[INFO] [stderr]    Compiling erased-serde v0.3.18
[INFO] [stderr]     Checking fxhash v0.2.1
[INFO] [stderr]     Checking extensions v0.2.0
[INFO] [stderr]    Compiling jsonrpc-v2-macros v0.1.0
[INFO] [stderr]     Checking async-log v2.0.0
[INFO] [stderr]    Compiling blake3 v0.3.8
[INFO] [stderr]     Checking cfg-if v0.1.10
[INFO] [stderr]     Checking simple-mutex v1.1.5
[INFO] [stderr]     Checking simple_asn1 v0.4.1
[INFO] [stderr]     Checking async-dup v1.2.2
[INFO] [stderr]     Checking pem v0.8.3
[INFO] [stderr]     Checking femme v2.1.1
[INFO] [stderr]     Checking async-h1 v2.3.3
[INFO] [stderr]     Checking jsonwebtoken v7.2.0
[INFO] [stderr]     Checking async-sse v4.1.0
[INFO] [stderr]     Checking jsonrpc-v2 v0.10.1
[INFO] [stderr]     Checking pbr v1.0.4
[INFO] [stderr]     Checking route-recognizer v0.2.0
[INFO] [stderr]     Checking input_buffer v0.4.0
[INFO] [stderr]     Checking utf-8 v0.7.6
[INFO] [stderr]    Compiling libp2p-identify v0.32.1
[INFO] [stderr]    Compiling gmp-mpfr-sys v1.4.7
[INFO] [stderr]     Checking tungstenite v0.13.0
[INFO] [stderr]     Checking libp2p-swarm v0.32.0
[INFO] [stderr]    Compiling az v1.2.0
[INFO] [stderr]     Checking async-tungstenite v0.13.1
[INFO] [stderr]    Compiling rpc-api v0.1.0 (/opt/rustwide/workdir/node/rpc-api)
[INFO] [stderr]     Checking unicode-width v0.1.9
[INFO] [stderr]     Checking humantime v1.3.0
[INFO] [stderr]     Checking textwrap v0.11.0
[INFO] [stderr]     Checking rand_distr v0.3.0
[INFO] [stderr]    Compiling rug v1.14.1
[INFO] [stderr]     Checking vec_map v0.8.2
[INFO] [stderr]     Checking fs_extra v1.2.0
[INFO] [stderr]     Checking strsim v0.8.0
[INFO] [stderr]    Compiling prometheus v0.13.0
[INFO] [stderr]     Checking termcolor v1.1.2
[INFO] [stderr]     Checking ansi_term v0.12.1
[INFO] [stderr]     Checking libp2p-metrics v0.2.0
[INFO] [stderr]     Checking clap v2.34.0
[INFO] [stderr]     Checking env_logger v0.7.1
[INFO] [stderr]     Checking procfs v0.10.1
[INFO] [stderr]     Checking nix v0.23.1
[INFO] [stderr] error: failed to run custom build command for `rpc-api v0.1.0 (/opt/rustwide/workdir/node/rpc-api)`
[INFO] [stderr] note: To improve backtraces for build dependencies, set the CARGO_PROFILE_DEV_BUILD_OVERRIDE_DEBUG=true environment variable to enable debug information generation.
[INFO] [stderr] 
[INFO] [stderr] Caused by:
[INFO] [stderr]   process didn't exit successfully: `/opt/rustwide/target/debug/build/rpc-api-78ebe2c21d837e75/build-script-build` (exit status: 101)
[INFO] [stderr]   --- stderr
[INFO] [stderr]   thread 'main' panicked at 'Create static/ast.ron failed: Os { code: 30, kind: ReadOnlyFilesystem, message: "Read-only file system" }', node/rpc-api/build.rs:156:62
[INFO] [stderr]   stack backtrace:
[INFO] [stderr]      0:     0x55d445c035ba - std::backtrace_rs::backtrace::libunwind::trace::ha9053a9a07ca49cb
[INFO] [stderr]                                  at /rustc/84c898d65adf2f39a5a98507f1fe0ce10a2b8dbc/library/std/src/../../backtrace/src/backtrace/libunwind.rs:93:5
[INFO] [stderr]      1:     0x55d445c035ba - std::backtrace_rs::backtrace::trace_unsynchronized::h9c2852a457ad564e
[INFO] [stderr]                                  at /rustc/84c898d65adf2f39a5a98507f1fe0ce10a2b8dbc/library/std/src/../../backtrace/src/backtrace/mod.rs:66:5
[INFO] [stderr]      2:     0x55d445c035ba - std::sys_common::backtrace::_print_fmt::h457936fbfaa0070f
[INFO] [stderr]                                  at /rustc/84c898d65adf2f39a5a98507f1fe0ce10a2b8dbc/library/std/src/sys_common/backtrace.rs:65:5
[INFO] [stderr]      3:     0x55d445c035ba - <std::sys_common::backtrace::_print::DisplayBacktrace as core::fmt::Display>::fmt::h5779d7bf7f70cb0c
[INFO] [stderr]                                  at /rustc/84c898d65adf2f39a5a98507f1fe0ce10a2b8dbc/library/std/src/sys_common/backtrace.rs:44:22
[INFO] [stderr]      4:     0x55d445c21fde - core::fmt::write::h5a4baaff1bcd3eb5
[INFO] [stderr]                                  at /rustc/84c898d65adf2f39a5a98507f1fe0ce10a2b8dbc/library/core/src/fmt/mod.rs:1232:17
[INFO] [stderr]      5:     0x55d445c01615 - std::io::Write::write_fmt::h4bc1f301cb9e9cce
[INFO] [stderr]                                  at /rustc/84c898d65adf2f39a5a98507f1fe0ce10a2b8dbc/library/std/src/io/mod.rs:1684:15
[INFO] [stderr]      6:     0x55d445c03385 - std::sys_common::backtrace::_print::h5fcdc36060f177e8
[INFO] [stderr]                                  at /rustc/84c898d65adf2f39a5a98507f1fe0ce10a2b8dbc/library/std/src/sys_common/backtrace.rs:47:5
[INFO] [stderr]      7:     0x55d445c03385 - std::sys_common::backtrace::print::h54ca9458b876c8bf
[INFO] [stderr]                                  at /rustc/84c898d65adf2f39a5a98507f1fe0ce10a2b8dbc/library/std/src/sys_common/backtrace.rs:34:9
[INFO] [stderr]      8:     0x55d445c049df - std::panicking::default_hook::{{closure}}::hbe471161c7664ed6
[INFO] [stderr]                                  at /rustc/84c898d65adf2f39a5a98507f1fe0ce10a2b8dbc/library/std/src/panicking.rs:271:22
[INFO] [stderr]      9:     0x55d445c0471b - std::panicking::default_hook::ha3500da57aa4ac4f
[INFO] [stderr]                                  at /rustc/84c898d65adf2f39a5a98507f1fe0ce10a2b8dbc/library/std/src/panicking.rs:290:9
[INFO] [stderr]     10:     0x55d445c04f88 - std::panicking::rust_panic_with_hook::h50c09d000dc561d2
[INFO] [stderr]                                  at /rustc/84c898d65adf2f39a5a98507f1fe0ce10a2b8dbc/library/std/src/panicking.rs:692:13
[INFO] [stderr]     11:     0x55d445c04e89 - std::panicking::begin_panic_handler::{{closure}}::h9e2b2176e00e0d9c
[INFO] [stderr]                                  at /rustc/84c898d65adf2f39a5a98507f1fe0ce10a2b8dbc/library/std/src/panicking.rs:583:13
[INFO] [stderr]     12:     0x55d445c03a26 - std::sys_common::backtrace::__rust_end_short_backtrace::h5739b8e512c09d02
[INFO] [stderr]                                  at /rustc/84c898d65adf2f39a5a98507f1fe0ce10a2b8dbc/library/std/src/sys_common/backtrace.rs:150:18
[INFO] [stderr]     13:     0x55d445c04b92 - rust_begin_unwind
[INFO] [stderr]                                  at /rustc/84c898d65adf2f39a5a98507f1fe0ce10a2b8dbc/library/std/src/panicking.rs:579:5
[INFO] [stderr]     14:     0x55d445a45e03 - core::panicking::panic_fmt::hf33a1475b4dc5c3e
[INFO] [stderr]                                  at /rustc/84c898d65adf2f39a5a98507f1fe0ce10a2b8dbc/library/core/src/panicking.rs:64:14
[INFO] [stderr]     15:     0x55d445a46253 - core::result::unwrap_failed::hdff5465d74574b44
[INFO] [stderr]                                  at /rustc/84c898d65adf2f39a5a98507f1fe0ce10a2b8dbc/library/core/src/result.rs:1750:5
[INFO] [stderr]     16:     0x55d445a50d5c - core::result::Result<T,E>::expect::h98a871d44584802c
[INFO] [stderr]     17:     0x55d445a69986 - build_script_build::run::hc16df33a3ce29a32
[INFO] [stderr]     18:     0x55d445a6c743 - build_script_build::main::h58250153ec57f6e2
[INFO] [stderr]     19:     0x55d445a56693 - core::ops::function::FnOnce::call_once::hb79e589a70515417
[INFO] [stderr]     20:     0x55d445a54789 - std::sys_common::backtrace::__rust_begin_short_backtrace::h2f433804cf38be8c
[INFO] [stderr]     21:     0x55d445a508c9 - std::rt::lang_start::{{closure}}::h795c0ae15e183038
[INFO] [stderr]     22:     0x55d445bfe59c - core::ops::function::impls::<impl core::ops::function::FnOnce<A> for &F>::call_once::hd6efcd3bec896f2c
[INFO] [stderr]                                  at /rustc/84c898d65adf2f39a5a98507f1fe0ce10a2b8dbc/library/core/src/ops/function.rs:287:13
[INFO] [stderr]     23:     0x55d445bfe59c - std::panicking::try::do_call::hce04e543bb1f4cbb
[INFO] [stderr]                                  at /rustc/84c898d65adf2f39a5a98507f1fe0ce10a2b8dbc/library/std/src/panicking.rs:487:40
[INFO] [stderr]     24:     0x55d445bfe59c - std::panicking::try::h3342dd4e1f680968
[INFO] [stderr]                                  at /rustc/84c898d65adf2f39a5a98507f1fe0ce10a2b8dbc/library/std/src/panicking.rs:451:19
[INFO] [stderr]     25:     0x55d445bfe59c - std::panic::catch_unwind::h148ce1e59ac0cee7
[INFO] [stderr]                                  at /rustc/84c898d65adf2f39a5a98507f1fe0ce10a2b8dbc/library/std/src/panic.rs:140:14
[INFO] [stderr]     26:     0x55d445bfe59c - std::rt::lang_start_internal::{{closure}}::h25f9dda2057a67fe
[INFO] [stderr]                                  at /rustc/84c898d65adf2f39a5a98507f1fe0ce10a2b8dbc/library/std/src/rt.rs:148:48
[INFO] [stderr]     27:     0x55d445bfe59c - std::panicking::try::do_call::h7caaaeaf9401650b
[INFO] [stderr]                                  at /rustc/84c898d65adf2f39a5a98507f1fe0ce10a2b8dbc/library/std/src/panicking.rs:487:40
[INFO] [stderr]     28:     0x55d445bfe59c - std::panicking::try::he7d15285746cbbc2
[INFO] [stderr]                                  at /rustc/84c898d65adf2f39a5a98507f1fe0ce10a2b8dbc/library/std/src/panicking.rs:451:19
[INFO] [stderr]     29:     0x55d445bfe59c - std::panic::catch_unwind::h89fb4f50c0301fe0
[INFO] [stderr]                                  at /rustc/84c898d65adf2f39a5a98507f1fe0ce10a2b8dbc/library/std/src/panic.rs:140:14
[INFO] [stderr]     30:     0x55d445bfe59c - std::rt::lang_start_internal::h078acd489417d3c1
[INFO] [stderr]                                  at /rustc/84c898d65adf2f39a5a98507f1fe0ce10a2b8dbc/library/std/src/rt.rs:148:20
[INFO] [stderr]     31:     0x55d445a508a7 - std::rt::lang_start::h92950d486642778b
[INFO] [stderr]     32:     0x55d445a71d15 - main
[INFO] [stderr]     33:     0x7f3a9463cd90 - <unknown>
[INFO] [stderr]     34:     0x7f3a9463ce40 - __libc_start_main
[INFO] [stderr]     35:     0x55d445a46435 - _start
[INFO] [stderr]     36:                0x0 - <unknown>
[INFO] [stderr] warning: build failed, waiting for other jobs to finish...
[INFO] [stderr] The following warnings were emitted during compilation:
[INFO] [stderr] 
[INFO] [stderr] warning: c++: fatal error: Killed signal terminated program cc1plus
[INFO] [stderr] warning: compilation terminated.
[INFO] [stderr] 
[INFO] [stderr] error: failed to run custom build command for `librocksdb-sys v6.20.3`
[INFO] [stderr] note: To improve backtraces for build dependencies, set the CARGO_PROFILE_DEV_BUILD_OVERRIDE_DEBUG=true environment variable to enable debug information generation.
[INFO] [stderr] 
[INFO] [stderr] Caused by:
[INFO] [stderr]   process didn't exit successfully: `/opt/rustwide/target/debug/build/librocksdb-sys-e74b434f704a946d/build-script-build` (exit status: 1)
[INFO] [stderr]   --- stdout
[INFO] [stderr]   cargo:rerun-if-changed=rocksdb/
[INFO] [stderr]   TARGET = Some("x86_64-unknown-linux-gnu")
[INFO] [stderr]   OPT_LEVEL = Some("0")
[INFO] [stderr]   HOST = Some("x86_64-unknown-linux-gnu")
[INFO] [stderr]   CXX_x86_64-unknown-linux-gnu = None
[INFO] [stderr]   CXX_x86_64_unknown_linux_gnu = None
[INFO] [stderr]   HOST_CXX = None
[INFO] [stderr]   CXX = None
[INFO] [stderr]   CXXFLAGS_x86_64-unknown-linux-gnu = None
[INFO] [stderr]   CXXFLAGS_x86_64_unknown_linux_gnu = None
[INFO] [stderr]   HOST_CXXFLAGS = None
[INFO] [stderr]   CXXFLAGS = None
[INFO] [stderr]   CRATE_CC_NO_DEFAULTS = None
[INFO] [stderr]   DEBUG = Some("false")
[INFO] [stderr]   CARGO_CFG_TARGET_FEATURE = Some("fxsr,sse,sse2")
[INFO] [stderr]   CXX_x86_64-unknown-linux-gnu = None
[INFO] [stderr]   CXX_x86_64_unknown_linux_gnu = None
[INFO] [stderr]   HOST_CXX = None
[INFO] [stderr]   CXX = None
[INFO] [stderr]   CXXFLAGS_x86_64-unknown-linux-gnu = None
[INFO] [stderr]   CXXFLAGS_x86_64_unknown_linux_gnu = None
[INFO] [stderr]   HOST_CXXFLAGS = None
[INFO] [stderr]   CXXFLAGS = None
[INFO] [stderr]   CRATE_CC_NO_DEFAULTS = None
[INFO] [stderr]   CARGO_CFG_TARGET_FEATURE = Some("fxsr,sse,sse2")
[INFO] [stderr]   running: "c++" "-O0" "-ffunction-sections" "-fdata-sections" "-fPIC" "-m64" "-I" "rocksdb/include/" "-I" "rocksdb/" "-I" "rocksdb/third-party/gtest-1.8.1/fused-src/" "-I" "snappy/" "-I" "lz4/lib/" "-I" "zstd/lib/" "-I" "zstd/lib/dictBuilder/" "-I" "zlib/" "-I" "bzip2/" "-I" "." "-Wall" "-Wextra" "-std=c++11" "-Wno-unused-parameter" "-msse2" "-DSNAPPY=1" "-DLZ4=1" "-DZSTD=1" "-DZLIB=1" "-DBZIP2=1" "-DNDEBUG=1" "-DOS_LINUX" "-DROCKSDB_PLATFORM_POSIX" "-DROCKSDB_LIB_IO_POSIX" "-DROCKSDB_SUPPORT_THREAD_LOCAL" "-o" "/opt/rustwide/target/debug/build/librocksdb-sys-e091d06a9c27274f/out/rocksdb/cache/cache.o" "-c" "rocksdb/cache/cache.cc"
[INFO] [stderr]   exit status: 0
[INFO] [stderr]   running: "c++" "-O0" "-ffunction-sections" "-fdata-sections" "-fPIC" "-m64" "-I" "rocksdb/include/" "-I" "rocksdb/" "-I" "rocksdb/third-party/gtest-1.8.1/fused-src/" "-I" "snappy/" "-I" "lz4/lib/" "-I" "zstd/lib/" "-I" "zstd/lib/dictBuilder/" "-I" "zlib/" "-I" "bzip2/" "-I" "." "-Wall" "-Wextra" "-std=c++11" "-Wno-unused-parameter" "-msse2" "-DSNAPPY=1" "-DLZ4=1" "-DZSTD=1" "-DZLIB=1" "-DBZIP2=1" "-DNDEBUG=1" "-DOS_LINUX" "-DROCKSDB_PLATFORM_POSIX" "-DROCKSDB_LIB_IO_POSIX" "-DROCKSDB_SUPPORT_THREAD_LOCAL" "-o" "/opt/rustwide/target/debug/build/librocksdb-sys-e091d06a9c27274f/out/rocksdb/cache/clock_cache.o" "-c" "rocksdb/cache/clock_cache.cc"
[INFO] [stderr]   exit status: 0
[INFO] [stderr]   running: "c++" "-O0" "-ffunction-sections" "-fdata-sections" "-fPIC" "-m64" "-I" "rocksdb/include/" "-I" "rocksdb/" "-I" "rocksdb/third-party/gtest-1.8.1/fused-src/" "-I" "snappy/" "-I" "lz4/lib/" "-I" "zstd/lib/" "-I" "zstd/lib/dictBuilder/" "-I" "zlib/" "-I" "bzip2/" "-I" "." "-Wall" "-Wextra" "-std=c++11" "-Wno-unused-parameter" "-msse2" "-DSNAPPY=1" "-DLZ4=1" "-DZSTD=1" "-DZLIB=1" "-DBZIP2=1" "-DNDEBUG=1" "-DOS_LINUX" "-DROCKSDB_PLATFORM_POSIX" "-DROCKSDB_LIB_IO_POSIX" "-DROCKSDB_SUPPORT_THREAD_LOCAL" "-o" "/opt/rustwide/target/debug/build/librocksdb-sys-e091d06a9c27274f/out/rocksdb/cache/lru_cache.o" "-c" "rocksdb/cache/lru_cache.cc"
[INFO] [stderr]   running: "c++" "-O0" "-ffunction-sections" "-fdata-sections" "-fPIC" "-m64" "-I" "rocksdb/include/" "-I" "rocksdb/" "-I" "rocksdb/third-party/gtest-1.8.1/fused-src/" "-I" "snappy/" "-I" "lz4/lib/" "-I" "zstd/lib/" "-I" "zstd/lib/dictBuilder/" "-I" "zlib/" "-I" "bzip2/" "-I" "." "-Wall" "-Wextra" "-std=c++11" "-Wno-unused-parameter" "-msse2" "-DSNAPPY=1" "-DLZ4=1" "-DZSTD=1" "-DZLIB=1" "-DBZIP2=1" "-DNDEBUG=1" "-DOS_LINUX" "-DROCKSDB_PLATFORM_POSIX" "-DROCKSDB_LIB_IO_POSIX" "-DROCKSDB_SUPPORT_THREAD_LOCAL" "-o" "/opt/rustwide/target/debug/build/librocksdb-sys-e091d06a9c27274f/out/rocksdb/cache/sharded_cache.o" "-c" "rocksdb/cache/sharded_cache.cc"
[INFO] [stderr]   running: "c++" "-O0" "-ffunction-sections" "-fdata-sections" "-fPIC" "-m64" "-I" "rocksdb/include/" "-I" "rocksdb/" "-I" "rocksdb/third-party/gtest-1.8.1/fused-src/" "-I" "snappy/" "-I" "lz4/lib/" "-I" "zstd/lib/" "-I" "zstd/lib/dictBuilder/" "-I" "zlib/" "-I" "bzip2/" "-I" "." "-Wall" "-Wextra" "-std=c++11" "-Wno-unused-parameter" "-msse2" "-DSNAPPY=1" "-DLZ4=1" "-DZSTD=1" "-DZLIB=1" "-DBZIP2=1" "-DNDEBUG=1" "-DOS_LINUX" "-DROCKSDB_PLATFORM_POSIX" "-DROCKSDB_LIB_IO_POSIX" "-DROCKSDB_SUPPORT_THREAD_LOCAL" "-o" "/opt/rustwide/target/debug/build/librocksdb-sys-e091d06a9c27274f/out/rocksdb/db/arena_wrapped_db_iter.o" "-c" "rocksdb/db/arena_wrapped_db_iter.cc"
[INFO] [stderr]   exit status: 0
[INFO] [stderr]   running: "c++" "-O0" "-ffunction-sections" "-fdata-sections" "-fPIC" "-m64" "-I" "rocksdb/include/" "-I" "rocksdb/" "-I" "rocksdb/third-party/gtest-1.8.1/fused-src/" "-I" "snappy/" "-I" "lz4/lib/" "-I" "zstd/lib/" "-I" "zstd/lib/dictBuilder/" "-I" "zlib/" "-I" "bzip2/" "-I" "." "-Wall" "-Wextra" "-std=c++11" "-Wno-unused-parameter" "-msse2" "-DSNAPPY=1" "-DLZ4=1" "-DZSTD=1" "-DZLIB=1" "-DBZIP2=1" "-DNDEBUG=1" "-DOS_LINUX" "-DROCKSDB_PLATFORM_POSIX" "-DROCKSDB_LIB_IO_POSIX" "-DROCKSDB_SUPPORT_THREAD_LOCAL" "-o" "/opt/rustwide/target/debug/build/librocksdb-sys-e091d06a9c27274f/out/rocksdb/db/blob/blob_file_addition.o" "-c" "rocksdb/db/blob/blob_file_addition.cc"
[INFO] [stderr]   exit status: 0
[INFO] [stderr]   running: "c++" "-O0" "-ffunction-sections" "-fdata-sections" "-fPIC" "-m64" "-I" "rocksdb/include/" "-I" "rocksdb/" "-I" "rocksdb/third-party/gtest-1.8.1/fused-src/" "-I" "snappy/" "-I" "lz4/lib/" "-I" "zstd/lib/" "-I" "zstd/lib/dictBuilder/" "-I" "zlib/" "-I" "bzip2/" "-I" "." "-Wall" "-Wextra" "-std=c++11" "-Wno-unused-parameter" "-msse2" "-DSNAPPY=1" "-DLZ4=1" "-DZSTD=1" "-DZLIB=1" "-DBZIP2=1" "-DNDEBUG=1" "-DOS_LINUX" "-DROCKSDB_PLATFORM_POSIX" "-DROCKSDB_LIB_IO_POSIX" "-DROCKSDB_SUPPORT_THREAD_LOCAL" "-o" "/opt/rustwide/target/debug/build/librocksdb-sys-e091d06a9c27274f/out/rocksdb/db/blob/blob_file_builder.o" "-c" "rocksdb/db/blob/blob_file_builder.cc"
[INFO] [stderr]   running: "c++" "-O0" "-ffunction-sections" "-fdata-sections" "-fPIC" "-m64" "-I" "rocksdb/include/" "-I" "rocksdb/" "-I" "rocksdb/third-party/gtest-1.8.1/fused-src/" "-I" "snappy/" "-I" "lz4/lib/" "-I" "zstd/lib/" "-I" "zstd/lib/dictBuilder/" "-I" "zlib/" "-I" "bzip2/" "-I" "." "-Wall" "-Wextra" "-std=c++11" "-Wno-unused-parameter" "-msse2" "-DSNAPPY=1" "-DLZ4=1" "-DZSTD=1" "-DZLIB=1" "-DBZIP2=1" "-DNDEBUG=1" "-DOS_LINUX" "-DROCKSDB_PLATFORM_POSIX" "-DROCKSDB_LIB_IO_POSIX" "-DROCKSDB_SUPPORT_THREAD_LOCAL" "-o" "/opt/rustwide/target/debug/build/librocksdb-sys-e091d06a9c27274f/out/rocksdb/db/blob/blob_file_cache.o" "-c" "rocksdb/db/blob/blob_file_cache.cc"
[INFO] [stderr]   running: "c++" "-O0" "-ffunction-sections" "-fdata-sections" "-fPIC" "-m64" "-I" "rocksdb/include/" "-I" "rocksdb/" "-I" "rocksdb/third-party/gtest-1.8.1/fused-src/" "-I" "snappy/" "-I" "lz4/lib/" "-I" "zstd/lib/" "-I" "zstd/lib/dictBuilder/" "-I" "zlib/" "-I" "bzip2/" "-I" "." "-Wall" "-Wextra" "-std=c++11" "-Wno-unused-parameter" "-msse2" "-DSNAPPY=1" "-DLZ4=1" "-DZSTD=1" "-DZLIB=1" "-DBZIP2=1" "-DNDEBUG=1" "-DOS_LINUX" "-DROCKSDB_PLATFORM_POSIX" "-DROCKSDB_LIB_IO_POSIX" "-DROCKSDB_SUPPORT_THREAD_LOCAL" "-o" "/opt/rustwide/target/debug/build/librocksdb-sys-e091d06a9c27274f/out/rocksdb/db/blob/blob_file_garbage.o" "-c" "rocksdb/db/blob/blob_file_garbage.cc"
[INFO] [stderr]   exit status: 0
[INFO] [stderr]   running: "c++" "-O0" "-ffunction-sections" "-fdata-sections" "-fPIC" "-m64" "-I" "rocksdb/include/" "-I" "rocksdb/" "-I" "rocksdb/third-party/gtest-1.8.1/fused-src/" "-I" "snappy/" "-I" "lz4/lib/" "-I" "zstd/lib/" "-I" "zstd/lib/dictBuilder/" "-I" "zlib/" "-I" "bzip2/" "-I" "." "-Wall" "-Wextra" "-std=c++11" "-Wno-unused-parameter" "-msse2" "-DSNAPPY=1" "-DLZ4=1" "-DZSTD=1" "-DZLIB=1" "-DBZIP2=1" "-DNDEBUG=1" "-DOS_LINUX" "-DROCKSDB_PLATFORM_POSIX" "-DROCKSDB_LIB_IO_POSIX" "-DROCKSDB_SUPPORT_THREAD_LOCAL" "-o" "/opt/rustwide/target/debug/build/librocksdb-sys-e091d06a9c27274f/out/rocksdb/db/blob/blob_file_meta.o" "-c" "rocksdb/db/blob/blob_file_meta.cc"
[INFO] [stderr]   exit status: 0
[INFO] [stderr]   running: "c++" "-O0" "-ffunction-sections" "-fdata-sections" "-fPIC" "-m64" "-I" "rocksdb/include/" "-I" "rocksdb/" "-I" "rocksdb/third-party/gtest-1.8.1/fused-src/" "-I" "snappy/" "-I" "lz4/lib/" "-I" "zstd/lib/" "-I" "zstd/lib/dictBuilder/" "-I" "zlib/" "-I" "bzip2/" "-I" "." "-Wall" "-Wextra" "-std=c++11" "-Wno-unused-parameter" "-msse2" "-DSNAPPY=1" "-DLZ4=1" "-DZSTD=1" "-DZLIB=1" "-DBZIP2=1" "-DNDEBUG=1" "-DOS_LINUX" "-DROCKSDB_PLATFORM_POSIX" "-DROCKSDB_LIB_IO_POSIX" "-DROCKSDB_SUPPORT_THREAD_LOCAL" "-o" "/opt/rustwide/target/debug/build/librocksdb-sys-e091d06a9c27274f/out/rocksdb/db/blob/blob_file_reader.o" "-c" "rocksdb/db/blob/blob_file_reader.cc"
[INFO] [stderr]   exit status: 0
[INFO] [stderr]   running: "c++" "-O0" "-ffunction-sections" "-fdata-sections" "-fPIC" "-m64" "-I" "rocksdb/include/" "-I" "rocksdb/" "-I" "rocksdb/third-party/gtest-1.8.1/fused-src/" "-I" "snappy/" "-I" "lz4/lib/" "-I" "zstd/lib/" "-I" "zstd/lib/dictBuilder/" "-I" "zlib/" "-I" "bzip2/" "-I" "." "-Wall" "-Wextra" "-std=c++11" "-Wno-unused-parameter" "-msse2" "-DSNAPPY=1" "-DLZ4=1" "-DZSTD=1" "-DZLIB=1" "-DBZIP2=1" "-DNDEBUG=1" "-DOS_LINUX" "-DROCKSDB_PLATFORM_POSIX" "-DROCKSDB_LIB_IO_POSIX" "-DROCKSDB_SUPPORT_THREAD_LOCAL" "-o" "/opt/rustwide/target/debug/build/librocksdb-sys-e091d06a9c27274f/out/rocksdb/db/blob/blob_log_format.o" "-c" "rocksdb/db/blob/blob_log_format.cc"
[INFO] [stderr]   running: "c++" "-O0" "-ffunction-sections" "-fdata-sections" "-fPIC" "-m64" "-I" "rocksdb/include/" "-I" "rocksdb/" "-I" "rocksdb/third-party/gtest-1.8.1/fused-src/" "-I" "snappy/" "-I" "lz4/lib/" "-I" "zstd/lib/" "-I" "zstd/lib/dictBuilder/" "-I" "zlib/" "-I" "bzip2/" "-I" "." "-Wall" "-Wextra" "-std=c++11" "-Wno-unused-parameter" "-msse2" "-DSNAPPY=1" "-DLZ4=1" "-DZSTD=1" "-DZLIB=1" "-DBZIP2=1" "-DNDEBUG=1" "-DOS_LINUX" "-DROCKSDB_PLATFORM_POSIX" "-DROCKSDB_LIB_IO_POSIX" "-DROCKSDB_SUPPORT_THREAD_LOCAL" "-o" "/opt/rustwide/target/debug/build/librocksdb-sys-e091d06a9c27274f/out/rocksdb/db/blob/blob_log_sequential_reader.o" "-c" "rocksdb/db/blob/blob_log_sequential_reader.cc"
[INFO] [stderr]   exit status: 0
[INFO] [stderr]   running: "c++" "-O0" "-ffunction-sections" "-fdata-sections" "-fPIC" "-m64" "-I" "rocksdb/include/" "-I" "rocksdb/" "-I" "rocksdb/third-party/gtest-1.8.1/fused-src/" "-I" "snappy/" "-I" "lz4/lib/" "-I" "zstd/lib/" "-I" "zstd/lib/dictBuilder/" "-I" "zlib/" "-I" "bzip2/" "-I" "." "-Wall" "-Wextra" "-std=c++11" "-Wno-unused-parameter" "-msse2" "-DSNAPPY=1" "-DLZ4=1" "-DZSTD=1" "-DZLIB=1" "-DBZIP2=1" "-DNDEBUG=1" "-DOS_LINUX" "-DROCKSDB_PLATFORM_POSIX" "-DROCKSDB_LIB_IO_POSIX" "-DROCKSDB_SUPPORT_THREAD_LOCAL" "-o" "/opt/rustwide/target/debug/build/librocksdb-sys-e091d06a9c27274f/out/rocksdb/db/blob/blob_log_writer.o" "-c" "rocksdb/db/blob/blob_log_writer.cc"
[INFO] [stderr]   exit status: 0
[INFO] [stderr]   running: "c++" "-O0" "-ffunction-sections" "-fdata-sections" "-fPIC" "-m64" "-I" "rocksdb/include/" "-I" "rocksdb/" "-I" "rocksdb/third-party/gtest-1.8.1/fused-src/" "-I" "snappy/" "-I" "lz4/lib/" "-I" "zstd/lib/" "-I" "zstd/lib/dictBuilder/" "-I" "zlib/" "-I" "bzip2/" "-I" "." "-Wall" "-Wextra" "-std=c++11" "-Wno-unused-parameter" "-msse2" "-DSNAPPY=1" "-DLZ4=1" "-DZSTD=1" "-DZLIB=1" "-DBZIP2=1" "-DNDEBUG=1" "-DOS_LINUX" "-DROCKSDB_PLATFORM_POSIX" "-DROCKSDB_LIB_IO_POSIX" "-DROCKSDB_SUPPORT_THREAD_LOCAL" "-o" "/opt/rustwide/target/debug/build/librocksdb-sys-e091d06a9c27274f/out/rocksdb/db/builder.o" "-c" "rocksdb/db/builder.cc"
[INFO] [stderr]   exit status: 0
[INFO] [stderr]   running: "c++" "-O0" "-ffunction-sections" "-fdata-sections" "-fPIC" "-m64" "-I" "rocksdb/include/" "-I" "rocksdb/" "-I" "rocksdb/third-party/gtest-1.8.1/fused-src/" "-I" "snappy/" "-I" "lz4/lib/" "-I" "zstd/lib/" "-I" "zstd/lib/dictBuilder/" "-I" "zlib/" "-I" "bzip2/" "-I" "." "-Wall" "-Wextra" "-std=c++11" "-Wno-unused-parameter" "-msse2" "-DSNAPPY=1" "-DLZ4=1" "-DZSTD=1" "-DZLIB=1" "-DBZIP2=1" "-DNDEBUG=1" "-DOS_LINUX" "-DROCKSDB_PLATFORM_POSIX" "-DROCKSDB_LIB_IO_POSIX" "-DROCKSDB_SUPPORT_THREAD_LOCAL" "-o" "/opt/rustwide/target/debug/build/librocksdb-sys-e091d06a9c27274f/out/rocksdb/db/c.o" "-c" "rocksdb/db/c.cc"
[INFO] [stderr]   exit status: 0
[INFO] [stderr]   running: "c++" "-O0" "-ffunction-sections" "-fdata-sections" "-fPIC" "-m64" "-I" "rocksdb/include/" "-I" "rocksdb/" "-I" "rocksdb/third-party/gtest-1.8.1/fused-src/" "-I" "snappy/" "-I" "lz4/lib/" "-I" "zstd/lib/" "-I" "zstd/lib/dictBuilder/" "-I" "zlib/" "-I" "bzip2/" "-I" "." "-Wall" "-Wextra" "-std=c++11" "-Wno-unused-parameter" "-msse2" "-DSNAPPY=1" "-DLZ4=1" "-DZSTD=1" "-DZLIB=1" "-DBZIP2=1" "-DNDEBUG=1" "-DOS_LINUX" "-DROCKSDB_PLATFORM_POSIX" "-DROCKSDB_LIB_IO_POSIX" "-DROCKSDB_SUPPORT_THREAD_LOCAL" "-o" "/opt/rustwide/target/debug/build/librocksdb-sys-e091d06a9c27274f/out/rocksdb/db/column_family.o" "-c" "rocksdb/db/column_family.cc"
[INFO] [stderr]   exit status: 0
[INFO] [stderr]   running: "c++" "-O0" "-ffunction-sections" "-fdata-sections" "-fPIC" "-m64" "-I" "rocksdb/include/" "-I" "rocksdb/" "-I" "rocksdb/third-party/gtest-1.8.1/fused-src/" "-I" "snappy/" "-I" "lz4/lib/" "-I" "zstd/lib/" "-I" "zstd/lib/dictBuilder/" "-I" "zlib/" "-I" "bzip2/" "-I" "." "-Wall" "-Wextra" "-std=c++11" "-Wno-unused-parameter" "-msse2" "-DSNAPPY=1" "-DLZ4=1" "-DZSTD=1" "-DZLIB=1" "-DBZIP2=1" "-DNDEBUG=1" "-DOS_LINUX" "-DROCKSDB_PLATFORM_POSIX" "-DROCKSDB_LIB_IO_POSIX" "-DROCKSDB_SUPPORT_THREAD_LOCAL" "-o" "/opt/rustwide/target/debug/build/librocksdb-sys-e091d06a9c27274f/out/rocksdb/db/compaction/compaction.o" "-c" "rocksdb/db/compaction/compaction.cc"
[INFO] [stderr]   exit status: 0
[INFO] [stderr]   running: "c++" "-O0" "-ffunction-sections" "-fdata-sections" "-fPIC" "-m64" "-I" "rocksdb/include/" "-I" "rocksdb/" "-I" "rocksdb/third-party/gtest-1.8.1/fused-src/" "-I" "snappy/" "-I" "lz4/lib/" "-I" "zstd/lib/" "-I" "zstd/lib/dictBuilder/" "-I" "zlib/" "-I" "bzip2/" "-I" "." "-Wall" "-Wextra" "-std=c++11" "-Wno-unused-parameter" "-msse2" "-DSNAPPY=1" "-DLZ4=1" "-DZSTD=1" "-DZLIB=1" "-DBZIP2=1" "-DNDEBUG=1" "-DOS_LINUX" "-DROCKSDB_PLATFORM_POSIX" "-DROCKSDB_LIB_IO_POSIX" "-DROCKSDB_SUPPORT_THREAD_LOCAL" "-o" "/opt/rustwide/target/debug/build/librocksdb-sys-e091d06a9c27274f/out/rocksdb/db/compaction/compaction_iterator.o" "-c" "rocksdb/db/compaction/compaction_iterator.cc"
[INFO] [stderr]   exit status: 0
[INFO] [stderr]   running: "c++" "-O0" "-ffunction-sections" "-fdata-sections" "-fPIC" "-m64" "-I" "rocksdb/include/" "-I" "rocksdb/" "-I" "rocksdb/third-party/gtest-1.8.1/fused-src/" "-I" "snappy/" "-I" "lz4/lib/" "-I" "zstd/lib/" "-I" "zstd/lib/dictBuilder/" "-I" "zlib/" "-I" "bzip2/" "-I" "." "-Wall" "-Wextra" "-std=c++11" "-Wno-unused-parameter" "-msse2" "-DSNAPPY=1" "-DLZ4=1" "-DZSTD=1" "-DZLIB=1" "-DBZIP2=1" "-DNDEBUG=1" "-DOS_LINUX" "-DROCKSDB_PLATFORM_POSIX" "-DROCKSDB_LIB_IO_POSIX" "-DROCKSDB_SUPPORT_THREAD_LOCAL" "-o" "/opt/rustwide/target/debug/build/librocksdb-sys-e091d06a9c27274f/out/rocksdb/db/compaction/compaction_job.o" "-c" "rocksdb/db/compaction/compaction_job.cc"
[INFO] [stderr]   cargo:warning=c++: fatal error: Killed signal terminated program cc1plus
[INFO] [stderr]   cargo:warning=compilation terminated.
[INFO] [stderr]   exit status: 1
[INFO] [stderr]   running: "c++" "-O0" "-ffunction-sections" "-fdata-sections" "-fPIC" "-m64" "-I" "rocksdb/include/" "-I" "rocksdb/" "-I" "rocksdb/third-party/gtest-1.8.1/fused-src/" "-I" "snappy/" "-I" "lz4/lib/" "-I" "zstd/lib/" "-I" "zstd/lib/dictBuilder/" "-I" "zlib/" "-I" "bzip2/" "-I" "." "-Wall" "-Wextra" "-std=c++11" "-Wno-unused-parameter" "-msse2" "-DSNAPPY=1" "-DLZ4=1" "-DZSTD=1" "-DZLIB=1" "-DBZIP2=1" "-DNDEBUG=1" "-DOS_LINUX" "-DROCKSDB_PLATFORM_POSIX" "-DROCKSDB_LIB_IO_POSIX" "-DROCKSDB_SUPPORT_THREAD_LOCAL" "-o" "/opt/rustwide/target/debug/build/librocksdb-sys-e091d06a9c27274f/out/rocksdb/db/compaction/compaction_picker.o" "-c" "rocksdb/db/compaction/compaction_picker.cc"
[INFO] [stderr]   exit status: 0
[INFO] [stderr]   exit status: 0
[INFO] [stderr]   exit status: 0
[INFO] [stderr]   exit status: 0
[INFO] [stderr]   exit status: 0
[INFO] [stderr]   exit status: 0
[INFO] [stderr] 
[INFO] [stderr]   --- stderr
[INFO] [stderr]   error: 'rustfmt' is not installed for the toolchain '1.69.0-x86_64-unknown-linux-gnu'
[INFO] [stderr]   To install, run `rustup component add rustfmt --toolchain 1.69.0-x86_64-unknown-linux-gnu`
[INFO] [stderr]   Failed to run rustfmt: Internal rustfmt error (non-fatal, continuing)
[INFO] [stderr] 
[INFO] [stderr] 
[INFO] [stderr]   error occurred: Command "c++" "-O0" "-ffunction-sections" "-fdata-sections" "-fPIC" "-m64" "-I" "rocksdb/include/" "-I" "rocksdb/" "-I" "rocksdb/third-party/gtest-1.8.1/fused-src/" "-I" "snappy/" "-I" "lz4/lib/" "-I" "zstd/lib/" "-I" "zstd/lib/dictBuilder/" "-I" "zlib/" "-I" "bzip2/" "-I" "." "-Wall" "-Wextra" "-std=c++11" "-Wno-unused-parameter" "-msse2" "-DSNAPPY=1" "-DLZ4=1" "-DZSTD=1" "-DZLIB=1" "-DBZIP2=1" "-DNDEBUG=1" "-DOS_LINUX" "-DROCKSDB_PLATFORM_POSIX" "-DROCKSDB_LIB_IO_POSIX" "-DROCKSDB_SUPPORT_THREAD_LOCAL" "-o" "/opt/rustwide/target/debug/build/librocksdb-sys-e091d06a9c27274f/out/rocksdb/db/builder.o" "-c" "rocksdb/db/builder.cc" with args "c++" did not execute successfully (status code exit status: 1).
[INFO] [stderr] 
[INFO] [stderr] 
[INFO] running `Command { std: "docker" "inspect" "bc59653f9322b038b9ce8d102a59d4f7e92a54005ba59e6ab9e103be11c54122", kill_on_drop: false }`
[INFO] running `Command { std: "docker" "rm" "-f" "bc59653f9322b038b9ce8d102a59d4f7e92a54005ba59e6ab9e103be11c54122", kill_on_drop: false }`
[INFO] [stdout] bc59653f9322b038b9ce8d102a59d4f7e92a54005ba59e6ab9e103be11c54122
